Feb 17 09:54:29.541649 dv-cinder-778193-18-smb devstack@c-api.service[109464]: DEBUG cinder.api.openstack.wsgi [None req-9fd20855-0806-4d99-89f7-acbc4192cde4 tempest-GroupSnapshotsTest-1431772591 tempest-GroupSnapshotsTest-1431772591-project-admin] Action: 'create', calling method: version_select, body: {"group_type": {"name": "tempest-GroupSnapshotsTest-group-type-306138867"}} {{(pid=109464) _process_stack /opt/stack/cinder/cinder/api/openstack/wsgi.py:866}}
Feb 17 09:54:29.555188 dv-cinder-778193-18-smb devstack@c-api.service[109465]: INFO cinder.api.openstack.wsgi [None req-10f54318-6f7b-4fb0-93f5-4a3f22c1bae5 tempest-VolumeTypesTest-958365755 tempest-VolumeTypesTest-958365755-project-admin] http://10.222.0.26/volume/v3/487f77b3acfd4baf9ca3dbd106bb39e5/types/7b852715-3b06-4ac9-ba77-6b9b3ef43176/encryption returned with HTTP 200
Feb 17 09:54:29.562656 dv-cinder-778193-18-smb devstack@c-api.service[109465]: [pid: 109465|app: 0|req: 190/373] 10.222.0.26 () {58 vars in 1351 bytes} [Thu Feb 17 09:54:29 2022] GET /volume/v3/487f77b3acfd4baf9ca3dbd106bb39e5/types/7b852715-3b06-4ac9-ba77-6b9b3ef43176/encryption => generated 2 bytes in 34 msecs (HTTP/1.1 200) 7 headers in 283 bytes (1 switches on core 0)
Feb 17 09:54:29.572657 dv-cinder-778193-18-smb devstack@c-api.service[109465]: INFO cinder.api.openstack.wsgi [None req-655fe284-c27a-490b-a508-033be04d0211 tempest-VolumeTypesTest-958365755 tempest-VolumeTypesTest-958365755-project-admin] GET http://10.222.0.26/volume/v3/487f77b3acfd4baf9ca3dbd106bb39e5/types
Feb 17 09:54:29.573119 dv-cinder-778193-18-smb devstack@c-api.service[109465]: DEBUG cinder.api.openstack.wsgi [None req-655fe284-c27a-490b-a508-033be04d0211 tempest-VolumeTypesTest-958365755 tempest-VolumeTypesTest-958365755-project-admin] Empty body provided in request {{(pid=109465) get_body /opt/stack/cinder/cinder/api/openstack/wsgi.py:715}}
Feb 17 09:54:29.573603 dv-cinder-778193-18-smb devstack@c-api.service[109465]: DEBUG cinder.api.openstack.wsgi [None req-655fe284-c27a-490b-a508-033be04d0211 tempest-VolumeTypesTest-958365755 tempest-VolumeTypesTest-958365755-project-admin] Calling method 'index' {{(pid=109465) _process_stack /opt/stack/cinder/cinder/api/openstack/wsgi.py:868}}
Feb 17 09:54:29.578962 dv-cinder-778193-18-smb devstack@c-api.service[109464]: INFO cinder.api.openstack.wsgi [None req-9fd20855-0806-4d99-89f7-acbc4192cde4 tempest-GroupSnapshotsTest-1431772591 tempest-GroupSnapshotsTest-1431772591-project-admin] http://10.222.0.26/volume/v3/a39b158c5072402888dfb621dac1559e/group_types returned with HTTP 202
Feb 17 09:54:29.582957 dv-cinder-778193-18-smb devstack@c-api.service[109464]: [pid: 109464|app: 0|req: 184/374] 10.222.0.26 () {62 vars in 1287 bytes} [Thu Feb 17 09:54:29 2022] POST /volume/v3/a39b158c5072402888dfb621dac1559e/group_types => generated 180 bytes in 48 msecs (HTTP/1.1 202) 7 headers in 292 bytes (2 switches on core 0)
Feb 17 09:54:29.614582 dv-cinder-778193-18-smb devstack@c-api.service[109464]: INFO cinder.api.openstack.wsgi [None req-d8867fb9-9da6-4064-b995-7f0c7c8e26c6 tempest-GroupSnapshotsTest-1399737765 tempest-GroupSnapshotsTest-1399737765-project] POST http://10.222.0.26/volume/v3/d8a4e3ae7ade49078997b0ee37a213b3/groups
Feb 17 09:54:29.616030 dv-cinder-778193-18-smb devstack@c-api.service[109464]: DEBUG cinder.api.openstack.wsgi [None req-d8867fb9-9da6-4064-b995-7f0c7c8e26c6 tempest-GroupSnapshotsTest-1399737765 tempest-GroupSnapshotsTest-1399737765-project] Action: 'create', calling method: version_select, body: {"group": {"group_type": "a0093b93-171c-461e-a116-a806e712bd10", "volume_types": ["b6afdf7f-8e3b-435e-84d0-40f58f896306"], "name": "tempest-GroupSnapshotsTest-Group-1576651345"}} {{(pid=109464) _process_stack /opt/stack/cinder/cinder/api/openstack/wsgi.py:866}}
Feb 17 09:54:29.619171 dv-cinder-778193-18-smb devstack@c-api.service[109464]: DEBUG cinder.api.v3.groups [None req-d8867fb9-9da6-4064-b995-7f0c7c8e26c6 tempest-GroupSnapshotsTest-1399737765 tempest-GroupSnapshotsTest-1399737765-project] Creating new group {'group': {'group_type': 'a0093b93-171c-461e-a116-a806e712bd10', 'volume_types': ['b6afdf7f-8e3b-435e-84d0-40f58f896306'], 'name': 'tempest-GroupSnapshotsTest-Group-1576651345'}} {{(pid=109464) create /opt/stack/cinder/cinder/api/v3/groups.py:190}}
Feb 17 09:54:29.630998 dv-cinder-778193-18-smb devstack@c-api.service[109464]: INFO cinder.api.v3.groups [None req-d8867fb9-9da6-4064-b995-7f0c7c8e26c6 tempest-GroupSnapshotsTest-1399737765 tempest-GroupSnapshotsTest-1399737765-project] Creating group tempest-GroupSnapshotsTest-Group-1576651345.
Feb 17 09:54:29.659635 dv-cinder-778193-18-smb devstack@c-api.service[109465]: INFO cinder.api.openstack.wsgi [None req-655fe284-c27a-490b-a508-033be04d0211 tempest-VolumeTypesTest-958365755 tempest-VolumeTypesTest-958365755-project-admin] http://10.222.0.26/volume/v3/487f77b3acfd4baf9ca3dbd106bb39e5/types returned with HTTP 200
Feb 17 09:54:29.663584 dv-cinder-778193-18-smb devstack@c-api.service[109464]: INFO cinder.volume.api [None req-d8867fb9-9da6-4064-b995-7f0c7c8e26c6 tempest-GroupSnapshotsTest-1399737765 tempest-GroupSnapshotsTest-1399737765-project] Availability Zones retrieved successfully.
Feb 17 09:54:29.670800 dv-cinder-778193-18-smb devstack@c-api.service[109465]: [pid: 109465|app: 0|req: 191/375] 10.222.0.26 () {58 vars in 1207 bytes} [Thu Feb 17 09:54:29 2022] GET /volume/v3/487f77b3acfd4baf9ca3dbd106bb39e5/types => generated 2037 bytes in 106 msecs (HTTP/1.1 200) 7 headers in 286 bytes (1 switches on core 0)
Feb 17 09:54:29.677753 dv-cinder-778193-18-smb devstack@c-api.service[109465]: INFO cinder.api.openstack.wsgi [None req-fcabfdec-f02f-4aeb-899a-a0b468ac227c tempest-VolumeTypesTest-958365755 tempest-VolumeTypesTest-958365755-project-admin] POST http://10.222.0.26/volume/v3/487f77b3acfd4baf9ca3dbd106bb39e5/types
Feb 17 09:54:29.678486 dv-cinder-778193-18-smb devstack@c-api.service[109465]: DEBUG cinder.api.openstack.wsgi [None req-fcabfdec-f02f-4aeb-899a-a0b468ac227c tempest-VolumeTypesTest-958365755 tempest-VolumeTypesTest-958365755-project-admin] Action: 'create', calling method: _create, body: {"volume_type": {"name": "tempest-VolumeTypesTest-volume-type-1341691562"}} {{(pid=109465) _process_stack /opt/stack/cinder/cinder/api/openstack/wsgi.py:866}}
Feb 17 09:54:29.694992 dv-cinder-778193-18-smb devstack@c-api.service[109464]: DEBUG cinder.quota [None req-d8867fb9-9da6-4064-b995-7f0c7c8e26c6 tempest-GroupSnapshotsTest-1399737765 tempest-GroupSnapshotsTest-1399737765-project] Created reservations ['7d7ddf22-1f7f-4709-9d86-49abf9090c0c'] {{(pid=109464) reserve /opt/stack/cinder/cinder/quota.py:755}}
Feb 17 09:54:29.710611 dv-cinder-778193-18-smb devstack@c-api.service[109465]: INFO cinder.api.openstack.wsgi [None req-fcabfdec-f02f-4aeb-899a-a0b468ac227c tempest-VolumeTypesTest-958365755 tempest-VolumeTypesTest-958365755-project-admin] http://10.222.0.26/volume/v3/487f77b3acfd4baf9ca3dbd106bb39e5/types returned with HTTP 200
Feb 17 09:54:29.711754 dv-cinder-778193-18-smb devstack@c-api.service[109465]: [pid: 109465|app: 0|req: 192/376] 10.222.0.26 () {60 vars in 1228 bytes} [Thu Feb 17 09:54:29 2022] POST /volume/v3/487f77b3acfd4baf9ca3dbd106bb39e5/types => generated 221 bytes in 40 msecs (HTTP/1.1 200) 7 headers in 285 bytes (1 switches on core 0)
Feb 17 09:54:29.722066 dv-cinder-778193-18-smb devstack@c-api.service[109465]: INFO cinder.api.openstack.wsgi [None req-21393f91-e6cf-412f-bb04-226d391e09e9 tempest-VolumeTypesTest-958365755 tempest-VolumeTypesTest-958365755-project-admin] PUT http://10.222.0.26/volume/v3/487f77b3acfd4baf9ca3dbd106bb39e5/types/7512980d-8fe8-4c51-842b-fae217329f30
Feb 17 09:54:29.723413 dv-cinder-778193-18-smb devstack@c-api.service[109465]: DEBUG cinder.api.openstack.wsgi [None req-21393f91-e6cf-412f-bb04-226d391e09e9 tempest-VolumeTypesTest-958365755 tempest-VolumeTypesTest-958365755-project-admin] Action: 'update', calling method: _update, body: {"volume_type": {"name": "tempest-volume-type-1754867385", "description": "tempest-volume-type-description-1000729230", "is_public": false}} {{(pid=109465) _process_stack /opt/stack/cinder/cinder/api/openstack/wsgi.py:866}}
Feb 17 09:54:29.771056 dv-cinder-778193-18-smb devstack@c-api.service[109464]: INFO cinder.api.openstack.wsgi [None req-d8867fb9-9da6-4064-b995-7f0c7c8e26c6 tempest-GroupSnapshotsTest-1399737765 tempest-GroupSnapshotsTest-1399737765-project] http://10.222.0.26/volume/v3/d8a4e3ae7ade49078997b0ee37a213b3/groups returned with HTTP 202
Feb 17 09:54:29.772885 dv-cinder-778193-18-smb devstack@c-api.service[109464]: [pid: 109464|app: 0|req: 185/377] 10.222.0.26 () {62 vars in 1273 bytes} [Thu Feb 17 09:54:29 2022] POST /volume/v3/d8a4e3ae7ade49078997b0ee37a213b3/groups => generated 112 bytes in 166 msecs (HTTP/1.1 202) 7 headers in 292 bytes (1 switches on core 0)
Feb 17 09:54:29.782580 dv-cinder-778193-18-smb devstack@c-api.service[109464]: INFO cinder.api.openstack.wsgi [None req-64737641-b8a0-4ab5-9e42-7f6a426f5636 tempest-GroupSnapshotsTest-1399737765 tempest-GroupSnapshotsTest-1399737765-project] GET http://10.222.0.26/volume/v3/d8a4e3ae7ade49078997b0ee37a213b3/groups/ba4956ea-cf42-4bb8-a1cf-4ad17d5851a0
Feb 17 09:54:29.783073 dv-cinder-778193-18-smb devstack@c-api.service[109464]: DEBUG cinder.api.openstack.wsgi [None req-64737641-b8a0-4ab5-9e42-7f6a426f5636 tempest-GroupSnapshotsTest-1399737765 tempest-GroupSnapshotsTest-1399737765-project] Empty body provided in request {{(pid=109464) get_body /opt/stack/cinder/cinder/api/openstack/wsgi.py:715}}
Feb 17 09:54:29.783519 dv-cinder-778193-18-smb devstack@c-api.service[109464]: DEBUG cinder.api.openstack.wsgi [None req-64737641-b8a0-4ab5-9e42-7f6a426f5636 tempest-GroupSnapshotsTest-1399737765 tempest-GroupSnapshotsTest-1399737765-project] Calling method 'version_select' {{(pid=109464) _process_stack /opt/stack/cinder/cinder/api/openstack/wsgi.py:868}}
Feb 17 09:54:29.783887 dv-cinder-778193-18-smb devstack@c-api.service[109464]: DEBUG cinder.api.v3.groups [None req-64737641-b8a0-4ab5-9e42-7f6a426f5636 tempest-GroupSnapshotsTest-1399737765 tempest-GroupSnapshotsTest-1399737765-project] show called for member ba4956ea-cf42-4bb8-a1cf-4ad17d5851a0 {{(pid=109464) show /opt/stack/cinder/cinder/api/v3/groups.py:58}}
Feb 17 09:54:29.799210 dv-cinder-778193-18-smb devstack@c-api.service[109464]: /usr/local/lib/python3.8/dist-packages/oslo_context/context.py:105: DeprecationWarning: Policy enforcement is depending on the value of is_admin. This key is deprecated. Please update your policy file to use the standard policy values.
Feb 17 09:54:29.799210 dv-cinder-778193-18-smb devstack@c-api.service[109464]: warnings.warn('Policy enforcement is depending on the value of '
Feb 17 09:54:29.839801 dv-cinder-778193-18-smb devstack@c-api.service[109464]: INFO cinder.api.openstack.wsgi [None req-64737641-b8a0-4ab5-9e42-7f6a426f5636 tempest-GroupSnapshotsTest-1399737765 tempest-GroupSnapshotsTest-1399737765-project] http://10.222.0.26/volume/v3/d8a4e3ae7ade49078997b0ee37a213b3/groups/ba4956ea-cf42-4bb8-a1cf-4ad17d5851a0 returned with HTTP 200
Feb 17 09:54:29.844678 dv-cinder-778193-18-smb devstack@c-api.service[109464]: [pid: 109464|app: 0|req: 186/378] 10.222.0.26 () {60 vars in 1362 bytes} [Thu Feb 17 09:54:29 2022] GET /volume/v3/d8a4e3ae7ade49078997b0ee37a213b3/groups/ba4956ea-cf42-4bb8-a1cf-4ad17d5851a0 => generated 392 bytes in 63 msecs (HTTP/1.1 200) 7 headers in 286 bytes (2 switches on core 0)
Feb 17 09:54:29.850699 dv-cinder-778193-18-smb devstack@c-api.service[109465]: INFO cinder.api.openstack.wsgi [None req-21393f91-e6cf-412f-bb04-226d391e09e9 tempest-VolumeTypesTest-958365755 tempest-VolumeTypesTest-958365755-project-admin] http://10.222.0.26/volume/v3/487f77b3acfd4baf9ca3dbd106bb39e5/types/7512980d-8fe8-4c51-842b-fae217329f30 returned with HTTP 200
Feb 17 09:54:29.856676 dv-cinder-778193-18-smb devstack@c-api.service[109465]: [pid: 109465|app: 0|req: 193/379] 10.222.0.26 () {60 vars in 1339 bytes} [Thu Feb 17 09:54:29 2022] PUT /volume/v3/487f77b3acfd4baf9ca3dbd106bb39e5/types/7512980d-8fe8-4c51-842b-fae217329f30 => generated 205 bytes in 135 msecs (HTTP/1.1 200) 7 headers in 285 bytes (1 switches on core 0)
Feb 17 09:54:29.864904 dv-cinder-778193-18-smb devstack@c-api.service[109464]: INFO cinder.api.openstack.wsgi [None req-38f7127f-0458-4698-a205-7fbccf1b2a9b tempest-VolumeTypesTest-958365755 tempest-VolumeTypesTest-958365755-project-admin] GET http://10.222.0.26/volume/v3/487f77b3acfd4baf9ca3dbd106bb39e5/types/7512980d-8fe8-4c51-842b-fae217329f30
Feb 17 09:54:29.865810 dv-cinder-778193-18-smb devstack@c-api.service[109464]: DEBUG cinder.api.openstack.wsgi [None req-38f7127f-0458-4698-a205-7fbccf1b2a9b tempest-VolumeTypesTest-958365755 tempest-VolumeTypesTest-958365755-project-admin] Empty body provided in request {{(pid=109464) get_body /opt/stack/cinder/cinder/api/openstack/wsgi.py:715}}
Feb 17 09:54:29.867160 dv-cinder-778193-18-smb devstack@c-api.service[109464]: DEBUG cinder.api.openstack.wsgi [None req-38f7127f-0458-4698-a205-7fbccf1b2a9b tempest-VolumeTypesTest-958365755 tempest-VolumeTypesTest-958365755-project-admin] Calling method 'show' {{(pid=109464) _process_stack /opt/stack/cinder/cinder/api/openstack/wsgi.py:868}}
Feb 17 09:54:29.874776 dv-cinder-778193-18-smb devstack@c-api.service[109464]: /usr/local/lib/python3.8/dist-packages/oslo_context/context.py:105: DeprecationWarning: Policy enforcement is depending on the value of is_admin. This key is deprecated. Please update your policy file to use the standard policy values.
Feb 17 09:54:29.874776 dv-cinder-778193-18-smb devstack@c-api.service[109464]: warnings.warn('Policy enforcement is depending on the value of '
Feb 17 09:54:29.879899 dv-cinder-778193-18-smb devstack@c-api.service[109464]: INFO cinder.api.openstack.wsgi [None req-38f7127f-0458-4698-a205-7fbccf1b2a9b tempest-VolumeTypesTest-958365755 tempest-VolumeTypesTest-958365755-project-admin] http://10.222.0.26/volume/v3/487f77b3acfd4baf9ca3dbd106bb39e5/types/7512980d-8fe8-4c51-842b-fae217329f30 returned with HTTP 200
Feb 17 09:54:29.880576 dv-cinder-778193-18-smb devstack@c-api.service[109464]: [pid: 109464|app: 0|req: 187/380] 10.222.0.26 () {58 vars in 1318 bytes} [Thu Feb 17 09:54:29 2022] GET /volume/v3/487f77b3acfd4baf9ca3dbd106bb39e5/types/7512980d-8fe8-4c51-842b-fae217329f30 => generated 269 bytes in 23 msecs (HTTP/1.1 200) 7 headers in 285 bytes (1 switches on core 0)
Feb 17 09:54:29.892055 dv-cinder-778193-18-smb devstack@c-api.service[109465]: INFO cinder.api.openstack.wsgi [None req-5f5ff05c-6226-44f6-b67f-9b9584ff6822 tempest-VolumeTypesTest-958365755 tempest-VolumeTypesTest-958365755-project-admin] DELETE http://10.222.0.26/volume/v3/487f77b3acfd4baf9ca3dbd106bb39e5/types/7512980d-8fe8-4c51-842b-fae217329f30
Feb 17 09:54:29.892875 dv-cinder-778193-18-smb devstack@c-api.service[109465]: DEBUG cinder.api.openstack.wsgi [None req-5f5ff05c-6226-44f6-b67f-9b9584ff6822 tempest-VolumeTypesTest-958365755 tempest-VolumeTypesTest-958365755-project-admin] Empty body provided in request {{(pid=109465) get_body /opt/stack/cinder/cinder/api/openstack/wsgi.py:715}}
Feb 17 09:54:29.893686 dv-cinder-778193-18-smb devstack@c-api.service[109465]: DEBUG cinder.api.openstack.wsgi [None req-5f5ff05c-6226-44f6-b67f-9b9584ff6822 tempest-VolumeTypesTest-958365755 tempest-VolumeTypesTest-958365755-project-admin] Calling method '_delete' {{(pid=109465) _process_stack /opt/stack/cinder/cinder/api/openstack/wsgi.py:868}}
Feb 17 09:54:29.951117 dv-cinder-778193-18-smb devstack@c-api.service[109465]: INFO cinder.api.openstack.wsgi [None req-5f5ff05c-6226-44f6-b67f-9b9584ff6822 tempest-VolumeTypesTest-958365755 tempest-VolumeTypesTest-958365755-project-admin] http://10.222.0.26/volume/v3/487f77b3acfd4baf9ca3dbd106bb39e5/types/7512980d-8fe8-4c51-842b-fae217329f30 returned with HTTP 202
Feb 17 09:54:29.952184 dv-cinder-778193-18-smb devstack@c-api.service[109465]: [pid: 109465|app: 0|req: 194/381] 10.222.0.26 () {58 vars in 1321 bytes} [Thu Feb 17 09:54:29 2022] DELETE /volume/v3/487f77b3acfd4baf9ca3dbd106bb39e5/types/7512980d-8fe8-4c51-842b-fae217329f30 => generated 0 bytes in 65 msecs (HTTP/1.1 202) 6 headers in 233 bytes (1 switches on core 0)
Feb 17 09:54:29.959588 dv-cinder-778193-18-smb devstack@c-api.service[109464]: INFO cinder.api.openstack.wsgi [None req-3af210ae-56c6-48ea-91c4-6872dec45f17 tempest-VolumeTypesTest-958365755 tempest-VolumeTypesTest-958365755-project-admin] GET http://10.222.0.26/volume/v3/487f77b3acfd4baf9ca3dbd106bb39e5/types/7512980d-8fe8-4c51-842b-fae217329f30
Feb 17 09:54:29.960092 dv-cinder-778193-18-smb devstack@c-api.service[109464]: DEBUG cinder.api.openstack.wsgi [None req-3af210ae-56c6-48ea-91c4-6872dec45f17 tempest-VolumeTypesTest-958365755 tempest-VolumeTypesTest-958365755-project-admin] Empty body provided in request {{(pid=109464) get_body /opt/stack/cinder/cinder/api/openstack/wsgi.py:715}}
Feb 17 09:54:29.960466 dv-cinder-778193-18-smb devstack@c-api.service[109464]: DEBUG cinder.api.openstack.wsgi [None req-3af210ae-56c6-48ea-91c4-6872dec45f17 tempest-VolumeTypesTest-958365755 tempest-VolumeTypesTest-958365755-project-admin] Calling method 'show' {{(pid=109464) _process_stack /opt/stack/cinder/cinder/api/openstack/wsgi.py:868}}
Feb 17 09:54:29.965693 dv-cinder-778193-18-smb devstack@c-api.service[109464]: INFO cinder.api.openstack.wsgi [None req-3af210ae-56c6-48ea-91c4-6872dec45f17 tempest-VolumeTypesTest-958365755 tempest-VolumeTypesTest-958365755-project-admin] http://10.222.0.26/volume/v3/487f77b3acfd4baf9ca3dbd106bb39e5/types/7512980d-8fe8-4c51-842b-fae217329f30 returned with HTTP 404
Feb 17 09:54:29.967324 dv-cinder-778193-18-smb devstack@c-api.service[109464]: [pid: 109464|app: 0|req: 188/382] 10.222.0.26 () {58 vars in 1318 bytes} [Thu Feb 17 09:54:29 2022] GET /volume/v3/487f77b3acfd4baf9ca3dbd106bb39e5/types/7512980d-8fe8-4c51-842b-fae217329f30 => generated 114 bytes in 11 msecs (HTTP/1.1 404) 7 headers in 292 bytes (1 switches on core 0)
Feb 17 09:54:29.975103 dv-cinder-778193-18-smb devstack@c-api.service[109465]: INFO cinder.api.openstack.wsgi [None req-a1724ee2-394a-4486-b4d5-134b0de03c44 tempest-VolumeTypesTest-958365755 tempest-VolumeTypesTest-958365755-project-admin] DELETE http://10.222.0.26/volume/v3/487f77b3acfd4baf9ca3dbd106bb39e5/types/7b852715-3b06-4ac9-ba77-6b9b3ef43176
Feb 17 09:54:29.977854 dv-cinder-778193-18-smb devstack@c-api.service[109465]: DEBUG cinder.api.openstack.wsgi [None req-a1724ee2-394a-4486-b4d5-134b0de03c44 tempest-VolumeTypesTest-958365755 tempest-VolumeTypesTest-958365755-project-admin] Empty body provided in request {{(pid=109465) get_body /opt/stack/cinder/cinder/api/openstack/wsgi.py:715}}
Feb 17 09:54:29.978538 dv-cinder-778193-18-smb devstack@c-api.service[109465]: DEBUG cinder.api.openstack.wsgi [None req-a1724ee2-394a-4486-b4d5-134b0de03c44 tempest-VolumeTypesTest-958365755 tempest-VolumeTypesTest-958365755-project-admin] Calling method '_delete' {{(pid=109465) _process_stack /opt/stack/cinder/cinder/api/openstack/wsgi.py:868}}
Feb 17 09:54:30.036025 dv-cinder-778193-18-smb devstack@c-api.service[109465]: INFO cinder.api.openstack.wsgi [None req-a1724ee2-394a-4486-b4d5-134b0de03c44 tempest-VolumeTypesTest-958365755 tempest-VolumeTypesTest-958365755-project-admin] http://10.222.0.26/volume/v3/487f77b3acfd4baf9ca3dbd106bb39e5/types/7b852715-3b06-4ac9-ba77-6b9b3ef43176 returned with HTTP 202
Feb 17 09:54:30.036936 dv-cinder-778193-18-smb devstack@c-api.service[109465]: [pid: 109465|app: 0|req: 195/383] 10.222.0.26 () {58 vars in 1321 bytes} [Thu Feb 17 09:54:29 2022] DELETE /volume/v3/487f77b3acfd4baf9ca3dbd106bb39e5/types/7b852715-3b06-4ac9-ba77-6b9b3ef43176 => generated 0 bytes in 66 msecs (HTTP/1.1 202) 6 headers in 233 bytes (1 switches on core 0)
Feb 17 09:54:30.045005 dv-cinder-778193-18-smb devstack@c-api.service[109464]: INFO cinder.api.openstack.wsgi [None req-eb6b2920-7c4c-4439-90de-0419b667da0f tempest-VolumeTypesTest-958365755 tempest-VolumeTypesTest-958365755-project-admin] GET http://10.222.0.26/volume/v3/487f77b3acfd4baf9ca3dbd106bb39e5/types/7b852715-3b06-4ac9-ba77-6b9b3ef43176
Feb 17 09:54:30.045496 dv-cinder-778193-18-smb devstack@c-api.service[109464]: DEBUG cinder.api.openstack.wsgi [None req-eb6b2920-7c4c-4439-90de-0419b667da0f tempest-VolumeTypesTest-958365755 tempest-VolumeTypesTest-958365755-project-admin] Empty body provided in request {{(pid=109464) get_body /opt/stack/cinder/cinder/api/openstack/wsgi.py:715}}
Feb 17 09:54:30.045943 dv-cinder-778193-18-smb devstack@c-api.service[109464]: DEBUG cinder.api.openstack.wsgi [None req-eb6b2920-7c4c-4439-90de-0419b667da0f tempest-VolumeTypesTest-958365755 tempest-VolumeTypesTest-958365755-project-admin] Calling method 'show' {{(pid=109464) _process_stack /opt/stack/cinder/cinder/api/openstack/wsgi.py:868}}
Feb 17 09:54:30.050830 dv-cinder-778193-18-smb devstack@c-api.service[109464]: INFO cinder.api.openstack.wsgi [None req-eb6b2920-7c4c-4439-90de-0419b667da0f tempest-VolumeTypesTest-958365755 tempest-VolumeTypesTest-958365755-project-admin] http://10.222.0.26/volume/v3/487f77b3acfd4baf9ca3dbd106bb39e5/types/7b852715-3b06-4ac9-ba77-6b9b3ef43176 returned with HTTP 404
Feb 17 09:54:30.052439 dv-cinder-778193-18-smb devstack@c-api.service[109464]: [pid: 109464|app: 0|req: 189/384] 10.222.0.26 () {58 vars in 1318 bytes} [Thu Feb 17 09:54:30 2022] GET /volume/v3/487f77b3acfd4baf9ca3dbd106bb39e5/types/7b852715-3b06-4ac9-ba77-6b9b3ef43176 => generated 114 bytes in 12 msecs (HTTP/1.1 404) 7 headers in 292 bytes (1 switches on core 0)
Feb 17 09:54:30.061020 dv-cinder-778193-18-smb devstack@c-api.service[109465]: INFO cinder.api.openstack.wsgi [None req-6a9f02c1-4ca9-4ae6-ab6f-25575cc2dbf5 tempest-VolumeTypesTest-958365755 tempest-VolumeTypesTest-958365755-project-admin] DELETE http://10.222.0.26/volume/v3/487f77b3acfd4baf9ca3dbd106bb39e5/types/363e629f-9371-4008-9332-6ad4572af529
Feb 17 09:54:30.061977 dv-cinder-778193-18-smb devstack@c-api.service[109465]: DEBUG cinder.api.openstack.wsgi [None req-6a9f02c1-4ca9-4ae6-ab6f-25575cc2dbf5 tempest-VolumeTypesTest-958365755 tempest-VolumeTypesTest-958365755-project-admin] Empty body provided in request {{(pid=109465) get_body /opt/stack/cinder/cinder/api/openstack/wsgi.py:715}}
Feb 17 09:54:30.062512 dv-cinder-778193-18-smb devstack@c-api.service[109465]: DEBUG cinder.api.openstack.wsgi [None req-6a9f02c1-4ca9-4ae6-ab6f-25575cc2dbf5 tempest-VolumeTypesTest-958365755 tempest-VolumeTypesTest-958365755-project-admin] Calling method '_delete' {{(pid=109465) _process_stack /opt/stack/cinder/cinder/api/openstack/wsgi.py:868}}
Feb 17 09:54:30.108973 dv-cinder-778193-18-smb devstack@c-api.service[109465]: INFO cinder.api.openstack.wsgi [None req-6a9f02c1-4ca9-4ae6-ab6f-25575cc2dbf5 tempest-VolumeTypesTest-958365755 tempest-VolumeTypesTest-958365755-project-admin] http://10.222.0.26/volume/v3/487f77b3acfd4baf9ca3dbd106bb39e5/types/363e629f-9371-4008-9332-6ad4572af529 returned with HTTP 202
Feb 17 09:54:30.109808 dv-cinder-778193-18-smb devstack@c-api.service[109465]: [pid: 109465|app: 0|req: 196/385] 10.222.0.26 () {58 vars in 1321 bytes} [Thu Feb 17 09:54:30 2022] DELETE /volume/v3/487f77b3acfd4baf9ca3dbd106bb39e5/types/363e629f-9371-4008-9332-6ad4572af529 => generated 0 bytes in 53 msecs (HTTP/1.1 202) 6 headers in 233 bytes (2 switches on core 0)
Feb 17 09:54:30.117626 dv-cinder-778193-18-smb devstack@c-api.service[109464]: INFO cinder.api.openstack.wsgi [None req-d4e7812a-33e3-424b-b75e-7b9c84db6934 tempest-VolumeTypesTest-958365755 tempest-VolumeTypesTest-958365755-project-admin] GET http://10.222.0.26/volume/v3/487f77b3acfd4baf9ca3dbd106bb39e5/types/363e629f-9371-4008-9332-6ad4572af529
Feb 17 09:54:30.118069 dv-cinder-778193-18-smb devstack@c-api.service[109464]: DEBUG cinder.api.openstack.wsgi [None req-d4e7812a-33e3-424b-b75e-7b9c84db6934 tempest-VolumeTypesTest-958365755 tempest-VolumeTypesTest-958365755-project-admin] Empty body provided in request {{(pid=109464) get_body /opt/stack/cinder/cinder/api/openstack/wsgi.py:715}}
Feb 17 09:54:30.118517 dv-cinder-778193-18-smb devstack@c-api.service[109464]: DEBUG cinder.api.openstack.wsgi [None req-d4e7812a-33e3-424b-b75e-7b9c84db6934 tempest-VolumeTypesTest-958365755 tempest-VolumeTypesTest-958365755-project-admin] Calling method 'show' {{(pid=109464) _process_stack /opt/stack/cinder/cinder/api/openstack/wsgi.py:868}}
Feb 17 09:54:30.124268 dv-cinder-778193-18-smb devstack@c-api.service[109464]: INFO cinder.api.openstack.wsgi [None req-d4e7812a-33e3-424b-b75e-7b9c84db6934 tempest-VolumeTypesTest-958365755 tempest-VolumeTypesTest-958365755-project-admin] http://10.222.0.26/volume/v3/487f77b3acfd4baf9ca3dbd106bb39e5/types/363e629f-9371-4008-9332-6ad4572af529 returned with HTTP 404
Feb 17 09:54:30.125136 dv-cinder-778193-18-smb devstack@c-api.service[109464]: [pid: 109464|app: 0|req: 190/386] 10.222.0.26 () {58 vars in 1318 bytes} [Thu Feb 17 09:54:30 2022] GET /volume/v3/487f77b3acfd4baf9ca3dbd106bb39e5/types/363e629f-9371-4008-9332-6ad4572af529 => generated 114 bytes in 12 msecs (HTTP/1.1 404) 7 headers in 292 bytes (1 switches on core 0)
Feb 17 09:54:30.134940 dv-cinder-778193-18-smb devstack@c-api.service[109465]: INFO cinder.api.openstack.wsgi [None req-4c93940d-43e9-49f7-a989-f8f7659c45c8 tempest-VolumeTypesTest-546926896 tempest-VolumeTypesTest-546926896-project] DELETE http://10.222.0.26/volume/v3/e603549c7f374fb69976e4804cf629a4/volumes/58ebcaa5-84a2-46f3-9728-17096da2d9fb
Feb 17 09:54:30.134940 dv-cinder-778193-18-smb devstack@c-api.service[109465]: DEBUG cinder.api.openstack.wsgi [None req-4c93940d-43e9-49f7-a989-f8f7659c45c8 tempest-VolumeTypesTest-546926896 tempest-VolumeTypesTest-546926896-project] Empty body provided in request {{(pid=109465) get_body /opt/stack/cinder/cinder/api/openstack/wsgi.py:715}}
Feb 17 09:54:30.135844 dv-cinder-778193-18-smb devstack@c-api.service[109465]: DEBUG cinder.api.openstack.wsgi [None req-4c93940d-43e9-49f7-a989-f8f7659c45c8 tempest-VolumeTypesTest-546926896 tempest-VolumeTypesTest-546926896-project] Calling method 'delete' {{(pid=109465) _process_stack /opt/stack/cinder/cinder/api/openstack/wsgi.py:868}}
Feb 17 09:54:30.135844 dv-cinder-778193-18-smb devstack@c-api.service[109465]: INFO cinder.api.v3.volumes [None req-4c93940d-43e9-49f7-a989-f8f7659c45c8 tempest-VolumeTypesTest-546926896 tempest-VolumeTypesTest-546926896-project] Delete volume with id: 58ebcaa5-84a2-46f3-9728-17096da2d9fb
Feb 17 09:54:30.155284 dv-cinder-778193-18-smb devstack@c-api.service[109465]: /usr/local/lib/python3.8/dist-packages/oslo_context/context.py:105: DeprecationWarning: Policy enforcement is depending on the value of is_admin. This key is deprecated. Please update your policy file to use the standard policy values.
Feb 17 09:54:30.155284 dv-cinder-778193-18-smb devstack@c-api.service[109465]: warnings.warn('Policy enforcement is depending on the value of '
Feb 17 09:54:30.155284 dv-cinder-778193-18-smb devstack@c-api.service[109465]: INFO cinder.volume.api [None req-4c93940d-43e9-49f7-a989-f8f7659c45c8 tempest-VolumeTypesTest-546926896 tempest-VolumeTypesTest-546926896-project] Volume info retrieved successfully.
Feb 17 09:54:30.187047 dv-cinder-778193-18-smb devstack@c-api.service[109465]: INFO cinder.volume.api [None req-4c93940d-43e9-49f7-a989-f8f7659c45c8 tempest-VolumeTypesTest-546926896 tempest-VolumeTypesTest-546926896-project] Delete volume request issued successfully.
Feb 17 09:54:30.187453 dv-cinder-778193-18-smb devstack@c-api.service[109465]: INFO cinder.api.openstack.wsgi [None req-4c93940d-43e9-49f7-a989-f8f7659c45c8 tempest-VolumeTypesTest-546926896 tempest-VolumeTypesTest-546926896-project] http://10.222.0.26/volume/v3/e603549c7f374fb69976e4804cf629a4/volumes/58ebcaa5-84a2-46f3-9728-17096da2d9fb returned with HTTP 202
Feb 17 09:54:30.188569 dv-cinder-778193-18-smb devstack@c-api.service[109465]: [pid: 109465|app: 0|req: 197/387] 10.222.0.26 () {58 vars in 1327 bytes} [Thu Feb 17 09:54:30 2022] DELETE /volume/v3/e603549c7f374fb69976e4804cf629a4/volumes/58ebcaa5-84a2-46f3-9728-17096da2d9fb => generated 0 bytes in 60 msecs (HTTP/1.1 202) 6 headers in 233 bytes (2 switches on core 0)
Feb 17 09:54:30.195949 dv-cinder-778193-18-smb devstack@c-api.service[109464]: INFO cinder.api.openstack.wsgi [None req-736c60a0-5e2c-4d49-a2e1-2e24397e9be3 tempest-VolumeTypesTest-546926896 tempest-VolumeTypesTest-546926896-project] GET http://10.222.0.26/volume/v3/e603549c7f374fb69976e4804cf629a4/volumes/58ebcaa5-84a2-46f3-9728-17096da2d9fb
Feb 17 09:54:30.196289 dv-cinder-778193-18-smb devstack@c-api.service[109464]: DEBUG cinder.api.openstack.wsgi [None req-736c60a0-5e2c-4d49-a2e1-2e24397e9be3 tempest-VolumeTypesTest-546926896 tempest-VolumeTypesTest-546926896-project] Empty body provided in request {{(pid=109464) get_body /opt/stack/cinder/cinder/api/openstack/wsgi.py:715}}
Feb 17 09:54:30.196738 dv-cinder-778193-18-smb devstack@c-api.service[109464]: DEBUG cinder.api.openstack.wsgi [None req-736c60a0-5e2c-4d49-a2e1-2e24397e9be3 tempest-VolumeTypesTest-546926896 tempest-VolumeTypesTest-546926896-project] Calling method 'show' {{(pid=109464) _process_stack /opt/stack/cinder/cinder/api/openstack/wsgi.py:868}}
Feb 17 09:54:30.211892 dv-cinder-778193-18-smb devstack@c-api.service[109464]: /usr/local/lib/python3.8/dist-packages/oslo_context/context.py:105: DeprecationWarning: Policy enforcement is depending on the value of is_admin. This key is deprecated. Please update your policy file to use the standard policy values.
Feb 17 09:54:30.211892 dv-cinder-778193-18-smb devstack@c-api.service[109464]: warnings.warn('Policy enforcement is depending on the value of '
Feb 17 09:54:30.221363 dv-cinder-778193-18-smb devstack@c-api.service[109464]: INFO cinder.volume.api [None req-736c60a0-5e2c-4d49-a2e1-2e24397e9be3 tempest-VolumeTypesTest-546926896 tempest-VolumeTypesTest-546926896-project] Volume info retrieved successfully.
Feb 17 09:54:30.231323 dv-cinder-778193-18-smb devstack@c-api.service[109464]: INFO cinder.api.openstack.wsgi [None req-736c60a0-5e2c-4d49-a2e1-2e24397e9be3 tempest-VolumeTypesTest-546926896 tempest-VolumeTypesTest-546926896-project] http://10.222.0.26/volume/v3/e603549c7f374fb69976e4804cf629a4/volumes/58ebcaa5-84a2-46f3-9728-17096da2d9fb returned with HTTP 200
Feb 17 09:54:30.232076 dv-cinder-778193-18-smb devstack@c-api.service[109464]: [pid: 109464|app: 0|req: 191/388] 10.222.0.26 () {58 vars in 1324 bytes} [Thu Feb 17 09:54:30 2022] GET /volume/v3/e603549c7f374fb69976e4804cf629a4/volumes/58ebcaa5-84a2-46f3-9728-17096da2d9fb => generated 941 bytes in 40 msecs (HTTP/1.1 200) 7 headers in 285 bytes (2 switches on core 0)
Feb 17 09:54:30.853159 dv-cinder-778193-18-smb devstack@c-api.service[109465]: INFO cinder.api.openstack.wsgi [None req-6ec6568d-5ee0-470f-bb9e-22bb2030abad tempest-GroupSnapshotsTest-1399737765 tempest-GroupSnapshotsTest-1399737765-project] GET http://10.222.0.26/volume/v3/d8a4e3ae7ade49078997b0ee37a213b3/groups/ba4956ea-cf42-4bb8-a1cf-4ad17d5851a0
Feb 17 09:54:30.853818 dv-cinder-778193-18-smb devstack@c-api.service[109465]: DEBUG cinder.api.openstack.wsgi [None req-6ec6568d-5ee0-470f-bb9e-22bb2030abad tempest-GroupSnapshotsTest-1399737765 tempest-GroupSnapshotsTest-1399737765-project] Empty body provided in request {{(pid=109465) get_body /opt/stack/cinder/cinder/api/openstack/wsgi.py:715}}
Feb 17 09:54:30.854428 dv-cinder-778193-18-smb devstack@c-api.service[109465]: DEBUG cinder.api.openstack.wsgi [None req-6ec6568d-5ee0-470f-bb9e-22bb2030abad tempest-GroupSnapshotsTest-1399737765 tempest-GroupSnapshotsTest-1399737765-project] Calling method 'version_select' {{(pid=109465) _process_stack /opt/stack/cinder/cinder/api/openstack/wsgi.py:868}}
Feb 17 09:54:30.854775 dv-cinder-778193-18-smb devstack@c-api.service[109465]: DEBUG cinder.api.v3.groups [None req-6ec6568d-5ee0-470f-bb9e-22bb2030abad tempest-GroupSnapshotsTest-1399737765 tempest-GroupSnapshotsTest-1399737765-project] show called for member ba4956ea-cf42-4bb8-a1cf-4ad17d5851a0 {{(pid=109465) show /opt/stack/cinder/cinder/api/v3/groups.py:58}}
Feb 17 09:54:30.864913 dv-cinder-778193-18-smb devstack@c-api.service[109465]: /usr/local/lib/python3.8/dist-packages/oslo_context/context.py:105: DeprecationWarning: Policy enforcement is depending on the value of is_admin. This key is deprecated. Please update your policy file to use the standard policy values.
Feb 17 09:54:30.864913 dv-cinder-778193-18-smb devstack@c-api.service[109465]: warnings.warn('Policy enforcement is depending on the value of '
Feb 17 09:54:30.896623 dv-cinder-778193-18-smb devstack@c-api.service[109465]: INFO cinder.api.openstack.wsgi [None req-6ec6568d-5ee0-470f-bb9e-22bb2030abad tempest-GroupSnapshotsTest-1399737765 tempest-GroupSnapshotsTest-1399737765-project] http://10.222.0.26/volume/v3/d8a4e3ae7ade49078997b0ee37a213b3/groups/ba4956ea-cf42-4bb8-a1cf-4ad17d5851a0 returned with HTTP 200
Feb 17 09:54:30.897809 dv-cinder-778193-18-smb devstack@c-api.service[109465]: [pid: 109465|app: 0|req: 198/389] 10.222.0.26 () {60 vars in 1362 bytes} [Thu Feb 17 09:54:30 2022] GET /volume/v3/d8a4e3ae7ade49078997b0ee37a213b3/groups/ba4956ea-cf42-4bb8-a1cf-4ad17d5851a0 => generated 393 bytes in 50 msecs (HTTP/1.1 200) 7 headers in 286 bytes (1 switches on core 0)
Feb 17 09:54:30.909523 dv-cinder-778193-18-smb devstack@c-api.service[109464]: INFO cinder.api.openstack.wsgi [None req-e81beedb-8035-4be7-a370-47afac665e17 tempest-GroupSnapshotsTest-1399737765 tempest-GroupSnapshotsTest-1399737765-project] POST http://10.222.0.26/volume/v3/d8a4e3ae7ade49078997b0ee37a213b3/volumes
Feb 17 09:54:30.910565 dv-cinder-778193-18-smb devstack@c-api.service[109464]: DEBUG cinder.api.openstack.wsgi [None req-e81beedb-8035-4be7-a370-47afac665e17 tempest-GroupSnapshotsTest-1399737765 tempest-GroupSnapshotsTest-1399737765-project] Action: 'create', calling method: create, body: {"volume": {"volume_type": "b6afdf7f-8e3b-435e-84d0-40f58f896306", "group_id": "ba4956ea-cf42-4bb8-a1cf-4ad17d5851a0", "size": 1, "name": "tempest-GroupSnapshotsTest-Volume-333449159"}} {{(pid=109464) _process_stack /opt/stack/cinder/cinder/api/openstack/wsgi.py:866}}
Feb 17 09:54:30.911625 dv-cinder-778193-18-smb devstack@c-api.service[109464]: DEBUG cinder.api.v3.volumes [None req-e81beedb-8035-4be7-a370-47afac665e17 tempest-GroupSnapshotsTest-1399737765 tempest-GroupSnapshotsTest-1399737765-project] Create volume request body: {'volume': {'volume_type': 'b6afdf7f-8e3b-435e-84d0-40f58f896306', 'group_id': 'ba4956ea-cf42-4bb8-a1cf-4ad17d5851a0', 'size': 1, 'name': 'tempest-GroupSnapshotsTest-Volume-333449159'}} {{(pid=109464) create /opt/stack/cinder/cinder/api/v3/volumes.py:298}}
Feb 17 09:54:30.937060 dv-cinder-778193-18-smb devstack@c-api.service[109464]: /usr/local/lib/python3.8/dist-packages/oslo_context/context.py:105: DeprecationWarning: Policy enforcement is depending on the value of is_admin. This key is deprecated. Please update your policy file to use the standard policy values.
Feb 17 09:54:30.937060 dv-cinder-778193-18-smb devstack@c-api.service[109464]: warnings.warn('Policy enforcement is depending on the value of '
Feb 17 09:54:30.940024 dv-cinder-778193-18-smb devstack@c-api.service[109464]: INFO cinder.api.v3.volumes [None req-e81beedb-8035-4be7-a370-47afac665e17 tempest-GroupSnapshotsTest-1399737765 tempest-GroupSnapshotsTest-1399737765-project] Create volume of 1 GB
Feb 17 09:54:30.983810 dv-cinder-778193-18-smb devstack@c-api.service[109464]: INFO cinder.volume.api [None req-e81beedb-8035-4be7-a370-47afac665e17 tempest-GroupSnapshotsTest-1399737765 tempest-GroupSnapshotsTest-1399737765-project] Availability Zones retrieved successfully.
Feb 17 09:54:31.024141 dv-cinder-778193-18-smb devstack@c-api.service[109464]: DEBUG cinder.volume.api [None req-e81beedb-8035-4be7-a370-47afac665e17 tempest-GroupSnapshotsTest-1399737765 tempest-GroupSnapshotsTest-1399737765-project] Flow 'volume_create_api' (5f5a738e-a851-4475-b657-dcdd70eb5e82) transitioned into state 'RUNNING' from state 'PENDING' {{(pid=109464) _flow_receiver /usr/local/lib/python3.8/dist-packages/taskflow/listeners/logging.py:141}}
Feb 17 09:54:31.027191 dv-cinder-778193-18-smb devstack@c-api.service[109464]: DEBUG cinder.volume.api [None req-e81beedb-8035-4be7-a370-47afac665e17 tempest-GroupSnapshotsTest-1399737765 tempest-GroupSnapshotsTest-1399737765-project] Task 'cinder.volume.flows.api.create_volume.ExtractVolumeRequestTask;volume:create' (7dbe3296-dd38-41b2-8990-70c3bc6568f6) transitioned into state 'RUNNING' from state 'PENDING' {{(pid=109464) _task_receiver /usr/local/lib/python3.8/dist-packages/taskflow/listeners/logging.py:190}}
Feb 17 09:54:31.029551 dv-cinder-778193-18-smb devstack@c-api.service[109464]: /usr/local/lib/python3.8/dist-packages/oslo_context/context.py:105: DeprecationWarning: Policy enforcement is depending on the value of is_admin. This key is deprecated. Please update your policy file to use the standard policy values.
Feb 17 09:54:31.029551 dv-cinder-778193-18-smb devstack@c-api.service[109464]: warnings.warn('Policy enforcement is depending on the value of '
Feb 17 09:54:31.030615 dv-cinder-778193-18-smb devstack@c-api.service[109464]: DEBUG cinder.volume.flows.api.create_volume [None req-e81beedb-8035-4be7-a370-47afac665e17 tempest-GroupSnapshotsTest-1399737765 tempest-GroupSnapshotsTest-1399737765-project] Validating volume size '1' using validate_int {{(pid=109464) _extract_size /opt/stack/cinder/cinder/volume/flows/api/create_volume.py:225}}
Feb 17 09:54:31.037706 dv-cinder-778193-18-smb devstack@c-api.service[109465]: INFO cinder.api.openstack.wsgi [req-1cbebd41-af38-45f7-8f80-191e575fd62d req-cc8136a7-ebfa-4c24-9cc4-5ce095c42976 tempest-DeleteServersTestJSON-523290185 tempest-DeleteServersTestJSON-523290185-project] DELETE http://10.222.0.26/volume/v3/1afc99ae2edb40a5a43f9b079646b90f/attachments/0b7ea956-c217-4027-af48-65e2efa47ca8
Feb 17 09:54:31.040192 dv-cinder-778193-18-smb devstack@c-api.service[109465]: DEBUG cinder.api.openstack.wsgi [req-1cbebd41-af38-45f7-8f80-191e575fd62d req-cc8136a7-ebfa-4c24-9cc4-5ce095c42976 tempest-DeleteServersTestJSON-523290185 tempest-DeleteServersTestJSON-523290185-project] Empty body provided in request {{(pid=109465) get_body /opt/stack/cinder/cinder/api/openstack/wsgi.py:715}}
Feb 17 09:54:31.040686 dv-cinder-778193-18-smb devstack@c-api.service[109465]: DEBUG cinder.api.openstack.wsgi [req-1cbebd41-af38-45f7-8f80-191e575fd62d req-cc8136a7-ebfa-4c24-9cc4-5ce095c42976 tempest-DeleteServersTestJSON-523290185 tempest-DeleteServersTestJSON-523290185-project] Calling method 'version_select' {{(pid=109465) _process_stack /opt/stack/cinder/cinder/api/openstack/wsgi.py:868}}
Feb 17 09:54:31.071304 dv-cinder-778193-18-smb devstack@c-api.service[109465]: /usr/local/lib/python3.8/dist-packages/oslo_context/context.py:105: DeprecationWarning: Policy enforcement is depending on the value of is_admin. This key is deprecated. Please update your policy file to use the standard policy values.
Feb 17 09:54:31.071304 dv-cinder-778193-18-smb devstack@c-api.service[109465]: warnings.warn('Policy enforcement is depending on the value of '
Feb 17 09:54:31.074852 dv-cinder-778193-18-smb devstack@c-api.service[109464]: DEBUG cinder.volume.api [None req-e81beedb-8035-4be7-a370-47afac665e17 tempest-GroupSnapshotsTest-1399737765 tempest-GroupSnapshotsTest-1399737765-project] Task 'cinder.volume.flows.api.create_volume.ExtractVolumeRequestTask;volume:create' (7dbe3296-dd38-41b2-8990-70c3bc6568f6) transitioned into state 'SUCCESS' from state 'RUNNING' with result '{'size': 1, 'snapshot_id': None, 'source_volid': None, 'volume_type': VolumeType(created_at=2022-02-17T09:54:29Z,deleted=False,deleted_at=None,description=None,extra_specs={},id=b6afdf7f-8e3b-435e-84d0-40f58f896306,is_public=True,name='tempest-GroupSnapshotsTest-volume-type-1146549702',projects=[],qos_specs=,qos_specs_id=None,updated_at=None), 'volume_type_id': 'b6afdf7f-8e3b-435e-84d0-40f58f896306', 'encryption_key_id': None, 'qos_specs': None, 'consistencygroup_id': None, 'cgsnapshot_id': None, 'group_id': 'ba4956ea-cf42-4bb8-a1cf-4ad17d5851a0', 'replication_status': 'disabled', 'refresh_az': False, 'backup_id': None, 'multiattach': False, 'availability_zones': ['nova']}' {{(pid=109464) _task_receiver /usr/local/lib/python3.8/dist-packages/taskflow/listeners/logging.py:178}}
Feb 17 09:54:31.077645 dv-cinder-778193-18-smb devstack@c-api.service[109464]: DEBUG cinder.volume.api [None req-e81beedb-8035-4be7-a370-47afac665e17 tempest-GroupSnapshotsTest-1399737765 tempest-GroupSnapshotsTest-1399737765-project] Task 'cinder.volume.flows.api.create_volume.QuotaReserveTask;volume:create' (ae9220fe-2d09-4fc9-b71b-352210aa83e6) transitioned into state 'RUNNING' from state 'PENDING' {{(pid=109464) _task_receiver /usr/local/lib/python3.8/dist-packages/taskflow/listeners/logging.py:190}}
Feb 17 09:54:31.117246 dv-cinder-778193-18-smb devstack@c-api.service[109464]: WARNING cinder.quota [None req-e81beedb-8035-4be7-a370-47afac665e17 tempest-GroupSnapshotsTest-1399737765 tempest-GroupSnapshotsTest-1399737765-project] Deprecated: Default quota for resource: volumes_tempest-GroupSnapshotsTest-volume-type-1146549702 is set by the default quota flag: quota_volumes_tempest-GroupSnapshotsTest-volume-type-1146549702, it is now deprecated. Please use the default quota class for default quota.
Feb 17 09:54:31.118039 dv-cinder-778193-18-smb devstack@c-api.service[109464]: WARNING cinder.quota [None req-e81beedb-8035-4be7-a370-47afac665e17 tempest-GroupSnapshotsTest-1399737765 tempest-GroupSnapshotsTest-1399737765-project] Deprecated: Default quota for resource: gigabytes_tempest-GroupSnapshotsTest-volume-type-1146549702 is set by the default quota flag: quota_gigabytes_tempest-GroupSnapshotsTest-volume-type-1146549702, it is now deprecated. Please use the default quota class for default quota.
Feb 17 09:54:31.185309 dv-cinder-778193-18-smb devstack@c-api.service[109464]: DEBUG cinder.quota [None req-e81beedb-8035-4be7-a370-47afac665e17 tempest-GroupSnapshotsTest-1399737765 tempest-GroupSnapshotsTest-1399737765-project] Created reservations ['c3cdff9c-cbb4-4b85-9541-382cf4c53d29', '8ee1d686-5d17-4937-87af-31ea394ee8b2', 'cbdded04-0335-41a1-ae3b-736b0b4be9c7', '16538d82-a41e-47a8-ad0d-bcb245797b55'] {{(pid=109464) reserve /opt/stack/cinder/cinder/quota.py:755}}
Feb 17 09:54:31.187447 dv-cinder-778193-18-smb devstack@c-api.service[109464]: DEBUG cinder.volume.api [None req-e81beedb-8035-4be7-a370-47afac665e17 tempest-GroupSnapshotsTest-1399737765 tempest-GroupSnapshotsTest-1399737765-project] Task 'cinder.volume.flows.api.create_volume.QuotaReserveTask;volume:create' (ae9220fe-2d09-4fc9-b71b-352210aa83e6) transitioned into state 'SUCCESS' from state 'RUNNING' with result '{'reservations': ['c3cdff9c-cbb4-4b85-9541-382cf4c53d29', '8ee1d686-5d17-4937-87af-31ea394ee8b2', 'cbdded04-0335-41a1-ae3b-736b0b4be9c7', '16538d82-a41e-47a8-ad0d-bcb245797b55']}' {{(pid=109464) _task_receiver /usr/local/lib/python3.8/dist-packages/taskflow/listeners/logging.py:178}}
Feb 17 09:54:31.189382 dv-cinder-778193-18-smb devstack@c-api.service[109464]: DEBUG cinder.volume.api [None req-e81beedb-8035-4be7-a370-47afac665e17 tempest-GroupSnapshotsTest-1399737765 tempest-GroupSnapshotsTest-1399737765-project] Task 'cinder.volume.flows.api.create_volume.EntryCreateTask;volume:create' (64535b98-b3e7-48cb-8e0d-ce960aab386e) transitioned into state 'RUNNING' from state 'PENDING' {{(pid=109464) _task_receiver /usr/local/lib/python3.8/dist-packages/taskflow/listeners/logging.py:190}}
Feb 17 09:54:31.211334 dv-cinder-778193-18-smb devstack@c-api.service[109465]: INFO cinder.api.openstack.wsgi [req-1cbebd41-af38-45f7-8f80-191e575fd62d req-cc8136a7-ebfa-4c24-9cc4-5ce095c42976 tempest-DeleteServersTestJSON-523290185 tempest-DeleteServersTestJSON-523290185-project] http://10.222.0.26/volume/v3/1afc99ae2edb40a5a43f9b079646b90f/attachments/0b7ea956-c217-4027-af48-65e2efa47ca8 returned with HTTP 200
Feb 17 09:54:31.213124 dv-cinder-778193-18-smb devstack@c-api.service[109465]: [pid: 109465|app: 0|req: 199/390] 10.222.0.129 () {62 vars in 1447 bytes} [Thu Feb 17 09:54:31 2022] DELETE /volume/v3/1afc99ae2edb40a5a43f9b079646b90f/attachments/0b7ea956-c217-4027-af48-65e2efa47ca8 => generated 19 bytes in 184 msecs (HTTP/1.1 200) 7 headers in 285 bytes (1 switches on core 0)
Feb 17 09:54:31.229599 dv-cinder-778193-18-smb devstack@c-api.service[109464]: DEBUG cinder.volume.api [None req-e81beedb-8035-4be7-a370-47afac665e17 tempest-GroupSnapshotsTest-1399737765 tempest-GroupSnapshotsTest-1399737765-project] Task 'cinder.volume.flows.api.create_volume.EntryCreateTask;volume:create' (64535b98-b3e7-48cb-8e0d-ce960aab386e) transitioned into state 'SUCCESS' from state 'RUNNING' with result '{'volume_id': 'fa3a95e5-ba37-4f3a-a387-4756126dc2f1', 'volume_properties': VolumeProperties(attach_status='detached',availability_zone='nova',cgsnapshot_id=None,consistencygroup_id=None,display_description=None,display_name='tempest-GroupSnapshotsTest-Volume-333449159',encryption_key_id=None,group_id=ba4956ea-cf42-4bb8-a1cf-4ad17d5851a0,group_type_id=,metadata={},multiattach=False,project_id='d8a4e3ae7ade49078997b0ee37a213b3',qos_specs=None,replication_status=,reservations=['c3cdff9c-cbb4-4b85-9541-382cf4c53d29','8ee1d686-5d17-4937-87af-31ea394ee8b2','cbdded04-0335-41a1-ae3b-736b0b4be9c7','16538d82-a41e-47a8-ad0d-bcb245797b55'],size=1,snapshot_id=None,source_replicaid=,source_volid=None,status='creating',user_id='288192eda4314086b522919451af55f5',volume_type_id=b6afdf7f-8e3b-435e-84d0-40f58f896306), 'volume': Volume(_name_id=None,admin_metadata=,attach_status='detached',availability_zone='nova',bootable=False,cluster=,cluster_name=None,consistencygroup=,consistencygroup_id=None,created_at=2022-02-17T09:54:31Z,deleted=False,deleted_at=None,display_description=None,display_name='tempest-GroupSnapshotsTest-Volume-333449159',ec2_id=None,encryption_key_id=None,glance_metadata=,group=,group_id=ba4956ea-cf42-4bb8-a1cf-4ad17d5851a0,host=None,id=fa3a95e5-ba37-4f3a-a387-4756126dc2f1,launched_at=None,metadata={},migration_status=None,multiattach=False,previous_status=None,project_id='d8a4e3ae7ade49078997b0ee37a213b3',provider_auth=None,provider_geometry=None,provider_id=None,provider_location=None,replication_driver_data=None,replication_extended_status=None,replication_status=None,scheduled_at=None,service_uuid=None,shared_targets=True,size=1,snapshot_id=None,snapshots=,source_volid=None,status='creating',terminated_at=None,updated_at=None,use_quota=True,user_id='288192eda4314086b522919451af55f5',volume_attachment=VolumeAttachmentList,volume_type=VolumeType(b6afdf7f-8e3b-435e-84d0-40f58f896306),volume_type_id=b6afdf7f-8e3b-435e-84d0-40f58f896306)}' {{(pid=109464) _task_receiver /usr/local/lib/python3.8/dist-packages/taskflow/listeners/logging.py:178}}
Feb 17 09:54:31.231463 dv-cinder-778193-18-smb devstack@c-api.service[109464]: DEBUG cinder.volume.api [None req-e81beedb-8035-4be7-a370-47afac665e17 tempest-GroupSnapshotsTest-1399737765 tempest-GroupSnapshotsTest-1399737765-project] Task 'cinder.volume.flows.api.create_volume.QuotaCommitTask;volume:create' (e7434860-fcb5-427b-8929-706f772eb741) transitioned into state 'RUNNING' from state 'PENDING' {{(pid=109464) _task_receiver /usr/local/lib/python3.8/dist-packages/taskflow/listeners/logging.py:190}}
Feb 17 09:54:31.249537 dv-cinder-778193-18-smb devstack@c-api.service[109465]: INFO cinder.api.openstack.wsgi [None req-057471cc-4ea2-4ac5-9dbe-7ed6e0c1e49c tempest-VolumeTypesTest-546926896 tempest-VolumeTypesTest-546926896-project] GET http://10.222.0.26/volume/v3/e603549c7f374fb69976e4804cf629a4/volumes/58ebcaa5-84a2-46f3-9728-17096da2d9fb
Feb 17 09:54:31.249979 dv-cinder-778193-18-smb devstack@c-api.service[109465]: DEBUG cinder.api.openstack.wsgi [None req-057471cc-4ea2-4ac5-9dbe-7ed6e0c1e49c tempest-VolumeTypesTest-546926896 tempest-VolumeTypesTest-546926896-project] Empty body provided in request {{(pid=109465) get_body /opt/stack/cinder/cinder/api/openstack/wsgi.py:715}}
Feb 17 09:54:31.250941 dv-cinder-778193-18-smb devstack@c-api.service[109465]: DEBUG cinder.api.openstack.wsgi [None req-057471cc-4ea2-4ac5-9dbe-7ed6e0c1e49c tempest-VolumeTypesTest-546926896 tempest-VolumeTypesTest-546926896-project] Calling method 'show' {{(pid=109465) _process_stack /opt/stack/cinder/cinder/api/openstack/wsgi.py:868}}
Feb 17 09:54:31.297766 dv-cinder-778193-18-smb devstack@c-api.service[109465]: INFO cinder.api.openstack.wsgi [None req-057471cc-4ea2-4ac5-9dbe-7ed6e0c1e49c tempest-VolumeTypesTest-546926896 tempest-VolumeTypesTest-546926896-project] http://10.222.0.26/volume/v3/e603549c7f374fb69976e4804cf629a4/volumes/58ebcaa5-84a2-46f3-9728-17096da2d9fb returned with HTTP 404
Feb 17 09:54:31.298863 dv-cinder-778193-18-smb devstack@c-api.service[109465]: [pid: 109465|app: 0|req: 200/391] 10.222.0.26 () {58 vars in 1324 bytes} [Thu Feb 17 09:54:31 2022] GET /volume/v3/e603549c7f374fb69976e4804cf629a4/volumes/58ebcaa5-84a2-46f3-9728-17096da2d9fb => generated 109 bytes in 54 msecs (HTTP/1.1 404) 7 headers in 292 bytes (2 switches on core 0)
Feb 17 09:54:31.307359 dv-cinder-778193-18-smb devstack@c-api.service[109465]: INFO cinder.api.openstack.wsgi [None req-f03c4c56-3b95-4bef-9378-c3311c2f2c30 tempest-VolumeTypesTest-958365755 tempest-VolumeTypesTest-958365755-project-admin] DELETE http://10.222.0.26/volume/v3/487f77b3acfd4baf9ca3dbd106bb39e5/types/b0899f48-c1a4-4365-bb95-73279a3c8a48
Feb 17 09:54:31.307800 dv-cinder-778193-18-smb devstack@c-api.service[109465]: DEBUG cinder.api.openstack.wsgi [None req-f03c4c56-3b95-4bef-9378-c3311c2f2c30 tempest-VolumeTypesTest-958365755 tempest-VolumeTypesTest-958365755-project-admin] Empty body provided in request {{(pid=109465) get_body /opt/stack/cinder/cinder/api/openstack/wsgi.py:715}}
