Feb 17 09:55:29.294066 dv-cinder-778193-18-iscsi neutron-server[102621]: DEBUG neutron.plugins.ml2.drivers.mech_agent [req-5acdcd53-8bf7-4cb4-998d-4272a74d5daf req-e7cc6fe2-72e0-447c-a58e-9c423a274a4f service neutron] Bound using segment: {'id': '6ebc8fde-d88b-4ed8-9ea3-46e2dfccede1', 'network_type': 'vlan', 'physical_network': 'physnet1', 'segmentation_id': 1041, 'network_id': '56727042-25d7-492c-b11b-57580ed61276'} {{(pid=102621) bind_port /opt/stack/neutron/neutron/plugins/ml2/drivers/mech_agent.py:120}}
Feb 17 09:55:29.294506 dv-cinder-778193-18-iscsi neutron-server[102621]: DEBUG neutron.plugins.ml2.managers [req-5acdcd53-8bf7-4cb4-998d-4272a74d5daf req-e7cc6fe2-72e0-447c-a58e-9c423a274a4f service neutron] Bound port: 4f88b398-b2c4-4437-be4c-4a5b92aa76f6, host: hv-cinder-77819, vif_type: hyperv, vif_details: {"connectivity": "legacy", "port_filter": false}, binding_levels: [{'bound_driver': 'hyperv', 'bound_segment': {'id': '6ebc8fde-d88b-4ed8-9ea3-46e2dfccede1', 'network_type': 'vlan', 'physical_network': 'physnet1', 'segmentation_id': 1041, 'network_id': '56727042-25d7-492c-b11b-57580ed61276'}}] {{(pid=102621) _bind_port_level /opt/stack/neutron/neutron/plugins/ml2/managers.py:932}}
Feb 17 09:55:29.294862 dv-cinder-778193-18-iscsi neutron-server[102621]: DEBUG neutron_lib.callbacks.manager [req-5acdcd53-8bf7-4cb4-998d-4272a74d5daf req-e7cc6fe2-72e0-447c-a58e-9c423a274a4f service neutron] Publish callbacks ['neutron.plugins.ml2.plugin.SecurityGroupDbMixin._ensure_default_security_group_handler-768847'] for port (4f88b398-b2c4-4437-be4c-4a5b92aa76f6), before_update {{(pid=102621) _notify_loop /usr/local/lib/python3.8/dist-packages/neutron_lib/callbacks/manager.py:176}}
Feb 17 09:55:29.306826 dv-cinder-778193-18-iscsi neutron-server[102621]: DEBUG neutron_lib.callbacks.manager [None req-bd2b58b0-cc6d-42bb-abd1-c18ebcee5067 admin admin] Publish callbacks ['neutron.plugins.ml2.ovo_rpc._ObjectChangeHandler.handle_event-3715880'] for security_group (fc6616fa-10ea-42ca-a5fa-4a30c64279aa), after_delete {{(pid=102621) _notify_loop /usr/local/lib/python3.8/dist-packages/neutron_lib/callbacks/manager.py:176}}
Feb 17 09:55:29.310080 dv-cinder-778193-18-iscsi neutron-server[102621]: DEBUG neutron_lib.callbacks.manager [None req-bd2b58b0-cc6d-42bb-abd1-c18ebcee5067 admin admin] Publish callbacks [] for security_group (None), before_response {{(pid=102621) _notify_loop /usr/local/lib/python3.8/dist-packages/neutron_lib/callbacks/manager.py:176}}
Feb 17 09:55:29.311338 dv-cinder-778193-18-iscsi neutron-server[102621]: INFO neutron.wsgi [None req-bd2b58b0-cc6d-42bb-abd1-c18ebcee5067 admin admin] 10.222.0.82 "DELETE /v2.0/security-groups/fc6616fa-10ea-42ca-a5fa-4a30c64279aa HTTP/1.1" status: 204 len: 168 time: 0.4477875
Feb 17 09:55:29.323221 dv-cinder-778193-18-iscsi neutron-server[102620]: DEBUG neutron_lib.callbacks.manager [None req-9f134f67-cb9b-4f42-8f43-e024c8b1a34f tempest-AttachVolumeShelveTestJSON-980697490 tempest-AttachVolumeShelveTestJSON-980697490-project] Publish callbacks [] for floatingip (b9212e79-cf25-40d3-9adf-3d19bc19237f), precommit_create {{(pid=102620) _notify_loop /usr/local/lib/python3.8/dist-packages/neutron_lib/callbacks/manager.py:176}}
Feb 17 09:55:29.332620 dv-cinder-778193-18-iscsi neutron-server[102620]: INFO neutron.wsgi [req-2a44cd30-2a27-4035-89f9-14a187c67422 req-5d1b86ce-b63a-42dd-a17e-299498bae6f5 service neutron] 10.222.0.93 "GET /v2.0/floatingips?fixed_ip_address=172.20.0.14&port_id=9dcaebaa-8c19-4c3c-be34-e1ed32ba4c9b HTTP/1.1" status: 200 len: 217 time: 0.1146734
Feb 17 09:55:29.341732 dv-cinder-778193-18-iscsi neutron-server[102620]: DEBUG neutron.api.rpc.handlers.resources_rpc [None req-d8dd2e15-c8f4-4bb8-9aa6-80ced13a6ab4 service neutron] Pushing event updated for resources: {'Port': ['ID=9dcaebaa-8c19-4c3c-be34-e1ed32ba4c9b,revision_number=3']} {{(pid=102620) push /opt/stack/neutron/neutron/api/rpc/handlers/resources_rpc.py:237}}
Feb 17 09:55:29.393431 dv-cinder-778193-18-iscsi neutron-server[102621]: DEBUG neutron.api.rpc.handlers.resources_rpc [None req-bd2b58b0-cc6d-42bb-abd1-c18ebcee5067 admin admin] Pushing event deleted for resources: {'SecurityGroup': ['ID=fc6616fa-10ea-42ca-a5fa-4a30c64279aa,revision_number=None']} {{(pid=102621) push /opt/stack/neutron/neutron/api/rpc/handlers/resources_rpc.py:237}}
Feb 17 09:55:29.420750 dv-cinder-778193-18-iscsi neutron-server[102620]: DEBUG neutron.pecan_wsgi.hooks.policy_enforcement [req-2a44cd30-2a27-4035-89f9-14a187c67422 req-5cae7d23-f1e8-45bd-8670-808c49022b18 service neutron] Attributes excluded by policy engine: ['standard_attr_id', 'shared'] {{(pid=102620) _exclude_attributes_by_policy /opt/stack/neutron/neutron/pecan_wsgi/hooks/policy_enforcement.py:255}}
Feb 17 09:55:29.422231 dv-cinder-778193-18-iscsi neutron-server[102620]: INFO neutron.wsgi [req-2a44cd30-2a27-4035-89f9-14a187c67422 req-5cae7d23-f1e8-45bd-8670-808c49022b18 service neutron] 10.222.0.93 "GET /v2.0/subnets?id=1d6fec72-bab7-4137-8c4d-c54b278ae7ca HTTP/1.1" status: 200 len: 858 time: 0.0740209
Feb 17 09:55:29.441989 dv-cinder-778193-18-iscsi neutron-server[102621]: DEBUG neutron.plugins.ml2.db [req-5acdcd53-8bf7-4cb4-998d-4272a74d5daf req-e7cc6fe2-72e0-447c-a58e-9c423a274a4f service neutron] For port 4f88b398-b2c4-4437-be4c-4a5b92aa76f6, host hv-cinder-77819, cleared binding levels {{(pid=102621) clear_binding_levels /opt/stack/neutron/neutron/plugins/ml2/db.py:87}}
Feb 17 09:55:29.446441 dv-cinder-778193-18-iscsi neutron-server[102621]: DEBUG neutron.plugins.ml2.db [req-5acdcd53-8bf7-4cb4-998d-4272a74d5daf req-e7cc6fe2-72e0-447c-a58e-9c423a274a4f service neutron] For port 4f88b398-b2c4-4437-be4c-4a5b92aa76f6, host hv-cinder-77819, set binding levels [PortBindingLevel(driver='hyperv',host='hv-cinder-77819',level=0,port_id=4f88b398-b2c4-4437-be4c-4a5b92aa76f6,segment=NetworkSegment(6ebc8fde-d88b-4ed8-9ea3-46e2dfccede1),segment_id=6ebc8fde-d88b-4ed8-9ea3-46e2dfccede1)] {{(pid=102621) set_binding_levels /opt/stack/neutron/neutron/plugins/ml2/db.py:59}}
Feb 17 09:55:29.460402 dv-cinder-778193-18-iscsi neutron-server[102621]: DEBUG neutron_lib.callbacks.manager [req-5acdcd53-8bf7-4cb4-998d-4272a74d5daf req-e7cc6fe2-72e0-447c-a58e-9c423a274a4f service neutron] Publish callbacks ['neutron.plugins.ml2.plugin.SecurityGroupServerNotifierRpcMixin._notify_sg_on_port_change-769162', 'neutron.plugins.ml2.ovo_rpc._ObjectChangeHandler.handle_event-169901', 'neutron.api.rpc.agentnotifiers.dhcp_rpc_agent_api.DhcpAgentNotifyAPI._native_event_send_dhcp_notification-3726854', 'neutron.db.l3_db.L3RpcNotifierMixin._notify_gateway_port_ip_changed-8771562759280', 'neutron.db.l3_dvrscheduler_db._notify_l3_agent_port_update-8771562233411', 'neutron.db.l3_hascheduler_db._notify_l3_agent_ha_port_update-8771562233429'] for port (4f88b398-b2c4-4437-be4c-4a5b92aa76f6), after_update {{(pid=102621) _notify_loop /usr/local/lib/python3.8/dist-packages/neutron_lib/callbacks/manager.py:176}}
Feb 17 09:55:29.508314 dv-cinder-778193-18-iscsi neutron-server[102621]: DEBUG neutron.pecan_wsgi.hooks.policy_enforcement [req-5acdcd53-8bf7-4cb4-998d-4272a74d5daf req-e7cc6fe2-72e0-447c-a58e-9c423a274a4f service neutron] Attributes excluded by policy engine: ['standard_attr_id'] {{(pid=102621) _exclude_attributes_by_policy /opt/stack/neutron/neutron/pecan_wsgi/hooks/policy_enforcement.py:255}}
Feb 17 09:55:29.508920 dv-cinder-778193-18-iscsi neutron-server[102621]: DEBUG neutron_lib.callbacks.manager [req-5acdcd53-8bf7-4cb4-998d-4272a74d5daf req-e7cc6fe2-72e0-447c-a58e-9c423a274a4f service neutron] Publish callbacks ['neutron.notifiers.nova.Notifier._send_nova_notification-75727', 'neutron.api.rpc.agentnotifiers.dhcp_rpc_agent_api.DhcpAgentNotifyAPI._send_dhcp_notification-3726888'] for port (None), before_response {{(pid=102621) _notify_loop /usr/local/lib/python3.8/dist-packages/neutron_lib/callbacks/manager.py:176}}
Feb 17 09:55:29.510540 dv-cinder-778193-18-iscsi neutron-server[102621]: INFO neutron.wsgi [req-5acdcd53-8bf7-4cb4-998d-4272a74d5daf req-e7cc6fe2-72e0-447c-a58e-9c423a274a4f service neutron] 10.222.0.93 "PUT /v2.0/ports/4f88b398-b2c4-4437-be4c-4a5b92aa76f6 HTTP/1.1" status: 200 len: 1094 time: 1.6628900
Feb 17 09:55:29.511057 dv-cinder-778193-18-iscsi neutron-server[102621]: DEBUG neutron.notifiers.nova [-] Sending events: [{'name': 'network-changed', 'server_uuid': 'dba3329c-1fb8-41c3-b4d0-245fcf58e671', 'tag': '4f88b398-b2c4-4437-be4c-4a5b92aa76f6'}] {{(pid=102621) send_events /opt/stack/neutron/neutron/notifiers/nova.py:271}}
Feb 17 09:55:29.513387 dv-cinder-778193-18-iscsi neutron-server[102621]: DEBUG novaclient.v2.client [-] REQ: curl -g -i --cacert "/opt/stack/data/ca-bundle.pem" -X POST http://10.222.0.82/compute/v2.1/os-server-external-events -H "Accept: application/json" -H "Content-Type: application/json" -H "User-Agent: python-novaclient" -H "X-Auth-Token: {SHA256}471f06d70eed2e692c1497dfff120f4791395ab2630968c37211877e2ce22acb" -H "X-OpenStack-Nova-API-Version: 2.1" -H "X-OpenStack-Request-ID: req-503d80e8-a7b9-4534-9987-7e3164368339" -d '{"events": [{"name": "network-changed", "server_uuid": "dba3329c-1fb8-41c3-b4d0-245fcf58e671", "tag": "4f88b398-b2c4-4437-be4c-4a5b92aa76f6"}]}' {{(pid=102621) _http_log_request /usr/local/lib/python3.8/dist-packages/keystoneauth1/session.py:519}}
Feb 17 09:55:29.535525 dv-cinder-778193-18-iscsi neutron-server[102621]: DEBUG neutron.api.rpc.handlers.resources_rpc [None req-e7cc6fe2-72e0-447c-a58e-9c423a274a4f service neutron] Pushing event updated for resources: {'Port': ['ID=4f88b398-b2c4-4437-be4c-4a5b92aa76f6,revision_number=3']} {{(pid=102621) push /opt/stack/neutron/neutron/api/rpc/handlers/resources_rpc.py:237}}
Feb 17 09:55:29.644663 dv-cinder-778193-18-iscsi neutron-server[102620]: DEBUG novaclient.v2.client [-] RESP: [200] Connection: close Content-Length: 179 Content-Type: application/json Date: Thu, 17 Feb 2022 09:55:29 GMT OpenStack-API-Version: compute 2.1 Server: Apache/2.4.41 (Ubuntu) Vary: OpenStack-API-Version,X-OpenStack-Nova-API-Version X-OpenStack-Nova-API-Version: 2.1 x-compute-request-id: req-a4d8f33d-d618-4e74-9598-58f694b26c02 x-openstack-request-id: req-a4d8f33d-d618-4e74-9598-58f694b26c02 {{(pid=102620) _http_log_response /usr/local/lib/python3.8/dist-packages/keystoneauth1/session.py:550}}
Feb 17 09:55:29.645197 dv-cinder-778193-18-iscsi neutron-server[102620]: DEBUG novaclient.v2.client [-] RESP BODY: {"events": [{"name": "network-changed", "server_uuid": "62978e71-d0ef-428d-b4cb-4d029f4f2981", "tag": "9dcaebaa-8c19-4c3c-be34-e1ed32ba4c9b", "status": "completed", "code": 200}]} {{(pid=102620) _http_log_response /usr/local/lib/python3.8/dist-packages/keystoneauth1/session.py:582}}
Feb 17 09:55:29.645443 dv-cinder-778193-18-iscsi neutron-server[102620]: DEBUG novaclient.v2.client [-] POST call to compute for http://10.222.0.82/compute/v2.1/os-server-external-events used request id req-a4d8f33d-d618-4e74-9598-58f694b26c02 {{(pid=102620) request /usr/local/lib/python3.8/dist-packages/keystoneauth1/session.py:954}}
Feb 17 09:55:29.645981 dv-cinder-778193-18-iscsi neutron-server[102620]: INFO neutron.notifiers.nova [-] Nova event response: {'name': 'network-changed', 'server_uuid': '62978e71-d0ef-428d-b4cb-4d029f4f2981', 'tag': '9dcaebaa-8c19-4c3c-be34-e1ed32ba4c9b', 'status': 'completed', 'code': 200}
Feb 17 09:55:29.669456 dv-cinder-778193-18-iscsi neutron-server[102621]: DEBUG neutron.pecan_wsgi.hooks.policy_enforcement [req-5acdcd53-8bf7-4cb4-998d-4272a74d5daf req-53a888c1-6c46-4f05-b1ba-f1ab5d827a4c service neutron] Attributes excluded by policy engine: ['standard_attr_id'] {{(pid=102621) _exclude_attributes_by_policy /opt/stack/neutron/neutron/pecan_wsgi/hooks/policy_enforcement.py:255}}
Feb 17 09:55:29.671529 dv-cinder-778193-18-iscsi neutron-server[102621]: INFO neutron.wsgi [req-5acdcd53-8bf7-4cb4-998d-4272a74d5daf req-53a888c1-6c46-4f05-b1ba-f1ab5d827a4c service neutron] 10.222.0.93 "GET /v2.0/ports?tenant_id=13e27e736c544248b7b364646f33dd08&device_id=dba3329c-1fb8-41c3-b4d0-245fcf58e671 HTTP/1.1" status: 200 len: 1128 time: 0.0975566
Feb 17 09:55:29.693582 dv-cinder-778193-18-iscsi neutron-server[102620]: DEBUG neutron_lib.callbacks.manager [None req-91f8d951-fd05-4f55-8a44-c2128cf503ec admin admin] Publish callbacks ['neutron.plugins.ml2.ovo_rpc._ObjectChangeHandler.handle_event-3715880'] for security_group (d7d43bb1-e91d-4cad-8ac9-729f3394fd05), after_delete {{(pid=102620) _notify_loop /usr/local/lib/python3.8/dist-packages/neutron_lib/callbacks/manager.py:176}}
Feb 17 09:55:29.696166 dv-cinder-778193-18-iscsi neutron-server[102620]: DEBUG neutron_lib.callbacks.manager [None req-91f8d951-fd05-4f55-8a44-c2128cf503ec admin admin] Publish callbacks [] for security_group (None), before_response {{(pid=102620) _notify_loop /usr/local/lib/python3.8/dist-packages/neutron_lib/callbacks/manager.py:176}}
Feb 17 09:55:29.700195 dv-cinder-778193-18-iscsi neutron-server[102620]: INFO neutron.wsgi [None req-91f8d951-fd05-4f55-8a44-c2128cf503ec admin admin] 10.222.0.82 "DELETE /v2.0/security-groups/d7d43bb1-e91d-4cad-8ac9-729f3394fd05 HTTP/1.1" status: 204 len: 168 time: 1.1856935
Feb 17 09:55:29.742974 dv-cinder-778193-18-iscsi neutron-server[102621]: INFO neutron.wsgi [req-5acdcd53-8bf7-4cb4-998d-4272a74d5daf req-184e85f9-b698-43b3-9fe8-6116612dd1ed service neutron] 10.222.0.93 "GET /v2.0/floatingips?fixed_ip_address=172.20.0.11&port_id=4f88b398-b2c4-4437-be4c-4a5b92aa76f6 HTTP/1.1" status: 200 len: 217 time: 0.0607133
Feb 17 09:55:29.758036 dv-cinder-778193-18-iscsi neutron-server[102620]: INFO neutron.wsgi [req-2a44cd30-2a27-4035-89f9-14a187c67422 req-8964895c-39f3-452b-885b-ed7a2a4a9d3e service neutron] 10.222.0.93 "GET /v2.0/ports?network_id=56727042-25d7-492c-b11b-57580ed61276&device_owner=network%3Adhcp HTTP/1.1" status: 200 len: 210 time: 0.1110799
Feb 17 09:55:29.763709 dv-cinder-778193-18-iscsi neutron-server[102620]: DEBUG neutron.api.rpc.handlers.resources_rpc [None req-91f8d951-fd05-4f55-8a44-c2128cf503ec admin admin] Pushing event deleted for resources: {'SecurityGroup': ['ID=d7d43bb1-e91d-4cad-8ac9-729f3394fd05,revision_number=None']} {{(pid=102620) push /opt/stack/neutron/neutron/api/rpc/handlers/resources_rpc.py:237}}
Feb 17 09:55:29.766773 dv-cinder-778193-18-iscsi neutron-server[102620]: DEBUG neutron_lib.callbacks.manager [None req-9f134f67-cb9b-4f42-8f43-e024c8b1a34f tempest-AttachVolumeShelveTestJSON-980697490 tempest-AttachVolumeShelveTestJSON-980697490-project] Publish callbacks ['neutron.plugins.ml2.plugin.SecurityGroupDbMixin._ensure_default_security_group_handler-768847'] for port (13ba74cb-5339-4d11-b67f-4e97ec2677c2), before_update {{(pid=102620) _notify_loop /usr/local/lib/python3.8/dist-packages/neutron_lib/callbacks/manager.py:176}}
Feb 17 09:55:29.827866 dv-cinder-778193-18-iscsi neutron-server[102621]: DEBUG neutron.pecan_wsgi.hooks.policy_enforcement [req-5acdcd53-8bf7-4cb4-998d-4272a74d5daf req-6f5917dd-bbbd-4bdd-a2e4-3f433cecb890 service neutron] Attributes excluded by policy engine: ['standard_attr_id', 'shared'] {{(pid=102621) _exclude_attributes_by_policy /opt/stack/neutron/neutron/pecan_wsgi/hooks/policy_enforcement.py:255}}
Feb 17 09:55:29.829820 dv-cinder-778193-18-iscsi neutron-server[102621]: INFO neutron.wsgi [req-5acdcd53-8bf7-4cb4-998d-4272a74d5daf req-6f5917dd-bbbd-4bdd-a2e4-3f433cecb890 service neutron] 10.222.0.93 "GET /v2.0/subnets?id=1d6fec72-bab7-4137-8c4d-c54b278ae7ca HTTP/1.1" status: 200 len: 858 time: 0.0769060
Feb 17 09:55:29.879980 dv-cinder-778193-18-iscsi neutron-server[102621]: INFO neutron.wsgi [req-5acdcd53-8bf7-4cb4-998d-4272a74d5daf req-358eb854-f612-4fee-a6cc-6c0c4e4864e0 service neutron] 10.222.0.93 "GET /v2.0/ports?network_id=56727042-25d7-492c-b11b-57580ed61276&device_owner=network%3Adhcp HTTP/1.1" status: 200 len: 210 time: 0.0376198
Feb 17 09:55:29.885007 dv-cinder-778193-18-iscsi neutron-server[102621]: DEBUG neutron.wsgi [-] (102621) accepted ('10.222.0.82', 45686) {{(pid=102621) server /usr/local/lib/python3.8/dist-packages/eventlet/wsgi.py:1004}}
Feb 17 09:55:29.904308 dv-cinder-778193-18-iscsi neutron-server[102621]: DEBUG neutron_lib.callbacks.manager [None req-4478e2e9-2b66-4853-9d58-2da3fa636bfb admin admin] Publish callbacks [] for security_group (None), before_create {{(pid=102621) _notify_loop /usr/local/lib/python3.8/dist-packages/neutron_lib/callbacks/manager.py:176}}
Feb 17 09:55:29.930676 dv-cinder-778193-18-iscsi neutron-server[102620]: INFO neutron.wsgi [req-9b0271dc-a247-45b3-81fc-d3434e2df3a8 req-dc7b0189-2c3a-45a8-a6d1-b9902e3ade26 tempest-AttachVolumeTestJSON-1140856461 tempest-AttachVolumeTestJSON-1140856461-project] 10.222.0.82 "GET /v2.0/security-groups?name=tempest-securitygroup--651521310&fields=id&tenant_id=7039608c8379432d81234a6c5f780815 HTTP/1.1" status: 200 len: 267 time: 0.2739980
Feb 17 09:55:29.942362 dv-cinder-778193-18-iscsi neutron-server[102620]: DEBUG neutron.pecan_wsgi.hooks.policy_enforcement [req-c361ac09-3009-45a9-9fb7-999f82e5d433 req-4a076979-0670-40e4-b297-2e66e4565537 tempest-AttachVolumeNegativeTest-701796651 tempest-AttachVolumeNegativeTest-701796651-project] Attributes excluded by policy engine: ['standard_attr_id', 'binding:profile', 'binding:host_id', 'binding:vif_type', 'binding:vif_details'] {{(pid=102620) _exclude_attributes_by_policy /opt/stack/neutron/neutron/pecan_wsgi/hooks/policy_enforcement.py:255}}
Feb 17 09:55:29.944033 dv-cinder-778193-18-iscsi neutron-server[102620]: INFO neutron.wsgi [req-c361ac09-3009-45a9-9fb7-999f82e5d433 req-4a076979-0670-40e4-b297-2e66e4565537 tempest-AttachVolumeNegativeTest-701796651 tempest-AttachVolumeNegativeTest-701796651-project] 10.222.0.82 "GET /v2.0/ports?device_id=d0299923-afdb-4ac1-9059-0374d9a12af4 HTTP/1.1" status: 200 len: 943 time: 0.5208938
Feb 17 09:55:30.096929 dv-cinder-778193-18-iscsi neutron-server[102621]: INFO neutron.wsgi [req-5acdcd53-8bf7-4cb4-998d-4272a74d5daf req-30976c39-e2bf-4ae7-8b28-e90b6c4ad705 service neutron] 10.222.0.93 "GET /v2.0/networks/56727042-25d7-492c-b11b-57580ed61276?fields=segments HTTP/1.1" status: 200 len: 212 time: 0.1832738
Feb 17 09:55:30.117609 dv-cinder-778193-18-iscsi neutron-server[102620]: INFO neutron.wsgi [req-2a44cd30-2a27-4035-89f9-14a187c67422 req-519298e5-c902-4945-b477-6958f4c23cce service neutron] 10.222.0.93 "GET /v2.0/networks/56727042-25d7-492c-b11b-57580ed61276?fields=segments HTTP/1.1" status: 200 len: 212 time: 0.3470426
Feb 17 09:55:30.204359 dv-cinder-778193-18-iscsi neutron-server[102620]: INFO neutron.wsgi [req-c361ac09-3009-45a9-9fb7-999f82e5d433 req-4aba66fb-968e-4dd9-b267-f35f31962e46 tempest-AttachVolumeNegativeTest-701796651 tempest-AttachVolumeNegativeTest-701796651-project] 10.222.0.82 "GET /v2.0/security-groups?id=62e25b32-4185-40c7-8a3c-b58574ae9626&fields=id&fields=name HTTP/1.1" status: 200 len: 286 time: 0.2486577
Feb 17 09:55:30.223447 dv-cinder-778193-18-iscsi neutron-server[102620]: DEBUG neutron.pecan_wsgi.hooks.policy_enforcement [req-9b0271dc-a247-45b3-81fc-d3434e2df3a8 req-b6083b99-cdc4-4490-8956-8c661eeac774 tempest-AttachVolumeTestJSON-1140856461 tempest-AttachVolumeTestJSON-1140856461-project] Attributes excluded by policy engine: ['standard_attr_id', 'vlan_transparent', 'provider:network_type', 'provider:physical_network', 'provider:segmentation_id'] {{(pid=102620) _exclude_attributes_by_policy /opt/stack/neutron/neutron/pecan_wsgi/hooks/policy_enforcement.py:255}}
Feb 17 09:55:30.224956 dv-cinder-778193-18-iscsi neutron-server[102620]: INFO neutron.wsgi [req-9b0271dc-a247-45b3-81fc-d3434e2df3a8 req-b6083b99-cdc4-4490-8956-8c661eeac774 tempest-AttachVolumeTestJSON-1140856461 tempest-AttachVolumeTestJSON-1140856461-project] 10.222.0.82 "GET /v2.0/networks?id=796052e6-6954-480c-a009-16c1a3be89b8 HTTP/1.1" status: 200 len: 810 time: 0.2799950
Feb 17 09:55:30.252922 dv-cinder-778193-18-iscsi neutron-server[102621]: DEBUG neutron_lib.callbacks.manager [None req-4478e2e9-2b66-4853-9d58-2da3fa636bfb admin admin] Publish callbacks [] for security_group (1ff0bca2-8f00-47c2-a60f-ae2cbace28eb), precommit_create {{(pid=102621) _notify_loop /usr/local/lib/python3.8/dist-packages/neutron_lib/callbacks/manager.py:176}}
Feb 17 09:55:30.264371 dv-cinder-778193-18-iscsi neutron-server[102621]: DEBUG neutron_lib.callbacks.manager [None req-4478e2e9-2b66-4853-9d58-2da3fa636bfb admin admin] Publish callbacks ['neutron.plugins.ml2.ovo_rpc._ObjectChangeHandler.handle_event-3715880'] for security_group (1ff0bca2-8f00-47c2-a60f-ae2cbace28eb), after_create {{(pid=102621) _notify_loop /usr/local/lib/python3.8/dist-packages/neutron_lib/callbacks/manager.py:176}}
Feb 17 09:55:30.293575 dv-cinder-778193-18-iscsi neutron-server[102620]: INFO neutron.wsgi [req-9b0271dc-a247-45b3-81fc-d3434e2df3a8 req-8b9bdbb3-dc7c-4e63-bd78-676c094b019b tempest-AttachVolumeTestJSON-1140856461 tempest-AttachVolumeTestJSON-1140856461-project] 10.222.0.82 "GET /v2.0/quotas/7039608c8379432d81234a6c5f780815 HTTP/1.1" status: 200 len: 375 time: 0.0550399
Feb 17 09:55:30.319127 dv-cinder-778193-18-iscsi neutron-server[102621]: INFO neutron.wsgi [req-5acdcd53-8bf7-4cb4-998d-4272a74d5daf req-3b9aa4c2-be46-4286-b87f-1297b8dd0c22 service neutron] 10.222.0.93 "GET /v2.0/networks/56727042-25d7-492c-b11b-57580ed61276?fields=provider%3Aphysical_network&fields=provider%3Anetwork_type HTTP/1.1" status: 200 len: 281 time: 0.2104201
Feb 17 09:55:30.332010 dv-cinder-778193-18-iscsi neutron-server[102620]: DEBUG neutron_lib.callbacks.manager [None req-9f134f67-cb9b-4f42-8f43-e024c8b1a34f tempest-AttachVolumeShelveTestJSON-980697490 tempest-AttachVolumeShelveTestJSON-980697490-project] Publish callbacks [] for port (13ba74cb-5339-4d11-b67f-4e97ec2677c2), precommit_update {{(pid=102620) _notify_loop /usr/local/lib/python3.8/dist-packages/neutron_lib/callbacks/manager.py:176}}
Feb 17 09:55:30.350226 dv-cinder-778193-18-iscsi neutron-server[102621]: INFO neutron.wsgi [None req-4478e2e9-2b66-4853-9d58-2da3fa636bfb admin admin] 10.222.0.82 "GET /v2.0/security-groups?tenant_id=f5fd8422241d4c78a657d730780ec2eb&name=default HTTP/1.1" status: 200 len: 2996 time: 0.4613690
Feb 17 09:55:30.350226 dv-cinder-778193-18-iscsi neutron-server[102621]: DEBUG neutron.wsgi [-] (102621) accepted ('10.222.0.82', 45700) {{(pid=102621) server /usr/local/lib/python3.8/dist-packages/eventlet/wsgi.py:1004}}
Feb 17 09:55:30.358713 dv-cinder-778193-18-iscsi neutron-server[102620]: INFO neutron.wsgi [req-2a44cd30-2a27-4035-89f9-14a187c67422 req-d857a897-fcd9-438d-b133-0c90cb73704e service neutron] 10.222.0.93 "GET /v2.0/networks/56727042-25d7-492c-b11b-57580ed61276?fields=provider%3Aphysical_network&fields=provider%3Anetwork_type HTTP/1.1" status: 200 len: 281 time: 0.2228014
Feb 17 09:55:30.359373 dv-cinder-778193-18-iscsi neutron-server[102620]: DEBUG neutron_lib.callbacks.manager [None req-9f134f67-cb9b-4f42-8f43-e024c8b1a34f tempest-AttachVolumeShelveTestJSON-980697490 tempest-AttachVolumeShelveTestJSON-980697490-project] Publish callbacks ['neutron.plugins.ml2.plugin.SecurityGroupServerNotifierRpcMixin._notify_sg_on_port_change-769162', 'neutron.plugins.ml2.ovo_rpc._ObjectChangeHandler.handle_event-169901', 'neutron.api.rpc.agentnotifiers.dhcp_rpc_agent_api.DhcpAgentNotifyAPI._native_event_send_dhcp_notification-3726854', 'neutron.db.l3_db.L3RpcNotifierMixin._notify_gateway_port_ip_changed-8771562759280', 'neutron.db.l3_dvrscheduler_db._notify_l3_agent_port_update-8771562233411', 'neutron.db.l3_hascheduler_db._notify_l3_agent_ha_port_update-8771562233429'] for port (13ba74cb-5339-4d11-b67f-4e97ec2677c2), after_update {{(pid=102620) _notify_loop /usr/local/lib/python3.8/dist-packages/neutron_lib/callbacks/manager.py:176}}
Feb 17 09:55:30.403321 dv-cinder-778193-18-iscsi neutron-server[102621]: DEBUG neutron.api.rpc.handlers.resources_rpc [None req-4478e2e9-2b66-4853-9d58-2da3fa636bfb admin admin] Pushing event updated for resources: {'SecurityGroup': ['ID=1ff0bca2-8f00-47c2-a60f-ae2cbace28eb,revision_number=1']} {{(pid=102621) push /opt/stack/neutron/neutron/api/rpc/handlers/resources_rpc.py:237}}
Feb 17 09:55:30.436314 dv-cinder-778193-18-iscsi neutron-server[102621]: DEBUG neutron_lib.callbacks.manager [None req-fead6270-b9e3-4d6b-9939-9abb2196a9c6 admin admin] Publish callbacks [] for security_group (1ff0bca2-8f00-47c2-a60f-ae2cbace28eb), before_delete {{(pid=102621) _notify_loop /usr/local/lib/python3.8/dist-packages/neutron_lib/callbacks/manager.py:176}}
Feb 17 09:55:30.451638 dv-cinder-778193-18-iscsi neutron-server[102620]: DEBUG neutron_lib.callbacks.manager [None req-9f134f67-cb9b-4f42-8f43-e024c8b1a34f tempest-AttachVolumeShelveTestJSON-980697490 tempest-AttachVolumeShelveTestJSON-980697490-project] Publish callbacks ['neutron.services.l3_router.l3_router_plugin.DVRResourceOperationHandler._create_dvr_floating_gw_port-3931625'] for floatingip (b9212e79-cf25-40d3-9adf-3d19bc19237f), after_create {{(pid=102620) _notify_loop /usr/local/lib/python3.8/dist-packages/neutron_lib/callbacks/manager.py:176}}
Feb 17 09:55:30.468696 dv-cinder-778193-18-iscsi neutron-server[102621]: DEBUG neutron_lib.callbacks.manager [None req-fead6270-b9e3-4d6b-9939-9abb2196a9c6 admin admin] Publish callbacks [] for security_group (1ff0bca2-8f00-47c2-a60f-ae2cbace28eb), precommit_delete {{(pid=102621) _notify_loop /usr/local/lib/python3.8/dist-packages/neutron_lib/callbacks/manager.py:176}}
Feb 17 09:55:30.491262 dv-cinder-778193-18-iscsi neutron-server[102622]: DEBUG neutron.plugins.ml2.rpc [None req-a1894848-7eb4-4e4c-8040-41ff5ee653dc None None] Device d8cc59f0-a44e-470b-80dc-65f6b98f51b4 details requested by agent hyperv_hv-cinder-77819 with host hv-cinder-77819 {{(pid=102622) get_device_details /opt/stack/neutron/neutron/plugins/ml2/rpc.py:102}}
Feb 17 09:55:30.514159 dv-cinder-778193-18-iscsi neutron-server[102620]: DEBUG neutron.api.rpc.handlers.resources_rpc [None req-9f134f67-cb9b-4f42-8f43-e024c8b1a34f tempest-AttachVolumeShelveTestJSON-980697490 tempest-AttachVolumeShelveTestJSON-980697490-project] Pushing event updated for resources: {'Port': ['ID=13ba74cb-5339-4d11-b67f-4e97ec2677c2,revision_number=2']} {{(pid=102620) push /opt/stack/neutron/neutron/api/rpc/handlers/resources_rpc.py:237}}
Feb 17 09:55:30.526545 dv-cinder-778193-18-iscsi neutron-server[102620]: DEBUG neutron_lib.callbacks.manager [None req-9f134f67-cb9b-4f42-8f43-e024c8b1a34f tempest-AttachVolumeShelveTestJSON-980697490 tempest-AttachVolumeShelveTestJSON-980697490-project] Publish callbacks ['neutron.notifiers.nova.Notifier._send_nova_notification-75727'] for floatingip (None), before_response {{(pid=102620) _notify_loop /usr/local/lib/python3.8/dist-packages/neutron_lib/callbacks/manager.py:176}}
Feb 17 09:55:30.535680 dv-cinder-778193-18-iscsi neutron-server[102620]: INFO neutron.wsgi [None req-9f134f67-cb9b-4f42-8f43-e024c8b1a34f tempest-AttachVolumeShelveTestJSON-980697490 tempest-AttachVolumeShelveTestJSON-980697490-project] 10.222.0.82 "POST /v2.0/floatingips HTTP/1.1" status: 201 len: 693 time: 3.3405306
Feb 17 09:55:30.536749 dv-cinder-778193-18-iscsi neutron-server[102620]: INFO neutron.wsgi [req-9b0271dc-a247-45b3-81fc-d3434e2df3a8 req-1a993bcc-8092-4a33-af35-baa614dd53bc tempest-AttachVolumeTestJSON-1140856461 tempest-AttachVolumeTestJSON-1140856461-project] 10.222.0.82 "GET /v2.0/ports?tenant_id=7039608c8379432d81234a6c5f780815&fields=id HTTP/1.1" status: 200 len: 302 time: 0.2334616
Feb 17 09:55:30.552350 dv-cinder-778193-18-iscsi neutron-server[102620]: DEBUG neutron.pecan_wsgi.hooks.policy_enforcement [req-b2a42f7b-7e50-47f7-bc2f-dec0530609ea req-bfb94c8b-db09-4f15-9e09-ce95cf392bb6 tempest-DeleteServersTestJSON-1044830392 tempest-DeleteServersTestJSON-1044830392-project] Attributes excluded by policy engine: ['standard_attr_id', 'binding:profile', 'binding:host_id', 'binding:vif_type', 'binding:vif_details'] {{(pid=102620) _exclude_attributes_by_policy /opt/stack/neutron/neutron/pecan_wsgi/hooks/policy_enforcement.py:255}}
Feb 17 09:55:30.553901 dv-cinder-778193-18-iscsi neutron-server[102620]: INFO neutron.wsgi [req-b2a42f7b-7e50-47f7-bc2f-dec0530609ea req-bfb94c8b-db09-4f15-9e09-ce95cf392bb6 tempest-DeleteServersTestJSON-1044830392 tempest-DeleteServersTestJSON-1044830392-project] 10.222.0.82 "GET /v2.0/ports?device_id=fa20d7ad-7c8e-426a-a028-bb7cdc2afafb HTTP/1.1" status: 200 len: 944 time: 0.2008128
Feb 17 09:55:30.559720 dv-cinder-778193-18-iscsi neutron-server[102620]: DEBUG neutron.pecan_wsgi.hooks.policy_enforcement [req-53d5e602-41cb-4cff-b3ae-814e10aa1c7e req-4f6cf127-746d-41f0-a619-fdc8a9bfb146 service neutron] Attributes excluded by policy engine: ['standard_attr_id'] {{(pid=102620) _exclude_attributes_by_policy /opt/stack/neutron/neutron/pecan_wsgi/hooks/policy_enforcement.py:255}}
Feb 17 09:55:30.561242 dv-cinder-778193-18-iscsi neutron-server[102620]: INFO neutron.wsgi [req-53d5e602-41cb-4cff-b3ae-814e10aa1c7e req-4f6cf127-746d-41f0-a619-fdc8a9bfb146 service neutron] 10.222.0.93 "GET /v2.0/ports?tenant_id=13e27e736c544248b7b364646f33dd08&device_id=62978e71-d0ef-428d-b4cb-4d029f4f2981 HTTP/1.1" status: 200 len: 1128 time: 0.1340723
Feb 17 09:55:30.602154 dv-cinder-778193-18-iscsi neutron-server[102621]: DEBUG neutron_lib.callbacks.manager [None req-fead6270-b9e3-4d6b-9939-9abb2196a9c6 admin admin] Publish callbacks ['neutron.plugins.ml2.ovo_rpc._ObjectChangeHandler.handle_event-3715880'] for security_group (1ff0bca2-8f00-47c2-a60f-ae2cbace28eb), after_delete {{(pid=102621) _notify_loop /usr/local/lib/python3.8/dist-packages/neutron_lib/callbacks/manager.py:176}}
Feb 17 09:55:30.605956 dv-cinder-778193-18-iscsi neutron-server[102621]: DEBUG neutron_lib.callbacks.manager [None req-fead6270-b9e3-4d6b-9939-9abb2196a9c6 admin admin] Publish callbacks [] for security_group (None), before_response {{(pid=102621) _notify_loop /usr/local/lib/python3.8/dist-packages/neutron_lib/callbacks/manager.py:176}}
Feb 17 09:55:30.608922 dv-cinder-778193-18-iscsi neutron-server[102621]: INFO neutron.wsgi [None req-fead6270-b9e3-4d6b-9939-9abb2196a9c6 admin admin] 10.222.0.82 "DELETE /v2.0/security-groups/1ff0bca2-8f00-47c2-a60f-ae2cbace28eb HTTP/1.1" status: 204 len: 168 time: 0.2576067
Feb 17 09:55:30.629973 dv-cinder-778193-18-iscsi neutron-server[102621]: DEBUG neutron.api.rpc.handlers.resources_rpc [None req-fead6270-b9e3-4d6b-9939-9abb2196a9c6 admin admin] Pushing event deleted for resources: {'SecurityGroup': ['ID=1ff0bca2-8f00-47c2-a60f-ae2cbace28eb,revision_number=None']} {{(pid=102621) push /opt/stack/neutron/neutron/api/rpc/handlers/resources_rpc.py:237}}
Feb 17 09:55:30.713086 dv-cinder-778193-18-iscsi neutron-server[102622]: DEBUG neutron.plugins.ml2.db [None req-a1894848-7eb4-4e4c-8040-41ff5ee653dc None None] For port d8cc59f0-a44e-470b-80dc-65f6b98f51b4, host hv-cinder-77819, got binding levels [PortBindingLevel(driver='hyperv',host='hv-cinder-77819',level=0,port_id=d8cc59f0-a44e-470b-80dc-65f6b98f51b4,segment=NetworkSegment(d858bd6f-9f4a-456e-b559-3a505e873a9d),segment_id=d858bd6f-9f4a-456e-b559-3a505e873a9d)] {{(pid=102622) get_binding_level_objs /opt/stack/neutron/neutron/plugins/ml2/db.py:74}}
Feb 17 09:55:30.730512 dv-cinder-778193-18-iscsi neutron-server[102622]: DEBUG neutron.plugins.ml2.rpc [None req-a1894848-7eb4-4e4c-8040-41ff5ee653dc None None] Returning: {'device': 'd8cc59f0-a44e-470b-80dc-65f6b98f51b4', 'network_id': '3e394879-3601-44f7-9d0c-db3a1f77754c', 'port_id': 'd8cc59f0-a44e-470b-80dc-65f6b98f51b4', 'mac_address': 'fa:16:3e:2e:aa:6c', 'admin_state_up': True, 'network_type': 'vlan', 'segmentation_id': 1017, 'physical_network': 'physnet1', 'mtu': 1500, 'fixed_ips': [{'subnet_id': '00c24b15-aa81-4b6e-912f-1e91c3a9689b', 'ip_address': '172.20.0.6'}], 'device_owner': 'compute:nova', 'allowed_address_pairs': [], 'port_security_enabled': True, 'qos_policy_id': None, 'network_qos_policy_id': None, 'profile': {}, 'propagate_uplink_status': False} {{(pid=102622) _get_device_details /opt/stack/neutron/neutron/plugins/ml2/rpc.py:184}}
Feb 17 09:55:30.733974 dv-cinder-778193-18-iscsi neutron-server[102620]: INFO neutron.wsgi [req-b2a42f7b-7e50-47f7-bc2f-dec0530609ea req-e464a47c-8311-45d5-b194-3ed182521b5d tempest-DeleteServersTestJSON-1044830392 tempest-DeleteServersTestJSON-1044830392-project] 10.222.0.82 "GET /v2.0/security-groups?id=a334c755-c1f5-4a26-bfe8-f2d16f4857b1&fields=id&fields=name HTTP/1.1" status: 200 len: 286 time: 0.1717660
Feb 17 09:55:30.782737 dv-cinder-778193-18-iscsi neutron-server[102622]: DEBUG neutron.plugins.ml2.plugin [None req-a1894848-7eb4-4e4c-8040-41ff5ee653dc None None] Current status of the port d8cc59f0-a44e-470b-80dc-65f6b98f51b4 is: DOWN; New status is: BUILD {{(pid=102622) _update_individual_port_db_status /opt/stack/neutron/neutron/plugins/ml2/plugin.py:2232}}
Feb 17 09:55:30.783504 dv-cinder-778193-18-iscsi neutron-server[102622]: DEBUG neutron_lib.callbacks.manager [None req-a1894848-7eb4-4e4c-8040-41ff5ee653dc None None] Publish callbacks ['neutron.plugins.ml2.plugin.SecurityGroupDbMixin._ensure_default_security_group_handler-768847'] for port (d8cc59f0-a44e-470b-80dc-65f6b98f51b4), before_update {{(pid=102622) _notify_loop /usr/local/lib/python3.8/dist-packages/neutron_lib/callbacks/manager.py:176}}
Feb 17 09:55:30.802312 dv-cinder-778193-18-iscsi neutron-server[102622]: DEBUG neutron.notifiers.nova [None req-a1894848-7eb4-4e4c-8040-41ff5ee653dc None None] Ignoring state change previous_port_status: DOWN current_port_status: BUILD port_id d8cc59f0-a44e-470b-80dc-65f6b98f51b4 {{(pid=102622) record_port_status_changed /opt/stack/neutron/neutron/notifiers/nova.py:233}}
Feb 17 09:55:30.825872 dv-cinder-778193-18-iscsi neutron-server[102622]: DEBUG neutron.plugins.ml2.db [None req-a1894848-7eb4-4e4c-8040-41ff5ee653dc None None] For port d8cc59f0-a44e-470b-80dc-65f6b98f51b4, host hv-cinder-77819, got binding levels [PortBindingLevel(driver='hyperv',host='hv-cinder-77819',level=0,port_id=d8cc59f0-a44e-470b-80dc-65f6b98f51b4,segment=NetworkSegment(d858bd6f-9f4a-456e-b559-3a505e873a9d),segment_id=d858bd6f-9f4a-456e-b559-3a505e873a9d)] {{(pid=102622) get_binding_level_objs /opt/stack/neutron/neutron/plugins/ml2/db.py:74}}
Feb 17 09:55:30.834591 dv-cinder-778193-18-iscsi neutron-server[102622]: DEBUG neutron_lib.callbacks.manager [None req-a1894848-7eb4-4e4c-8040-41ff5ee653dc None None] Publish callbacks ['neutron.plugins.ml2.plugin.SecurityGroupServerNotifierRpcMixin._notify_sg_on_port_change-769162', 'neutron.plugins.ml2.ovo_rpc._ObjectChangeHandler.handle_event-169901', 'neutron.api.rpc.agentnotifiers.dhcp_rpc_agent_api.DhcpAgentNotifyAPI._native_event_send_dhcp_notification-3726854', 'neutron.db.l3_db.L3RpcNotifierMixin._notify_gateway_port_ip_changed-8771562759280', 'neutron.db.l3_dvrscheduler_db._notify_l3_agent_port_update-8771562233411', 'neutron.db.l3_hascheduler_db._notify_l3_agent_ha_port_update-8771562233429'] for port (d8cc59f0-a44e-470b-80dc-65f6b98f51b4), after_update {{(pid=102622) _notify_loop /usr/local/lib/python3.8/dist-packages/neutron_lib/callbacks/manager.py:176}}
Feb 17 09:55:30.835472 dv-cinder-778193-18-iscsi neutron-server[102622]: DEBUG neutron.plugins.ml2.rpc [None req-a1894848-7eb4-4e4c-8040-41ff5ee653dc None None] Device 9db4a517-edd3-403d-996a-63f7a6561d48 details requested by agent hyperv_hv-cinder-77819 with host hv-cinder-77819 {{(pid=102622) get_device_details /opt/stack/neutron/neutron/plugins/ml2/rpc.py:102}}
Feb 17 09:55:30.854962 dv-cinder-778193-18-iscsi neutron-server[102620]: INFO neutron.wsgi [req-9b0271dc-a247-45b3-81fc-d3434e2df3a8 req-7b94185e-157f-4768-8bd9-a9c8d3debe8a service neutron] 10.222.0.82 "GET /v2.0/networks/796052e6-6954-480c-a009-16c1a3be89b8?fields=segments HTTP/1.1" status: 200 len: 212 time: 0.2857742
Feb 17 09:55:30.856334 dv-cinder-778193-18-iscsi neutron-server[102620]: DEBUG neutron.pecan_wsgi.hooks.policy_enforcement [req-53d5e602-41cb-4cff-b3ae-814e10aa1c7e req-3cdfbac4-ae6a-4af7-a510-df504adefec2 service neutron] Attributes excluded by policy engine: ['standard_attr_id', 'vlan_transparent'] {{(pid=102620) _exclude_attributes_by_policy /opt/stack/neutron/neutron/pecan_wsgi/hooks/policy_enforcement.py:255}}
Feb 17 09:55:30.857781 dv-cinder-778193-18-iscsi neutron-server[102620]: INFO neutron.wsgi [req-53d5e602-41cb-4cff-b3ae-814e10aa1c7e req-3cdfbac4-ae6a-4af7-a510-df504adefec2 service neutron] 10.222.0.93 "GET /v2.0/networks?id=56727042-25d7-492c-b11b-57580ed61276 HTTP/1.1" status: 200 len: 920 time: 0.2864177
Feb 17 09:55:30.942609 dv-cinder-778193-18-iscsi neutron-server[102621]: DEBUG novaclient.v2.client [-] RESP: [200] Connection: close Content-Length: 179 Content-Type: application/json Date: Thu, 17 Feb 2022 09:55:29 GMT OpenStack-API-Version: compute 2.1 Server: Apache/2.4.41 (Ubuntu) Vary: OpenStack-API-Version,X-OpenStack-Nova-API-Version X-OpenStack-Nova-API-Version: 2.1 x-compute-request-id: req-a35fee51-018b-4436-822d-a2df17a633d9 x-openstack-request-id: req-a35fee51-018b-4436-822d-a2df17a633d9 {{(pid=102621) _http_log_response /usr/local/lib/python3.8/dist-packages/keystoneauth1/session.py:550}}
Feb 17 09:55:30.943001 dv-cinder-778193-18-iscsi neutron-server[102621]: DEBUG novaclient.v2.client [-] RESP BODY: {"events": [{"name": "network-changed", "server_uuid": "dba3329c-1fb8-41c3-b4d0-245fcf58e671", "tag": "4f88b398-b2c4-4437-be4c-4a5b92aa76f6", "status": "completed", "code": 200}]} {{(pid=102621) _http_log_response /usr/local/lib/python3.8/dist-packages/keystoneauth1/session.py:582}}
Feb 17 09:55:30.943371 dv-cinder-778193-18-iscsi neutron-server[102621]: DEBUG novaclient.v2.client [-] POST call to compute for http://10.222.0.82/compute/v2.1/os-server-external-events used request id req-a35fee51-018b-4436-822d-a2df17a633d9 {{(pid=102621) request /usr/local/lib/python3.8/dist-packages/keystoneauth1/session.py:954}}
Feb 17 09:55:30.943871 dv-cinder-778193-18-iscsi neutron-server[102621]: INFO neutron.notifiers.nova [-] Nova event response: {'name': 'network-changed', 'server_uuid': 'dba3329c-1fb8-41c3-b4d0-245fcf58e671', 'tag': '4f88b398-b2c4-4437-be4c-4a5b92aa76f6', 'status': 'completed', 'code': 200}
Feb 17 09:55:30.952936 dv-cinder-778193-18-iscsi neutron-server[102622]: DEBUG neutron.plugins.ml2.db [None req-a1894848-7eb4-4e4c-8040-41ff5ee653dc None None] For port 9db4a517-edd3-403d-996a-63f7a6561d48, host hv-cinder-77819, got binding levels [PortBindingLevel(driver='hyperv',host='hv-cinder-77819',level=0,port_id=9db4a517-edd3-403d-996a-63f7a6561d48,segment=NetworkSegment(7c033621-2b5c-4fed-8b8a-7762fc5d3556),segment_id=7c033621-2b5c-4fed-8b8a-7762fc5d3556)] {{(pid=102622) get_binding_level_objs /opt/stack/neutron/neutron/plugins/ml2/db.py:74}}
Feb 17 09:55:31.003048 dv-cinder-778193-18-iscsi neutron-server[102622]: DEBUG neutron.plugins.ml2.rpc [None req-a1894848-7eb4-4e4c-8040-41ff5ee653dc None None] Returning: {'device': '9db4a517-edd3-403d-996a-63f7a6561d48', 'network_id': '0ddc4770-e534-4396-b2a5-87b212d7b3e6', 'port_id': '9db4a517-edd3-403d-996a-63f7a6561d48', 'mac_address': 'fa:16:3e:ac:6b:04', 'admin_state_up': True, 'network_type': 'vlan', 'segmentation_id': 1015, 'physical_network': 'physnet1', 'mtu': 1500, 'fixed_ips': [{'subnet_id': '86dcb5b9-4cf7-432b-95ea-0b1a90ee8f85', 'ip_address': '172.20.0.11'}], 'device_owner': 'compute:nova', 'allowed_address_pairs': [], 'port_security_enabled': True, 'qos_policy_id': None, 'network_qos_policy_id': None, 'profile': {}, 'propagate_uplink_status': False} {{(pid=102622) _get_device_details /opt/stack/neutron/neutron/plugins/ml2/rpc.py:184}}
Feb 17 09:55:31.042869 dv-cinder-778193-18-iscsi neutron-server[102622]: DEBUG neutron.api.rpc.handlers.resources_rpc [None req-a1894848-7eb4-4e4c-8040-41ff5ee653dc None None] Pushing event updated for resources: {'Port': ['ID=d8cc59f0-a44e-470b-80dc-65f6b98f51b4,revision_number=4']} {{(pid=102622) push /opt/stack/neutron/neutron/api/rpc/handlers/resources_rpc.py:237}}
Feb 17 09:55:31.052903 dv-cinder-778193-18-iscsi neutron-server[102620]: INFO neutron.wsgi [req-9b0271dc-a247-45b3-81fc-d3434e2df3a8 req-9eb95989-fcf3-406b-95e2-235e544416bc service neutron] 10.222.0.82 "GET /v2.0/networks/796052e6-6954-480c-a009-16c1a3be89b8?fields=provider%3Aphysical_network&fields=provider%3Anetwork_type HTTP/1.1" status: 200 len: 281 time: 0.1920221
Feb 17 09:55:31.056739 dv-cinder-778193-18-iscsi neutron-server[102620]: INFO neutron.wsgi [req-53d5e602-41cb-4cff-b3ae-814e10aa1c7e req-b27fd732-bba5-4096-9f06-91fd762b26af service neutron] 10.222.0.93 "GET /v2.0/floatingips?fixed_ip_address=172.20.0.14&port_id=9dcaebaa-8c19-4c3c-be34-e1ed32ba4c9b HTTP/1.1" status: 200 len: 217 time: 0.1862960
Feb 17 09:55:31.059059 dv-cinder-778193-18-iscsi neutron-server[102622]: DEBUG neutron.plugins.ml2.plugin [None req-a1894848-7eb4-4e4c-8040-41ff5ee653dc None None] Current status of the port 9db4a517-edd3-403d-996a-63f7a6561d48 is: DOWN; New status is: BUILD {{(pid=102622) _update_individual_port_db_status /opt/stack/neutron/neutron/plugins/ml2/plugin.py:2232}}
Feb 17 09:55:31.059712 dv-cinder-778193-18-iscsi neutron-server[102622]: DEBUG neutron_lib.callbacks.manager [None req-a1894848-7eb4-4e4c-8040-41ff5ee653dc None None] Publish callbacks ['neutron.plugins.ml2.plugin.SecurityGroupDbMixin._ensure_default_security_group_handler-768847'] for port (9db4a517-edd3-403d-996a-63f7a6561d48), before_update {{(pid=102622) _notify_loop /usr/local/lib/python3.8/dist-packages/neutron_lib/callbacks/manager.py:176}}
Feb 17 09:55:31.062503 dv-cinder-778193-18-iscsi neutron-server[102621]: DEBUG neutron.pecan_wsgi.hooks.policy_enforcement [req-503d80e8-a7b9-4534-9987-7e3164368339 req-8ef705e7-f5e3-4ea4-9206-caf35888446f service neutron] Attributes excluded by policy engine: ['standard_attr_id'] {{(pid=102621) _exclude_attributes_by_policy /opt/stack/neutron/neutron/pecan_wsgi/hooks/policy_enforcement.py:255}}
Feb 17 09:55:31.064093 dv-cinder-778193-18-iscsi neutron-server[102621]: INFO neutron.wsgi [req-503d80e8-a7b9-4534-9987-7e3164368339 req-8ef705e7-f5e3-4ea4-9206-caf35888446f service neutron] 10.222.0.93 "GET /v2.0/ports?tenant_id=13e27e736c544248b7b364646f33dd08&device_id=dba3329c-1fb8-41c3-b4d0-245fcf58e671 HTTP/1.1" status: 200 len: 1128 time: 0.0944445
Feb 17 09:55:31.075800 dv-cinder-778193-18-iscsi neutron-server[102622]: DEBUG neutron.notifiers.nova [None req-a1894848-7eb4-4e4c-8040-41ff5ee653dc None None] Ignoring state change previous_port_status: DOWN current_port_status: BUILD port_id 9db4a517-edd3-403d-996a-63f7a6561d48 {{(pid=102622) record_port_status_changed /opt/stack/neutron/neutron/notifiers/nova.py:233}}
Feb 17 09:55:31.099834 dv-cinder-778193-18-iscsi neutron-server[102622]: DEBUG neutron.plugins.ml2.db [None req-a1894848-7eb4-4e4c-8040-41ff5ee653dc None None] For port 9db4a517-edd3-403d-996a-63f7a6561d48, host hv-cinder-77819, got binding levels [PortBindingLevel(driver='hyperv',host='hv-cinder-77819',level=0,port_id=9db4a517-edd3-403d-996a-63f7a6561d48,segment=NetworkSegment(7c033621-2b5c-4fed-8b8a-7762fc5d3556),segment_id=7c033621-2b5c-4fed-8b8a-7762fc5d3556)] {{(pid=102622) get_binding_level_objs /opt/stack/neutron/neutron/plugins/ml2/db.py:74}}
Feb 17 09:55:31.107052 dv-cinder-778193-18-iscsi neutron-server[102622]: DEBUG neutron_lib.callbacks.manager [None req-a1894848-7eb4-4e4c-8040-41ff5ee653dc None None] Publish callbacks ['neutron.plugins.ml2.plugin.SecurityGroupServerNotifierRpcMixin._notify_sg_on_port_change-769162', 'neutron.plugins.ml2.ovo_rpc._ObjectChangeHandler.handle_event-169901', 'neutron.api.rpc.agentnotifiers.dhcp_rpc_agent_api.DhcpAgentNotifyAPI._native_event_send_dhcp_notification-3726854', 'neutron.db.l3_db.L3RpcNotifierMixin._notify_gateway_port_ip_changed-8771562759280', 'neutron.db.l3_dvrscheduler_db._notify_l3_agent_port_update-8771562233411', 'neutron.db.l3_hascheduler_db._notify_l3_agent_ha_port_update-8771562233429'] for port (9db4a517-edd3-403d-996a-63f7a6561d48), after_update {{(pid=102622) _notify_loop /usr/local/lib/python3.8/dist-packages/neutron_lib/callbacks/manager.py:176}}
Feb 17 09:55:31.172831 dv-cinder-778193-18-iscsi neutron-server[102622]: DEBUG neutron.api.rpc.handlers.resources_rpc [None req-a1894848-7eb4-4e4c-8040-41ff5ee653dc None None] Pushing event updated for resources: {'Port': ['ID=9db4a517-edd3-403d-996a-63f7a6561d48,revision_number=4']} {{(pid=102622) push /opt/stack/neutron/neutron/api/rpc/handlers/resources_rpc.py:237}}
Feb 17 09:55:31.205183 dv-cinder-778193-18-iscsi neutron-server[102620]: DEBUG neutron.pecan_wsgi.hooks.policy_enforcement [req-53d5e602-41cb-4cff-b3ae-814e10aa1c7e req-172f3032-06ed-44df-a607-fd510e1ca186 service neutron] Attributes excluded by policy engine: ['standard_attr_id', 'shared'] {{(pid=102620) _exclude_attributes_by_policy /opt/stack/neutron/neutron/pecan_wsgi/hooks/policy_enforcement.py:255}}
Feb 17 09:55:31.206767 dv-cinder-778193-18-iscsi neutron-server[102620]: INFO neutron.wsgi [req-53d5e602-41cb-4cff-b3ae-814e10aa1c7e req-172f3032-06ed-44df-a607-fd510e1ca186 service neutron] 10.222.0.93 "GET /v2.0/subnets?id=1d6fec72-bab7-4137-8c4d-c54b278ae7ca HTTP/1.1" status: 200 len: 858 time: 0.1403193
Feb 17 09:55:31.220164 dv-cinder-778193-18-iscsi neutron-server[102620]: DEBUG neutron.pecan_wsgi.hooks.policy_enforcement [req-eaaa5716-cc43-4b20-a392-ddc6c7b77cba req-e0f194c2-8020-4a1c-bfdf-6b7b7549424d tempest-ServerRescueNegativeTestJSON-1990683138 tempest-ServerRescueNegativeTestJSON-1990683138-project] Attributes excluded by policy engine: ['standard_attr_id', 'binding:profile', 'binding:host_id', 'binding:vif_type', 'binding:vif_details'] {{(pid=102620) _exclude_attributes_by_policy /opt/stack/neutron/neutron/pecan_wsgi/hooks/policy_enforcement.py:255}}
Feb 17 09:55:31.221923 dv-cinder-778193-18-iscsi neutron-server[102620]: INFO neutron.wsgi [req-eaaa5716-cc43-4b20-a392-ddc6c7b77cba req-e0f194c2-8020-4a1c-bfdf-6b7b7549424d tempest-ServerRescueNegativeTestJSON-1990683138 tempest-ServerRescueNegativeTestJSON-1990683138-project] 10.222.0.82 "GET /v2.0/ports?device_id=dba3329c-1fb8-41c3-b4d0-245fcf58e671 HTTP/1.1" status: 200 len: 944 time: 0.1677063
Feb 17 09:55:31.233560 dv-cinder-778193-18-iscsi neutron-server[102621]: DEBUG neutron.pecan_wsgi.hooks.policy_enforcement [req-503d80e8-a7b9-4534-9987-7e3164368339 req-d8955075-1436-4074-a4b2-0c1cb44968ba service neutron] Attributes excluded by policy engine: ['standard_attr_id', 'vlan_transparent'] {{(pid=102621) _exclude_attributes_by_policy /opt/stack/neutron/neutron/pecan_wsgi/hooks/policy_enforcement.py:255}}
Feb 17 09:55:31.235376 dv-cinder-778193-18-iscsi neutron-server[102621]: INFO neutron.wsgi [req-503d80e8-a7b9-4534-9987-7e3164368339 req-d8955075-1436-4074-a4b2-0c1cb44968ba service neutron] 10.222.0.93 "GET /v2.0/networks?id=56727042-25d7-492c-b11b-57580ed61276 HTTP/1.1" status: 200 len: 920 time: 0.1652091
Feb 17 09:55:31.254063 dv-cinder-778193-18-iscsi neutron-server[102620]: INFO neutron.wsgi [req-53d5e602-41cb-4cff-b3ae-814e10aa1c7e req-9bd76489-e35c-4a5e-bf1f-511d5548f637 service neutron] 10.222.0.93 "GET /v2.0/ports?network_id=56727042-25d7-492c-b11b-57580ed61276&device_owner=network%3Adhcp HTTP/1.1" status: 200 len: 210 time: 0.0307279
Feb 17 09:55:31.310193 dv-cinder-778193-18-iscsi neutron-server[102621]: INFO neutron.wsgi [req-503d80e8-a7b9-4534-9987-7e3164368339 req-8b70d2a7-b65e-4831-b329-7c01b6f185cd service neutron] 10.222.0.93 "GET /v2.0/floatingips?fixed_ip_address=172.20.0.11&port_id=4f88b398-b2c4-4437-be4c-4a5b92aa76f6 HTTP/1.1" status: 200 len: 217 time: 0.0662851
Feb 17 09:55:31.310753 dv-cinder-778193-18-iscsi neutron-server[102621]: DEBUG neutron.wsgi [-] (102621) accepted ('10.222.0.82', 45736) {{(pid=102621) server /usr/local/lib/python3.8/dist-packages/eventlet/wsgi.py:1004}}
Feb 17 09:55:31.380218 dv-cinder-778193-18-iscsi neutron-server[102620]: INFO neutron.wsgi [req-eaaa5716-cc43-4b20-a392-ddc6c7b77cba req-80f0f2c3-f413-4fb6-9fbd-3a17c5da2848 tempest-ServerRescueNegativeTestJSON-1990683138 tempest-ServerRescueNegativeTestJSON-1990683138-project] 10.222.0.82 "GET /v2.0/security-groups?id=57814ba1-f00d-456e-900d-f991412d039b&fields=id&fields=name HTTP/1.1" status: 200 len: 286 time: 0.1459057
Feb 17 09:55:31.415796 dv-cinder-778193-18-iscsi neutron-server[102621]: DEBUG neutron_lib.callbacks.manager [None req-ac10c625-4d86-4d26-bec0-591e6d0d38d2 admin admin] Publish callbacks [] for security_group (None), before_create {{(pid=102621) _notify_loop /usr/local/lib/python3.8/dist-packages/neutron_lib/callbacks/manager.py:176}}
Feb 17 09:55:31.463047 dv-cinder-778193-18-iscsi neutron-server[102620]: INFO neutron.wsgi [req-9c2f041a-acfb-4e62-bddc-016081b2b35d req-db62cecb-e0cb-4600-aba5-6cee1ffb61cf tempest-AttachVolumeShelveTestJSON-980697490 tempest-AttachVolumeShelveTestJSON-980697490-project] 10.222.0.82 "GET /v2.0/security-groups?name=tempest-securitygroup--692460534&fields=id&tenant_id=ee27e4c191de47a3b47db5a43ab00258 HTTP/1.1" status: 200 len: 267 time: 0.0871420
Feb 17 09:55:31.468678 dv-cinder-778193-18-iscsi neutron-server[102620]: INFO neutron.wsgi [req-53d5e602-41cb-4cff-b3ae-814e10aa1c7e req-6dedad4b-c281-4055-83cd-ab70b29c9428 service neutron] 10.222.0.93 "GET /v2.0/networks/56727042-25d7-492c-b11b-57580ed61276?fields=segments HTTP/1.1" status: 200 len: 212 time: 0.2074373
Feb 17 09:55:31.566260 dv-cinder-778193-18-iscsi neutron-server[102622]: DEBUG neutron.plugins.ml2.db [None req-a1894848-7eb4-4e4c-8040-41ff5ee653dc None None] get_ports_and_sgs() called for port_ids ['9db4a517-edd3-403d-996a-63f7a6561d48'] {{(pid=102622) get_ports_and_sgs /opt/stack/neutron/neutron/plugins/ml2/db.py:156}}
Feb 17 09:55:31.575562 dv-cinder-778193-18-iscsi neutron-server[102622]: DEBUG neutron.plugins.ml2.db [None req-a1894848-7eb4-4e4c-8040-41ff5ee653dc None None] get_ports_and_sgs() called for port_ids ['d8cc59f0-a44e-470b-80dc-65f6b98f51b4'] {{(pid=102622) get_ports_and_sgs /opt/stack/neutron/neutron/plugins/ml2/db.py:156}}
