Feb 16 08:31:55.246809 dv-cinder-778193-16-smb devstack@placement-api.service[103271]: DEBUG placement.objects.allocation_candidate [req-bf8fd048-3a41-43c5-975b-5b12b9884d72 req-e9f43b0d-b69f-46b4-8e66-b38c6df15757 service placement] Merging candidates yields 1 allocation requests and 1 provider summaries {{(pid=103271) _merge_candidates /opt/stack/placement/placement/objects/allocation_candidate.py:783}}
Feb 16 08:31:55.248629 dv-cinder-778193-16-smb devstack@placement-api.service[103271]: INFO placement.requestlog [req-bf8fd048-3a41-43c5-975b-5b12b9884d72 req-e9f43b0d-b69f-46b4-8e66-b38c6df15757 service placement] 10.222.0.67 "GET /placement/allocation_candidates?limit=1000&resources=DISK_GB%3A1%2CMEMORY_MB%3A1024%2CVCPU%3A1&root_required=%21COMPUTE_STATUS_DISABLED" status: 200 len: 767 microversion: 1.36
Feb 16 08:31:55.279144 dv-cinder-778193-16-smb devstack@placement-api.service[103271]: [pid: 103271|app: 0|req: 33/68] 10.222.0.67 () {60 vars in 1506 bytes} [Wed Feb 16 08:31:55 2022] GET /placement/allocation_candidates?limit=1000&resources=DISK_GB%3A1%2CMEMORY_MB%3A1024%2CVCPU%3A1&root_required=%21COMPUTE_STATUS_DISABLED => generated 767 bytes in 123 msecs (HTTP/1.1 200) 8 headers in 296 bytes (1 switches on core 0)
Feb 16 08:31:55.286936 dv-cinder-778193-16-smb devstack@placement-api.service[103270]: DEBUG placement.requestlog [req-c18b67e1-b82b-4ee0-b7e4-00e2f9ff622d req-215ead62-0bc8-44c8-b604-1240fad541ea None None] Starting request: 10.222.0.67 "GET /placement/allocation_candidates?limit=1000&resources=DISK_GB%3A1%2CMEMORY_MB%3A1024%2CVCPU%3A1&root_required=%21COMPUTE_STATUS_DISABLED" {{(pid=103270) __call__ /opt/stack/placement/placement/requestlog.py:55}}
Feb 16 08:31:55.314799 dv-cinder-778193-16-smb devstack@placement-api.service[103271]: DEBUG placement.requestlog [req-bf8fd048-3a41-43c5-975b-5b12b9884d72 req-6179c08a-b4ca-49a7-ac77-a874c582fcf2 None None] Starting request: 10.222.0.67 "GET /placement/allocations/9dc140e2-4a3b-4cfd-862c-c5a43809b04e" {{(pid=103271) __call__ /opt/stack/placement/placement/requestlog.py:55}}
Feb 16 08:31:55.337887 dv-cinder-778193-16-smb devstack@placement-api.service[103271]: INFO placement.requestlog [req-bf8fd048-3a41-43c5-975b-5b12b9884d72 req-6179c08a-b4ca-49a7-ac77-a874c582fcf2 service placement] 10.222.0.67 "GET /placement/allocations/9dc140e2-4a3b-4cfd-862c-c5a43809b04e" status: 200 len: 19 microversion: 1.28
Feb 16 08:31:55.344518 dv-cinder-778193-16-smb devstack@placement-api.service[103271]: [pid: 103271|app: 0|req: 34/69] 10.222.0.67 () {60 vars in 1380 bytes} [Wed Feb 16 08:31:55 2022] GET /placement/allocations/9dc140e2-4a3b-4cfd-862c-c5a43809b04e => generated 19 bytes in 30 msecs (HTTP/1.1 200) 8 headers in 295 bytes (1 switches on core 0)
Feb 16 08:31:55.345275 dv-cinder-778193-16-smb devstack@placement-api.service[103271]: DEBUG placement.requestlog [req-bf8fd048-3a41-43c5-975b-5b12b9884d72 req-2c3e0f2a-c7c0-4e44-8302-688098c01cc2 None None] Starting request: 10.222.0.67 "PUT /placement/allocations/9dc140e2-4a3b-4cfd-862c-c5a43809b04e" {{(pid=103271) __call__ /opt/stack/placement/placement/requestlog.py:55}}
Feb 16 08:31:55.382374 dv-cinder-778193-16-smb devstack@placement-api.service[103270]: DEBUG placement.objects.research_context [req-c18b67e1-b82b-4ee0-b7e4-00e2f9ff622d req-215ead62-0bc8-44c8-b604-1240fad541ea service placement] getting providers with 1 DISK_GB {{(pid=103270) __init__ /opt/stack/placement/placement/objects/research_context.py:126}}
Feb 16 08:31:55.403307 dv-cinder-778193-16-smb devstack@placement-api.service[103270]: DEBUG placement.objects.research_context [req-c18b67e1-b82b-4ee0-b7e4-00e2f9ff622d req-215ead62-0bc8-44c8-b604-1240fad541ea service placement] getting providers with 1024 MEMORY_MB {{(pid=103270) __init__ /opt/stack/placement/placement/objects/research_context.py:126}}
Feb 16 08:31:55.422322 dv-cinder-778193-16-smb devstack@placement-api.service[103270]: DEBUG placement.objects.research_context [req-c18b67e1-b82b-4ee0-b7e4-00e2f9ff622d req-215ead62-0bc8-44c8-b604-1240fad541ea service placement] getting providers with 1 VCPU {{(pid=103270) __init__ /opt/stack/placement/placement/objects/research_context.py:126}}
Feb 16 08:31:55.437890 dv-cinder-778193-16-smb devstack@placement-api.service[103270]: DEBUG placement.objects.research_context [req-c18b67e1-b82b-4ee0-b7e4-00e2f9ff622d req-215ead62-0bc8-44c8-b604-1240fad541ea service placement] found 1 providers with available 1 DISK_GB {{(pid=103270) get_provider_ids_matching /opt/stack/placement/placement/objects/research_context.py:549}}
Feb 16 08:31:55.439173 dv-cinder-778193-16-smb devstack@placement-api.service[103270]: DEBUG placement.objects.research_context [req-c18b67e1-b82b-4ee0-b7e4-00e2f9ff622d req-215ead62-0bc8-44c8-b604-1240fad541ea service placement] found 1 providers with available 1024 MEMORY_MB {{(pid=103270) get_provider_ids_matching /opt/stack/placement/placement/objects/research_context.py:549}}
Feb 16 08:31:55.439978 dv-cinder-778193-16-smb devstack@placement-api.service[103270]: DEBUG placement.objects.research_context [req-c18b67e1-b82b-4ee0-b7e4-00e2f9ff622d req-215ead62-0bc8-44c8-b604-1240fad541ea service placement] found 1 providers after filtering by previous result {{(pid=103270) get_provider_ids_matching /opt/stack/placement/placement/objects/research_context.py:580}}
Feb 16 08:31:55.440280 dv-cinder-778193-16-smb devstack@placement-api.service[103270]: DEBUG placement.objects.research_context [req-c18b67e1-b82b-4ee0-b7e4-00e2f9ff622d req-215ead62-0bc8-44c8-b604-1240fad541ea service placement] found 1 providers with available 1 VCPU {{(pid=103270) get_provider_ids_matching /opt/stack/placement/placement/objects/research_context.py:549}}
Feb 16 08:31:55.442054 dv-cinder-778193-16-smb devstack@placement-api.service[103270]: DEBUG placement.objects.research_context [req-c18b67e1-b82b-4ee0-b7e4-00e2f9ff622d req-215ead62-0bc8-44c8-b604-1240fad541ea service placement] found 1 providers after filtering by previous result {{(pid=103270) get_provider_ids_matching /opt/stack/placement/placement/objects/research_context.py:580}}
Feb 16 08:31:55.445095 dv-cinder-778193-16-smb devstack@placement-api.service[103271]: DEBUG placement.handlers.allocation [req-bf8fd048-3a41-43c5-975b-5b12b9884d72 req-2c3e0f2a-c7c0-4e44-8302-688098c01cc2 service placement] Successfully wrote allocations [, , ] {{(pid=103271) _update_consumers_and_create_allocations /opt/stack/placement/placement/handlers/allocation.py:462}}
Feb 16 08:31:55.452194 dv-cinder-778193-16-smb devstack@placement-api.service[103271]: INFO placement.requestlog [req-bf8fd048-3a41-43c5-975b-5b12b9884d72 req-2c3e0f2a-c7c0-4e44-8302-688098c01cc2 service placement] 10.222.0.67 "PUT /placement/allocations/9dc140e2-4a3b-4cfd-862c-c5a43809b04e" status: 204 len: 0 microversion: 1.36
Feb 16 08:31:55.453010 dv-cinder-778193-16-smb devstack@placement-api.service[103271]: [pid: 103271|app: 0|req: 35/70] 10.222.0.67 () {64 vars in 1433 bytes} [Wed Feb 16 08:31:55 2022] PUT /placement/allocations/9dc140e2-4a3b-4cfd-862c-c5a43809b04e => generated 0 bytes in 108 msecs (HTTP/1.1 204) 5 headers in 199 bytes (1 switches on core 0)
Feb 16 08:31:55.464017 dv-cinder-778193-16-smb devstack@placement-api.service[103270]: DEBUG placement.objects.allocation_candidate [req-c18b67e1-b82b-4ee0-b7e4-00e2f9ff622d req-215ead62-0bc8-44c8-b604-1240fad541ea service placement] RequestGroup(use_same_provider=False, resources={DISK_GB:1, MEMORY_MB:1024, VCPU:1}, traits=[], aggregates=[]) (suffix '') returned 1 matches {{(pid=103270) _get_by_requests /opt/stack/placement/placement/objects/allocation_candidate.py:145}}
Feb 16 08:31:55.464663 dv-cinder-778193-16-smb devstack@placement-api.service[103270]: DEBUG placement.objects.allocation_candidate [req-c18b67e1-b82b-4ee0-b7e4-00e2f9ff622d req-215ead62-0bc8-44c8-b604-1240fad541ea service placement] Merging candidates yields 1 allocation requests and 1 provider summaries {{(pid=103270) _merge_candidates /opt/stack/placement/placement/objects/allocation_candidate.py:783}}
Feb 16 08:31:55.467162 dv-cinder-778193-16-smb devstack@placement-api.service[103270]: INFO placement.requestlog [req-c18b67e1-b82b-4ee0-b7e4-00e2f9ff622d req-215ead62-0bc8-44c8-b604-1240fad541ea service placement] 10.222.0.67 "GET /placement/allocation_candidates?limit=1000&resources=DISK_GB%3A1%2CMEMORY_MB%3A1024%2CVCPU%3A1&root_required=%21COMPUTE_STATUS_DISABLED" status: 200 len: 767 microversion: 1.36
Feb 16 08:31:55.468016 dv-cinder-778193-16-smb devstack@placement-api.service[103270]: [pid: 103270|app: 0|req: 36/71] 10.222.0.67 () {60 vars in 1506 bytes} [Wed Feb 16 08:31:55 2022] GET /placement/allocation_candidates?limit=1000&resources=DISK_GB%3A1%2CMEMORY_MB%3A1024%2CVCPU%3A1&root_required=%21COMPUTE_STATUS_DISABLED => generated 767 bytes in 181 msecs (HTTP/1.1 200) 8 headers in 296 bytes (1 switches on core 0)
Feb 16 08:31:55.534648 dv-cinder-778193-16-smb devstack@placement-api.service[103271]: DEBUG placement.requestlog [req-c18b67e1-b82b-4ee0-b7e4-00e2f9ff622d req-c56f63ef-4e86-4066-8e87-151694f24da6 None None] Starting request: 10.222.0.67 "GET /placement/allocations/c1121800-3e3e-4d45-b877-9ec1ca87da6d" {{(pid=103271) __call__ /opt/stack/placement/placement/requestlog.py:55}}
Feb 16 08:31:55.554941 dv-cinder-778193-16-smb devstack@placement-api.service[103271]: INFO placement.requestlog [req-c18b67e1-b82b-4ee0-b7e4-00e2f9ff622d req-c56f63ef-4e86-4066-8e87-151694f24da6 service placement] 10.222.0.67 "GET /placement/allocations/c1121800-3e3e-4d45-b877-9ec1ca87da6d" status: 200 len: 19 microversion: 1.28
Feb 16 08:31:55.555683 dv-cinder-778193-16-smb devstack@placement-api.service[103271]: [pid: 103271|app: 0|req: 36/72] 10.222.0.67 () {60 vars in 1380 bytes} [Wed Feb 16 08:31:55 2022] GET /placement/allocations/c1121800-3e3e-4d45-b877-9ec1ca87da6d => generated 19 bytes in 21 msecs (HTTP/1.1 200) 8 headers in 295 bytes (1 switches on core 0)
Feb 16 08:31:55.565464 dv-cinder-778193-16-smb devstack@placement-api.service[103270]: DEBUG placement.requestlog [req-c18b67e1-b82b-4ee0-b7e4-00e2f9ff622d req-416b654d-68ae-4c55-97a6-9a3dff346179 None None] Starting request: 10.222.0.67 "PUT /placement/allocations/c1121800-3e3e-4d45-b877-9ec1ca87da6d" {{(pid=103270) __call__ /opt/stack/placement/placement/requestlog.py:55}}
Feb 16 08:31:55.713767 dv-cinder-778193-16-smb devstack@placement-api.service[103270]: DEBUG placement.handlers.allocation [req-c18b67e1-b82b-4ee0-b7e4-00e2f9ff622d req-416b654d-68ae-4c55-97a6-9a3dff346179 service placement] Successfully wrote allocations [, , ] {{(pid=103270) _update_consumers_and_create_allocations /opt/stack/placement/placement/handlers/allocation.py:462}}
Feb 16 08:31:55.718361 dv-cinder-778193-16-smb devstack@placement-api.service[103270]: INFO placement.requestlog [req-c18b67e1-b82b-4ee0-b7e4-00e2f9ff622d req-416b654d-68ae-4c55-97a6-9a3dff346179 service placement] 10.222.0.67 "PUT /placement/allocations/c1121800-3e3e-4d45-b877-9ec1ca87da6d" status: 204 len: 0 microversion: 1.36
Feb 16 08:31:55.720401 dv-cinder-778193-16-smb devstack@placement-api.service[103270]: [pid: 103270|app: 0|req: 37/73] 10.222.0.67 () {64 vars in 1433 bytes} [Wed Feb 16 08:31:55 2022] PUT /placement/allocations/c1121800-3e3e-4d45-b877-9ec1ca87da6d => generated 0 bytes in 154 msecs (HTTP/1.1 204) 5 headers in 199 bytes (1 switches on core 0)
Feb 16 08:31:56.227809 dv-cinder-778193-16-smb devstack@placement-api.service[103271]: DEBUG placement.requestlog [req-c18b67e1-b82b-4ee0-b7e4-00e2f9ff622d req-d721e824-e85d-4811-9d44-1f6a856fc044 None None] Starting request: 10.222.0.83 "GET /placement/allocations/c1121800-3e3e-4d45-b877-9ec1ca87da6d" {{(pid=103271) __call__ /opt/stack/placement/placement/requestlog.py:55}}
Feb 16 08:31:56.248244 dv-cinder-778193-16-smb devstack@placement-api.service[103270]: DEBUG placement.requestlog [req-bf8fd048-3a41-43c5-975b-5b12b9884d72 req-2d343d0e-2757-439f-a0a3-54bafbba7f25 None None] Starting request: 10.222.0.83 "GET /placement/allocations/9dc140e2-4a3b-4cfd-862c-c5a43809b04e" {{(pid=103270) __call__ /opt/stack/placement/placement/requestlog.py:55}}
Feb 16 08:31:56.249947 dv-cinder-778193-16-smb devstack@placement-api.service[103271]: INFO placement.requestlog [req-c18b67e1-b82b-4ee0-b7e4-00e2f9ff622d req-d721e824-e85d-4811-9d44-1f6a856fc044 service placement] 10.222.0.83 "GET /placement/allocations/c1121800-3e3e-4d45-b877-9ec1ca87da6d" status: 200 len: 259 microversion: 1.28
Feb 16 08:31:56.250386 dv-cinder-778193-16-smb devstack@placement-api.service[103271]: [pid: 103271|app: 0|req: 37/74] 10.222.0.83 () {60 vars in 1377 bytes} [Wed Feb 16 08:31:56 2022] GET /placement/allocations/c1121800-3e3e-4d45-b877-9ec1ca87da6d => generated 259 bytes in 23 msecs (HTTP/1.1 200) 8 headers in 296 bytes (1 switches on core 0)
Feb 16 08:31:56.271124 dv-cinder-778193-16-smb devstack@placement-api.service[103270]: INFO placement.requestlog [req-bf8fd048-3a41-43c5-975b-5b12b9884d72 req-2d343d0e-2757-439f-a0a3-54bafbba7f25 service placement] 10.222.0.83 "GET /placement/allocations/9dc140e2-4a3b-4cfd-862c-c5a43809b04e" status: 200 len: 259 microversion: 1.28
Feb 16 08:31:56.271467 dv-cinder-778193-16-smb devstack@placement-api.service[103270]: [pid: 103270|app: 0|req: 38/75] 10.222.0.83 () {60 vars in 1377 bytes} [Wed Feb 16 08:31:56 2022] GET /placement/allocations/9dc140e2-4a3b-4cfd-862c-c5a43809b04e => generated 259 bytes in 24 msecs (HTTP/1.1 200) 8 headers in 296 bytes (1 switches on core 0)
Feb 16 08:32:24.804963 dv-cinder-778193-16-smb devstack@placement-api.service[103271]: DEBUG placement.requestlog [req-c5e504b9-e1e7-4e08-9840-c04024b4da0d req-bc2c5ca4-215c-4488-a05d-4284dc5de805 None None] Starting request: 10.222.0.83 "DELETE /placement/allocations/192fd3b8-0037-4833-af66-5b906ab60195" {{(pid=103271) __call__ /opt/stack/placement/placement/requestlog.py:55}}
Feb 16 08:32:24.851317 dv-cinder-778193-16-smb devstack@placement-api.service[103271]: DEBUG placement.handlers.allocation [req-c5e504b9-e1e7-4e08-9840-c04024b4da0d req-bc2c5ca4-215c-4488-a05d-4284dc5de805 service placement] Successfully deleted allocations [, , ] {{(pid=103271) delete_allocations /opt/stack/placement/placement/handlers/allocation.py:627}}
Feb 16 08:32:24.852256 dv-cinder-778193-16-smb devstack@placement-api.service[103271]: INFO placement.requestlog [req-c5e504b9-e1e7-4e08-9840-c04024b4da0d req-bc2c5ca4-215c-4488-a05d-4284dc5de805 service placement] 10.222.0.83 "DELETE /placement/allocations/192fd3b8-0037-4833-af66-5b906ab60195" status: 204 len: 0 microversion: 1.0
Feb 16 08:32:24.853308 dv-cinder-778193-16-smb devstack@placement-api.service[103271]: [pid: 103271|app: 0|req: 38/76] 10.222.0.83 () {60 vars in 1355 bytes} [Wed Feb 16 08:32:24 2022] DELETE /placement/allocations/192fd3b8-0037-4833-af66-5b906ab60195 => generated 0 bytes in 48 msecs (HTTP/1.1 204) 5 headers in 198 bytes (1 switches on core 0)
Feb 16 08:32:31.172064 dv-cinder-778193-16-smb devstack@placement-api.service[103270]: DEBUG placement.requestlog [req-c9f94d14-9ca3-4ad1-8f63-37d729039b7e req-0b5e0eff-ba41-4fea-b187-116ae8f373d9 None None] Starting request: 10.222.0.83 "DELETE /placement/allocations/28bdfcd4-13ed-4727-b6aa-51b32653c65e" {{(pid=103270) __call__ /opt/stack/placement/placement/requestlog.py:55}}
Feb 16 08:32:31.198180 dv-cinder-778193-16-smb devstack@placement-api.service[103270]: DEBUG placement.handlers.allocation [req-c9f94d14-9ca3-4ad1-8f63-37d729039b7e req-0b5e0eff-ba41-4fea-b187-116ae8f373d9 service placement] Successfully deleted allocations [, , ] {{(pid=103270) delete_allocations /opt/stack/placement/placement/handlers/allocation.py:627}}
Feb 16 08:32:31.198919 dv-cinder-778193-16-smb devstack@placement-api.service[103270]: INFO placement.requestlog [req-c9f94d14-9ca3-4ad1-8f63-37d729039b7e req-0b5e0eff-ba41-4fea-b187-116ae8f373d9 service placement] 10.222.0.83 "DELETE /placement/allocations/28bdfcd4-13ed-4727-b6aa-51b32653c65e" status: 204 len: 0 microversion: 1.0
Feb 16 08:32:31.199151 dv-cinder-778193-16-smb devstack@placement-api.service[103270]: [pid: 103270|app: 0|req: 39/77] 10.222.0.83 () {60 vars in 1355 bytes} [Wed Feb 16 08:32:31 2022] DELETE /placement/allocations/28bdfcd4-13ed-4727-b6aa-51b32653c65e => generated 0 bytes in 28 msecs (HTTP/1.1 204) 5 headers in 198 bytes (1 switches on core 0)
Feb 16 08:32:35.851587 dv-cinder-778193-16-smb devstack@placement-api.service[103271]: DEBUG placement.requestlog [req-50138ca9-bdac-40b8-a0ce-814ccce03203 req-cae0f7d3-0643-43a2-a9cf-848e15c12ebf None None] Starting request: 10.222.0.83 "DELETE /placement/allocations/9a6250f8-d649-45f6-a98d-67032212809c" {{(pid=103271) __call__ /opt/stack/placement/placement/requestlog.py:55}}
Feb 16 08:32:35.880405 dv-cinder-778193-16-smb devstack@placement-api.service[103271]: DEBUG placement.handlers.allocation [req-50138ca9-bdac-40b8-a0ce-814ccce03203 req-cae0f7d3-0643-43a2-a9cf-848e15c12ebf service placement] Successfully deleted allocations [, , ] {{(pid=103271) delete_allocations /opt/stack/placement/placement/handlers/allocation.py:627}}
Feb 16 08:32:35.880940 dv-cinder-778193-16-smb devstack@placement-api.service[103271]: INFO placement.requestlog [req-50138ca9-bdac-40b8-a0ce-814ccce03203 req-cae0f7d3-0643-43a2-a9cf-848e15c12ebf service placement] 10.222.0.83 "DELETE /placement/allocations/9a6250f8-d649-45f6-a98d-67032212809c" status: 204 len: 0 microversion: 1.0
Feb 16 08:32:35.881618 dv-cinder-778193-16-smb devstack@placement-api.service[103271]: [pid: 103271|app: 0|req: 39/78] 10.222.0.83 () {60 vars in 1355 bytes} [Wed Feb 16 08:32:35 2022] DELETE /placement/allocations/9a6250f8-d649-45f6-a98d-67032212809c => generated 0 bytes in 30 msecs (HTTP/1.1 204) 5 headers in 198 bytes (1 switches on core 0)
Feb 16 08:32:41.927932 dv-cinder-778193-16-smb devstack@placement-api.service[103270]: DEBUG placement.requestlog [req-b781a704-42db-4d7c-9c44-cd62b82617a0 req-02fa8e80-8b5c-49f2-94df-929b6d768fab None None] Starting request: 10.222.0.83 "DELETE /placement/allocations/e31139bc-1125-4021-8637-435c8060d4cd" {{(pid=103270) __call__ /opt/stack/placement/placement/requestlog.py:55}}
Feb 16 08:32:41.964997 dv-cinder-778193-16-smb devstack@placement-api.service[103270]: DEBUG placement.handlers.allocation [req-b781a704-42db-4d7c-9c44-cd62b82617a0 req-02fa8e80-8b5c-49f2-94df-929b6d768fab service placement] Successfully deleted allocations [, , ] {{(pid=103270) delete_allocations /opt/stack/placement/placement/handlers/allocation.py:627}}
Feb 16 08:32:41.965486 dv-cinder-778193-16-smb devstack@placement-api.service[103270]: INFO placement.requestlog [req-b781a704-42db-4d7c-9c44-cd62b82617a0 req-02fa8e80-8b5c-49f2-94df-929b6d768fab service placement] 10.222.0.83 "DELETE /placement/allocations/e31139bc-1125-4021-8637-435c8060d4cd" status: 204 len: 0 microversion: 1.0
Feb 16 08:32:41.965878 dv-cinder-778193-16-smb devstack@placement-api.service[103270]: [pid: 103270|app: 0|req: 40/79] 10.222.0.83 () {60 vars in 1355 bytes} [Wed Feb 16 08:32:41 2022] DELETE /placement/allocations/e31139bc-1125-4021-8637-435c8060d4cd => generated 0 bytes in 38 msecs (HTTP/1.1 204) 5 headers in 198 bytes (1 switches on core 0)
Feb 16 08:32:50.050926 dv-cinder-778193-16-smb devstack@placement-api.service[103271]: DEBUG placement.requestlog [req-92010cee-0c65-4ac6-b841-8c5303fcd8e7 req-91892381-c1c6-4d39-8af5-a1ede22d84ea None None] Starting request: 10.222.0.83 "GET /placement/resource_providers/083ac294-0c28-4de6-a91c-23e554910f91/allocations" {{(pid=103271) __call__ /opt/stack/placement/placement/requestlog.py:55}}
Feb 16 08:32:50.073425 dv-cinder-778193-16-smb devstack@placement-api.service[103271]: INFO placement.requestlog [req-92010cee-0c65-4ac6-b841-8c5303fcd8e7 req-91892381-c1c6-4d39-8af5-a1ede22d84ea service placement] 10.222.0.83 "GET /placement/resource_providers/083ac294-0c28-4de6-a91c-23e554910f91/allocations" status: 200 len: 659 microversion: 1.0
Feb 16 08:32:50.073808 dv-cinder-778193-16-smb devstack@placement-api.service[103271]: [pid: 103271|app: 0|req: 40/80] 10.222.0.83 () {58 vars in 1390 bytes} [Wed Feb 16 08:32:50 2022] GET /placement/resource_providers/083ac294-0c28-4de6-a91c-23e554910f91/allocations => generated 659 bytes in 24 msecs (HTTP/1.1 200) 6 headers in 224 bytes (1 switches on core 0)
Feb 16 08:33:01.120851 dv-cinder-778193-16-smb devstack@placement-api.service[103270]: DEBUG placement.requestlog [req-b42060e7-21ad-46d2-9a1a-7771efc7b1ad req-37609113-2c67-4f09-8605-5ef7c3e54d39 None None] Starting request: 10.222.0.67 "GET /placement/allocation_candidates?limit=1000&resources=MEMORY_MB%3A1024%2CVCPU%3A1&root_required=%21COMPUTE_STATUS_DISABLED" {{(pid=103270) __call__ /opt/stack/placement/placement/requestlog.py:55}}
Feb 16 08:33:01.151411 dv-cinder-778193-16-smb devstack@placement-api.service[103270]: DEBUG placement.objects.research_context [req-b42060e7-21ad-46d2-9a1a-7771efc7b1ad req-37609113-2c67-4f09-8605-5ef7c3e54d39 service placement] getting providers with 1024 MEMORY_MB {{(pid=103270) __init__ /opt/stack/placement/placement/objects/research_context.py:126}}
Feb 16 08:33:01.157186 dv-cinder-778193-16-smb devstack@placement-api.service[103270]: DEBUG placement.objects.research_context [req-b42060e7-21ad-46d2-9a1a-7771efc7b1ad req-37609113-2c67-4f09-8605-5ef7c3e54d39 service placement] getting providers with 1 VCPU {{(pid=103270) __init__ /opt/stack/placement/placement/objects/research_context.py:126}}
Feb 16 08:33:01.163854 dv-cinder-778193-16-smb devstack@placement-api.service[103270]: DEBUG placement.objects.research_context [req-b42060e7-21ad-46d2-9a1a-7771efc7b1ad req-37609113-2c67-4f09-8605-5ef7c3e54d39 service placement] found 1 providers with available 1024 MEMORY_MB {{(pid=103270) get_provider_ids_matching /opt/stack/placement/placement/objects/research_context.py:549}}
Feb 16 08:33:01.164107 dv-cinder-778193-16-smb devstack@placement-api.service[103270]: DEBUG placement.objects.research_context [req-b42060e7-21ad-46d2-9a1a-7771efc7b1ad req-37609113-2c67-4f09-8605-5ef7c3e54d39 service placement] found 1 providers with available 1 VCPU {{(pid=103270) get_provider_ids_matching /opt/stack/placement/placement/objects/research_context.py:549}}
Feb 16 08:33:01.164536 dv-cinder-778193-16-smb devstack@placement-api.service[103270]: DEBUG placement.objects.research_context [req-b42060e7-21ad-46d2-9a1a-7771efc7b1ad req-37609113-2c67-4f09-8605-5ef7c3e54d39 service placement] found 1 providers after filtering by previous result {{(pid=103270) get_provider_ids_matching /opt/stack/placement/placement/objects/research_context.py:580}}
Feb 16 08:33:01.175025 dv-cinder-778193-16-smb devstack@placement-api.service[103270]: DEBUG placement.objects.allocation_candidate [req-b42060e7-21ad-46d2-9a1a-7771efc7b1ad req-37609113-2c67-4f09-8605-5ef7c3e54d39 service placement] RequestGroup(use_same_provider=False, resources={MEMORY_MB:1024, VCPU:1}, traits=[], aggregates=[]) (suffix '') returned 1 matches {{(pid=103270) _get_by_requests /opt/stack/placement/placement/objects/allocation_candidate.py:145}}
Feb 16 08:33:01.175365 dv-cinder-778193-16-smb devstack@placement-api.service[103270]: DEBUG placement.objects.allocation_candidate [req-b42060e7-21ad-46d2-9a1a-7771efc7b1ad req-37609113-2c67-4f09-8605-5ef7c3e54d39 service placement] Merging candidates yields 1 allocation requests and 1 provider summaries {{(pid=103270) _merge_candidates /opt/stack/placement/placement/objects/allocation_candidate.py:783}}
Feb 16 08:33:01.176871 dv-cinder-778193-16-smb devstack@placement-api.service[103270]: INFO placement.requestlog [req-b42060e7-21ad-46d2-9a1a-7771efc7b1ad req-37609113-2c67-4f09-8605-5ef7c3e54d39 service placement] 10.222.0.67 "GET /placement/allocation_candidates?limit=1000&resources=MEMORY_MB%3A1024%2CVCPU%3A1&root_required=%21COMPUTE_STATUS_DISABLED" status: 200 len: 753 microversion: 1.36
Feb 16 08:33:01.177230 dv-cinder-778193-16-smb devstack@placement-api.service[103270]: [pid: 103270|app: 0|req: 41/81] 10.222.0.67 () {60 vars in 1478 bytes} [Wed Feb 16 08:33:01 2022] GET /placement/allocation_candidates?limit=1000&resources=MEMORY_MB%3A1024%2CVCPU%3A1&root_required=%21COMPUTE_STATUS_DISABLED => generated 753 bytes in 57 msecs (HTTP/1.1 200) 8 headers in 296 bytes (1 switches on core 0)
Feb 16 08:33:01.214453 dv-cinder-778193-16-smb devstack@placement-api.service[103271]: DEBUG placement.requestlog [req-b42060e7-21ad-46d2-9a1a-7771efc7b1ad req-85f28028-8b3b-4a22-ba92-14637d844698 None None] Starting request: 10.222.0.67 "GET /placement/allocations/b60750d5-a912-4346-86d7-6942e6226d89" {{(pid=103271) __call__ /opt/stack/placement/placement/requestlog.py:55}}
Feb 16 08:33:01.224954 dv-cinder-778193-16-smb devstack@placement-api.service[103271]: INFO placement.requestlog [req-b42060e7-21ad-46d2-9a1a-7771efc7b1ad req-85f28028-8b3b-4a22-ba92-14637d844698 service placement] 10.222.0.67 "GET /placement/allocations/b60750d5-a912-4346-86d7-6942e6226d89" status: 200 len: 19 microversion: 1.28
Feb 16 08:33:01.225240 dv-cinder-778193-16-smb devstack@placement-api.service[103271]: [pid: 103271|app: 0|req: 41/82] 10.222.0.67 () {60 vars in 1380 bytes} [Wed Feb 16 08:33:01 2022] GET /placement/allocations/b60750d5-a912-4346-86d7-6942e6226d89 => generated 19 bytes in 11 msecs (HTTP/1.1 200) 8 headers in 295 bytes (1 switches on core 0)
Feb 16 08:33:01.230966 dv-cinder-778193-16-smb devstack@placement-api.service[103270]: DEBUG placement.requestlog [req-b42060e7-21ad-46d2-9a1a-7771efc7b1ad req-3a2b3954-cc87-4f99-8d0e-ae1f98da7706 None None] Starting request: 10.222.0.67 "PUT /placement/allocations/b60750d5-a912-4346-86d7-6942e6226d89" {{(pid=103270) __call__ /opt/stack/placement/placement/requestlog.py:55}}
Feb 16 08:33:01.289061 dv-cinder-778193-16-smb devstack@placement-api.service[103270]: DEBUG placement.handlers.allocation [req-b42060e7-21ad-46d2-9a1a-7771efc7b1ad req-3a2b3954-cc87-4f99-8d0e-ae1f98da7706 service placement] Successfully wrote allocations [, ] {{(pid=103270) _update_consumers_and_create_allocations /opt/stack/placement/placement/handlers/allocation.py:462}}
Feb 16 08:33:01.292808 dv-cinder-778193-16-smb devstack@placement-api.service[103270]: INFO placement.requestlog [req-b42060e7-21ad-46d2-9a1a-7771efc7b1ad req-3a2b3954-cc87-4f99-8d0e-ae1f98da7706 service placement] 10.222.0.67 "PUT /placement/allocations/b60750d5-a912-4346-86d7-6942e6226d89" status: 204 len: 0 microversion: 1.36
Feb 16 08:33:01.293136 dv-cinder-778193-16-smb devstack@placement-api.service[103270]: [pid: 103270|app: 0|req: 42/83] 10.222.0.67 () {64 vars in 1433 bytes} [Wed Feb 16 08:33:01 2022] PUT /placement/allocations/b60750d5-a912-4346-86d7-6942e6226d89 => generated 0 bytes in 62 msecs (HTTP/1.1 204) 5 headers in 199 bytes (1 switches on core 0)
Feb 16 08:33:01.594787 dv-cinder-778193-16-smb devstack@placement-api.service[103271]: DEBUG placement.requestlog [req-b42060e7-21ad-46d2-9a1a-7771efc7b1ad req-e3b726df-46fb-4581-ae82-147da30e0964 None None] Starting request: 10.222.0.83 "GET /placement/allocations/b60750d5-a912-4346-86d7-6942e6226d89" {{(pid=103271) __call__ /opt/stack/placement/placement/requestlog.py:55}}
Feb 16 08:33:01.753847 dv-cinder-778193-16-smb devstack@placement-api.service[103271]: INFO placement.requestlog [req-b42060e7-21ad-46d2-9a1a-7771efc7b1ad req-e3b726df-46fb-4581-ae82-147da30e0964 service placement] 10.222.0.83 "GET /placement/allocations/b60750d5-a912-4346-86d7-6942e6226d89" status: 200 len: 245 microversion: 1.28
Feb 16 08:33:01.754199 dv-cinder-778193-16-smb devstack@placement-api.service[103271]: [pid: 103271|app: 0|req: 42/84] 10.222.0.83 () {60 vars in 1377 bytes} [Wed Feb 16 08:33:01 2022] GET /placement/allocations/b60750d5-a912-4346-86d7-6942e6226d89 => generated 245 bytes in 160 msecs (HTTP/1.1 200) 8 headers in 296 bytes (1 switches on core 0)
Feb 16 08:33:01.920835 dv-cinder-778193-16-smb devstack@placement-api.service[103270]: DEBUG placement.requestlog [req-b42060e7-21ad-46d2-9a1a-7771efc7b1ad req-57b9f497-4a32-4f95-be9f-1bf2f6956147 None None] Starting request: 10.222.0.83 "GET /placement/resource_providers?in_tree=083ac294-0c28-4de6-a91c-23e554910f91" {{(pid=103270) __call__ /opt/stack/placement/placement/requestlog.py:55}}
Feb 16 08:33:01.939027 dv-cinder-778193-16-smb devstack@placement-api.service[103270]: INFO placement.requestlog [req-b42060e7-21ad-46d2-9a1a-7771efc7b1ad req-57b9f497-4a32-4f95-be9f-1bf2f6956147 service placement] 10.222.0.83 "GET /placement/resource_providers?in_tree=083ac294-0c28-4de6-a91c-23e554910f91" status: 200 len: 865 microversion: 1.14
Feb 16 08:33:01.939685 dv-cinder-778193-16-smb devstack@placement-api.service[103270]: [pid: 103270|app: 0|req: 43/85] 10.222.0.83 () {60 vars in 1376 bytes} [Wed Feb 16 08:33:01 2022] GET /placement/resource_providers?in_tree=083ac294-0c28-4de6-a91c-23e554910f91 => generated 865 bytes in 19 msecs (HTTP/1.1 200) 6 headers in 225 bytes (1 switches on core 0)
Feb 16 08:33:01.976906 dv-cinder-778193-16-smb devstack@placement-api.service[103271]: DEBUG placement.requestlog [req-b42060e7-21ad-46d2-9a1a-7771efc7b1ad req-ab4126b3-50c4-482c-8b4b-8e50eced5188 None None] Starting request: 10.222.0.83 "GET /placement/resource_providers/083ac294-0c28-4de6-a91c-23e554910f91/inventories" {{(pid=103271) __call__ /opt/stack/placement/placement/requestlog.py:55}}
Feb 16 08:33:01.995067 dv-cinder-778193-16-smb devstack@placement-api.service[103271]: INFO placement.requestlog [req-b42060e7-21ad-46d2-9a1a-7771efc7b1ad req-ab4126b3-50c4-482c-8b4b-8e50eced5188 service placement] 10.222.0.83 "GET /placement/resource_providers/083ac294-0c28-4de6-a91c-23e554910f91/inventories" status: 200 len: 398 microversion: 1.0
Feb 16 08:33:01.995515 dv-cinder-778193-16-smb devstack@placement-api.service[103271]: [pid: 103271|app: 0|req: 43/86] 10.222.0.83 () {58 vars in 1390 bytes} [Wed Feb 16 08:33:01 2022] GET /placement/resource_providers/083ac294-0c28-4de6-a91c-23e554910f91/inventories => generated 398 bytes in 19 msecs (HTTP/1.1 200) 6 headers in 224 bytes (1 switches on core 0)
Feb 16 08:33:02.023288 dv-cinder-778193-16-smb devstack@placement-api.service[103270]: DEBUG placement.requestlog [req-b42060e7-21ad-46d2-9a1a-7771efc7b1ad req-8e9cdf1c-6441-4975-aace-0dec2afa1f26 None None] Starting request: 10.222.0.83 "GET /placement/resource_providers/083ac294-0c28-4de6-a91c-23e554910f91/aggregates" {{(pid=103270) __call__ /opt/stack/placement/placement/requestlog.py:55}}
Feb 16 08:33:02.037297 dv-cinder-778193-16-smb devstack@placement-api.service[103270]: INFO placement.requestlog [req-b42060e7-21ad-46d2-9a1a-7771efc7b1ad req-8e9cdf1c-6441-4975-aace-0dec2afa1f26 service placement] 10.222.0.83 "GET /placement/resource_providers/083ac294-0c28-4de6-a91c-23e554910f91/aggregates" status: 200 len: 54 microversion: 1.19
Feb 16 08:33:02.037697 dv-cinder-778193-16-smb devstack@placement-api.service[103270]: [pid: 103270|app: 0|req: 44/87] 10.222.0.83 () {60 vars in 1431 bytes} [Wed Feb 16 08:33:02 2022] GET /placement/resource_providers/083ac294-0c28-4de6-a91c-23e554910f91/aggregates => generated 54 bytes in 15 msecs (HTTP/1.1 200) 8 headers in 295 bytes (1 switches on core 0)
Feb 16 08:33:02.056652 dv-cinder-778193-16-smb devstack@placement-api.service[103271]: DEBUG placement.requestlog [req-b42060e7-21ad-46d2-9a1a-7771efc7b1ad req-c41ce472-e321-4dfc-9fa2-8489f0bb10c8 None None] Starting request: 10.222.0.83 "GET /placement/resource_providers/083ac294-0c28-4de6-a91c-23e554910f91/traits" {{(pid=103271) __call__ /opt/stack/placement/placement/requestlog.py:55}}
Feb 16 08:33:02.084761 dv-cinder-778193-16-smb devstack@placement-api.service[103271]: INFO placement.requestlog [req-b42060e7-21ad-46d2-9a1a-7771efc7b1ad req-c41ce472-e321-4dfc-9fa2-8489f0bb10c8 service placement] 10.222.0.83 "GET /placement/resource_providers/083ac294-0c28-4de6-a91c-23e554910f91/traits" status: 200 len: 300 microversion: 1.6
Feb 16 08:33:02.085027 dv-cinder-778193-16-smb devstack@placement-api.service[103271]: [pid: 103271|app: 0|req: 44/88] 10.222.0.83 () {60 vars in 1418 bytes} [Wed Feb 16 08:33:02 2022] GET /placement/resource_providers/083ac294-0c28-4de6-a91c-23e554910f91/traits => generated 300 bytes in 29 msecs (HTTP/1.1 200) 6 headers in 224 bytes (1 switches on core 0)
Feb 16 08:33:36.525983 dv-cinder-778193-16-smb devstack@placement-api.service[103270]: DEBUG placement.requestlog [req-f0abba70-937c-4b4d-aab7-a9e409169848 req-3e073c80-f856-4f6e-992b-8b83b759245d None None] Starting request: 10.222.0.83 "DELETE /placement/allocations/b8484b3c-dafb-4577-965a-7a3731feea24" {{(pid=103270) __call__ /opt/stack/placement/placement/requestlog.py:55}}
Feb 16 08:33:36.561490 dv-cinder-778193-16-smb devstack@placement-api.service[103270]: DEBUG placement.handlers.allocation [req-f0abba70-937c-4b4d-aab7-a9e409169848 req-3e073c80-f856-4f6e-992b-8b83b759245d service placement] Successfully deleted allocations [, , ] {{(pid=103270) delete_allocations /opt/stack/placement/placement/handlers/allocation.py:627}}
Feb 16 08:33:36.562162 dv-cinder-778193-16-smb devstack@placement-api.service[103270]: INFO placement.requestlog [req-f0abba70-937c-4b4d-aab7-a9e409169848 req-3e073c80-f856-4f6e-992b-8b83b759245d service placement] 10.222.0.83 "DELETE /placement/allocations/b8484b3c-dafb-4577-965a-7a3731feea24" status: 204 len: 0 microversion: 1.0
Feb 16 08:33:36.562755 dv-cinder-778193-16-smb devstack@placement-api.service[103270]: [pid: 103270|app: 0|req: 45/89] 10.222.0.83 () {60 vars in 1355 bytes} [Wed Feb 16 08:33:36 2022] DELETE /placement/allocations/b8484b3c-dafb-4577-965a-7a3731feea24 => generated 0 bytes in 37 msecs (HTTP/1.1 204) 5 headers in 198 bytes (1 switches on core 0)
Feb 16 08:33:40.499960 dv-cinder-778193-16-smb devstack@placement-api.service[103271]: DEBUG placement.requestlog [req-ba225473-8349-4d78-9c3c-b13371532e30 req-6bae8df4-9894-40e5-91cd-148dae98a583 None None] Starting request: 10.222.0.83 "DELETE /placement/allocations/c1121800-3e3e-4d45-b877-9ec1ca87da6d" {{(pid=103271) __call__ /opt/stack/placement/placement/requestlog.py:55}}
Feb 16 08:33:40.554925 dv-cinder-778193-16-smb devstack@placement-api.service[103271]: DEBUG placement.handlers.allocation [req-ba225473-8349-4d78-9c3c-b13371532e30 req-6bae8df4-9894-40e5-91cd-148dae98a583 service placement] Successfully deleted allocations [, , ] {{(pid=103271) delete_allocations /opt/stack/placement/placement/handlers/allocation.py:627}}
Feb 16 08:33:40.556368 dv-cinder-778193-16-smb devstack@placement-api.service[103271]: INFO placement.requestlog [req-ba225473-8349-4d78-9c3c-b13371532e30 req-6bae8df4-9894-40e5-91cd-148dae98a583 service placement] 10.222.0.83 "DELETE /placement/allocations/c1121800-3e3e-4d45-b877-9ec1ca87da6d" status: 204 len: 0 microversion: 1.0
Feb 16 08:33:40.557025 dv-cinder-778193-16-smb devstack@placement-api.service[103271]: [pid: 103271|app: 0|req: 45/90] 10.222.0.83 () {60 vars in 1355 bytes} [Wed Feb 16 08:33:40 2022] DELETE /placement/allocations/c1121800-3e3e-4d45-b877-9ec1ca87da6d => generated 0 bytes in 57 msecs (HTTP/1.1 204) 5 headers in 198 bytes (2 switches on core 0)
Feb 16 08:33:45.619168 dv-cinder-778193-16-smb devstack@placement-api.service[103270]: DEBUG placement.requestlog [req-516fe37b-7226-455b-b918-95290c49a718 req-e11d6be8-83da-403f-be76-436d1f40041f None None] Starting request: 10.222.0.83 "DELETE /placement/allocations/d6f23f6d-f321-4df7-bdd2-9edf440d6f79" {{(pid=103270) __call__ /opt/stack/placement/placement/requestlog.py:55}}
Feb 16 08:33:45.632622 dv-cinder-778193-16-smb devstack@placement-api.service[103271]: DEBUG placement.requestlog [req-b7007d90-c189-44be-bcaf-14eb99ec36bb req-0b030eee-5051-4f82-b9d2-3ce0eaf7fd63 None None] Starting request: 10.222.0.67 "GET /placement/allocation_candidates?limit=1000&resources=DISK_GB%3A1%2CMEMORY_MB%3A1024%2CVCPU%3A1&root_required=%21COMPUTE_STATUS_DISABLED" {{(pid=103271) __call__ /opt/stack/placement/placement/requestlog.py:55}}
Feb 16 08:33:45.685990 dv-cinder-778193-16-smb devstack@placement-api.service[103270]: DEBUG placement.handlers.allocation [req-516fe37b-7226-455b-b918-95290c49a718 req-e11d6be8-83da-403f-be76-436d1f40041f service placement] Successfully deleted allocations [, , ] {{(pid=103270) delete_allocations /opt/stack/placement/placement/handlers/allocation.py:627}}
Feb 16 08:33:45.686618 dv-cinder-778193-16-smb devstack@placement-api.service[103270]: INFO placement.requestlog [req-516fe37b-7226-455b-b918-95290c49a718 req-e11d6be8-83da-403f-be76-436d1f40041f service placement] 10.222.0.83 "DELETE /placement/allocations/d6f23f6d-f321-4df7-bdd2-9edf440d6f79" status: 204 len: 0 microversion: 1.0
Feb 16 08:33:45.686998 dv-cinder-778193-16-smb devstack@placement-api.service[103270]: [pid: 103270|app: 0|req: 46/91] 10.222.0.83 () {60 vars in 1355 bytes} [Wed Feb 16 08:33:45 2022] DELETE /placement/allocations/d6f23f6d-f321-4df7-bdd2-9edf440d6f79 => generated 0 bytes in 68 msecs (HTTP/1.1 204) 5 headers in 198 bytes (1 switches on core 0)
Feb 16 08:33:45.694851 dv-cinder-778193-16-smb devstack@placement-api.service[103271]: DEBUG placement.objects.research_context [req-b7007d90-c189-44be-bcaf-14eb99ec36bb req-0b030eee-5051-4f82-b9d2-3ce0eaf7fd63 service placement] getting providers with 1 DISK_GB {{(pid=103271) __init__ /opt/stack/placement/placement/objects/research_context.py:126}}
Feb 16 08:33:45.705269 dv-cinder-778193-16-smb devstack@placement-api.service[103271]: DEBUG placement.objects.research_context [req-b7007d90-c189-44be-bcaf-14eb99ec36bb req-0b030eee-5051-4f82-b9d2-3ce0eaf7fd63 service placement] getting providers with 1024 MEMORY_MB {{(pid=103271) __init__ /opt/stack/placement/placement/objects/research_context.py:126}}
Feb 16 08:33:45.713303 dv-cinder-778193-16-smb devstack@placement-api.service[103271]: DEBUG placement.objects.research_context [req-b7007d90-c189-44be-bcaf-14eb99ec36bb req-0b030eee-5051-4f82-b9d2-3ce0eaf7fd63 service placement] getting providers with 1 VCPU {{(pid=103271) __init__ /opt/stack/placement/placement/objects/research_context.py:126}}
Feb 16 08:33:45.741331 dv-cinder-778193-16-smb devstack@placement-api.service[103271]: DEBUG placement.objects.research_context [req-b7007d90-c189-44be-bcaf-14eb99ec36bb req-0b030eee-5051-4f82-b9d2-3ce0eaf7fd63 service placement] found 1 providers with available 1 DISK_GB {{(pid=103271) get_provider_ids_matching /opt/stack/placement/placement/objects/research_context.py:549}}
Feb 16 08:33:45.741866 dv-cinder-778193-16-smb devstack@placement-api.service[103271]: DEBUG placement.objects.research_context [req-b7007d90-c189-44be-bcaf-14eb99ec36bb req-0b030eee-5051-4f82-b9d2-3ce0eaf7fd63 service placement] found 1 providers with available 1024 MEMORY_MB {{(pid=103271) get_provider_ids_matching /opt/stack/placement/placement/objects/research_context.py:549}}
Feb 16 08:33:45.742297 dv-cinder-778193-16-smb devstack@placement-api.service[103271]: DEBUG placement.objects.research_context [req-b7007d90-c189-44be-bcaf-14eb99ec36bb req-0b030eee-5051-4f82-b9d2-3ce0eaf7fd63 service placement] found 1 providers after filtering by previous result {{(pid=103271) get_provider_ids_matching /opt/stack/placement/placement/objects/research_context.py:580}}
Feb 16 08:33:45.742562 dv-cinder-778193-16-smb devstack@placement-api.service[103271]: DEBUG placement.objects.research_context [req-b7007d90-c189-44be-bcaf-14eb99ec36bb req-0b030eee-5051-4f82-b9d2-3ce0eaf7fd63 service placement] found 1 providers with available 1 VCPU {{(pid=103271) get_provider_ids_matching /opt/stack/placement/placement/objects/research_context.py:549}}
Feb 16 08:33:45.742824 dv-cinder-778193-16-smb devstack@placement-api.service[103271]: DEBUG placement.objects.research_context [req-b7007d90-c189-44be-bcaf-14eb99ec36bb req-0b030eee-5051-4f82-b9d2-3ce0eaf7fd63 service placement] found 1 providers after filtering by previous result {{(pid=103271) get_provider_ids_matching /opt/stack/placement/placement/objects/research_context.py:580}}
Feb 16 08:33:45.756096 dv-cinder-778193-16-smb devstack@placement-api.service[103271]: DEBUG placement.objects.allocation_candidate [req-b7007d90-c189-44be-bcaf-14eb99ec36bb req-0b030eee-5051-4f82-b9d2-3ce0eaf7fd63 service placement] RequestGroup(use_same_provider=False, resources={DISK_GB:1, MEMORY_MB:1024, VCPU:1}, traits=[], aggregates=[]) (suffix '') returned 1 matches {{(pid=103271) _get_by_requests /opt/stack/placement/placement/objects/allocation_candidate.py:145}}
Feb 16 08:33:45.756903 dv-cinder-778193-16-smb devstack@placement-api.service[103271]: DEBUG placement.objects.allocation_candidate [req-b7007d90-c189-44be-bcaf-14eb99ec36bb req-0b030eee-5051-4f82-b9d2-3ce0eaf7fd63 service placement] Merging candidates yields 1 allocation requests and 1 provider summaries {{(pid=103271) _merge_candidates /opt/stack/placement/placement/objects/allocation_candidate.py:783}}
Feb 16 08:33:45.758608 dv-cinder-778193-16-smb devstack@placement-api.service[103271]: INFO placement.requestlog [req-b7007d90-c189-44be-bcaf-14eb99ec36bb req-0b030eee-5051-4f82-b9d2-3ce0eaf7fd63 service placement] 10.222.0.67 "GET /placement/allocation_candidates?limit=1000&resources=DISK_GB%3A1%2CMEMORY_MB%3A1024%2CVCPU%3A1&root_required=%21COMPUTE_STATUS_DISABLED" status: 200 len: 767 microversion: 1.36
Feb 16 08:33:45.759727 dv-cinder-778193-16-smb devstack@placement-api.service[103271]: [pid: 103271|app: 0|req: 46/92] 10.222.0.67 () {60 vars in 1506 bytes} [Wed Feb 16 08:33:45 2022] GET /placement/allocation_candidates?limit=1000&resources=DISK_GB%3A1%2CMEMORY_MB%3A1024%2CVCPU%3A1&root_required=%21COMPUTE_STATUS_DISABLED => generated 767 bytes in 127 msecs (HTTP/1.1 200) 8 headers in 296 bytes (2 switches on core 0)
Feb 16 08:33:45.820044 dv-cinder-778193-16-smb devstack@placement-api.service[103270]: DEBUG placement.requestlog [req-b7007d90-c189-44be-bcaf-14eb99ec36bb req-59199f14-0df9-4a26-919b-ebe1803d1201 None None] Starting request: 10.222.0.67 "GET /placement/allocations/0e6ca4ff-e57b-4a8d-81f6-7f4f7d3cf677" {{(pid=103270) __call__ /opt/stack/placement/placement/requestlog.py:55}}
Feb 16 08:33:45.841936 dv-cinder-778193-16-smb devstack@placement-api.service[103270]: INFO placement.requestlog [req-b7007d90-c189-44be-bcaf-14eb99ec36bb req-59199f14-0df9-4a26-919b-ebe1803d1201 service placement] 10.222.0.67 "GET /placement/allocations/0e6ca4ff-e57b-4a8d-81f6-7f4f7d3cf677" status: 200 len: 19 microversion: 1.28
Feb 16 08:33:45.842365 dv-cinder-778193-16-smb devstack@placement-api.service[103270]: [pid: 103270|app: 0|req: 47/93] 10.222.0.67 () {60 vars in 1380 bytes} [Wed Feb 16 08:33:45 2022] GET /placement/allocations/0e6ca4ff-e57b-4a8d-81f6-7f4f7d3cf677 => generated 19 bytes in 23 msecs (HTTP/1.1 200) 8 headers in 295 bytes (1 switches on core 0)
Feb 16 08:33:45.856894 dv-cinder-778193-16-smb devstack@placement-api.service[103271]: DEBUG placement.requestlog [req-b7007d90-c189-44be-bcaf-14eb99ec36bb req-b9ebf663-36f9-4747-acc2-fe37c39b5c5e None None] Starting request: 10.222.0.67 "PUT /placement/allocations/0e6ca4ff-e57b-4a8d-81f6-7f4f7d3cf677" {{(pid=103271) __call__ /opt/stack/placement/placement/requestlog.py:55}}
Feb 16 08:33:45.915416 dv-cinder-778193-16-smb devstack@placement-api.service[103271]: DEBUG placement.handlers.allocation [req-b7007d90-c189-44be-bcaf-14eb99ec36bb req-b9ebf663-36f9-4747-acc2-fe37c39b5c5e service placement] Successfully wrote allocations [, , ] {{(pid=103271) _update_consumers_and_create_allocations /opt/stack/placement/placement/handlers/allocation.py:462}}
Feb 16 08:33:45.919377 dv-cinder-778193-16-smb devstack@placement-api.service[103271]: INFO placement.requestlog [req-b7007d90-c189-44be-bcaf-14eb99ec36bb req-b9ebf663-36f9-4747-acc2-fe37c39b5c5e service placement] 10.222.0.67 "PUT /placement/allocations/0e6ca4ff-e57b-4a8d-81f6-7f4f7d3cf677" status: 204 len: 0 microversion: 1.36
Feb 16 08:33:45.920059 dv-cinder-778193-16-smb devstack@placement-api.service[103271]: [pid: 103271|app: 0|req: 47/94] 10.222.0.67 () {64 vars in 1433 bytes} [Wed Feb 16 08:33:45 2022] PUT /placement/allocations/0e6ca4ff-e57b-4a8d-81f6-7f4f7d3cf677 => generated 0 bytes in 64 msecs (HTTP/1.1 204) 5 headers in 199 bytes (1 switches on core 0)
Feb 16 08:33:46.341319 dv-cinder-778193-16-smb devstack@placement-api.service[103270]: DEBUG placement.requestlog [req-b7007d90-c189-44be-bcaf-14eb99ec36bb req-ca8e8aa7-f87d-414f-bbff-0ff74b78bab7 None None] Starting request: 10.222.0.83 "GET /placement/allocations/0e6ca4ff-e57b-4a8d-81f6-7f4f7d3cf677" {{(pid=103270) __call__ /opt/stack/placement/placement/requestlog.py:55}}
Feb 16 08:33:46.361054 dv-cinder-778193-16-smb devstack@placement-api.service[103270]: INFO placement.requestlog [req-b7007d90-c189-44be-bcaf-14eb99ec36bb req-ca8e8aa7-f87d-414f-bbff-0ff74b78bab7 service placement] 10.222.0.83 "GET /placement/allocations/0e6ca4ff-e57b-4a8d-81f6-7f4f7d3cf677" status: 200 len: 259 microversion: 1.28
Feb 16 08:33:46.361570 dv-cinder-778193-16-smb devstack@placement-api.service[103270]: [pid: 103270|app: 0|req: 48/95] 10.222.0.83 () {60 vars in 1377 bytes} [Wed Feb 16 08:33:46 2022] GET /placement/allocations/0e6ca4ff-e57b-4a8d-81f6-7f4f7d3cf677 => generated 259 bytes in 21 msecs (HTTP/1.1 200) 8 headers in 296 bytes (1 switches on core 0)
Feb 16 08:33:50.069941 dv-cinder-778193-16-smb devstack@placement-api.service[103271]: DEBUG placement.requestlog [req-a3ccc12e-335f-4b05-91f4-26c606abf975 req-2d8684ed-c9ea-45cb-baf9-90096ac9bd33 None None] Starting request: 10.222.0.83 "GET /placement/resource_providers/083ac294-0c28-4de6-a91c-23e554910f91/allocations" {{(pid=103271) __call__ /opt/stack/placement/placement/requestlog.py:55}}
Feb 16 08:33:50.104782 dv-cinder-778193-16-smb devstack@placement-api.service[103271]: INFO placement.requestlog [req-a3ccc12e-335f-4b05-91f4-26c606abf975 req-2d8684ed-c9ea-45cb-baf9-90096ac9bd33 service placement] 10.222.0.83 "GET /placement/resource_providers/083ac294-0c28-4de6-a91c-23e554910f91/allocations" status: 200 len: 544 microversion: 1.0
Feb 16 08:33:50.105172 dv-cinder-778193-16-smb devstack@placement-api.service[103271]: [pid: 103271|app: 0|req: 48/96] 10.222.0.83 () {58 vars in 1390 bytes} [Wed Feb 16 08:33:50 2022] GET /placement/resource_providers/083ac294-0c28-4de6-a91c-23e554910f91/allocations => generated 544 bytes in 36 msecs (HTTP/1.1 200) 6 headers in 224 bytes (1 switches on core 0)
Feb 16 08:33:51.981047 dv-cinder-778193-16-smb devstack@placement-api.service[103270]: DEBUG placement.requestlog [req-c38f4c4f-c150-4334-989f-64725b0115c7 req-09650c0f-ba77-4758-bbec-f0c3fd2e9cd9 None None] Starting request: 10.222.0.83 "DELETE /placement/allocations/037ac319-cb27-425c-b81b-c77f0bc66227" {{(pid=103270) __call__ /opt/stack/placement/placement/requestlog.py:55}}
Feb 16 08:33:52.017163 dv-cinder-778193-16-smb devstack@placement-api.service[103270]: DEBUG placement.handlers.allocation [req-c38f4c4f-c150-4334-989f-64725b0115c7 req-09650c0f-ba77-4758-bbec-f0c3fd2e9cd9 service placement] Successfully deleted allocations [, , ] {{(pid=103270) delete_allocations /opt/stack/placement/placement/handlers/allocation.py:627}}
Feb 16 08:33:52.018707 dv-cinder-778193-16-smb devstack@placement-api.service[103270]: INFO placement.requestlog [req-c38f4c4f-c150-4334-989f-64725b0115c7 req-09650c0f-ba77-4758-bbec-f0c3fd2e9cd9 service placement] 10.222.0.83 "DELETE /placement/allocations/037ac319-cb27-425c-b81b-c77f0bc66227" status: 204 len: 0 microversion: 1.0
Feb 16 08:33:52.019597 dv-cinder-778193-16-smb devstack@placement-api.service[103270]: [pid: 103270|app: 0|req: 49/97] 10.222.0.83 () {60 vars in 1355 bytes} [Wed Feb 16 08:33:51 2022] DELETE /placement/allocations/037ac319-cb27-425c-b81b-c77f0bc66227 => generated 0 bytes in 39 msecs (HTTP/1.1 204) 5 headers in 198 bytes (1 switches on core 0)
Feb 16 08:33:54.820769 dv-cinder-778193-16-smb devstack@placement-api.service[103271]: DEBUG placement.requestlog [req-2546ca55-12f0-4229-bca0-eb784af8ac49 req-8319ecae-f9be-457f-8fca-df34b62b8b3c None None] Starting request: 10.222.0.67 "GET /placement/allocation_candidates?limit=1000&resources=DISK_GB%3A1%2CMEMORY_MB%3A1024%2CVCPU%3A1&root_required=%21COMPUTE_STATUS_DISABLED" {{(pid=103271) __call__ /opt/stack/placement/placement/requestlog.py:55}}
Feb 16 08:33:54.853477 dv-cinder-778193-16-smb devstack@placement-api.service[103271]: DEBUG placement.objects.research_context [req-2546ca55-12f0-4229-bca0-eb784af8ac49 req-8319ecae-f9be-457f-8fca-df34b62b8b3c service placement] getting providers with 1 DISK_GB {{(pid=103271) __init__ /opt/stack/placement/placement/objects/research_context.py:126}}
Feb 16 08:33:54.858892 dv-cinder-778193-16-smb devstack@placement-api.service[103271]: DEBUG placement.objects.research_context [req-2546ca55-12f0-4229-bca0-eb784af8ac49 req-8319ecae-f9be-457f-8fca-df34b62b8b3c service placement] getting providers with 1024 MEMORY_MB {{(pid=103271) __init__ /opt/stack/placement/placement/objects/research_context.py:126}}
Feb 16 08:33:54.865744 dv-cinder-778193-16-smb devstack@placement-api.service[103271]: DEBUG placement.objects.research_context [req-2546ca55-12f0-4229-bca0-eb784af8ac49 req-8319ecae-f9be-457f-8fca-df34b62b8b3c service placement] getting providers with 1 VCPU {{(pid=103271) __init__ /opt/stack/placement/placement/objects/research_context.py:126}}
Feb 16 08:33:54.871792 dv-cinder-778193-16-smb devstack@placement-api.service[103271]: DEBUG placement.objects.research_context [req-2546ca55-12f0-4229-bca0-eb784af8ac49 req-8319ecae-f9be-457f-8fca-df34b62b8b3c service placement] found 1 providers with available 1 DISK_GB {{(pid=103271) get_provider_ids_matching /opt/stack/placement/placement/objects/research_context.py:549}}
Feb 16 08:33:54.872259 dv-cinder-778193-16-smb devstack@placement-api.service[103271]: DEBUG placement.objects.research_context [req-2546ca55-12f0-4229-bca0-eb784af8ac49 req-8319ecae-f9be-457f-8fca-df34b62b8b3c service placement] found 1 providers with available 1024 MEMORY_MB {{(pid=103271) get_provider_ids_matching /opt/stack/placement/placement/objects/research_context.py:549}}
