Feb 15 15:09:56.638966 dv-cinder-778193-15-smb devstack@c-api.service[109770]: INFO cinder.api.openstack.wsgi [None req-3cd04145-83f8-49c3-b778-686a0b93481b tempest-GroupSnapshotsTest-311937029 tempest-GroupSnapshotsTest-311937029-project] GET http://10.222.0.81/volume/v3/f14f737f4a314402abf001ab7b4d3479/snapshots/7581c70f-cdc3-4441-8bec-746a9025c395
Feb 15 15:09:56.640177 dv-cinder-778193-15-smb devstack@c-api.service[109770]: DEBUG cinder.api.openstack.wsgi [None req-3cd04145-83f8-49c3-b778-686a0b93481b tempest-GroupSnapshotsTest-311937029 tempest-GroupSnapshotsTest-311937029-project] Empty body provided in request {{(pid=109770) get_body /opt/stack/cinder/cinder/api/openstack/wsgi.py:715}}
Feb 15 15:09:56.641150 dv-cinder-778193-15-smb devstack@c-api.service[109770]: DEBUG cinder.api.openstack.wsgi [None req-3cd04145-83f8-49c3-b778-686a0b93481b tempest-GroupSnapshotsTest-311937029 tempest-GroupSnapshotsTest-311937029-project] Calling method 'show' {{(pid=109770) _process_stack /opt/stack/cinder/cinder/api/openstack/wsgi.py:868}}
Feb 15 15:09:56.665520 dv-cinder-778193-15-smb devstack@c-api.service[109770]: /usr/local/lib/python3.8/dist-packages/oslo_context/context.py:105: DeprecationWarning: Policy enforcement is depending on the value of is_admin. This key is deprecated. Please update your policy file to use the standard policy values.
Feb 15 15:09:56.665520 dv-cinder-778193-15-smb devstack@c-api.service[109770]: warnings.warn('Policy enforcement is depending on the value of '
Feb 15 15:09:56.666628 dv-cinder-778193-15-smb devstack@c-api.service[109770]: INFO cinder.volume.api [None req-3cd04145-83f8-49c3-b778-686a0b93481b tempest-GroupSnapshotsTest-311937029 tempest-GroupSnapshotsTest-311937029-project] Snapshot retrieved successfully.
Feb 15 15:09:56.668541 dv-cinder-778193-15-smb devstack@c-api.service[109770]: INFO cinder.api.openstack.wsgi [None req-3cd04145-83f8-49c3-b778-686a0b93481b tempest-GroupSnapshotsTest-311937029 tempest-GroupSnapshotsTest-311937029-project] http://10.222.0.81/volume/v3/f14f737f4a314402abf001ab7b4d3479/snapshots/7581c70f-cdc3-4441-8bec-746a9025c395 returned with HTTP 200
Feb 15 15:09:56.675117 dv-cinder-778193-15-smb devstack@c-api.service[109770]: [pid: 109770|app: 0|req: 32/64] 10.222.0.81 () {58 vars in 1330 bytes} [Tue Feb 15 15:09:56 2022] GET /volume/v3/f14f737f4a314402abf001ab7b4d3479/snapshots/7581c70f-cdc3-4441-8bec-746a9025c395 => generated 517 bytes in 43 msecs (HTTP/1.1 200) 7 headers in 285 bytes (1 switches on core 0)
Feb 15 15:09:56.678304 dv-cinder-778193-15-smb devstack@c-api.service[109770]: INFO cinder.api.openstack.wsgi [req-b6e90602-64a7-481b-8715-941a035385c7 req-2c1ef139-33da-4f0f-a288-528a37ef53a8 tempest-VolumesTestJSON-1303944870 tempest-VolumesTestJSON-1303944870-project] GET http://10.222.0.81/volume/v3/ad6449abc7a34524bdede5a4d9eb1f36/volumes/detail
Feb 15 15:09:56.678969 dv-cinder-778193-15-smb devstack@c-api.service[109770]: DEBUG cinder.api.openstack.wsgi [req-b6e90602-64a7-481b-8715-941a035385c7 req-2c1ef139-33da-4f0f-a288-528a37ef53a8 tempest-VolumesTestJSON-1303944870 tempest-VolumesTestJSON-1303944870-project] Empty body provided in request {{(pid=109770) get_body /opt/stack/cinder/cinder/api/openstack/wsgi.py:715}}
Feb 15 15:09:56.679590 dv-cinder-778193-15-smb devstack@c-api.service[109770]: DEBUG cinder.api.openstack.wsgi [req-b6e90602-64a7-481b-8715-941a035385c7 req-2c1ef139-33da-4f0f-a288-528a37ef53a8 tempest-VolumesTestJSON-1303944870 tempest-VolumesTestJSON-1303944870-project] Calling method 'detail' {{(pid=109770) _process_stack /opt/stack/cinder/cinder/api/openstack/wsgi.py:868}}
Feb 15 15:09:56.680615 dv-cinder-778193-15-smb devstack@c-api.service[109770]: DEBUG cinder.api.api_utils [req-b6e90602-64a7-481b-8715-941a035385c7 req-2c1ef139-33da-4f0f-a288-528a37ef53a8 tempest-VolumesTestJSON-1303944870 tempest-VolumesTestJSON-1303944870-project] Removing options '' from query. {{(pid=109770) remove_invalid_filter_options /opt/stack/cinder/cinder/api/api_utils.py:73}}
Feb 15 15:09:56.682466 dv-cinder-778193-15-smb devstack@c-api.service[109770]: DEBUG cinder.volume.api [req-b6e90602-64a7-481b-8715-941a035385c7 req-2c1ef139-33da-4f0f-a288-528a37ef53a8 tempest-VolumesTestJSON-1303944870 tempest-VolumesTestJSON-1303944870-project] Searching by: MultiDict([('no_migration_targets', True)]). {{(pid=109770) get_all /opt/stack/cinder/cinder/volume/api.py:661}}
Feb 15 15:09:56.738746 dv-cinder-778193-15-smb devstack@c-api.service[109771]: INFO cinder.volume.api [None req-ac8acfe2-214b-4154-a484-d0268a8aee1f tempest-GroupsTest-1953950800 tempest-GroupsTest-1953950800-project] Get all volumes completed successfully.
Feb 15 15:09:56.740499 dv-cinder-778193-15-smb devstack@c-api.service[109771]: WARNING stevedore.named [None req-ac8acfe2-214b-4154-a484-d0268a8aee1f tempest-GroupsTest-1953950800 tempest-GroupsTest-1953950800-project] Could not load cinder.keymgr.conf_key_mgr.ConfKeyManager
Feb 15 15:09:56.740920 dv-cinder-778193-15-smb devstack@c-api.service[109771]: WARNING castellan.key_manager [None req-ac8acfe2-214b-4154-a484-d0268a8aee1f tempest-GroupsTest-1953950800 tempest-GroupsTest-1953950800-project] Deprecation Warning : cinder.keymgr.conf_key_mgr.ConfKeyManager is not a stevedore based driver, trying to load it as a class: stevedore.exception.NoMatches: No 'castellan.drivers' driver found, looking for 'cinder.keymgr.conf_key_mgr.ConfKeyManager'
Feb 15 15:09:56.752859 dv-cinder-778193-15-smb devstack@c-api.service[109771]: DEBUG oslo_db.sqlalchemy.engines [None req-ac8acfe2-214b-4154-a484-d0268a8aee1f tempest-GroupsTest-1953950800 tempest-GroupsTest-1953950800-project] MySQL server mode set to STRICT_TRANS_TABLES,STRICT_ALL_TABLES,NO_ZERO_IN_DATE,NO_ZERO_DATE,ERROR_FOR_DIVISION_BY_ZERO,TRADITIONAL,NO_ENGINE_SUBSTITUTION {{(pid=109771) _check_effective_sql_mode /usr/local/lib/python3.8/dist-packages/oslo_db/sqlalchemy/engines.py:314}}
Feb 15 15:09:56.760429 dv-cinder-778193-15-smb devstack@c-api.service[109771]: /usr/local/lib/python3.8/dist-packages/oslo_context/context.py:105: DeprecationWarning: Policy enforcement is depending on the value of is_admin. This key is deprecated. Please update your policy file to use the standard policy values.
Feb 15 15:09:56.760429 dv-cinder-778193-15-smb devstack@c-api.service[109771]: warnings.warn('Policy enforcement is depending on the value of '
Feb 15 15:09:56.782561 dv-cinder-778193-15-smb devstack@c-api.service[109770]: INFO cinder.volume.api [req-b6e90602-64a7-481b-8715-941a035385c7 req-2c1ef139-33da-4f0f-a288-528a37ef53a8 tempest-VolumesTestJSON-1303944870 tempest-VolumesTestJSON-1303944870-project] Get all volumes completed successfully.
Feb 15 15:09:56.785974 dv-cinder-778193-15-smb devstack@c-api.service[109770]: /usr/local/lib/python3.8/dist-packages/oslo_context/context.py:105: DeprecationWarning: Policy enforcement is depending on the value of is_admin. This key is deprecated. Please update your policy file to use the standard policy values.
Feb 15 15:09:56.785974 dv-cinder-778193-15-smb devstack@c-api.service[109770]: warnings.warn('Policy enforcement is depending on the value of '
Feb 15 15:09:56.787670 dv-cinder-778193-15-smb devstack@c-api.service[109771]: INFO cinder.api.openstack.wsgi [None req-ac8acfe2-214b-4154-a484-d0268a8aee1f tempest-GroupsTest-1953950800 tempest-GroupsTest-1953950800-project] http://10.222.0.81/volume/v3/2f621fd1bd3c4b4a8ebdef04d81dde65/volumes/detail returned with HTTP 200
Feb 15 15:09:56.791052 dv-cinder-778193-15-smb devstack@c-api.service[109771]: [pid: 109771|app: 0|req: 33/65] 10.222.0.81 () {60 vars in 1275 bytes} [Tue Feb 15 15:09:56 2022] GET /volume/v3/2f621fd1bd3c4b4a8ebdef04d81dde65/volumes/detail => generated 975 bytes in 193 msecs (HTTP/1.1 200) 7 headers in 286 bytes (1 switches on core 0)
Feb 15 15:09:56.801156 dv-cinder-778193-15-smb devstack@c-api.service[109770]: INFO cinder.api.openstack.wsgi [req-b6e90602-64a7-481b-8715-941a035385c7 req-2c1ef139-33da-4f0f-a288-528a37ef53a8 tempest-VolumesTestJSON-1303944870 tempest-VolumesTestJSON-1303944870-project] http://10.222.0.81/volume/v3/ad6449abc7a34524bdede5a4d9eb1f36/volumes/detail returned with HTTP 200
Feb 15 15:09:56.802109 dv-cinder-778193-15-smb devstack@c-api.service[109770]: [pid: 109770|app: 0|req: 33/66] 10.222.0.81 () {60 vars in 1488 bytes} [Tue Feb 15 15:09:56 2022] GET /volume/v3/ad6449abc7a34524bdede5a4d9eb1f36/volumes/detail => generated 2749 bytes in 132 msecs (HTTP/1.1 200) 7 headers in 286 bytes (1 switches on core 0)
Feb 15 15:09:56.814101 dv-cinder-778193-15-smb devstack@c-api.service[109770]: INFO cinder.api.openstack.wsgi [None req-80144246-3e33-4627-bb32-0f7615c8b914 tempest-GroupsTest-1953950800 tempest-GroupsTest-1953950800-project] GET http://10.222.0.81/volume/v3/2f621fd1bd3c4b4a8ebdef04d81dde65/volumes/detail
Feb 15 15:09:56.814101 dv-cinder-778193-15-smb devstack@c-api.service[109770]: DEBUG cinder.api.openstack.wsgi [None req-80144246-3e33-4627-bb32-0f7615c8b914 tempest-GroupsTest-1953950800 tempest-GroupsTest-1953950800-project] Empty body provided in request {{(pid=109770) get_body /opt/stack/cinder/cinder/api/openstack/wsgi.py:715}}
Feb 15 15:09:56.814101 dv-cinder-778193-15-smb devstack@c-api.service[109770]: DEBUG cinder.api.openstack.wsgi [None req-80144246-3e33-4627-bb32-0f7615c8b914 tempest-GroupsTest-1953950800 tempest-GroupsTest-1953950800-project] Calling method 'detail' {{(pid=109770) _process_stack /opt/stack/cinder/cinder/api/openstack/wsgi.py:868}}
Feb 15 15:09:56.814101 dv-cinder-778193-15-smb devstack@c-api.service[109770]: DEBUG cinder.api.api_utils [None req-80144246-3e33-4627-bb32-0f7615c8b914 tempest-GroupsTest-1953950800 tempest-GroupsTest-1953950800-project] Removing options '' from query. {{(pid=109770) remove_invalid_filter_options /opt/stack/cinder/cinder/api/api_utils.py:73}}
Feb 15 15:09:56.814101 dv-cinder-778193-15-smb devstack@c-api.service[109770]: DEBUG cinder.volume.api [None req-80144246-3e33-4627-bb32-0f7615c8b914 tempest-GroupsTest-1953950800 tempest-GroupsTest-1953950800-project] Searching by: MultiDict([('no_migration_targets', True)]). {{(pid=109770) get_all /opt/stack/cinder/cinder/volume/api.py:661}}
Feb 15 15:09:56.826431 dv-cinder-778193-15-smb devstack@c-api.service[109771]: INFO cinder.api.openstack.wsgi [None req-657dd591-e3e5-43ed-b0e7-8fa1a87c8cc8 tempest-GroupSnapshotsTest-311937029 tempest-GroupSnapshotsTest-311937029-project] POST http://10.222.0.81/volume/v3/f14f737f4a314402abf001ab7b4d3479/groups/action
Feb 15 15:09:56.833309 dv-cinder-778193-15-smb devstack@c-api.service[109771]: DEBUG cinder.api.openstack.wsgi [None req-657dd591-e3e5-43ed-b0e7-8fa1a87c8cc8 tempest-GroupSnapshotsTest-311937029 tempest-GroupSnapshotsTest-311937029-project] Action body: b'{"create-from-src": {"group_snapshot_id": "93aa6fa9-9555-4ce1-80a0-17a5f81c2022", "name": "tempest-Group_from_snap-217166940"}}' {{(pid=109771) get_method /opt/stack/cinder/cinder/api/openstack/wsgi.py:983}}
Feb 15 15:09:56.835980 dv-cinder-778193-15-smb devstack@c-api.service[109771]: DEBUG cinder.api.openstack.wsgi [None req-657dd591-e3e5-43ed-b0e7-8fa1a87c8cc8 tempest-GroupSnapshotsTest-311937029 tempest-GroupSnapshotsTest-311937029-project] Action: 'action', calling method: version_select, body: {"create-from-src": {"group_snapshot_id": "93aa6fa9-9555-4ce1-80a0-17a5f81c2022", "name": "tempest-Group_from_snap-217166940"}} {{(pid=109771) _process_stack /opt/stack/cinder/cinder/api/openstack/wsgi.py:866}}
Feb 15 15:09:56.837583 dv-cinder-778193-15-smb devstack@c-api.service[109771]: DEBUG cinder.api.v3.groups [None req-657dd591-e3e5-43ed-b0e7-8fa1a87c8cc8 tempest-GroupSnapshotsTest-311937029 tempest-GroupSnapshotsTest-311937029-project] Creating new group {'create-from-src': {'group_snapshot_id': '93aa6fa9-9555-4ce1-80a0-17a5f81c2022', 'name': 'tempest-Group_from_snap-217166940'}}. {{(pid=109771) create_from_src /opt/stack/cinder/cinder/api/v3/groups.py:236}}
Feb 15 15:09:56.838651 dv-cinder-778193-15-smb devstack@c-api.service[109771]: INFO cinder.api.v3.groups [None req-657dd591-e3e5-43ed-b0e7-8fa1a87c8cc8 tempest-GroupSnapshotsTest-311937029 tempest-GroupSnapshotsTest-311937029-project] Creating group tempest-Group_from_snap-217166940 from group_snapshot 93aa6fa9-9555-4ce1-80a0-17a5f81c2022.
Feb 15 15:09:56.852568 dv-cinder-778193-15-smb devstack@c-api.service[109771]: /usr/local/lib/python3.8/dist-packages/oslo_context/context.py:105: DeprecationWarning: Policy enforcement is depending on the value of is_admin. This key is deprecated. Please update your policy file to use the standard policy values.
Feb 15 15:09:56.852568 dv-cinder-778193-15-smb devstack@c-api.service[109771]: warnings.warn('Policy enforcement is depending on the value of '
Feb 15 15:09:56.874091 dv-cinder-778193-15-smb devstack@c-api.service[109771]: /usr/local/lib/python3.8/dist-packages/oslo_context/context.py:105: DeprecationWarning: Policy enforcement is depending on the value of is_admin. This key is deprecated. Please update your policy file to use the standard policy values.
Feb 15 15:09:56.874091 dv-cinder-778193-15-smb devstack@c-api.service[109771]: warnings.warn('Policy enforcement is depending on the value of '
Feb 15 15:09:56.894011 dv-cinder-778193-15-smb devstack@c-api.service[109771]: /usr/local/lib/python3.8/dist-packages/oslo_context/context.py:105: DeprecationWarning: Policy enforcement is depending on the value of is_admin. This key is deprecated. Please update your policy file to use the standard policy values.
Feb 15 15:09:56.894011 dv-cinder-778193-15-smb devstack@c-api.service[109771]: warnings.warn('Policy enforcement is depending on the value of '
Feb 15 15:09:56.925408 dv-cinder-778193-15-smb devstack@c-api.service[109770]: INFO cinder.volume.api [None req-80144246-3e33-4627-bb32-0f7615c8b914 tempest-GroupsTest-1953950800 tempest-GroupsTest-1953950800-project] Get all volumes completed successfully.
Feb 15 15:09:56.926986 dv-cinder-778193-15-smb devstack@c-api.service[109770]: WARNING stevedore.named [None req-80144246-3e33-4627-bb32-0f7615c8b914 tempest-GroupsTest-1953950800 tempest-GroupsTest-1953950800-project] Could not load cinder.keymgr.conf_key_mgr.ConfKeyManager
Feb 15 15:09:56.927588 dv-cinder-778193-15-smb devstack@c-api.service[109770]: WARNING castellan.key_manager [None req-80144246-3e33-4627-bb32-0f7615c8b914 tempest-GroupsTest-1953950800 tempest-GroupsTest-1953950800-project] Deprecation Warning : cinder.keymgr.conf_key_mgr.ConfKeyManager is not a stevedore based driver, trying to load it as a class: stevedore.exception.NoMatches: No 'castellan.drivers' driver found, looking for 'cinder.keymgr.conf_key_mgr.ConfKeyManager'
Feb 15 15:09:56.945797 dv-cinder-778193-15-smb devstack@c-api.service[109770]: DEBUG oslo_db.sqlalchemy.engines [None req-80144246-3e33-4627-bb32-0f7615c8b914 tempest-GroupsTest-1953950800 tempest-GroupsTest-1953950800-project] MySQL server mode set to STRICT_TRANS_TABLES,STRICT_ALL_TABLES,NO_ZERO_IN_DATE,NO_ZERO_DATE,ERROR_FOR_DIVISION_BY_ZERO,TRADITIONAL,NO_ENGINE_SUBSTITUTION {{(pid=109770) _check_effective_sql_mode /usr/local/lib/python3.8/dist-packages/oslo_db/sqlalchemy/engines.py:314}}
Feb 15 15:09:56.954013 dv-cinder-778193-15-smb devstack@c-api.service[109770]: /usr/local/lib/python3.8/dist-packages/oslo_context/context.py:105: DeprecationWarning: Policy enforcement is depending on the value of is_admin. This key is deprecated. Please update your policy file to use the standard policy values.
Feb 15 15:09:56.954013 dv-cinder-778193-15-smb devstack@c-api.service[109770]: warnings.warn('Policy enforcement is depending on the value of '
Feb 15 15:09:56.988300 dv-cinder-778193-15-smb devstack@c-api.service[109770]: INFO cinder.api.openstack.wsgi [None req-80144246-3e33-4627-bb32-0f7615c8b914 tempest-GroupsTest-1953950800 tempest-GroupsTest-1953950800-project] http://10.222.0.81/volume/v3/2f621fd1bd3c4b4a8ebdef04d81dde65/volumes/detail returned with HTTP 200
Feb 15 15:09:56.991315 dv-cinder-778193-15-smb devstack@c-api.service[109770]: [pid: 109770|app: 0|req: 34/67] 10.222.0.81 () {60 vars in 1275 bytes} [Tue Feb 15 15:09:56 2022] GET /volume/v3/2f621fd1bd3c4b4a8ebdef04d81dde65/volumes/detail => generated 975 bytes in 188 msecs (HTTP/1.1 200) 7 headers in 286 bytes (1 switches on core 0)
Feb 15 15:09:56.999256 dv-cinder-778193-15-smb devstack@c-api.service[109770]: INFO cinder.api.openstack.wsgi [req-4fca518f-e9e0-40c6-9cc1-8fcf5f8ac6e7 req-3a73e82e-c691-46d5-87cf-c3c35bfe869a tempest-VolumesTestJSON-1303944870 tempest-VolumesTestJSON-1303944870-project] GET http://10.222.0.81/volume/v3/ad6449abc7a34524bdede5a4d9eb1f36/volumes/detail
Feb 15 15:09:57.000621 dv-cinder-778193-15-smb devstack@c-api.service[109770]: DEBUG cinder.api.openstack.wsgi [req-4fca518f-e9e0-40c6-9cc1-8fcf5f8ac6e7 req-3a73e82e-c691-46d5-87cf-c3c35bfe869a tempest-VolumesTestJSON-1303944870 tempest-VolumesTestJSON-1303944870-project] Empty body provided in request {{(pid=109770) get_body /opt/stack/cinder/cinder/api/openstack/wsgi.py:715}}
Feb 15 15:09:57.002404 dv-cinder-778193-15-smb devstack@c-api.service[109770]: DEBUG cinder.api.openstack.wsgi [req-4fca518f-e9e0-40c6-9cc1-8fcf5f8ac6e7 req-3a73e82e-c691-46d5-87cf-c3c35bfe869a tempest-VolumesTestJSON-1303944870 tempest-VolumesTestJSON-1303944870-project] Calling method 'detail' {{(pid=109770) _process_stack /opt/stack/cinder/cinder/api/openstack/wsgi.py:868}}
Feb 15 15:09:57.006577 dv-cinder-778193-15-smb devstack@c-api.service[109770]: DEBUG cinder.api.api_utils [req-4fca518f-e9e0-40c6-9cc1-8fcf5f8ac6e7 req-3a73e82e-c691-46d5-87cf-c3c35bfe869a tempest-VolumesTestJSON-1303944870 tempest-VolumesTestJSON-1303944870-project] Removing options '' from query. {{(pid=109770) remove_invalid_filter_options /opt/stack/cinder/cinder/api/api_utils.py:73}}
Feb 15 15:09:57.009176 dv-cinder-778193-15-smb devstack@c-api.service[109770]: DEBUG cinder.volume.api [req-4fca518f-e9e0-40c6-9cc1-8fcf5f8ac6e7 req-3a73e82e-c691-46d5-87cf-c3c35bfe869a tempest-VolumesTestJSON-1303944870 tempest-VolumesTestJSON-1303944870-project] Searching by: MultiDict([('no_migration_targets', True)]). {{(pid=109770) get_all /opt/stack/cinder/cinder/volume/api.py:661}}
Feb 15 15:09:57.050343 dv-cinder-778193-15-smb devstack@c-api.service[109771]: DEBUG cinder.quota [None req-657dd591-e3e5-43ed-b0e7-8fa1a87c8cc8 tempest-GroupSnapshotsTest-311937029 tempest-GroupSnapshotsTest-311937029-project] Created reservations ['68ba2fd0-b265-462b-87d1-839c5add4f0a'] {{(pid=109771) reserve /opt/stack/cinder/cinder/quota.py:755}}
Feb 15 15:09:57.098613 dv-cinder-778193-15-smb devstack@c-api.service[109770]: INFO cinder.volume.api [req-4fca518f-e9e0-40c6-9cc1-8fcf5f8ac6e7 req-3a73e82e-c691-46d5-87cf-c3c35bfe869a tempest-VolumesTestJSON-1303944870 tempest-VolumesTestJSON-1303944870-project] Get all volumes completed successfully.
Feb 15 15:09:57.101847 dv-cinder-778193-15-smb devstack@c-api.service[109770]: /usr/local/lib/python3.8/dist-packages/oslo_context/context.py:105: DeprecationWarning: Policy enforcement is depending on the value of is_admin. This key is deprecated. Please update your policy file to use the standard policy values.
Feb 15 15:09:57.101847 dv-cinder-778193-15-smb devstack@c-api.service[109770]: warnings.warn('Policy enforcement is depending on the value of '
Feb 15 15:09:57.112969 dv-cinder-778193-15-smb devstack@c-api.service[109770]: INFO cinder.api.openstack.wsgi [req-4fca518f-e9e0-40c6-9cc1-8fcf5f8ac6e7 req-3a73e82e-c691-46d5-87cf-c3c35bfe869a tempest-VolumesTestJSON-1303944870 tempest-VolumesTestJSON-1303944870-project] http://10.222.0.81/volume/v3/ad6449abc7a34524bdede5a4d9eb1f36/volumes/detail returned with HTTP 200
Feb 15 15:09:57.114524 dv-cinder-778193-15-smb devstack@c-api.service[109770]: [pid: 109770|app: 0|req: 35/68] 10.222.0.81 () {60 vars in 1488 bytes} [Tue Feb 15 15:09:56 2022] GET /volume/v3/ad6449abc7a34524bdede5a4d9eb1f36/volumes/detail => generated 2749 bytes in 122 msecs (HTTP/1.1 200) 7 headers in 286 bytes (1 switches on core 0)
Feb 15 15:09:57.120775 dv-cinder-778193-15-smb devstack@c-api.service[109770]: INFO cinder.api.openstack.wsgi [None req-17a84ac1-4b8a-420d-9f17-07ea8422aeba tempest-GroupsTest-1953950800 tempest-GroupsTest-1953950800-project] POST http://10.222.0.81/volume/v3/2f621fd1bd3c4b4a8ebdef04d81dde65/groups/6e9dce90-89cc-48d9-9c9b-c4eee8b05b75/action
Feb 15 15:09:57.121877 dv-cinder-778193-15-smb devstack@c-api.service[109770]: DEBUG cinder.api.openstack.wsgi [None req-17a84ac1-4b8a-420d-9f17-07ea8422aeba tempest-GroupsTest-1953950800 tempest-GroupsTest-1953950800-project] Action body: b'{"delete": {"delete-volumes": true}}' {{(pid=109770) get_method /opt/stack/cinder/cinder/api/openstack/wsgi.py:983}}
Feb 15 15:09:57.122222 dv-cinder-778193-15-smb devstack@c-api.service[109770]: DEBUG cinder.api.openstack.wsgi [None req-17a84ac1-4b8a-420d-9f17-07ea8422aeba tempest-GroupsTest-1953950800 tempest-GroupsTest-1953950800-project] Action: 'action', calling method: version_select, body: {"delete": {"delete-volumes": true}} {{(pid=109770) _process_stack /opt/stack/cinder/cinder/api/openstack/wsgi.py:866}}
Feb 15 15:09:57.123014 dv-cinder-778193-15-smb devstack@c-api.service[109770]: DEBUG cinder.api.v3.groups [None req-17a84ac1-4b8a-420d-9f17-07ea8422aeba tempest-GroupsTest-1953950800 tempest-GroupsTest-1953950800-project] delete called for group 6e9dce90-89cc-48d9-9c9b-c4eee8b05b75 {{(pid=109770) _delete /opt/stack/cinder/cinder/api/v3/groups.py:117}}
Feb 15 15:09:57.123477 dv-cinder-778193-15-smb devstack@c-api.service[109770]: INFO cinder.api.v3.groups [None req-17a84ac1-4b8a-420d-9f17-07ea8422aeba tempest-GroupsTest-1953950800 tempest-GroupsTest-1953950800-project] Delete group with id: 6e9dce90-89cc-48d9-9c9b-c4eee8b05b75
Feb 15 15:09:57.130536 dv-cinder-778193-15-smb devstack@c-api.service[109770]: /usr/local/lib/python3.8/dist-packages/oslo_context/context.py:105: DeprecationWarning: Policy enforcement is depending on the value of is_admin. This key is deprecated. Please update your policy file to use the standard policy values.
Feb 15 15:09:57.130536 dv-cinder-778193-15-smb devstack@c-api.service[109770]: warnings.warn('Policy enforcement is depending on the value of '
Feb 15 15:09:57.204109 dv-cinder-778193-15-smb devstack@c-api.service[109771]: INFO cinder.group.api [None req-657dd591-e3e5-43ed-b0e7-8fa1a87c8cc8 tempest-GroupSnapshotsTest-311937029 tempest-GroupSnapshotsTest-311937029-project] A mapping entry already exists for group eccad219-2c7c-4741-9494-66a0cc47957c and volume type 4a116844-2036-419b-99d0-f4b69d358032. Do not need to create again.
Feb 15 15:09:57.205514 dv-cinder-778193-15-smb devstack@c-api.service[109771]: /usr/local/lib/python3.8/dist-packages/oslo_context/context.py:105: DeprecationWarning: Policy enforcement is depending on the value of is_admin. This key is deprecated. Please update your policy file to use the standard policy values.
Feb 15 15:09:57.205514 dv-cinder-778193-15-smb devstack@c-api.service[109771]: warnings.warn('Policy enforcement is depending on the value of '
Feb 15 15:09:57.207072 dv-cinder-778193-15-smb devstack@c-api.service[109771]: INFO cinder.volume.api [None req-657dd591-e3e5-43ed-b0e7-8fa1a87c8cc8 tempest-GroupSnapshotsTest-311937029 tempest-GroupSnapshotsTest-311937029-project] Availability Zones retrieved successfully.
Feb 15 15:09:57.222857 dv-cinder-778193-15-smb devstack@c-api.service[109771]: DEBUG cinder.volume.api [None req-657dd591-e3e5-43ed-b0e7-8fa1a87c8cc8 tempest-GroupSnapshotsTest-311937029 tempest-GroupSnapshotsTest-311937029-project] Flow 'volume_create_api' (35c800f7-98dc-4616-9b5b-1da8cb6a8da6) transitioned into state 'RUNNING' from state 'PENDING' {{(pid=109771) _flow_receiver /usr/local/lib/python3.8/dist-packages/taskflow/listeners/logging.py:141}}
Feb 15 15:09:57.226387 dv-cinder-778193-15-smb devstack@c-api.service[109771]: DEBUG cinder.volume.api [None req-657dd591-e3e5-43ed-b0e7-8fa1a87c8cc8 tempest-GroupSnapshotsTest-311937029 tempest-GroupSnapshotsTest-311937029-project] Task 'cinder.volume.flows.api.create_volume.ExtractVolumeRequestTask;volume:create' (c70a20ca-6a7f-42c3-8c57-27239d3a91f3) transitioned into state 'RUNNING' from state 'PENDING' {{(pid=109771) _task_receiver /usr/local/lib/python3.8/dist-packages/taskflow/listeners/logging.py:190}}
Feb 15 15:09:57.229200 dv-cinder-778193-15-smb devstack@c-api.service[109771]: DEBUG cinder.volume.flows.api.create_volume [None req-657dd591-e3e5-43ed-b0e7-8fa1a87c8cc8 tempest-GroupSnapshotsTest-311937029 tempest-GroupSnapshotsTest-311937029-project] Validating volume size '1' using validate_int, validate_snap_size {{(pid=109771) _extract_size /opt/stack/cinder/cinder/volume/flows/api/create_volume.py:225}}
Feb 15 15:09:57.272038 dv-cinder-778193-15-smb devstack@c-api.service[109771]: DEBUG cinder.volume.api [None req-657dd591-e3e5-43ed-b0e7-8fa1a87c8cc8 tempest-GroupSnapshotsTest-311937029 tempest-GroupSnapshotsTest-311937029-project] Task 'cinder.volume.flows.api.create_volume.ExtractVolumeRequestTask;volume:create' (c70a20ca-6a7f-42c3-8c57-27239d3a91f3) transitioned into state 'SUCCESS' from state 'RUNNING' with result '{'size': 1, 'snapshot_id': '7581c70f-cdc3-4441-8bec-746a9025c395', 'source_volid': None, 'volume_type': VolumeType(created_at=2022-02-15T15:09:50Z,deleted=False,deleted_at=None,description=None,extra_specs={},id=4a116844-2036-419b-99d0-f4b69d358032,is_public=True,name='tempest-GroupSnapshotsTest-volume-type-1870592633',projects=[],qos_specs=,qos_specs_id=None,updated_at=None), 'volume_type_id': '4a116844-2036-419b-99d0-f4b69d358032', 'encryption_key_id': None, 'qos_specs': None, 'consistencygroup_id': None, 'cgsnapshot_id': None, 'group_id': 'eccad219-2c7c-4741-9494-66a0cc47957c', 'replication_status': 'disabled', 'refresh_az': False, 'backup_id': None, 'multiattach': False, 'availability_zones': ['nova']}' {{(pid=109771) _task_receiver /usr/local/lib/python3.8/dist-packages/taskflow/listeners/logging.py:178}}
Feb 15 15:09:57.275795 dv-cinder-778193-15-smb devstack@c-api.service[109771]: DEBUG cinder.volume.api [None req-657dd591-e3e5-43ed-b0e7-8fa1a87c8cc8 tempest-GroupSnapshotsTest-311937029 tempest-GroupSnapshotsTest-311937029-project] Task 'cinder.volume.flows.api.create_volume.QuotaReserveTask;volume:create' (d6cabcd5-423a-4781-85cb-a69bda4ea8f7) transitioned into state 'RUNNING' from state 'PENDING' {{(pid=109771) _task_receiver /usr/local/lib/python3.8/dist-packages/taskflow/listeners/logging.py:190}}
Feb 15 15:09:57.289558 dv-cinder-778193-15-smb devstack@c-api.service[109770]: INFO cinder.api.openstack.wsgi [None req-17a84ac1-4b8a-420d-9f17-07ea8422aeba tempest-GroupsTest-1953950800 tempest-GroupsTest-1953950800-project] http://10.222.0.81/volume/v3/2f621fd1bd3c4b4a8ebdef04d81dde65/groups/6e9dce90-89cc-48d9-9c9b-c4eee8b05b75/action returned with HTTP 202
Feb 15 15:09:57.293949 dv-cinder-778193-15-smb devstack@c-api.service[109770]: [pid: 109770|app: 0|req: 36/69] 10.222.0.81 () {62 vars in 1404 bytes} [Tue Feb 15 15:09:57 2022] POST /volume/v3/2f621fd1bd3c4b4a8ebdef04d81dde65/groups/6e9dce90-89cc-48d9-9c9b-c4eee8b05b75/action => generated 0 bytes in 179 msecs (HTTP/1.1 202) 6 headers in 234 bytes (1 switches on core 0)
Feb 15 15:09:57.304584 dv-cinder-778193-15-smb devstack@c-api.service[109770]: INFO cinder.api.openstack.wsgi [req-0f5b789e-88ff-4771-ba6c-cbaced73bb94 req-6be7c7d6-36e6-4a82-b018-0e7e6a893440 tempest-VolumesSnapshotsTestJSON-379227351 tempest-VolumesSnapshotsTestJSON-379227351-project] GET http://10.222.0.81/volume/v3/6fbdb6ec3dec4977b36017f495755987/volumes/9f7f5f9e-9d1a-48c6-9d45-2837ab3af477
Feb 15 15:09:57.308125 dv-cinder-778193-15-smb devstack@c-api.service[109770]: DEBUG cinder.api.openstack.wsgi [req-0f5b789e-88ff-4771-ba6c-cbaced73bb94 req-6be7c7d6-36e6-4a82-b018-0e7e6a893440 tempest-VolumesSnapshotsTestJSON-379227351 tempest-VolumesSnapshotsTestJSON-379227351-project] Empty body provided in request {{(pid=109770) get_body /opt/stack/cinder/cinder/api/openstack/wsgi.py:715}}
Feb 15 15:09:57.309144 dv-cinder-778193-15-smb devstack@c-api.service[109770]: DEBUG cinder.api.openstack.wsgi [req-0f5b789e-88ff-4771-ba6c-cbaced73bb94 req-6be7c7d6-36e6-4a82-b018-0e7e6a893440 tempest-VolumesSnapshotsTestJSON-379227351 tempest-VolumesSnapshotsTestJSON-379227351-project] Calling method 'show' {{(pid=109770) _process_stack /opt/stack/cinder/cinder/api/openstack/wsgi.py:868}}
Feb 15 15:09:57.332354 dv-cinder-778193-15-smb devstack@c-api.service[109770]: INFO cinder.api.openstack.wsgi [req-0f5b789e-88ff-4771-ba6c-cbaced73bb94 req-6be7c7d6-36e6-4a82-b018-0e7e6a893440 tempest-VolumesSnapshotsTestJSON-379227351 tempest-VolumesSnapshotsTestJSON-379227351-project] http://10.222.0.81/volume/v3/6fbdb6ec3dec4977b36017f495755987/volumes/9f7f5f9e-9d1a-48c6-9d45-2837ab3af477 returned with HTTP 404
Feb 15 15:09:57.355158 dv-cinder-778193-15-smb devstack@c-api.service[109771]: WARNING cinder.quota [None req-657dd591-e3e5-43ed-b0e7-8fa1a87c8cc8 tempest-GroupSnapshotsTest-311937029 tempest-GroupSnapshotsTest-311937029-project] Deprecated: Default quota for resource: volumes_tempest-GroupSnapshotsTest-volume-type-1870592633 is set by the default quota flag: quota_volumes_tempest-GroupSnapshotsTest-volume-type-1870592633, it is now deprecated. Please use the default quota class for default quota.
Feb 15 15:09:57.356076 dv-cinder-778193-15-smb devstack@c-api.service[109770]: [pid: 109770|app: 0|req: 37/70] 10.222.0.81 () {60 vars in 1578 bytes} [Tue Feb 15 15:09:57 2022] GET /volume/v3/6fbdb6ec3dec4977b36017f495755987/volumes/9f7f5f9e-9d1a-48c6-9d45-2837ab3af477 => generated 109 bytes in 54 msecs (HTTP/1.1 404) 7 headers in 292 bytes (1 switches on core 0)
Feb 15 15:09:57.363568 dv-cinder-778193-15-smb devstack@c-api.service[109770]: INFO cinder.api.openstack.wsgi [None req-75c336db-f1d7-4fbf-877e-d658c2b17193 tempest-GroupsTest-1953950800 tempest-GroupsTest-1953950800-project] GET http://10.222.0.81/volume/v3/2f621fd1bd3c4b4a8ebdef04d81dde65/volumes/5de148ca-6296-4ea2-ad78-4811d562c7ce
Feb 15 15:09:57.364083 dv-cinder-778193-15-smb devstack@c-api.service[109770]: DEBUG cinder.api.openstack.wsgi [None req-75c336db-f1d7-4fbf-877e-d658c2b17193 tempest-GroupsTest-1953950800 tempest-GroupsTest-1953950800-project] Empty body provided in request {{(pid=109770) get_body /opt/stack/cinder/cinder/api/openstack/wsgi.py:715}}
Feb 15 15:09:57.373938 dv-cinder-778193-15-smb devstack@c-api.service[109770]: DEBUG cinder.api.openstack.wsgi [None req-75c336db-f1d7-4fbf-877e-d658c2b17193 tempest-GroupsTest-1953950800 tempest-GroupsTest-1953950800-project] Calling method 'show' {{(pid=109770) _process_stack /opt/stack/cinder/cinder/api/openstack/wsgi.py:868}}
Feb 15 15:09:57.394555 dv-cinder-778193-15-smb devstack@c-api.service[109770]: /usr/local/lib/python3.8/dist-packages/oslo_context/context.py:105: DeprecationWarning: Policy enforcement is depending on the value of is_admin. This key is deprecated. Please update your policy file to use the standard policy values.
Feb 15 15:09:57.394555 dv-cinder-778193-15-smb devstack@c-api.service[109770]: warnings.warn('Policy enforcement is depending on the value of '
Feb 15 15:09:57.394803 dv-cinder-778193-15-smb devstack@c-api.service[109771]: DEBUG cinder.quota [None req-657dd591-e3e5-43ed-b0e7-8fa1a87c8cc8 tempest-GroupSnapshotsTest-311937029 tempest-GroupSnapshotsTest-311937029-project] Created reservations ['39533ef2-b14a-419d-865d-a0d0543108d7', '076e9f35-5e14-443e-8f69-58e71580dfe0'] {{(pid=109771) reserve /opt/stack/cinder/cinder/quota.py:755}}
Feb 15 15:09:57.398289 dv-cinder-778193-15-smb devstack@c-api.service[109771]: DEBUG cinder.volume.api [None req-657dd591-e3e5-43ed-b0e7-8fa1a87c8cc8 tempest-GroupSnapshotsTest-311937029 tempest-GroupSnapshotsTest-311937029-project] Task 'cinder.volume.flows.api.create_volume.QuotaReserveTask;volume:create' (d6cabcd5-423a-4781-85cb-a69bda4ea8f7) transitioned into state 'SUCCESS' from state 'RUNNING' with result '{'reservations': ['39533ef2-b14a-419d-865d-a0d0543108d7', '076e9f35-5e14-443e-8f69-58e71580dfe0']}' {{(pid=109771) _task_receiver /usr/local/lib/python3.8/dist-packages/taskflow/listeners/logging.py:178}}
Feb 15 15:09:57.401574 dv-cinder-778193-15-smb devstack@c-api.service[109771]: DEBUG cinder.volume.api [None req-657dd591-e3e5-43ed-b0e7-8fa1a87c8cc8 tempest-GroupSnapshotsTest-311937029 tempest-GroupSnapshotsTest-311937029-project] Task 'cinder.volume.flows.api.create_volume.EntryCreateTask;volume:create' (4c4408db-e2e7-4d1d-a041-7ed741a20312) transitioned into state 'RUNNING' from state 'PENDING' {{(pid=109771) _task_receiver /usr/local/lib/python3.8/dist-packages/taskflow/listeners/logging.py:190}}
Feb 15 15:09:57.404302 dv-cinder-778193-15-smb devstack@c-api.service[109770]: INFO cinder.volume.api [None req-75c336db-f1d7-4fbf-877e-d658c2b17193 tempest-GroupsTest-1953950800 tempest-GroupsTest-1953950800-project] Volume info retrieved successfully.
Feb 15 15:09:57.405899 dv-cinder-778193-15-smb devstack@c-api.service[109770]: WARNING stevedore.named [None req-75c336db-f1d7-4fbf-877e-d658c2b17193 tempest-GroupsTest-1953950800 tempest-GroupsTest-1953950800-project] Could not load cinder.keymgr.conf_key_mgr.ConfKeyManager
Feb 15 15:09:57.406455 dv-cinder-778193-15-smb devstack@c-api.service[109770]: WARNING castellan.key_manager [None req-75c336db-f1d7-4fbf-877e-d658c2b17193 tempest-GroupsTest-1953950800 tempest-GroupsTest-1953950800-project] Deprecation Warning : cinder.keymgr.conf_key_mgr.ConfKeyManager is not a stevedore based driver, trying to load it as a class: stevedore.exception.NoMatches: No 'castellan.drivers' driver found, looking for 'cinder.keymgr.conf_key_mgr.ConfKeyManager'
Feb 15 15:09:57.416303 dv-cinder-778193-15-smb devstack@c-api.service[109770]: DEBUG oslo_db.sqlalchemy.engines [None req-75c336db-f1d7-4fbf-877e-d658c2b17193 tempest-GroupsTest-1953950800 tempest-GroupsTest-1953950800-project] MySQL server mode set to STRICT_TRANS_TABLES,STRICT_ALL_TABLES,NO_ZERO_IN_DATE,NO_ZERO_DATE,ERROR_FOR_DIVISION_BY_ZERO,TRADITIONAL,NO_ENGINE_SUBSTITUTION {{(pid=109770) _check_effective_sql_mode /usr/local/lib/python3.8/dist-packages/oslo_db/sqlalchemy/engines.py:314}}
Feb 15 15:09:57.422233 dv-cinder-778193-15-smb devstack@c-api.service[109770]: /usr/local/lib/python3.8/dist-packages/oslo_context/context.py:105: DeprecationWarning: Policy enforcement is depending on the value of is_admin. This key is deprecated. Please update your policy file to use the standard policy values.
Feb 15 15:09:57.422233 dv-cinder-778193-15-smb devstack@c-api.service[109770]: warnings.warn('Policy enforcement is depending on the value of '
Feb 15 15:09:57.441632 dv-cinder-778193-15-smb devstack@c-api.service[109770]: INFO cinder.api.openstack.wsgi [None req-75c336db-f1d7-4fbf-877e-d658c2b17193 tempest-GroupsTest-1953950800 tempest-GroupsTest-1953950800-project] http://10.222.0.81/volume/v3/2f621fd1bd3c4b4a8ebdef04d81dde65/volumes/5de148ca-6296-4ea2-ad78-4811d562c7ce returned with HTTP 200
Feb 15 15:09:57.442762 dv-cinder-778193-15-smb devstack@c-api.service[109770]: [pid: 109770|app: 0|req: 38/71] 10.222.0.81 () {60 vars in 1365 bytes} [Tue Feb 15 15:09:57 2022] GET /volume/v3/2f621fd1bd3c4b4a8ebdef04d81dde65/volumes/5de148ca-6296-4ea2-ad78-4811d562c7ce => generated 971 bytes in 86 msecs (HTTP/1.1 200) 7 headers in 286 bytes (1 switches on core 0)
Feb 15 15:09:57.462709 dv-cinder-778193-15-smb devstack@c-api.service[109770]: INFO cinder.api.openstack.wsgi [req-1b5acfb5-c83b-43a2-86da-10604f0355fe req-42f41289-923b-49a5-98a4-2d30974cfb06 tempest-VolumesTestJSON-1303944870 tempest-VolumesTestJSON-1303944870-project] GET http://10.222.0.81/volume/v3/ad6449abc7a34524bdede5a4d9eb1f36/volumes/detail
Feb 15 15:09:57.462851 dv-cinder-778193-15-smb devstack@c-api.service[109770]: DEBUG cinder.api.openstack.wsgi [req-1b5acfb5-c83b-43a2-86da-10604f0355fe req-42f41289-923b-49a5-98a4-2d30974cfb06 tempest-VolumesTestJSON-1303944870 tempest-VolumesTestJSON-1303944870-project] Empty body provided in request {{(pid=109770) get_body /opt/stack/cinder/cinder/api/openstack/wsgi.py:715}}
Feb 15 15:09:57.463537 dv-cinder-778193-15-smb devstack@c-api.service[109770]: DEBUG cinder.api.openstack.wsgi [req-1b5acfb5-c83b-43a2-86da-10604f0355fe req-42f41289-923b-49a5-98a4-2d30974cfb06 tempest-VolumesTestJSON-1303944870 tempest-VolumesTestJSON-1303944870-project] Calling method 'detail' {{(pid=109770) _process_stack /opt/stack/cinder/cinder/api/openstack/wsgi.py:868}}
Feb 15 15:09:57.464265 dv-cinder-778193-15-smb devstack@c-api.service[109770]: DEBUG cinder.api.api_utils [req-1b5acfb5-c83b-43a2-86da-10604f0355fe req-42f41289-923b-49a5-98a4-2d30974cfb06 tempest-VolumesTestJSON-1303944870 tempest-VolumesTestJSON-1303944870-project] Removing options '' from query. {{(pid=109770) remove_invalid_filter_options /opt/stack/cinder/cinder/api/api_utils.py:73}}
Feb 15 15:09:57.466071 dv-cinder-778193-15-smb devstack@c-api.service[109770]: DEBUG cinder.volume.api [req-1b5acfb5-c83b-43a2-86da-10604f0355fe req-42f41289-923b-49a5-98a4-2d30974cfb06 tempest-VolumesTestJSON-1303944870 tempest-VolumesTestJSON-1303944870-project] Searching by: MultiDict([('no_migration_targets', True)]). {{(pid=109770) get_all /opt/stack/cinder/cinder/volume/api.py:661}}
Feb 15 15:09:57.510344 dv-cinder-778193-15-smb devstack@c-api.service[109771]: DEBUG cinder.volume.api [None req-657dd591-e3e5-43ed-b0e7-8fa1a87c8cc8 tempest-GroupSnapshotsTest-311937029 tempest-GroupSnapshotsTest-311937029-project] Task 'cinder.volume.flows.api.create_volume.EntryCreateTask;volume:create' (4c4408db-e2e7-4d1d-a041-7ed741a20312) transitioned into state 'SUCCESS' from state 'RUNNING' with result '{'volume_id': '74ed5cc5-819c-4985-b9df-0e27ab7528d0', 'volume_properties': VolumeProperties(attach_status='detached',availability_zone='nova',cgsnapshot_id=None,consistencygroup_id=None,display_description=None,display_name=None,encryption_key_id=None,group_id=eccad219-2c7c-4741-9494-66a0cc47957c,group_type_id=,metadata={},multiattach=False,project_id='f14f737f4a314402abf001ab7b4d3479',qos_specs=None,replication_status=,reservations=['39533ef2-b14a-419d-865d-a0d0543108d7','076e9f35-5e14-443e-8f69-58e71580dfe0'],size=1,snapshot_id=7581c70f-cdc3-4441-8bec-746a9025c395,source_replicaid=,source_volid=None,status='creating',user_id='f3af90a3cd1346fc8178877393874a15',volume_type_id=4a116844-2036-419b-99d0-f4b69d358032), 'volume': Volume(_name_id=None,admin_metadata=,attach_status='detached',availability_zone='nova',bootable=False,cluster=,cluster_name=None,consistencygroup=,consistencygroup_id=None,created_at=2022-02-15T15:09:57Z,deleted=False,deleted_at=None,display_description=None,display_name=None,ec2_id=None,encryption_key_id=None,glance_metadata=,group=,group_id=eccad219-2c7c-4741-9494-66a0cc47957c,host=None,id=74ed5cc5-819c-4985-b9df-0e27ab7528d0,launched_at=None,metadata={},migration_status=None,multiattach=False,previous_status=None,project_id='f14f737f4a314402abf001ab7b4d3479',provider_auth=None,provider_geometry=None,provider_id=None,provider_location=None,replication_driver_data=None,replication_extended_status=None,replication_status=None,scheduled_at=None,service_uuid=None,shared_targets=True,size=1,snapshot_id=7581c70f-cdc3-4441-8bec-746a9025c395,snapshots=,source_volid=None,status='creating',terminated_at=None,updated_at=None,use_quota=True,user_id='f3af90a3cd1346fc8178877393874a15',volume_attachment=VolumeAttachmentList,volume_type=VolumeType(4a116844-2036-419b-99d0-f4b69d358032),volume_type_id=4a116844-2036-419b-99d0-f4b69d358032)}' {{(pid=109771) _task_receiver /usr/local/lib/python3.8/dist-packages/taskflow/listeners/logging.py:178}}
Feb 15 15:09:57.513455 dv-cinder-778193-15-smb devstack@c-api.service[109771]: DEBUG cinder.volume.api [None req-657dd591-e3e5-43ed-b0e7-8fa1a87c8cc8 tempest-GroupSnapshotsTest-311937029 tempest-GroupSnapshotsTest-311937029-project] Task 'cinder.volume.flows.api.create_volume.QuotaCommitTask;volume:create' (e38eeb0f-0bb1-4f42-ae89-2bfc6aadf252) transitioned into state 'RUNNING' from state 'PENDING' {{(pid=109771) _task_receiver /usr/local/lib/python3.8/dist-packages/taskflow/listeners/logging.py:190}}
Feb 15 15:09:57.541127 dv-cinder-778193-15-smb devstack@c-api.service[109770]: INFO cinder.volume.api [req-1b5acfb5-c83b-43a2-86da-10604f0355fe req-42f41289-923b-49a5-98a4-2d30974cfb06 tempest-VolumesTestJSON-1303944870 tempest-VolumesTestJSON-1303944870-project] Get all volumes completed successfully.
Feb 15 15:09:57.544039 dv-cinder-778193-15-smb devstack@c-api.service[109770]: /usr/local/lib/python3.8/dist-packages/oslo_context/context.py:105: DeprecationWarning: Policy enforcement is depending on the value of is_admin. This key is deprecated. Please update your policy file to use the standard policy values.
Feb 15 15:09:57.544039 dv-cinder-778193-15-smb devstack@c-api.service[109770]: warnings.warn('Policy enforcement is depending on the value of '
Feb 15 15:09:57.552468 dv-cinder-778193-15-smb devstack@c-api.service[109770]: INFO cinder.api.openstack.wsgi [req-1b5acfb5-c83b-43a2-86da-10604f0355fe req-42f41289-923b-49a5-98a4-2d30974cfb06 tempest-VolumesTestJSON-1303944870 tempest-VolumesTestJSON-1303944870-project] http://10.222.0.81/volume/v3/ad6449abc7a34524bdede5a4d9eb1f36/volumes/detail returned with HTTP 200
Feb 15 15:09:57.559109 dv-cinder-778193-15-smb devstack@c-api.service[109771]: DEBUG cinder.volume.api [None req-657dd591-e3e5-43ed-b0e7-8fa1a87c8cc8 tempest-GroupSnapshotsTest-311937029 tempest-GroupSnapshotsTest-311937029-project] Task 'cinder.volume.flows.api.create_volume.QuotaCommitTask;volume:create' (e38eeb0f-0bb1-4f42-ae89-2bfc6aadf252) transitioned into state 'SUCCESS' from state 'RUNNING' with result '{'volume_properties': VolumeProperties(attach_status='detached',availability_zone='nova',cgsnapshot_id=None,consistencygroup_id=None,display_description=None,display_name=None,encryption_key_id=None,group_id=eccad219-2c7c-4741-9494-66a0cc47957c,group_type_id=,metadata={},multiattach=False,project_id='f14f737f4a314402abf001ab7b4d3479',qos_specs=None,replication_status=,reservations=['39533ef2-b14a-419d-865d-a0d0543108d7','076e9f35-5e14-443e-8f69-58e71580dfe0'],size=1,snapshot_id=7581c70f-cdc3-4441-8bec-746a9025c395,source_replicaid=,source_volid=None,status='creating',user_id='f3af90a3cd1346fc8178877393874a15',volume_type_id=4a116844-2036-419b-99d0-f4b69d358032)}' {{(pid=109771) _task_receiver /usr/local/lib/python3.8/dist-packages/taskflow/listeners/logging.py:178}}
Feb 15 15:09:57.560877 dv-cinder-778193-15-smb devstack@c-api.service[109770]: [pid: 109770|app: 0|req: 39/72] 10.222.0.81 () {60 vars in 1488 bytes} [Tue Feb 15 15:09:57 2022] GET /volume/v3/ad6449abc7a34524bdede5a4d9eb1f36/volumes/detail => generated 2749 bytes in 104 msecs (HTTP/1.1 200) 7 headers in 286 bytes (1 switches on core 0)
Feb 15 15:09:57.562871 dv-cinder-778193-15-smb devstack@c-api.service[109771]: DEBUG cinder.volume.api [None req-657dd591-e3e5-43ed-b0e7-8fa1a87c8cc8 tempest-GroupSnapshotsTest-311937029 tempest-GroupSnapshotsTest-311937029-project] Flow 'volume_create_api' (35c800f7-98dc-4616-9b5b-1da8cb6a8da6) transitioned into state 'SUCCESS' from state 'RUNNING' {{(pid=109771) _flow_receiver /usr/local/lib/python3.8/dist-packages/taskflow/listeners/logging.py:141}}
Feb 15 15:09:57.564014 dv-cinder-778193-15-smb devstack@c-api.service[109771]: INFO cinder.volume.api [None req-657dd591-e3e5-43ed-b0e7-8fa1a87c8cc8 tempest-GroupSnapshotsTest-311937029 tempest-GroupSnapshotsTest-311937029-project] Create volume request issued successfully.
Feb 15 15:09:57.579397 dv-cinder-778193-15-smb devstack@c-api.service[109770]: INFO cinder.api.openstack.wsgi [req-be99d079-6ffd-4758-8c12-6be31b189ef5 req-84d6bc08-424c-4ccd-9e6d-51440953c149 tempest-VolumesSnapshotsTestJSON-379227351 tempest-VolumesSnapshotsTestJSON-379227351-project] DELETE http://10.222.0.81/volume/v3/6fbdb6ec3dec4977b36017f495755987/volumes/9f7f5f9e-9d1a-48c6-9d45-2837ab3af477
Feb 15 15:09:57.580110 dv-cinder-778193-15-smb devstack@c-api.service[109770]: DEBUG cinder.api.openstack.wsgi [req-be99d079-6ffd-4758-8c12-6be31b189ef5 req-84d6bc08-424c-4ccd-9e6d-51440953c149 tempest-VolumesSnapshotsTestJSON-379227351 tempest-VolumesSnapshotsTestJSON-379227351-project] Empty body provided in request {{(pid=109770) get_body /opt/stack/cinder/cinder/api/openstack/wsgi.py:715}}
Feb 15 15:09:57.580800 dv-cinder-778193-15-smb devstack@c-api.service[109770]: DEBUG cinder.api.openstack.wsgi [req-be99d079-6ffd-4758-8c12-6be31b189ef5 req-84d6bc08-424c-4ccd-9e6d-51440953c149 tempest-VolumesSnapshotsTestJSON-379227351 tempest-VolumesSnapshotsTestJSON-379227351-project] Calling method 'delete' {{(pid=109770) _process_stack /opt/stack/cinder/cinder/api/openstack/wsgi.py:868}}
Feb 15 15:09:57.586197 dv-cinder-778193-15-smb devstack@c-api.service[109770]: INFO cinder.api.v3.volumes [req-be99d079-6ffd-4758-8c12-6be31b189ef5 req-84d6bc08-424c-4ccd-9e6d-51440953c149 tempest-VolumesSnapshotsTestJSON-379227351 tempest-VolumesSnapshotsTestJSON-379227351-project] Delete volume with id: 9f7f5f9e-9d1a-48c6-9d45-2837ab3af477
Feb 15 15:09:57.605813 dv-cinder-778193-15-smb devstack@c-api.service[109770]: INFO cinder.api.openstack.wsgi [req-be99d079-6ffd-4758-8c12-6be31b189ef5 req-84d6bc08-424c-4ccd-9e6d-51440953c149 tempest-VolumesSnapshotsTestJSON-379227351 tempest-VolumesSnapshotsTestJSON-379227351-project] http://10.222.0.81/volume/v3/6fbdb6ec3dec4977b36017f495755987/volumes/9f7f5f9e-9d1a-48c6-9d45-2837ab3af477 returned with HTTP 404
Feb 15 15:09:57.609943 dv-cinder-778193-15-smb devstack@c-api.service[109770]: [pid: 109770|app: 0|req: 40/73] 10.222.0.81 () {62 vars in 1600 bytes} [Tue Feb 15 15:09:57 2022] DELETE /volume/v3/6fbdb6ec3dec4977b36017f495755987/volumes/9f7f5f9e-9d1a-48c6-9d45-2837ab3af477 => generated 109 bytes in 48 msecs (HTTP/1.1 404) 7 headers in 292 bytes (1 switches on core 0)
Feb 15 15:09:57.651231 dv-cinder-778193-15-smb devstack@c-api.service[109770]: INFO cinder.api.openstack.wsgi [req-837e2e1f-1e25-4e13-9adf-96cecb52a3fc req-bb022ae4-3ff1-4c7f-a329-cced00e8d4e5 tempest-VolumesTestJSON-1303944870 tempest-VolumesTestJSON-1303944870-project] GET http://10.222.0.81/volume/v3/ad6449abc7a34524bdede5a4d9eb1f36/volumes/detail
Feb 15 15:09:57.652035 dv-cinder-778193-15-smb devstack@c-api.service[109770]: DEBUG cinder.api.openstack.wsgi [req-837e2e1f-1e25-4e13-9adf-96cecb52a3fc req-bb022ae4-3ff1-4c7f-a329-cced00e8d4e5 tempest-VolumesTestJSON-1303944870 tempest-VolumesTestJSON-1303944870-project] Empty body provided in request {{(pid=109770) get_body /opt/stack/cinder/cinder/api/openstack/wsgi.py:715}}
Feb 15 15:09:57.652630 dv-cinder-778193-15-smb devstack@c-api.service[109770]: DEBUG cinder.api.openstack.wsgi [req-837e2e1f-1e25-4e13-9adf-96cecb52a3fc req-bb022ae4-3ff1-4c7f-a329-cced00e8d4e5 tempest-VolumesTestJSON-1303944870 tempest-VolumesTestJSON-1303944870-project] Calling method 'detail' {{(pid=109770) _process_stack /opt/stack/cinder/cinder/api/openstack/wsgi.py:868}}
Feb 15 15:09:57.653940 dv-cinder-778193-15-smb devstack@c-api.service[109770]: DEBUG cinder.api.api_utils [req-837e2e1f-1e25-4e13-9adf-96cecb52a3fc req-bb022ae4-3ff1-4c7f-a329-cced00e8d4e5 tempest-VolumesTestJSON-1303944870 tempest-VolumesTestJSON-1303944870-project] Removing options '' from query. {{(pid=109770) remove_invalid_filter_options /opt/stack/cinder/cinder/api/api_utils.py:73}}
Feb 15 15:09:57.655783 dv-cinder-778193-15-smb devstack@c-api.service[109770]: DEBUG cinder.volume.api [req-837e2e1f-1e25-4e13-9adf-96cecb52a3fc req-bb022ae4-3ff1-4c7f-a329-cced00e8d4e5 tempest-VolumesTestJSON-1303944870 tempest-VolumesTestJSON-1303944870-project] Searching by: MultiDict([('no_migration_targets', True)]). {{(pid=109770) get_all /opt/stack/cinder/cinder/volume/api.py:661}}
Feb 15 15:09:57.668162 dv-cinder-778193-15-smb devstack@c-api.service[109771]: INFO cinder.api.openstack.wsgi [None req-657dd591-e3e5-43ed-b0e7-8fa1a87c8cc8 tempest-GroupSnapshotsTest-311937029 tempest-GroupSnapshotsTest-311937029-project] http://10.222.0.81/volume/v3/f14f737f4a314402abf001ab7b4d3479/groups/action returned with HTTP 202
Feb 15 15:09:57.671836 dv-cinder-778193-15-smb devstack@c-api.service[109771]: [pid: 109771|app: 0|req: 34/74] 10.222.0.81 () {62 vars in 1294 bytes} [Tue Feb 15 15:09:56 2022] POST /volume/v3/f14f737f4a314402abf001ab7b4d3479/groups/action => generated 102 bytes in 880 msecs (HTTP/1.1 202) 7 headers in 292 bytes (1 switches on core 0)
Feb 15 15:09:57.689786 dv-cinder-778193-15-smb devstack@c-api.service[109771]: INFO cinder.api.openstack.wsgi [None req-2286f8a6-8783-49a9-87d2-9bc336df56c0 tempest-GroupSnapshotsTest-311937029 tempest-GroupSnapshotsTest-311937029-project] GET http://10.222.0.81/volume/v3/f14f737f4a314402abf001ab7b4d3479/volumes/detail
Feb 15 15:09:57.691411 dv-cinder-778193-15-smb devstack@c-api.service[109771]: DEBUG cinder.api.openstack.wsgi [None req-2286f8a6-8783-49a9-87d2-9bc336df56c0 tempest-GroupSnapshotsTest-311937029 tempest-GroupSnapshotsTest-311937029-project] Empty body provided in request {{(pid=109771) get_body /opt/stack/cinder/cinder/api/openstack/wsgi.py:715}}
Feb 15 15:09:57.694126 dv-cinder-778193-15-smb devstack@c-api.service[109771]: DEBUG cinder.api.openstack.wsgi [None req-2286f8a6-8783-49a9-87d2-9bc336df56c0 tempest-GroupSnapshotsTest-311937029 tempest-GroupSnapshotsTest-311937029-project] Calling method 'detail' {{(pid=109771) _process_stack /opt/stack/cinder/cinder/api/openstack/wsgi.py:868}}
Feb 15 15:09:57.696250 dv-cinder-778193-15-smb devstack@c-api.service[109771]: DEBUG cinder.api.api_utils [None req-2286f8a6-8783-49a9-87d2-9bc336df56c0 tempest-GroupSnapshotsTest-311937029 tempest-GroupSnapshotsTest-311937029-project] Removing options '' from query. {{(pid=109771) remove_invalid_filter_options /opt/stack/cinder/cinder/api/api_utils.py:73}}
