Feb 15 15:20:06.818837 dv-cinder-778193-15-iscsi neutron-server[103275]: DEBUG neutron_lib.callbacks.manager [None req-9438ce6c-a026-4e04-9db5-5e88cde6bdbd None None] Publish callbacks ['neutron.plugins.ml2.plugin.Ml2Plugin._port_provisioned-3701290'] for port (d7735bb4-c942-496a-8377-3a32193df960), provisioning_complete {{(pid=103275) _notify_loop /usr/local/lib/python3.8/dist-packages/neutron_lib/callbacks/manager.py:176}}
Feb 15 15:20:06.828462 dv-cinder-778193-15-iscsi neutron-server[103273]: DEBUG neutron.plugins.ml2.drivers.mech_agent [req-ed4b6aa6-d1bc-496b-a5d3-5b9d6a7cb91c req-65a82ad4-3298-4310-a03c-a906e9d7dd4e service neutron] Port 9c0ef145-be3c-46a2-81ba-b06eafebf8a8 on network 73f85123-0d32-40a7-854e-e7dc72d977f8 not bound, no agent of type Open vSwitch agent registered on host hv-cinder-77819 {{(pid=103273) bind_port /opt/stack/neutron/neutron/plugins/ml2/drivers/mech_agent.py:103}}
Feb 15 15:20:06.828690 dv-cinder-778193-15-iscsi neutron-server[103273]: DEBUG neutron.plugins.ml2.drivers.mech_agent [req-ed4b6aa6-d1bc-496b-a5d3-5b9d6a7cb91c req-65a82ad4-3298-4310-a03c-a906e9d7dd4e service neutron] Attempting to bind port 9c0ef145-be3c-46a2-81ba-b06eafebf8a8 on network 73f85123-0d32-40a7-854e-e7dc72d977f8 {{(pid=103273) bind_port /opt/stack/neutron/neutron/plugins/ml2/drivers/mech_agent.py:91}}
Feb 15 15:20:06.842316 dv-cinder-778193-15-iscsi neutron-server[103273]: DEBUG neutron.plugins.ml2.drivers.mech_agent [req-ed4b6aa6-d1bc-496b-a5d3-5b9d6a7cb91c req-65a82ad4-3298-4310-a03c-a906e9d7dd4e service neutron] Checking agent: {'id': '4ea12230-f3f9-488e-9a4c-ac137a6011ec', 'agent_type': 'HyperV agent', 'binary': 'neutron-hyperv-agent', 'topic': 'N/A', 'host': 'hv-cinder-77819', 'admin_state_up': True, 'created_at': datetime.datetime(2022, 2, 15, 15, 17, 37), 'started_at': datetime.datetime(2022, 2, 15, 15, 17, 37), 'heartbeat_timestamp': datetime.datetime(2022, 2, 15, 15, 19, 37), 'description': None, 'resources_synced': None, 'availability_zone': None, 'alive': True, 'configurations': {'vswitch_mappings': {'physnet1$': 'br-data'}}, 'resource_versions': {}} {{(pid=103273) bind_port /opt/stack/neutron/neutron/plugins/ml2/drivers/mech_agent.py:110}}
Feb 15 15:20:06.842661 dv-cinder-778193-15-iscsi neutron-server[103273]: DEBUG neutron.plugins.ml2.drivers.mech_agent [req-ed4b6aa6-d1bc-496b-a5d3-5b9d6a7cb91c req-65a82ad4-3298-4310-a03c-a906e9d7dd4e service neutron] Checking segment: {'id': '264e3610-5e91-4d79-b5a9-a432d2482ec4', 'network_type': 'vlan', 'physical_network': 'physnet1', 'segmentation_id': 829, 'network_id': '73f85123-0d32-40a7-854e-e7dc72d977f8'} for mappings: {'physnet1$': 'br-data'} with network types: ['local', 'flat', 'vlan'] {{(pid=103273) check_segment_for_agent /opt/stack/neutron/neutron/plugins/ml2/drivers/mech_agent.py:373}}
Feb 15 15:20:06.843194 dv-cinder-778193-15-iscsi neutron-server[103273]: DEBUG neutron.plugins.ml2.drivers.mech_agent [req-ed4b6aa6-d1bc-496b-a5d3-5b9d6a7cb91c req-65a82ad4-3298-4310-a03c-a906e9d7dd4e service neutron] Bound using segment: {'id': '264e3610-5e91-4d79-b5a9-a432d2482ec4', 'network_type': 'vlan', 'physical_network': 'physnet1', 'segmentation_id': 829, 'network_id': '73f85123-0d32-40a7-854e-e7dc72d977f8'} {{(pid=103273) bind_port /opt/stack/neutron/neutron/plugins/ml2/drivers/mech_agent.py:120}}
Feb 15 15:20:06.843638 dv-cinder-778193-15-iscsi neutron-server[103273]: DEBUG neutron.plugins.ml2.managers [req-ed4b6aa6-d1bc-496b-a5d3-5b9d6a7cb91c req-65a82ad4-3298-4310-a03c-a906e9d7dd4e service neutron] Bound port: 9c0ef145-be3c-46a2-81ba-b06eafebf8a8, host: hv-cinder-77819, vif_type: hyperv, vif_details: {"connectivity": "legacy", "port_filter": false}, binding_levels: [{'bound_driver': 'hyperv', 'bound_segment': {'id': '264e3610-5e91-4d79-b5a9-a432d2482ec4', 'network_type': 'vlan', 'physical_network': 'physnet1', 'segmentation_id': 829, 'network_id': '73f85123-0d32-40a7-854e-e7dc72d977f8'}}] {{(pid=103273) _bind_port_level /opt/stack/neutron/neutron/plugins/ml2/managers.py:932}}
Feb 15 15:20:06.844022 dv-cinder-778193-15-iscsi neutron-server[103273]: DEBUG neutron_lib.callbacks.manager [req-ed4b6aa6-d1bc-496b-a5d3-5b9d6a7cb91c req-65a82ad4-3298-4310-a03c-a906e9d7dd4e service neutron] Publish callbacks ['neutron.plugins.ml2.plugin.SecurityGroupDbMixin._ensure_default_security_group_handler-3839899'] for port (9c0ef145-be3c-46a2-81ba-b06eafebf8a8), before_update {{(pid=103273) _notify_loop /usr/local/lib/python3.8/dist-packages/neutron_lib/callbacks/manager.py:176}}
Feb 15 15:20:06.848986 dv-cinder-778193-15-iscsi neutron-server[103274]: INFO neutron.wsgi [req-44262031-cb0c-4d0b-841f-1391248a635d req-0f21ddc1-396f-41ec-ae30-b9c0a5f12baf tempest-AttachVolumeTestJSON-717412170 tempest-AttachVolumeTestJSON-717412170-project] 10.222.0.110 "GET /v2.0/security-groups?id=be98ba2e-38da-4041-898d-60ec56255d26&fields=id&fields=name HTTP/1.1" status: 200 len: 313 time: 0.0795157
Feb 15 15:20:06.859057 dv-cinder-778193-15-iscsi neutron-server[103273]: DEBUG neutron.pecan_wsgi.hooks.policy_enforcement [req-6d37b676-286d-45bb-b49f-069d19f4a564 req-22a52ac7-3f9a-4868-b054-852d446e9a42 tempest-DeleteServersTestJSON-257587198 tempest-DeleteServersTestJSON-257587198-project] Attributes excluded by policy engine: ['standard_attr_id', 'binding:profile', 'binding:host_id', 'binding:vif_type', 'binding:vif_details'] {{(pid=103273) _exclude_attributes_by_policy /opt/stack/neutron/neutron/pecan_wsgi/hooks/policy_enforcement.py:255}}
Feb 15 15:20:06.876450 dv-cinder-778193-15-iscsi neutron-server[103273]: INFO neutron.wsgi [req-6d37b676-286d-45bb-b49f-069d19f4a564 req-22a52ac7-3f9a-4868-b054-852d446e9a42 tempest-DeleteServersTestJSON-257587198 tempest-DeleteServersTestJSON-257587198-project] 10.222.0.110 "GET /v2.0/ports?device_id=db04f2f4-5e4c-4904-8aef-b8a54440b68a HTTP/1.1" status: 200 len: 945 time: 0.2017035
Feb 15 15:20:06.876828 dv-cinder-778193-15-iscsi neutron-server[103275]: DEBUG neutron.plugins.ml2.plugin [None req-9438ce6c-a026-4e04-9db5-5e88cde6bdbd None None] Port d7735bb4-c942-496a-8377-3a32193df960 cannot update to ACTIVE because it is not bound. {{(pid=103275) _port_provisioned /opt/stack/neutron/neutron/plugins/ml2/plugin.py:343}}
Feb 15 15:20:06.909419 dv-cinder-778193-15-iscsi neutron-server[103275]: DEBUG neutron.notifiers.nova [None req-2ac40661-ef4f-4955-9ce6-25d177fca3ca None None] Ignoring state change previous_port_status: DOWN current_port_status: BUILD port_id b789a894-293a-43df-9dc2-a2bf9548468f {{(pid=103275) record_port_status_changed /opt/stack/neutron/neutron/notifiers/nova.py:233}}
Feb 15 15:20:06.916940 dv-cinder-778193-15-iscsi neutron-server[103274]: DEBUG neutron.notifiers.nova [req-0e0dc08e-d290-426b-812c-b72da3285c43 req-c9cf78c1-2315-4141-aa9c-05204a2b0f91 service neutron] Ignoring state change previous_port_status: DOWN current_port_status: DOWN port_id d7735bb4-c942-496a-8377-3a32193df960 {{(pid=103274) record_port_status_changed /opt/stack/neutron/neutron/notifiers/nova.py:233}}
Feb 15 15:20:06.926597 dv-cinder-778193-15-iscsi neutron-server[103274]: DEBUG neutron_lib.callbacks.manager [req-0e0dc08e-d290-426b-812c-b72da3285c43 req-c9cf78c1-2315-4141-aa9c-05204a2b0f91 service neutron] Publish callbacks [] for port (d7735bb4-c942-496a-8377-3a32193df960), precommit_update {{(pid=103274) _notify_loop /usr/local/lib/python3.8/dist-packages/neutron_lib/callbacks/manager.py:176}}
Feb 15 15:20:06.930440 dv-cinder-778193-15-iscsi neutron-server[103275]: DEBUG neutron.plugins.ml2.db [None req-2ac40661-ef4f-4955-9ce6-25d177fca3ca None None] For port b789a894-293a-43df-9dc2-a2bf9548468f, host hv-cinder-77819, got binding levels [PortBindingLevel(driver='hyperv',host='hv-cinder-77819',level=0,port_id=b789a894-293a-43df-9dc2-a2bf9548468f,segment=NetworkSegment(82f1a21f-a9b9-405a-8ed4-6e700b8d62bc),segment_id=82f1a21f-a9b9-405a-8ed4-6e700b8d62bc)] {{(pid=103275) get_binding_level_objs /opt/stack/neutron/neutron/plugins/ml2/db.py:74}}
Feb 15 15:20:06.932806 dv-cinder-778193-15-iscsi neutron-server[103275]: DEBUG neutron.api.rpc.handlers.resources_rpc [None req-2ac40661-ef4f-4955-9ce6-25d177fca3ca None None] Pushing event updated for resources: {'Port': ['ID=4984da32-1377-4077-945c-0e2f52db9bb7,revision_number=4']} {{(pid=103275) push /opt/stack/neutron/neutron/api/rpc/handlers/resources_rpc.py:237}}
Feb 15 15:20:06.960349 dv-cinder-778193-15-iscsi neutron-server[103274]: DEBUG neutron.db.provisioning_blocks [req-0e0dc08e-d290-426b-812c-b72da3285c43 req-c9cf78c1-2315-4141-aa9c-05204a2b0f91 service neutron] Transition to ACTIVE for port object d7735bb4-c942-496a-8377-3a32193df960 will not be triggered until provisioned by entity L2. {{(pid=103274) add_provisioning_component /opt/stack/neutron/neutron/db/provisioning_blocks.py:73}}
Feb 15 15:20:06.961166 dv-cinder-778193-15-iscsi neutron-server[103273]: DEBUG neutron_lib.callbacks.manager [None req-318b3004-93da-43b3-856f-31f913cd039e admin admin] Publish callbacks ['neutron.plugins.ml2.ovo_rpc._ObjectChangeHandler.handle_event-587303'] for security_group (ada7633e-5410-493b-b392-84b403a46e73), after_create {{(pid=103273) _notify_loop /usr/local/lib/python3.8/dist-packages/neutron_lib/callbacks/manager.py:176}}
Feb 15 15:20:07.001937 dv-cinder-778193-15-iscsi neutron-server[103273]: INFO neutron.wsgi [req-6d37b676-286d-45bb-b49f-069d19f4a564 req-0dad4ce2-edfd-4b51-bdde-d820a7b8d2be tempest-DeleteServersTestJSON-257587198 tempest-DeleteServersTestJSON-257587198-project] 10.222.0.110 "GET /v2.0/security-groups?id=20f66579-c17f-45d2-8d01-e1ecba1a40eb&fields=id&fields=name HTTP/1.1" status: 200 len: 286 time: 0.1246054
Feb 15 15:20:07.023477 dv-cinder-778193-15-iscsi neutron-server[103274]: DEBUG neutron.pecan_wsgi.hooks.policy_enforcement [req-e76b45ff-77b7-4eab-81be-67d8a2a24104 req-6bbbf3d8-6a4e-45c9-afc3-dbfb0a834fa4 tempest-ServerRescueNegativeTestJSON-2110649866 tempest-ServerRescueNegativeTestJSON-2110649866-project] Attributes excluded by policy engine: ['standard_attr_id', 'binding:profile', 'binding:host_id', 'binding:vif_type', 'binding:vif_details'] {{(pid=103274) _exclude_attributes_by_policy /opt/stack/neutron/neutron/pecan_wsgi/hooks/policy_enforcement.py:255}}
Feb 15 15:20:07.025824 dv-cinder-778193-15-iscsi neutron-server[103274]: INFO neutron.wsgi [req-e76b45ff-77b7-4eab-81be-67d8a2a24104 req-6bbbf3d8-6a4e-45c9-afc3-dbfb0a834fa4 tempest-ServerRescueNegativeTestJSON-2110649866 tempest-ServerRescueNegativeTestJSON-2110649866-project] 10.222.0.110 "GET /v2.0/ports?device_id=2fe99220-d378-41f9-81bf-bfe3beda3f86 HTTP/1.1" status: 200 len: 945 time: 0.0840616
Feb 15 15:20:07.053856 dv-cinder-778193-15-iscsi neutron-server[103273]: DEBUG neutron.api.rpc.handlers.resources_rpc [None req-318b3004-93da-43b3-856f-31f913cd039e admin admin] Pushing event updated for resources: {'SecurityGroup': ['ID=ada7633e-5410-493b-b392-84b403a46e73,revision_number=1']} {{(pid=103273) push /opt/stack/neutron/neutron/api/rpc/handlers/resources_rpc.py:237}}
Feb 15 15:20:07.068061 dv-cinder-778193-15-iscsi neutron-server[103273]: INFO neutron.wsgi [None req-318b3004-93da-43b3-856f-31f913cd039e admin admin] 10.222.0.110 "GET /v2.0/security-groups?tenant_id=abd0263c81f84a38a956488a704916fb&name=default HTTP/1.1" status: 200 len: 2996 time: 0.8558333
Feb 15 15:20:07.094694 dv-cinder-778193-15-iscsi neutron-server[103273]: DEBUG neutron.plugins.ml2.db [req-ed4b6aa6-d1bc-496b-a5d3-5b9d6a7cb91c req-65a82ad4-3298-4310-a03c-a906e9d7dd4e service neutron] For port 9c0ef145-be3c-46a2-81ba-b06eafebf8a8, host hv-cinder-77819, cleared binding levels {{(pid=103273) clear_binding_levels /opt/stack/neutron/neutron/plugins/ml2/db.py:87}}
Feb 15 15:20:07.097504 dv-cinder-778193-15-iscsi neutron-server[103273]: DEBUG neutron.plugins.ml2.db [req-ed4b6aa6-d1bc-496b-a5d3-5b9d6a7cb91c req-65a82ad4-3298-4310-a03c-a906e9d7dd4e service neutron] For port 9c0ef145-be3c-46a2-81ba-b06eafebf8a8, host hv-cinder-77819, set binding levels [PortBindingLevel(driver='hyperv',host='hv-cinder-77819',level=0,port_id=9c0ef145-be3c-46a2-81ba-b06eafebf8a8,segment=NetworkSegment(264e3610-5e91-4d79-b5a9-a432d2482ec4),segment_id=264e3610-5e91-4d79-b5a9-a432d2482ec4)] {{(pid=103273) set_binding_levels /opt/stack/neutron/neutron/plugins/ml2/db.py:59}}
Feb 15 15:20:07.097648 dv-cinder-778193-15-iscsi neutron-server[103274]: INFO neutron.wsgi [req-e76b45ff-77b7-4eab-81be-67d8a2a24104 req-9955343a-2041-45b7-9c37-1f51ecb26f46 tempest-ServerRescueNegativeTestJSON-2110649866 tempest-ServerRescueNegativeTestJSON-2110649866-project] 10.222.0.110 "GET /v2.0/security-groups?id=b756dcae-6912-435e-8c59-42bee6faca56&fields=id&fields=name HTTP/1.1" status: 200 len: 286 time: 0.0647836
Feb 15 15:20:07.098116 dv-cinder-778193-15-iscsi neutron-server[103274]: DEBUG neutron.wsgi [-] (103274) accepted ('10.222.0.110', 35292) {{(pid=103274) server /usr/local/lib/python3.8/dist-packages/eventlet/wsgi.py:1004}}
Feb 15 15:20:07.172902 dv-cinder-778193-15-iscsi neutron-server[103273]: DEBUG neutron.pecan_wsgi.hooks.policy_enforcement [req-14841ace-4eda-4599-b2d1-d7844200bb3a req-55d943c3-8ab5-4a89-9bd3-e0e35c44e44e tempest-AttachVolumeNegativeTest-477070923 tempest-AttachVolumeNegativeTest-477070923-project] Attributes excluded by policy engine: ['standard_attr_id', 'binding:profile', 'binding:host_id', 'binding:vif_type', 'binding:vif_details'] {{(pid=103273) _exclude_attributes_by_policy /opt/stack/neutron/neutron/pecan_wsgi/hooks/policy_enforcement.py:255}}
Feb 15 15:20:07.174495 dv-cinder-778193-15-iscsi neutron-server[103273]: INFO neutron.wsgi [req-14841ace-4eda-4599-b2d1-d7844200bb3a req-55d943c3-8ab5-4a89-9bd3-e0e35c44e44e tempest-AttachVolumeNegativeTest-477070923 tempest-AttachVolumeNegativeTest-477070923-project] 10.222.0.110 "GET /v2.0/ports?device_id=9fe45878-8df1-4029-8db5-e343ef4c9479 HTTP/1.1" status: 200 len: 944 time: 0.0795362
Feb 15 15:20:07.200487 dv-cinder-778193-15-iscsi neutron-server[103274]: DEBUG neutron_lib.callbacks.manager [None req-5cd02828-e32f-4795-ba3c-f25d3cbd264c admin admin] Publish callbacks [] for security_group (ada7633e-5410-493b-b392-84b403a46e73), before_delete {{(pid=103274) _notify_loop /usr/local/lib/python3.8/dist-packages/neutron_lib/callbacks/manager.py:176}}
Feb 15 15:20:07.229174 dv-cinder-778193-15-iscsi neutron-server[103273]: INFO neutron.wsgi [req-14841ace-4eda-4599-b2d1-d7844200bb3a req-06af4929-da9b-44d6-9c72-47dd97d95fb0 tempest-AttachVolumeNegativeTest-477070923 tempest-AttachVolumeNegativeTest-477070923-project] 10.222.0.110 "GET /v2.0/security-groups?id=34874bb4-47b7-4c7e-9552-114cb80cb0e9&fields=id&fields=name HTTP/1.1" status: 200 len: 286 time: 0.0490940
Feb 15 15:20:07.238330 dv-cinder-778193-15-iscsi neutron-server[103274]: DEBUG neutron_lib.callbacks.manager [None req-5cd02828-e32f-4795-ba3c-f25d3cbd264c admin admin] Publish callbacks [] for security_group (ada7633e-5410-493b-b392-84b403a46e73), precommit_delete {{(pid=103274) _notify_loop /usr/local/lib/python3.8/dist-packages/neutron_lib/callbacks/manager.py:176}}
Feb 15 15:20:07.257304 dv-cinder-778193-15-iscsi neutron-server[103274]: DEBUG neutron.pecan_wsgi.hooks.policy_enforcement [req-6b0e9783-9e26-486d-ba72-d4754ab3e80b req-e2e7c8bd-ed9b-4a08-ad83-9b946fc1329a tempest-AttachVolumeShelveTestJSON-1280986810 tempest-AttachVolumeShelveTestJSON-1280986810-project] Attributes excluded by policy engine: ['standard_attr_id', 'binding:profile', 'binding:host_id', 'binding:vif_type', 'binding:vif_details'] {{(pid=103274) _exclude_attributes_by_policy /opt/stack/neutron/neutron/pecan_wsgi/hooks/policy_enforcement.py:255}}
Feb 15 15:20:07.258786 dv-cinder-778193-15-iscsi neutron-server[103274]: INFO neutron.wsgi [req-6b0e9783-9e26-486d-ba72-d4754ab3e80b req-e2e7c8bd-ed9b-4a08-ad83-9b946fc1329a tempest-AttachVolumeShelveTestJSON-1280986810 tempest-AttachVolumeShelveTestJSON-1280986810-project] 10.222.0.110 "GET /v2.0/ports?device_id=3b33e399-6f57-40a0-a7cd-804327132820 HTTP/1.1" status: 200 len: 931 time: 0.0982251
Feb 15 15:20:07.319076 dv-cinder-778193-15-iscsi neutron-server[103274]: INFO neutron.wsgi [req-6b0e9783-9e26-486d-ba72-d4754ab3e80b req-03b61547-2988-4fd3-ba2f-646b7782791c tempest-AttachVolumeShelveTestJSON-1280986810 tempest-AttachVolumeShelveTestJSON-1280986810-project] 10.222.0.110 "GET /v2.0/security-groups?id=a1248a2b-3505-4056-9289-c626d330595c&fields=id&fields=name HTTP/1.1" status: 200 len: 313 time: 0.0528936
Feb 15 15:20:07.363319 dv-cinder-778193-15-iscsi neutron-server[103275]: DEBUG neutron_lib.callbacks.manager [None req-2ac40661-ef4f-4955-9ce6-25d177fca3ca None None] Publish callbacks ['neutron.services.segments.db._update_segment_host_mapping_for_agent-8737018204712', 'neutron.plugins.ml2.plugin.Ml2Plugin._retry_binding_revived_agents-3700980'] for agent (4ea12230-f3f9-488e-9a4c-ac137a6011ec), after_update {{(pid=103275) _notify_loop /usr/local/lib/python3.8/dist-packages/neutron_lib/callbacks/manager.py:176}}
Feb 15 15:20:07.646172 dv-cinder-778193-15-iscsi neutron-server[103274]: DEBUG neutron_lib.callbacks.manager [req-0e0dc08e-d290-426b-812c-b72da3285c43 req-c9cf78c1-2315-4141-aa9c-05204a2b0f91 service neutron] Publish callbacks ['neutron.plugins.ml2.plugin.SecurityGroupServerNotifierRpcMixin._notify_sg_on_port_change-3839812', 'neutron.plugins.ml2.ovo_rpc._ObjectChangeHandler.handle_event-87600', 'neutron.api.rpc.agentnotifiers.dhcp_rpc_agent_api.DhcpAgentNotifyAPI._native_event_send_dhcp_notification-729276', 'neutron.db.l3_db.L3RpcNotifierMixin._notify_gateway_port_ip_changed-8737018084895', 'neutron.db.l3_dvrscheduler_db._notify_l3_agent_port_update-8737017678291', 'neutron.db.l3_hascheduler_db._notify_l3_agent_ha_port_update-8737017678309'] for port (d7735bb4-c942-496a-8377-3a32193df960), after_update {{(pid=103274) _notify_loop /usr/local/lib/python3.8/dist-packages/neutron_lib/callbacks/manager.py:176}}
Feb 15 15:20:07.646572 dv-cinder-778193-15-iscsi neutron-server[103275]: DEBUG neutron_lib.callbacks.manager [None req-2ac40661-ef4f-4955-9ce6-25d177fca3ca None None] Publish callbacks ['neutron.plugins.ml2.plugin.SecurityGroupServerNotifierRpcMixin._notify_sg_on_port_change-3839812', 'neutron.plugins.ml2.ovo_rpc._ObjectChangeHandler.handle_event-87600', 'neutron.api.rpc.agentnotifiers.dhcp_rpc_agent_api.DhcpAgentNotifyAPI._native_event_send_dhcp_notification-729276', 'neutron.db.l3_db.L3RpcNotifierMixin._notify_gateway_port_ip_changed-8737018084895', 'neutron.db.l3_dvrscheduler_db._notify_l3_agent_port_update-8737017678291', 'neutron.db.l3_hascheduler_db._notify_l3_agent_ha_port_update-8737017678309'] for port (b789a894-293a-43df-9dc2-a2bf9548468f), after_update {{(pid=103275) _notify_loop /usr/local/lib/python3.8/dist-packages/neutron_lib/callbacks/manager.py:176}}
Feb 15 15:20:07.935493 dv-cinder-778193-15-iscsi neutron-server[103274]: DEBUG neutron.api.rpc.handlers.resources_rpc [None req-c9cf78c1-2315-4141-aa9c-05204a2b0f91 service neutron] Pushing event updated for resources: {'Port': ['ID=d7735bb4-c942-496a-8377-3a32193df960,revision_number=2']} {{(pid=103274) push /opt/stack/neutron/neutron/api/rpc/handlers/resources_rpc.py:237}}
Feb 15 15:20:07.937646 dv-cinder-778193-15-iscsi neutron-server[103275]: DEBUG neutron.api.rpc.handlers.resources_rpc [None req-2ac40661-ef4f-4955-9ce6-25d177fca3ca None None] Pushing event updated for resources: {'Port': ['ID=b789a894-293a-43df-9dc2-a2bf9548468f,revision_number=4']} {{(pid=103275) push /opt/stack/neutron/neutron/api/rpc/handlers/resources_rpc.py:237}}
Feb 15 15:20:07.938818 dv-cinder-778193-15-iscsi neutron-server[103274]: DEBUG neutron.plugins.ml2.managers [req-0e0dc08e-d290-426b-812c-b72da3285c43 req-c9cf78c1-2315-4141-aa9c-05204a2b0f91 service neutron] Attempting to bind port d7735bb4-c942-496a-8377-3a32193df960 on host hv-cinder-77819 for vnic_type normal with profile {{(pid=103274) bind_port /opt/stack/neutron/neutron/plugins/ml2/managers.py:795}}
Feb 15 15:20:07.938818 dv-cinder-778193-15-iscsi neutron-server[103274]: DEBUG neutron.plugins.ml2.managers [req-0e0dc08e-d290-426b-812c-b72da3285c43 req-c9cf78c1-2315-4141-aa9c-05204a2b0f91 service neutron] Attempting to bind port d7735bb4-c942-496a-8377-3a32193df960 by drivers openvswitch,hyperv on host hv-cinder-77819 at level 0 using segments [{'id': '4e29c775-1d65-402d-b209-23aec28681cb', 'network_type': 'vlan', 'physical_network': 'physnet1', 'segmentation_id': 833, 'network_id': 'ec872a1c-f759-476e-9f1d-ad2e90c64e61'}] {{(pid=103274) _bind_port_level /opt/stack/neutron/neutron/plugins/ml2/managers.py:820}}
Feb 15 15:20:07.938818 dv-cinder-778193-15-iscsi neutron-server[103274]: DEBUG neutron.plugins.ml2.drivers.mech_agent [req-0e0dc08e-d290-426b-812c-b72da3285c43 req-c9cf78c1-2315-4141-aa9c-05204a2b0f91 service neutron] Attempting to bind port d7735bb4-c942-496a-8377-3a32193df960 on network ec872a1c-f759-476e-9f1d-ad2e90c64e61 {{(pid=103274) bind_port /opt/stack/neutron/neutron/plugins/ml2/drivers/mech_agent.py:91}}
Feb 15 15:20:07.938818 dv-cinder-778193-15-iscsi neutron-server[103274]: DEBUG neutron.plugins.ml2.drivers.mech_agent [req-0e0dc08e-d290-426b-812c-b72da3285c43 req-c9cf78c1-2315-4141-aa9c-05204a2b0f91 service neutron] Port d7735bb4-c942-496a-8377-3a32193df960 on network ec872a1c-f759-476e-9f1d-ad2e90c64e61 not bound, no agent of type Open vSwitch agent registered on host hv-cinder-77819 {{(pid=103274) bind_port /opt/stack/neutron/neutron/plugins/ml2/drivers/mech_agent.py:103}}
Feb 15 15:20:07.938818 dv-cinder-778193-15-iscsi neutron-server[103274]: DEBUG neutron.plugins.ml2.drivers.mech_agent [req-0e0dc08e-d290-426b-812c-b72da3285c43 req-c9cf78c1-2315-4141-aa9c-05204a2b0f91 service neutron] Attempting to bind port d7735bb4-c942-496a-8377-3a32193df960 on network ec872a1c-f759-476e-9f1d-ad2e90c64e61 {{(pid=103274) bind_port /opt/stack/neutron/neutron/plugins/ml2/drivers/mech_agent.py:91}}
Feb 15 15:20:07.938818 dv-cinder-778193-15-iscsi neutron-server[103274]: DEBUG neutron.plugins.ml2.drivers.mech_agent [req-0e0dc08e-d290-426b-812c-b72da3285c43 req-c9cf78c1-2315-4141-aa9c-05204a2b0f91 service neutron] Checking agent: {'id': '4ea12230-f3f9-488e-9a4c-ac137a6011ec', 'agent_type': 'HyperV agent', 'binary': 'neutron-hyperv-agent', 'topic': 'N/A', 'host': 'hv-cinder-77819', 'admin_state_up': True, 'created_at': datetime.datetime(2022, 2, 15, 15, 17, 37), 'started_at': datetime.datetime(2022, 2, 15, 15, 17, 37), 'heartbeat_timestamp': datetime.datetime(2022, 2, 15, 15, 20, 7), 'description': None, 'resources_synced': None, 'availability_zone': None, 'alive': True, 'configurations': {'vswitch_mappings': {'physnet1$': 'br-data'}}, 'resource_versions': {}} {{(pid=103274) bind_port /opt/stack/neutron/neutron/plugins/ml2/drivers/mech_agent.py:110}}
Feb 15 15:20:07.938818 dv-cinder-778193-15-iscsi neutron-server[103274]: DEBUG neutron.plugins.ml2.drivers.mech_agent [req-0e0dc08e-d290-426b-812c-b72da3285c43 req-c9cf78c1-2315-4141-aa9c-05204a2b0f91 service neutron] Checking segment: {'id': '4e29c775-1d65-402d-b209-23aec28681cb', 'network_type': 'vlan', 'physical_network': 'physnet1', 'segmentation_id': 833, 'network_id': 'ec872a1c-f759-476e-9f1d-ad2e90c64e61'} for mappings: {'physnet1$': 'br-data'} with network types: ['local', 'flat', 'vlan'] {{(pid=103274) check_segment_for_agent /opt/stack/neutron/neutron/plugins/ml2/drivers/mech_agent.py:373}}
Feb 15 15:20:07.938818 dv-cinder-778193-15-iscsi neutron-server[103274]: DEBUG neutron.plugins.ml2.drivers.mech_agent [req-0e0dc08e-d290-426b-812c-b72da3285c43 req-c9cf78c1-2315-4141-aa9c-05204a2b0f91 service neutron] Bound using segment: {'id': '4e29c775-1d65-402d-b209-23aec28681cb', 'network_type': 'vlan', 'physical_network': 'physnet1', 'segmentation_id': 833, 'network_id': 'ec872a1c-f759-476e-9f1d-ad2e90c64e61'} {{(pid=103274) bind_port /opt/stack/neutron/neutron/plugins/ml2/drivers/mech_agent.py:120}}
Feb 15 15:20:07.938818 dv-cinder-778193-15-iscsi neutron-server[103274]: DEBUG neutron.plugins.ml2.managers [req-0e0dc08e-d290-426b-812c-b72da3285c43 req-c9cf78c1-2315-4141-aa9c-05204a2b0f91 service neutron] Bound port: d7735bb4-c942-496a-8377-3a32193df960, host: hv-cinder-77819, vif_type: hyperv, vif_details: {"connectivity": "legacy", "port_filter": false}, binding_levels: [{'bound_driver': 'hyperv', 'bound_segment': {'id': '4e29c775-1d65-402d-b209-23aec28681cb', 'network_type': 'vlan', 'physical_network': 'physnet1', 'segmentation_id': 833, 'network_id': 'ec872a1c-f759-476e-9f1d-ad2e90c64e61'}}] {{(pid=103274) _bind_port_level /opt/stack/neutron/neutron/plugins/ml2/managers.py:932}}
Feb 15 15:20:07.938818 dv-cinder-778193-15-iscsi neutron-server[103274]: DEBUG neutron_lib.callbacks.manager [req-0e0dc08e-d290-426b-812c-b72da3285c43 req-c9cf78c1-2315-4141-aa9c-05204a2b0f91 service neutron] Publish callbacks ['neutron.plugins.ml2.plugin.SecurityGroupDbMixin._ensure_default_security_group_handler-3839899'] for port (d7735bb4-c942-496a-8377-3a32193df960), before_update {{(pid=103274) _notify_loop /usr/local/lib/python3.8/dist-packages/neutron_lib/callbacks/manager.py:176}}
Feb 15 15:20:07.939891 dv-cinder-778193-15-iscsi neutron-server[103273]: DEBUG neutron.wsgi [-] (103273) accepted ('10.222.0.110', 35296) {{(pid=103273) server /usr/local/lib/python3.8/dist-packages/eventlet/wsgi.py:1004}}
Feb 15 15:20:07.940210 dv-cinder-778193-15-iscsi neutron-server[103274]: DEBUG neutron.plugins.ml2.db [req-0e0dc08e-d290-426b-812c-b72da3285c43 req-c9cf78c1-2315-4141-aa9c-05204a2b0f91 service neutron] For port d7735bb4-c942-496a-8377-3a32193df960, host hv-cinder-77819, cleared binding levels {{(pid=103274) clear_binding_levels /opt/stack/neutron/neutron/plugins/ml2/db.py:87}}
Feb 15 15:20:07.940210 dv-cinder-778193-15-iscsi neutron-server[103274]: DEBUG neutron.plugins.ml2.db [req-0e0dc08e-d290-426b-812c-b72da3285c43 req-c9cf78c1-2315-4141-aa9c-05204a2b0f91 service neutron] For port d7735bb4-c942-496a-8377-3a32193df960, host hv-cinder-77819, set binding levels [PortBindingLevel(driver='hyperv',host='hv-cinder-77819',level=0,port_id=d7735bb4-c942-496a-8377-3a32193df960,segment=NetworkSegment(4e29c775-1d65-402d-b209-23aec28681cb),segment_id=4e29c775-1d65-402d-b209-23aec28681cb)] {{(pid=103274) set_binding_levels /opt/stack/neutron/neutron/plugins/ml2/db.py:59}}
Feb 15 15:20:07.940368 dv-cinder-778193-15-iscsi neutron-server[103275]: DEBUG neutron.plugins.ml2.db [None req-2ac40661-ef4f-4955-9ce6-25d177fca3ca None None] get_ports_and_sgs() called for port_ids ['4984da32-1377-4077-945c-0e2f52db9bb7'] {{(pid=103275) get_ports_and_sgs /opt/stack/neutron/neutron/plugins/ml2/db.py:156}}
Feb 15 15:20:07.940368 dv-cinder-778193-15-iscsi neutron-server[103275]: DEBUG neutron.plugins.ml2.db [None req-2ac40661-ef4f-4955-9ce6-25d177fca3ca None None] get_ports_and_sgs() called for port_ids ['b789a894-293a-43df-9dc2-a2bf9548468f'] {{(pid=103275) get_ports_and_sgs /opt/stack/neutron/neutron/plugins/ml2/db.py:156}}
Feb 15 15:20:07.940512 dv-cinder-778193-15-iscsi neutron-server[103273]: DEBUG neutron_lib.callbacks.manager [None req-1ae31a79-b983-49fe-b41e-ddb9e52e1394 admin admin] Publish callbacks [] for security_group (None), before_create {{(pid=103273) _notify_loop /usr/local/lib/python3.8/dist-packages/neutron_lib/callbacks/manager.py:176}}
Feb 15 15:20:07.961874 dv-cinder-778193-15-iscsi neutron-server[103274]: DEBUG neutron_lib.callbacks.manager [None req-5cd02828-e32f-4795-ba3c-f25d3cbd264c admin admin] Publish callbacks ['neutron.plugins.ml2.ovo_rpc._ObjectChangeHandler.handle_event-587303'] for security_group (ada7633e-5410-493b-b392-84b403a46e73), after_delete {{(pid=103274) _notify_loop /usr/local/lib/python3.8/dist-packages/neutron_lib/callbacks/manager.py:176}}
Feb 15 15:20:07.965827 dv-cinder-778193-15-iscsi neutron-server[103274]: DEBUG neutron_lib.callbacks.manager [None req-5cd02828-e32f-4795-ba3c-f25d3cbd264c admin admin] Publish callbacks [] for security_group (None), before_response {{(pid=103274) _notify_loop /usr/local/lib/python3.8/dist-packages/neutron_lib/callbacks/manager.py:176}}
Feb 15 15:20:07.970232 dv-cinder-778193-15-iscsi neutron-server[103274]: INFO neutron.wsgi [None req-5cd02828-e32f-4795-ba3c-f25d3cbd264c admin admin] 10.222.0.110 "DELETE /v2.0/security-groups/ada7633e-5410-493b-b392-84b403a46e73 HTTP/1.1" status: 204 len: 168 time: 0.8675039
Feb 15 15:20:07.972571 dv-cinder-778193-15-iscsi neutron-server[103273]: DEBUG neutron_lib.callbacks.manager [req-ed4b6aa6-d1bc-496b-a5d3-5b9d6a7cb91c req-65a82ad4-3298-4310-a03c-a906e9d7dd4e service neutron] Publish callbacks ['neutron.plugins.ml2.plugin.SecurityGroupServerNotifierRpcMixin._notify_sg_on_port_change-3839812', 'neutron.plugins.ml2.ovo_rpc._ObjectChangeHandler.handle_event-87600', 'neutron.api.rpc.agentnotifiers.dhcp_rpc_agent_api.DhcpAgentNotifyAPI._native_event_send_dhcp_notification-729276', 'neutron.db.l3_db.L3RpcNotifierMixin._notify_gateway_port_ip_changed-8737018084895', 'neutron.db.l3_dvrscheduler_db._notify_l3_agent_port_update-8737017678291', 'neutron.db.l3_hascheduler_db._notify_l3_agent_ha_port_update-8737017678309'] for port (9c0ef145-be3c-46a2-81ba-b06eafebf8a8), after_update {{(pid=103273) _notify_loop /usr/local/lib/python3.8/dist-packages/neutron_lib/callbacks/manager.py:176}}
Feb 15 15:20:07.980448 dv-cinder-778193-15-iscsi neutron-server[103274]: DEBUG neutron.api.rpc.handlers.resources_rpc [None req-5cd02828-e32f-4795-ba3c-f25d3cbd264c admin admin] Pushing event deleted for resources: {'SecurityGroup': ['ID=ada7633e-5410-493b-b392-84b403a46e73,revision_number=None']} {{(pid=103274) push /opt/stack/neutron/neutron/api/rpc/handlers/resources_rpc.py:237}}
Feb 15 15:20:07.994431 dv-cinder-778193-15-iscsi neutron-server[103274]: DEBUG neutron_lib.callbacks.manager [req-0e0dc08e-d290-426b-812c-b72da3285c43 req-c9cf78c1-2315-4141-aa9c-05204a2b0f91 service neutron] Publish callbacks ['neutron.plugins.ml2.plugin.SecurityGroupServerNotifierRpcMixin._notify_sg_on_port_change-3839812', 'neutron.plugins.ml2.ovo_rpc._ObjectChangeHandler.handle_event-87600', 'neutron.api.rpc.agentnotifiers.dhcp_rpc_agent_api.DhcpAgentNotifyAPI._native_event_send_dhcp_notification-729276', 'neutron.db.l3_db.L3RpcNotifierMixin._notify_gateway_port_ip_changed-8737018084895', 'neutron.db.l3_dvrscheduler_db._notify_l3_agent_port_update-8737017678291', 'neutron.db.l3_hascheduler_db._notify_l3_agent_ha_port_update-8737017678309'] for port (d7735bb4-c942-496a-8377-3a32193df960), after_update {{(pid=103274) _notify_loop /usr/local/lib/python3.8/dist-packages/neutron_lib/callbacks/manager.py:176}}
Feb 15 15:20:08.021590 dv-cinder-778193-15-iscsi neutron-server[103275]: DEBUG neutron_lib.callbacks.manager [None req-0dd52413-cbf2-4181-bb1c-8d7b46bb13ed None None] Publish callbacks ['neutron.services.segments.db._update_segment_host_mapping_for_agent-8737018204712', 'neutron.plugins.ml2.plugin.Ml2Plugin._retry_binding_revived_agents-3700980'] for agent (bed60493-2ec1-4233-9e2e-5bf34e3db9d9), after_update {{(pid=103275) _notify_loop /usr/local/lib/python3.8/dist-packages/neutron_lib/callbacks/manager.py:176}}
Feb 15 15:20:08.062323 dv-cinder-778193-15-iscsi neutron-server[103273]: DEBUG neutron.pecan_wsgi.hooks.policy_enforcement [req-ed4b6aa6-d1bc-496b-a5d3-5b9d6a7cb91c req-65a82ad4-3298-4310-a03c-a906e9d7dd4e service neutron] Attributes excluded by policy engine: ['standard_attr_id'] {{(pid=103273) _exclude_attributes_by_policy /opt/stack/neutron/neutron/pecan_wsgi/hooks/policy_enforcement.py:255}}
Feb 15 15:20:08.063075 dv-cinder-778193-15-iscsi neutron-server[103273]: DEBUG neutron_lib.callbacks.manager [req-ed4b6aa6-d1bc-496b-a5d3-5b9d6a7cb91c req-65a82ad4-3298-4310-a03c-a906e9d7dd4e service neutron] Publish callbacks ['neutron.notifiers.nova.Notifier._send_nova_notification-175217', 'neutron.api.rpc.agentnotifiers.dhcp_rpc_agent_api.DhcpAgentNotifyAPI._send_dhcp_notification-729258'] for port (None), before_response {{(pid=103273) _notify_loop /usr/local/lib/python3.8/dist-packages/neutron_lib/callbacks/manager.py:176}}
Feb 15 15:20:08.065547 dv-cinder-778193-15-iscsi neutron-server[103273]: INFO neutron.wsgi [req-ed4b6aa6-d1bc-496b-a5d3-5b9d6a7cb91c req-65a82ad4-3298-4310-a03c-a906e9d7dd4e service neutron] 10.222.0.102 "PUT /v2.0/ports/9c0ef145-be3c-46a2-81ba-b06eafebf8a8 HTTP/1.1" status: 200 len: 1093 time: 2.6531961
Feb 15 15:20:08.070596 dv-cinder-778193-15-iscsi neutron-server[103273]: DEBUG neutron.notifiers.nova [-] Sending events: [{'name': 'network-changed', 'server_uuid': '1bdb1fe4-75c0-47ac-a4ca-32abf4c97181', 'tag': '9c0ef145-be3c-46a2-81ba-b06eafebf8a8'}] {{(pid=103273) send_events /opt/stack/neutron/neutron/notifiers/nova.py:271}}
Feb 15 15:20:08.072893 dv-cinder-778193-15-iscsi neutron-server[103273]: DEBUG novaclient.v2.client [-] REQ: curl -g -i --cacert "/opt/stack/data/ca-bundle.pem" -X POST http://10.222.0.110/compute/v2.1/os-server-external-events -H "Accept: application/json" -H "Content-Type: application/json" -H "User-Agent: python-novaclient" -H "X-Auth-Token: {SHA256}5aad2e7f500faf6de6b64b58486da64b94110e699dcb19e3fae98b86607ab785" -H "X-OpenStack-Nova-API-Version: 2.1" -H "X-OpenStack-Request-ID: req-b1fb9319-4e91-49b0-b8fa-f9309c6daa44" -d '{"events": [{"name": "network-changed", "server_uuid": "1bdb1fe4-75c0-47ac-a4ca-32abf4c97181", "tag": "9c0ef145-be3c-46a2-81ba-b06eafebf8a8"}]}' {{(pid=103273) _http_log_request /usr/local/lib/python3.8/dist-packages/keystoneauth1/session.py:519}}
Feb 15 15:20:08.104746 dv-cinder-778193-15-iscsi neutron-server[103273]: DEBUG neutron.pecan_wsgi.hooks.policy_enforcement [req-3ad3d3d9-41ae-4f98-b4be-b74f6cca9a59 req-40c58d69-b360-4f8a-9501-819477d0f05d tempest-AttachVolumeTestJSON-717412170 tempest-AttachVolumeTestJSON-717412170-project] Attributes excluded by policy engine: ['standard_attr_id', 'binding:profile', 'binding:host_id', 'binding:vif_type', 'binding:vif_details'] {{(pid=103273) _exclude_attributes_by_policy /opt/stack/neutron/neutron/pecan_wsgi/hooks/policy_enforcement.py:255}}
Feb 15 15:20:08.118707 dv-cinder-778193-15-iscsi neutron-server[103273]: INFO neutron.wsgi [req-3ad3d3d9-41ae-4f98-b4be-b74f6cca9a59 req-40c58d69-b360-4f8a-9501-819477d0f05d tempest-AttachVolumeTestJSON-717412170 tempest-AttachVolumeTestJSON-717412170-project] 10.222.0.110 "GET /v2.0/ports?device_id=1bdb1fe4-75c0-47ac-a4ca-32abf4c97181 HTTP/1.1" status: 200 len: 943 time: 0.1958232
Feb 15 15:20:08.151109 dv-cinder-778193-15-iscsi neutron-server[103275]: DEBUG neutron.plugins.ml2.rpc [None req-2ac40661-ef4f-4955-9ce6-25d177fca3ca None None] Device c45e569b-d743-4317-8d03-3d4a486e19d5 up at agent hyperv_hv-cinder-77819 {{(pid=103275) update_device_up /opt/stack/neutron/neutron/plugins/ml2/rpc.py:296}}
Feb 15 15:20:08.172365 dv-cinder-778193-15-iscsi neutron-server[103274]: DEBUG neutron.api.rpc.handlers.resources_rpc [None req-c9cf78c1-2315-4141-aa9c-05204a2b0f91 service neutron] Pushing event updated for resources: {'Port': ['ID=d7735bb4-c942-496a-8377-3a32193df960,revision_number=3']} {{(pid=103274) push /opt/stack/neutron/neutron/api/rpc/handlers/resources_rpc.py:237}}
Feb 15 15:20:08.183090 dv-cinder-778193-15-iscsi neutron-server[103273]: DEBUG neutron.api.rpc.handlers.resources_rpc [None req-65a82ad4-3298-4310-a03c-a906e9d7dd4e service neutron] Pushing event updated for resources: {'Port': ['ID=9c0ef145-be3c-46a2-81ba-b06eafebf8a8,revision_number=3']} {{(pid=103273) push /opt/stack/neutron/neutron/api/rpc/handlers/resources_rpc.py:237}}
Feb 15 15:20:08.194436 dv-cinder-778193-15-iscsi neutron-server[103274]: DEBUG neutron.pecan_wsgi.hooks.policy_enforcement [req-0e0dc08e-d290-426b-812c-b72da3285c43 req-c9cf78c1-2315-4141-aa9c-05204a2b0f91 service neutron] Attributes excluded by policy engine: ['standard_attr_id'] {{(pid=103274) _exclude_attributes_by_policy /opt/stack/neutron/neutron/pecan_wsgi/hooks/policy_enforcement.py:255}}
Feb 15 15:20:08.195248 dv-cinder-778193-15-iscsi neutron-server[103274]: DEBUG neutron_lib.callbacks.manager [req-0e0dc08e-d290-426b-812c-b72da3285c43 req-c9cf78c1-2315-4141-aa9c-05204a2b0f91 service neutron] Publish callbacks ['neutron.notifiers.nova.Notifier._send_nova_notification-175217', 'neutron.api.rpc.agentnotifiers.dhcp_rpc_agent_api.DhcpAgentNotifyAPI._send_dhcp_notification-729258'] for port (None), before_response {{(pid=103274) _notify_loop /usr/local/lib/python3.8/dist-packages/neutron_lib/callbacks/manager.py:176}}
Feb 15 15:20:08.197769 dv-cinder-778193-15-iscsi neutron-server[103274]: INFO neutron.wsgi [req-0e0dc08e-d290-426b-812c-b72da3285c43 req-c9cf78c1-2315-4141-aa9c-05204a2b0f91 service neutron] 10.222.0.102 "PUT /v2.0/ports/d7735bb4-c942-496a-8377-3a32193df960 HTTP/1.1" status: 200 len: 1093 time: 1.9744735
Feb 15 15:20:08.199127 dv-cinder-778193-15-iscsi neutron-server[103274]: DEBUG neutron.notifiers.nova [-] Sending events: [{'name': 'network-changed', 'server_uuid': '3b33e399-6f57-40a0-a7cd-804327132820', 'tag': 'd7735bb4-c942-496a-8377-3a32193df960'}] {{(pid=103274) send_events /opt/stack/neutron/neutron/notifiers/nova.py:271}}
Feb 15 15:20:08.201457 dv-cinder-778193-15-iscsi neutron-server[103274]: DEBUG novaclient.v2.client [-] REQ: curl -g -i --cacert "/opt/stack/data/ca-bundle.pem" -X POST http://10.222.0.110/compute/v2.1/os-server-external-events -H "Accept: application/json" -H "Content-Type: application/json" -H "User-Agent: python-novaclient" -H "X-Auth-Token: {SHA256}8b7e233c294f14e7bcc9df6a390860d1cd0d62a0925fc3ce2dfe822e228c4460" -H "X-OpenStack-Nova-API-Version: 2.1" -H "X-OpenStack-Request-ID: req-8310e335-71b9-489a-98a4-5c5a21c82633" -d '{"events": [{"name": "network-changed", "server_uuid": "3b33e399-6f57-40a0-a7cd-804327132820", "tag": "d7735bb4-c942-496a-8377-3a32193df960"}]}' {{(pid=103274) _http_log_request /usr/local/lib/python3.8/dist-packages/keystoneauth1/session.py:519}}
Feb 15 15:20:08.351869 dv-cinder-778193-15-iscsi neutron-server[103274]: DEBUG neutron.pecan_wsgi.hooks.policy_enforcement [req-ed4b6aa6-d1bc-496b-a5d3-5b9d6a7cb91c req-e03391eb-f007-4ddb-b977-dbc281752130 service neutron] Attributes excluded by policy engine: ['standard_attr_id'] {{(pid=103274) _exclude_attributes_by_policy /opt/stack/neutron/neutron/pecan_wsgi/hooks/policy_enforcement.py:255}}
Feb 15 15:20:08.354455 dv-cinder-778193-15-iscsi neutron-server[103274]: INFO neutron.wsgi [req-ed4b6aa6-d1bc-496b-a5d3-5b9d6a7cb91c req-e03391eb-f007-4ddb-b977-dbc281752130 service neutron] 10.222.0.102 "GET /v2.0/ports?tenant_id=a15d8453cac44f089b89e2d5930fccc6&device_id=1bdb1fe4-75c0-47ac-a4ca-32abf4c97181 HTTP/1.1" status: 200 len: 1127 time: 0.1240201
Feb 15 15:20:08.365794 dv-cinder-778193-15-iscsi neutron-server[103274]: DEBUG neutron.pecan_wsgi.hooks.policy_enforcement [req-229c6454-b543-413f-ab9c-bbb29639cbf3 req-bbe65052-e04a-478c-a412-48dd81e80168 tempest-DeleteServersTestJSON-257587198 tempest-DeleteServersTestJSON-257587198-project] Attributes excluded by policy engine: ['standard_attr_id', 'binding:profile', 'binding:host_id', 'binding:vif_type', 'binding:vif_details'] {{(pid=103274) _exclude_attributes_by_policy /opt/stack/neutron/neutron/pecan_wsgi/hooks/policy_enforcement.py:255}}
Feb 15 15:20:08.369841 dv-cinder-778193-15-iscsi neutron-server[103273]: DEBUG neutron_lib.callbacks.manager [None req-1ae31a79-b983-49fe-b41e-ddb9e52e1394 admin admin] Publish callbacks [] for security_group (dd4ae1a9-9fbf-4e98-bf9a-822c907f83c7), precommit_create {{(pid=103273) _notify_loop /usr/local/lib/python3.8/dist-packages/neutron_lib/callbacks/manager.py:176}}
Feb 15 15:20:08.375447 dv-cinder-778193-15-iscsi neutron-server[103274]: INFO neutron.wsgi [req-229c6454-b543-413f-ab9c-bbb29639cbf3 req-bbe65052-e04a-478c-a412-48dd81e80168 tempest-DeleteServersTestJSON-257587198 tempest-DeleteServersTestJSON-257587198-project] 10.222.0.110 "GET /v2.0/ports?device_id=db04f2f4-5e4c-4904-8aef-b8a54440b68a HTTP/1.1" status: 200 len: 945 time: 0.1991649
Feb 15 15:20:08.426927 dv-cinder-778193-15-iscsi neutron-server[103273]: INFO neutron.wsgi [req-3ad3d3d9-41ae-4f98-b4be-b74f6cca9a59 req-598f6a44-9802-4226-9e0d-ef30d78aa179 tempest-AttachVolumeTestJSON-717412170 tempest-AttachVolumeTestJSON-717412170-project] 10.222.0.110 "GET /v2.0/security-groups?id=be98ba2e-38da-4041-898d-60ec56255d26&fields=id&fields=name HTTP/1.1" status: 200 len: 313 time: 0.3124247
Feb 15 15:20:08.451746 dv-cinder-778193-15-iscsi neutron-server[103275]: DEBUG neutron.db.provisioning_blocks [None req-2ac40661-ef4f-4955-9ce6-25d177fca3ca None None] Provisioning for port c45e569b-d743-4317-8d03-3d4a486e19d5 completed by entity L2. {{(pid=103275) provisioning_complete /opt/stack/neutron/neutron/db/provisioning_blocks.py:133}}
Feb 15 15:20:08.451968 dv-cinder-778193-15-iscsi neutron-server[103274]: INFO neutron.wsgi [req-ed4b6aa6-d1bc-496b-a5d3-5b9d6a7cb91c req-bbf5b194-2c6e-435b-9132-34a669ead881 service neutron] 10.222.0.102 "GET /v2.0/floatingips?fixed_ip_address=172.20.0.5&port_id=9c0ef145-be3c-46a2-81ba-b06eafebf8a8 HTTP/1.1" status: 200 len: 217 time: 0.0719540
Feb 15 15:20:08.456719 dv-cinder-778193-15-iscsi neutron-server[103275]: DEBUG neutron.db.provisioning_blocks [None req-2ac40661-ef4f-4955-9ce6-25d177fca3ca None None] Provisioning complete for port c45e569b-d743-4317-8d03-3d4a486e19d5 triggered by entity L2. {{(pid=103275) provisioning_complete /opt/stack/neutron/neutron/db/provisioning_blocks.py:139}}
Feb 15 15:20:08.464145 dv-cinder-778193-15-iscsi neutron-server[103275]: DEBUG neutron_lib.callbacks.manager [None req-2ac40661-ef4f-4955-9ce6-25d177fca3ca None None] Publish callbacks ['neutron.plugins.ml2.plugin.Ml2Plugin._port_provisioned-3701290'] for port (c45e569b-d743-4317-8d03-3d4a486e19d5), provisioning_complete {{(pid=103275) _notify_loop /usr/local/lib/python3.8/dist-packages/neutron_lib/callbacks/manager.py:176}}
Feb 15 15:20:08.495057 dv-cinder-778193-15-iscsi neutron-server[103273]: DEBUG neutron_lib.callbacks.manager [None req-1ae31a79-b983-49fe-b41e-ddb9e52e1394 admin admin] Publish callbacks ['neutron.plugins.ml2.ovo_rpc._ObjectChangeHandler.handle_event-587303'] for security_group (dd4ae1a9-9fbf-4e98-bf9a-822c907f83c7), after_create {{(pid=103273) _notify_loop /usr/local/lib/python3.8/dist-packages/neutron_lib/callbacks/manager.py:176}}
Feb 15 15:20:08.538451 dv-cinder-778193-15-iscsi neutron-server[103273]: DEBUG novaclient.v2.client [-] RESP: [200] Connection: close Content-Length: 179 Content-Type: application/json Date: Tue, 15 Feb 2022 15:20:08 GMT OpenStack-API-Version: compute 2.1 Server: Apache/2.4.41 (Ubuntu) Vary: OpenStack-API-Version,X-OpenStack-Nova-API-Version X-OpenStack-Nova-API-Version: 2.1 x-compute-request-id: req-948fc7d3-74a1-4235-a8b1-1c23396d22a2 x-openstack-request-id: req-948fc7d3-74a1-4235-a8b1-1c23396d22a2 {{(pid=103273) _http_log_response /usr/local/lib/python3.8/dist-packages/keystoneauth1/session.py:550}}
Feb 15 15:20:08.540058 dv-cinder-778193-15-iscsi neutron-server[103273]: DEBUG novaclient.v2.client [-] RESP BODY: {"events": [{"name": "network-changed", "server_uuid": "1bdb1fe4-75c0-47ac-a4ca-32abf4c97181", "tag": "9c0ef145-be3c-46a2-81ba-b06eafebf8a8", "status": "completed", "code": 200}]} {{(pid=103273) _http_log_response /usr/local/lib/python3.8/dist-packages/keystoneauth1/session.py:582}}
Feb 15 15:20:08.544462 dv-cinder-778193-15-iscsi neutron-server[103273]: DEBUG novaclient.v2.client [-] POST call to compute for http://10.222.0.110/compute/v2.1/os-server-external-events used request id req-948fc7d3-74a1-4235-a8b1-1c23396d22a2 {{(pid=103273) request /usr/local/lib/python3.8/dist-packages/keystoneauth1/session.py:954}}
Feb 15 15:20:08.544462 dv-cinder-778193-15-iscsi neutron-server[103273]: INFO neutron.notifiers.nova [-] Nova event response: {'name': 'network-changed', 'server_uuid': '1bdb1fe4-75c0-47ac-a4ca-32abf4c97181', 'tag': '9c0ef145-be3c-46a2-81ba-b06eafebf8a8', 'status': 'completed', 'code': 200}
Feb 15 15:20:08.595935 dv-cinder-778193-15-iscsi neutron-server[103274]: DEBUG neutron.pecan_wsgi.hooks.policy_enforcement [req-ed4b6aa6-d1bc-496b-a5d3-5b9d6a7cb91c req-7961f77c-ea68-4000-9d27-2c7af3a8ed32 service neutron] Attributes excluded by policy engine: ['standard_attr_id', 'shared'] {{(pid=103274) _exclude_attributes_by_policy /opt/stack/neutron/neutron/pecan_wsgi/hooks/policy_enforcement.py:255}}
Feb 15 15:20:08.597605 dv-cinder-778193-15-iscsi neutron-server[103274]: INFO neutron.wsgi [req-ed4b6aa6-d1bc-496b-a5d3-5b9d6a7cb91c req-7961f77c-ea68-4000-9d27-2c7af3a8ed32 service neutron] 10.222.0.102 "GET /v2.0/subnets?id=8a88e52d-4fa6-4a6c-94d8-7c4291c9cdcb HTTP/1.1" status: 200 len: 850 time: 0.1255229
Feb 15 15:20:08.607788 dv-cinder-778193-15-iscsi neutron-server[103273]: INFO neutron.wsgi [None req-1ae31a79-b983-49fe-b41e-ddb9e52e1394 admin admin] 10.222.0.110 "GET /v2.0/security-groups?tenant_id=92b9ff42f48f4b74a7d078e4fb162763&name=default HTTP/1.1" status: 200 len: 2996 time: 0.7954507
Feb 15 15:20:08.609372 dv-cinder-778193-15-iscsi neutron-server[103274]: INFO neutron.wsgi [req-229c6454-b543-413f-ab9c-bbb29639cbf3 req-c318e8d2-6c08-40c4-8a25-5e0158a3b131 tempest-DeleteServersTestJSON-257587198 tempest-DeleteServersTestJSON-257587198-project] 10.222.0.110 "GET /v2.0/security-groups?id=20f66579-c17f-45d2-8d01-e1ecba1a40eb&fields=id&fields=name HTTP/1.1" status: 200 len: 286 time: 0.2320690
Feb 15 15:20:08.611036 dv-cinder-778193-15-iscsi neutron-server[103273]: DEBUG neutron.wsgi [-] (103273) accepted ('10.222.0.110', 35324) {{(pid=103273) server /usr/local/lib/python3.8/dist-packages/eventlet/wsgi.py:1004}}
Feb 15 15:20:08.646051 dv-cinder-778193-15-iscsi neutron-server[103273]: DEBUG neutron.pecan_wsgi.hooks.policy_enforcement [req-0e0dc08e-d290-426b-812c-b72da3285c43 req-6f06694b-0e96-439c-ab23-03438dfa6cf8 service neutron] Attributes excluded by policy engine: ['standard_attr_id'] {{(pid=103273) _exclude_attributes_by_policy /opt/stack/neutron/neutron/pecan_wsgi/hooks/policy_enforcement.py:255}}
Feb 15 15:20:08.647577 dv-cinder-778193-15-iscsi neutron-server[103273]: INFO neutron.wsgi [req-0e0dc08e-d290-426b-812c-b72da3285c43 req-6f06694b-0e96-439c-ab23-03438dfa6cf8 service neutron] 10.222.0.102 "GET /v2.0/ports?tenant_id=e5da61bfabcd4286b4d12afe5df1b2f4&device_id=3b33e399-6f57-40a0-a7cd-804327132820 HTTP/1.1" status: 200 len: 1127 time: 0.2823825
Feb 15 15:20:08.654577 dv-cinder-778193-15-iscsi neutron-server[103273]: DEBUG neutron.api.rpc.handlers.resources_rpc [None req-1ae31a79-b983-49fe-b41e-ddb9e52e1394 admin admin] Pushing event updated for resources: {'SecurityGroup': ['ID=dd4ae1a9-9fbf-4e98-bf9a-822c907f83c7,revision_number=1']} {{(pid=103273) push /opt/stack/neutron/neutron/api/rpc/handlers/resources_rpc.py:237}}
Feb 15 15:20:08.693616 dv-cinder-778193-15-iscsi neutron-server[103274]: DEBUG novaclient.v2.client [-] RESP: [200] Connection: close Content-Length: 179 Content-Type: application/json Date: Tue, 15 Feb 2022 15:20:08 GMT OpenStack-API-Version: compute 2.1 Server: Apache/2.4.41 (Ubuntu) Vary: OpenStack-API-Version,X-OpenStack-Nova-API-Version X-OpenStack-Nova-API-Version: 2.1 x-compute-request-id: req-b3c83f97-9912-49ac-ba6b-6c13329eb25b x-openstack-request-id: req-b3c83f97-9912-49ac-ba6b-6c13329eb25b {{(pid=103274) _http_log_response /usr/local/lib/python3.8/dist-packages/keystoneauth1/session.py:550}}
Feb 15 15:20:08.693858 dv-cinder-778193-15-iscsi neutron-server[103274]: DEBUG novaclient.v2.client [-] RESP BODY: {"events": [{"name": "network-changed", "server_uuid": "3b33e399-6f57-40a0-a7cd-804327132820", "tag": "d7735bb4-c942-496a-8377-3a32193df960", "status": "completed", "code": 200}]} {{(pid=103274) _http_log_response /usr/local/lib/python3.8/dist-packages/keystoneauth1/session.py:582}}
Feb 15 15:20:08.694242 dv-cinder-778193-15-iscsi neutron-server[103274]: DEBUG novaclient.v2.client [-] POST call to compute for http://10.222.0.110/compute/v2.1/os-server-external-events used request id req-b3c83f97-9912-49ac-ba6b-6c13329eb25b {{(pid=103274) request /usr/local/lib/python3.8/dist-packages/keystoneauth1/session.py:954}}
Feb 15 15:20:08.694652 dv-cinder-778193-15-iscsi neutron-server[103274]: INFO neutron.notifiers.nova [-] Nova event response: {'name': 'network-changed', 'server_uuid': '3b33e399-6f57-40a0-a7cd-804327132820', 'tag': 'd7735bb4-c942-496a-8377-3a32193df960', 'status': 'completed', 'code': 200}
Feb 15 15:20:08.709734 dv-cinder-778193-15-iscsi neutron-server[103275]: DEBUG neutron.plugins.ml2.plugin [None req-2ac40661-ef4f-4955-9ce6-25d177fca3ca None None] Current status of the port c45e569b-d743-4317-8d03-3d4a486e19d5 is: BUILD; New status is: ACTIVE {{(pid=103275) _update_individual_port_db_status /opt/stack/neutron/neutron/plugins/ml2/plugin.py:2232}}
Feb 15 15:20:08.710203 dv-cinder-778193-15-iscsi neutron-server[103275]: DEBUG neutron_lib.callbacks.manager [None req-2ac40661-ef4f-4955-9ce6-25d177fca3ca None None] Publish callbacks ['neutron.plugins.ml2.plugin.SecurityGroupDbMixin._ensure_default_security_group_handler-3839899'] for port (c45e569b-d743-4317-8d03-3d4a486e19d5), before_update {{(pid=103275) _notify_loop /usr/local/lib/python3.8/dist-packages/neutron_lib/callbacks/manager.py:176}}
Feb 15 15:20:08.721305 dv-cinder-778193-15-iscsi neutron-server[103274]: DEBUG neutron.pecan_wsgi.hooks.policy_enforcement [req-ed4b6aa6-d1bc-496b-a5d3-5b9d6a7cb91c req-62a7597e-393b-467f-995d-c747d24e85b8 service neutron] Attributes excluded by policy engine: ['standard_attr_id'] {{(pid=103274) _exclude_attributes_by_policy /opt/stack/neutron/neutron/pecan_wsgi/hooks/policy_enforcement.py:255}}
Feb 15 15:20:08.723192 dv-cinder-778193-15-iscsi neutron-server[103274]: INFO neutron.wsgi [req-ed4b6aa6-d1bc-496b-a5d3-5b9d6a7cb91c req-62a7597e-393b-467f-995d-c747d24e85b8 service neutron] 10.222.0.102 "GET /v2.0/ports?network_id=73f85123-0d32-40a7-854e-e7dc72d977f8&device_owner=network%3Adhcp HTTP/1.1" status: 200 len: 1213 time: 0.1067095
