Feb 15 11:50:20.767566 dv-cinder-778193-14-smb devstack@n-api.service[128062]: DEBUG oslo_concurrency.lockutils [None req-b944e9a9-d53c-4755-8851-e6143bd64c15 None None] Lock "00000000-0000-0000-0000-000000000000" "released" by "nova.context.set_target_cell..get_or_set_cached_cell_and_set_connections" :: held 0.002s {{(pid=128062) inner /usr/local/lib/python3.8/dist-packages/oslo_concurrency/lockutils.py:400}}
Feb 15 11:50:20.768382 dv-cinder-778193-14-smb devstack@n-api.service[128062]: DEBUG oslo_concurrency.lockutils [None req-b944e9a9-d53c-4755-8851-e6143bd64c15 None None] Lock "981e5065-c3a8-4322-a10a-d69620b08f5a" acquired by "nova.context.set_target_cell..get_or_set_cached_cell_and_set_connections" :: waited 0.000s {{(pid=128062) inner /usr/local/lib/python3.8/dist-packages/oslo_concurrency/lockutils.py:386}}
Feb 15 11:50:20.770342 dv-cinder-778193-14-smb devstack@n-api.service[128062]: DEBUG oslo_concurrency.lockutils [None req-b944e9a9-d53c-4755-8851-e6143bd64c15 None None] Lock "981e5065-c3a8-4322-a10a-d69620b08f5a" "released" by "nova.context.set_target_cell..get_or_set_cached_cell_and_set_connections" :: held 0.002s {{(pid=128062) inner /usr/local/lib/python3.8/dist-packages/oslo_concurrency/lockutils.py:400}}
Feb 15 11:50:20.781695 dv-cinder-778193-14-smb devstack@n-api.service[128062]: DEBUG oslo_db.sqlalchemy.engines [None req-b944e9a9-d53c-4755-8851-e6143bd64c15 None None] MySQL server mode set to STRICT_TRANS_TABLES,STRICT_ALL_TABLES,NO_ZERO_IN_DATE,NO_ZERO_DATE,ERROR_FOR_DIVISION_BY_ZERO,TRADITIONAL,NO_ENGINE_SUBSTITUTION {{(pid=128062) _check_effective_sql_mode /usr/local/lib/python3.8/dist-packages/oslo_db/sqlalchemy/engines.py:314}}
Feb 15 11:50:20.783691 dv-cinder-778193-14-smb devstack@n-api.service[128062]: DEBUG oslo_db.sqlalchemy.engines [None req-b944e9a9-d53c-4755-8851-e6143bd64c15 None None] MySQL server mode set to STRICT_TRANS_TABLES,STRICT_ALL_TABLES,NO_ZERO_IN_DATE,NO_ZERO_DATE,ERROR_FOR_DIVISION_BY_ZERO,TRADITIONAL,NO_ENGINE_SUBSTITUTION {{(pid=128062) _check_effective_sql_mode /usr/local/lib/python3.8/dist-packages/oslo_db/sqlalchemy/engines.py:314}}
Feb 15 11:50:20.917375 dv-cinder-778193-14-smb devstack@n-api.service[128061]: DEBUG oslo_db.sqlalchemy.engines [None req-b2ec8edd-981b-4efb-8837-6b8b648a9648 None None] MySQL server mode set to STRICT_TRANS_TABLES,STRICT_ALL_TABLES,NO_ZERO_IN_DATE,NO_ZERO_DATE,ERROR_FOR_DIVISION_BY_ZERO,TRADITIONAL,NO_ENGINE_SUBSTITUTION {{(pid=128061) _check_effective_sql_mode /usr/local/lib/python3.8/dist-packages/oslo_db/sqlalchemy/engines.py:314}}
Feb 15 11:50:20.940401 dv-cinder-778193-14-smb devstack@n-api.service[128062]: DEBUG oslo_db.sqlalchemy.engines [None req-b944e9a9-d53c-4755-8851-e6143bd64c15 None None] MySQL server mode set to STRICT_TRANS_TABLES,STRICT_ALL_TABLES,NO_ZERO_IN_DATE,NO_ZERO_DATE,ERROR_FOR_DIVISION_BY_ZERO,TRADITIONAL,NO_ENGINE_SUBSTITUTION {{(pid=128062) _check_effective_sql_mode /usr/local/lib/python3.8/dist-packages/oslo_db/sqlalchemy/engines.py:314}}
Feb 15 11:50:21.355183 dv-cinder-778193-14-smb devstack@n-api.service[128061]: WARNING keystonemiddleware.auth_token [None req-b2ec8edd-981b-4efb-8837-6b8b648a9648 None None] AuthToken middleware is set with keystone_authtoken.service_token_roles_required set to False. This is backwards compatible but deprecated behaviour. Please set this to True.
Feb 15 11:50:21.364465 dv-cinder-778193-14-smb devstack@n-api.service[128061]: WARNING keystonemiddleware.auth_token [None req-b2ec8edd-981b-4efb-8837-6b8b648a9648 None None] Configuring www_authenticate_uri to point to the public identity endpoint is required; clients may not be able to authenticate against an admin endpoint
Feb 15 11:50:21.371026 dv-cinder-778193-14-smb devstack@n-api.service[128062]: WARNING keystonemiddleware.auth_token [None req-b944e9a9-d53c-4755-8851-e6143bd64c15 None None] AuthToken middleware is set with keystone_authtoken.service_token_roles_required set to False. This is backwards compatible but deprecated behaviour. Please set this to True.
Feb 15 11:50:21.377947 dv-cinder-778193-14-smb devstack@n-api.service[128062]: WARNING keystonemiddleware.auth_token [None req-b944e9a9-d53c-4755-8851-e6143bd64c15 None None] Configuring www_authenticate_uri to point to the public identity endpoint is required; clients may not be able to authenticate against an admin endpoint
Feb 15 11:50:21.596923 dv-cinder-778193-14-smb devstack@n-api.service[128061]: WARNING keystonemiddleware.auth_token [None req-b2ec8edd-981b-4efb-8837-6b8b648a9648 None None] AuthToken middleware is set with keystone_authtoken.service_token_roles_required set to False. This is backwards compatible but deprecated behaviour. Please set this to True.
Feb 15 11:50:21.602159 dv-cinder-778193-14-smb devstack@n-api.service[128061]: WARNING keystonemiddleware.auth_token [None req-b2ec8edd-981b-4efb-8837-6b8b648a9648 None None] Configuring www_authenticate_uri to point to the public identity endpoint is required; clients may not be able to authenticate against an admin endpoint
Feb 15 11:50:21.607996 dv-cinder-778193-14-smb devstack@n-api.service[128062]: WARNING keystonemiddleware.auth_token [None req-b944e9a9-d53c-4755-8851-e6143bd64c15 None None] AuthToken middleware is set with keystone_authtoken.service_token_roles_required set to False. This is backwards compatible but deprecated behaviour. Please set this to True.
Feb 15 11:50:21.608121 dv-cinder-778193-14-smb devstack@n-api.service[128061]: WSGI app 0 (mountpoint='') ready in 6 seconds on interpreter 0x562779f559c0 pid: 128061 (default app)
Feb 15 11:50:21.613123 dv-cinder-778193-14-smb devstack@n-api.service[128062]: WARNING keystonemiddleware.auth_token [None req-b944e9a9-d53c-4755-8851-e6143bd64c15 None None] Configuring www_authenticate_uri to point to the public identity endpoint is required; clients may not be able to authenticate against an admin endpoint
Feb 15 11:50:21.618413 dv-cinder-778193-14-smb devstack@n-api.service[128062]: WSGI app 0 (mountpoint='') ready in 6 seconds on interpreter 0x562779f559c0 pid: 128062 (default app)
Feb 15 11:50:58.934636 dv-cinder-778193-14-smb devstack@n-api.service[128061]: DEBUG nova.api.openstack.wsgi [None req-f40bdf55-560a-4699-8d84-dd40dd030a00 tempest-VolumesGetTestJSON-1466722092 tempest-VolumesGetTestJSON-1466722092-project] Action: 'create', calling method: .version_select at 0x7f8ca8ffb5e0>, body: {"volume": {"size": 1, "display_name": "tempest-VolumesGetTestJSON-Volume-800894986", "metadata": {"Type": "work"}}} {{(pid=128061) _process_stack /opt/stack/nova/nova/api/openstack/wsgi.py:511}}
Feb 15 11:51:00.498219 dv-cinder-778193-14-smb devstack@n-api.service[128062]: DEBUG nova.api.openstack.wsgi [None req-9188b1e2-bd0b-4421-b573-e2cf305fd81e tempest-AttachVolumeNegativeTest-1104367227 tempest-AttachVolumeNegativeTest-1104367227-project] Action: 'create', calling method: >, body: {"server": {"name": "tempest-AttachVolumeNegativeTest-server-737066695", "imageRef": "502d5c9b-880c-4cee-8557-b2943f1ed33f", "flavorRef": "452", "networks": [{"uuid": "3aa6de75-2a8b-4cd7-8f91-0777a9e85d93"}]}} {{(pid=128062) _process_stack /opt/stack/nova/nova/api/openstack/wsgi.py:511}}
Feb 15 11:51:00.772148 dv-cinder-778193-14-smb devstack@n-api.service[128061]: INFO nova.api.openstack.requestlog [None req-f40bdf55-560a-4699-8d84-dd40dd030a00 tempest-VolumesGetTestJSON-1466722092 tempest-VolumesGetTestJSON-1466722092-project] 10.222.0.67 "POST /compute/v2.1/os-volumes" status: 200 len: 352 microversion: 2.1 time: 3.535656
Feb 15 11:51:00.780885 dv-cinder-778193-14-smb devstack@n-api.service[128061]: [pid: 128061|app: 0|req: 1/1] 10.222.0.67 () {60 vars in 1155 bytes} [Tue Feb 15 11:50:57 2022] POST /compute/v2.1/os-volumes => generated 352 bytes in 3546 msecs (HTTP/1.1 200) 10 headers in 448 bytes (1 switches on core 0)
Feb 15 11:51:00.788502 dv-cinder-778193-14-smb devstack@n-api.service[128061]: DEBUG nova.api.openstack.wsgi [None req-e30f6cbf-07c3-469b-bd1b-6d59b1cf125f tempest-VolumesTestJSON-65362865 tempest-VolumesTestJSON-65362865-project] Calling method '.version_select at 0x7f8ca8ec81f0>' {{(pid=128061) _process_stack /opt/stack/nova/nova/api/openstack/wsgi.py:513}}
Feb 15 11:51:00.913674 dv-cinder-778193-14-smb devstack@n-api.service[128061]: INFO nova.api.openstack.requestlog [None req-e30f6cbf-07c3-469b-bd1b-6d59b1cf125f tempest-VolumesTestJSON-65362865 tempest-VolumesTestJSON-65362865-project] 10.222.0.67 "GET /compute/v2.1/os-volumes/ebe44ab5-69e8-4bb1-aa28-251431369a26" status: 200 len: 350 microversion: 2.1 time: 0.131290
Feb 15 11:51:00.914329 dv-cinder-778193-14-smb devstack@n-api.service[128061]: [pid: 128061|app: 0|req: 2/2] 10.222.0.67 () {58 vars in 1244 bytes} [Tue Feb 15 11:51:00 2022] GET /compute/v2.1/os-volumes/ebe44ab5-69e8-4bb1-aa28-251431369a26 => generated 350 bytes in 133 msecs (HTTP/1.1 200) 9 headers in 357 bytes (1 switches on core 0)
Feb 15 11:51:00.992947 dv-cinder-778193-14-smb devstack@n-api.service[128061]: DEBUG nova.api.openstack.wsgi [None req-f7c979f9-81fe-48e6-b7f0-386abc3e3e60 tempest-DeleteServersTestJSON-1753966814 tempest-DeleteServersTestJSON-1753966814-project] Action: 'create', calling method: >, body: {"server": {"name": "tempest-DeleteServersTestJSON-server-1502404053", "imageRef": "502d5c9b-880c-4cee-8557-b2943f1ed33f", "flavorRef": "452", "networks": [{"uuid": "674fa0e2-0cdc-405d-9a3d-be7307346cf9"}]}} {{(pid=128061) _process_stack /opt/stack/nova/nova/api/openstack/wsgi.py:511}}
Feb 15 11:51:01.010174 dv-cinder-778193-14-smb devstack@n-api.service[128062]: DEBUG nova.network.neutron [None req-9188b1e2-bd0b-4421-b573-e2cf305fd81e tempest-AttachVolumeNegativeTest-1104367227 tempest-AttachVolumeNegativeTest-1104367227-project] validate_networks() for [('3aa6de75-2a8b-4cd7-8f91-0777a9e85d93', None, None, None, None, None)] {{(pid=128062) validate_networks /opt/stack/nova/nova/network/neutron.py:2623}}
Feb 15 11:51:01.150782 dv-cinder-778193-14-smb devstack@n-api.service[128061]: DEBUG nova.network.neutron [None req-f7c979f9-81fe-48e6-b7f0-386abc3e3e60 tempest-DeleteServersTestJSON-1753966814 tempest-DeleteServersTestJSON-1753966814-project] validate_networks() for [('674fa0e2-0cdc-405d-9a3d-be7307346cf9', None, None, None, None, None)] {{(pid=128061) validate_networks /opt/stack/nova/nova/network/neutron.py:2623}}
Feb 15 11:51:01.947413 dv-cinder-778193-14-smb devstack@n-api.service[128062]: DEBUG nova.virt.hardware [None req-9188b1e2-bd0b-4421-b573-e2cf305fd81e tempest-AttachVolumeNegativeTest-1104367227 tempest-AttachVolumeNegativeTest-1104367227-project] Flavor limits 0:0:0 {{(pid=128062) get_cpu_topology_constraints /opt/stack/nova/nova/virt/hardware.py:343}}
Feb 15 11:51:01.948444 dv-cinder-778193-14-smb devstack@n-api.service[128062]: DEBUG nova.virt.hardware [None req-9188b1e2-bd0b-4421-b573-e2cf305fd81e tempest-AttachVolumeNegativeTest-1104367227 tempest-AttachVolumeNegativeTest-1104367227-project] Image limits 0:0:0 {{(pid=128062) get_cpu_topology_constraints /opt/stack/nova/nova/virt/hardware.py:347}}
Feb 15 11:51:01.948944 dv-cinder-778193-14-smb devstack@n-api.service[128062]: DEBUG nova.virt.hardware [None req-9188b1e2-bd0b-4421-b573-e2cf305fd81e tempest-AttachVolumeNegativeTest-1104367227 tempest-AttachVolumeNegativeTest-1104367227-project] Flavor pref 0:0:0 {{(pid=128062) get_cpu_topology_constraints /opt/stack/nova/nova/virt/hardware.py:383}}
Feb 15 11:51:01.949533 dv-cinder-778193-14-smb devstack@n-api.service[128062]: DEBUG nova.virt.hardware [None req-9188b1e2-bd0b-4421-b573-e2cf305fd81e tempest-AttachVolumeNegativeTest-1104367227 tempest-AttachVolumeNegativeTest-1104367227-project] Image pref 0:0:0 {{(pid=128062) get_cpu_topology_constraints /opt/stack/nova/nova/virt/hardware.py:387}}
Feb 15 11:51:01.949994 dv-cinder-778193-14-smb devstack@n-api.service[128062]: DEBUG nova.virt.hardware [None req-9188b1e2-bd0b-4421-b573-e2cf305fd81e tempest-AttachVolumeNegativeTest-1104367227 tempest-AttachVolumeNegativeTest-1104367227-project] Chose sockets=0, cores=0, threads=0; limits were sockets=65536, cores=65536, threads=65536 {{(pid=128062) get_cpu_topology_constraints /opt/stack/nova/nova/virt/hardware.py:425}}
Feb 15 11:51:01.964169 dv-cinder-778193-14-smb devstack@n-api.service[128062]: DEBUG oslo_concurrency.lockutils [None req-9188b1e2-bd0b-4421-b573-e2cf305fd81e tempest-AttachVolumeNegativeTest-1104367227 tempest-AttachVolumeNegativeTest-1104367227-project] Lock "00000000-0000-0000-0000-000000000000" acquired by "nova.context.set_target_cell..get_or_set_cached_cell_and_set_connections" :: waited 0.000s {{(pid=128062) inner /usr/local/lib/python3.8/dist-packages/oslo_concurrency/lockutils.py:386}}
Feb 15 11:51:01.964822 dv-cinder-778193-14-smb devstack@n-api.service[128062]: DEBUG oslo_concurrency.lockutils [None req-9188b1e2-bd0b-4421-b573-e2cf305fd81e tempest-AttachVolumeNegativeTest-1104367227 tempest-AttachVolumeNegativeTest-1104367227-project] Lock "00000000-0000-0000-0000-000000000000" "released" by "nova.context.set_target_cell..get_or_set_cached_cell_and_set_connections" :: held 0.001s {{(pid=128062) inner /usr/local/lib/python3.8/dist-packages/oslo_concurrency/lockutils.py:400}}
Feb 15 11:51:01.965707 dv-cinder-778193-14-smb devstack@n-api.service[128062]: DEBUG oslo_concurrency.lockutils [None req-9188b1e2-bd0b-4421-b573-e2cf305fd81e tempest-AttachVolumeNegativeTest-1104367227 tempest-AttachVolumeNegativeTest-1104367227-project] Lock "981e5065-c3a8-4322-a10a-d69620b08f5a" acquired by "nova.context.set_target_cell..get_or_set_cached_cell_and_set_connections" :: waited 0.000s {{(pid=128062) inner /usr/local/lib/python3.8/dist-packages/oslo_concurrency/lockutils.py:386}}
Feb 15 11:51:01.966307 dv-cinder-778193-14-smb devstack@n-api.service[128062]: DEBUG oslo_concurrency.lockutils [None req-9188b1e2-bd0b-4421-b573-e2cf305fd81e tempest-AttachVolumeNegativeTest-1104367227 tempest-AttachVolumeNegativeTest-1104367227-project] Lock "981e5065-c3a8-4322-a10a-d69620b08f5a" "released" by "nova.context.set_target_cell..get_or_set_cached_cell_and_set_connections" :: held 0.001s {{(pid=128062) inner /usr/local/lib/python3.8/dist-packages/oslo_concurrency/lockutils.py:400}}
Feb 15 11:51:02.002544 dv-cinder-778193-14-smb devstack@n-api.service[128062]: DEBUG nova.quota [None req-9188b1e2-bd0b-4421-b573-e2cf305fd81e tempest-AttachVolumeNegativeTest-1104367227 tempest-AttachVolumeNegativeTest-1104367227-project] Getting quotas for project 0828c2ed5ee34897a409a34d6d0f3535. Resources: {'ram', 'instances', 'cores'} {{(pid=128062) _get_quotas /opt/stack/nova/nova/quota.py:387}}
Feb 15 11:51:02.010254 dv-cinder-778193-14-smb devstack@n-api.service[128062]: DEBUG nova.quota [None req-9188b1e2-bd0b-4421-b573-e2cf305fd81e tempest-AttachVolumeNegativeTest-1104367227 tempest-AttachVolumeNegativeTest-1104367227-project] Getting quotas for user 6692ec901cfd40158e1a021d2492f27c and project 0828c2ed5ee34897a409a34d6d0f3535. Resources: {'ram', 'instances', 'cores'} {{(pid=128062) _get_quotas /opt/stack/nova/nova/quota.py:377}}
Feb 15 11:51:02.026004 dv-cinder-778193-14-smb devstack@n-api.service[128062]: DEBUG nova.compute.api [None req-9188b1e2-bd0b-4421-b573-e2cf305fd81e tempest-AttachVolumeNegativeTest-1104367227 tempest-AttachVolumeNegativeTest-1104367227-project] Going to run 1 instances... {{(pid=128062) _provision_instances /opt/stack/nova/nova/compute/api.py:1370}}
Feb 15 11:51:02.029957 dv-cinder-778193-14-smb devstack@n-api.service[128062]: DEBUG nova.compute.api [None req-9188b1e2-bd0b-4421-b573-e2cf305fd81e tempest-AttachVolumeNegativeTest-1104367227 tempest-AttachVolumeNegativeTest-1104367227-project] [instance: 28c3fe4e-efaa-4115-9dbc-4fc9e9e375a9] block_device_mapping [BlockDeviceMapping(attachment_id=,boot_index=0,connection_info=None,created_at=,delete_on_termination=True,deleted=,deleted_at=,destination_type='local',device_name=None,device_type='disk',disk_bus=None,guest_format=None,id=,image_id='502d5c9b-880c-4cee-8557-b2943f1ed33f',instance=,instance_uuid=,no_device=False,snapshot_id=None,source_type='image',tag=None,updated_at=,uuid=,volume_id=None,volume_size=None,volume_type=None)] {{(pid=128062) _bdm_validate_set_size_and_instance /opt/stack/nova/nova/compute/api.py:1777}}
Feb 15 11:51:02.132831 dv-cinder-778193-14-smb devstack@n-api.service[128062]: INFO nova.api.openstack.requestlog [None req-9188b1e2-bd0b-4421-b573-e2cf305fd81e tempest-AttachVolumeNegativeTest-1104367227 tempest-AttachVolumeNegativeTest-1104367227-project] 10.222.0.67 "POST /compute/v2.1/servers" status: 202 len: 380 microversion: 2.1 time: 2.787566
Feb 15 11:51:02.133934 dv-cinder-778193-14-smb devstack@n-api.service[128062]: [pid: 128062|app: 0|req: 1/3] 10.222.0.67 () {60 vars in 1146 bytes} [Tue Feb 15 11:50:59 2022] POST /compute/v2.1/servers => generated 380 bytes in 2790 msecs (HTTP/1.1 202) 10 headers in 451 bytes (1 switches on core 0)
Feb 15 11:51:02.140189 dv-cinder-778193-14-smb devstack@n-api.service[128062]: DEBUG nova.api.openstack.wsgi [None req-b2f36d10-a4b0-4b99-8042-e16f692becab tempest-VolumesGetTestJSON-1466722092 tempest-VolumesGetTestJSON-1466722092-project] Calling method '.version_select at 0x7f8ca85fd160>' {{(pid=128062) _process_stack /opt/stack/nova/nova/api/openstack/wsgi.py:513}}
Feb 15 11:51:02.221248 dv-cinder-778193-14-smb devstack@n-api.service[128062]: INFO nova.api.openstack.requestlog [None req-b2f36d10-a4b0-4b99-8042-e16f692becab tempest-VolumesGetTestJSON-1466722092 tempest-VolumesGetTestJSON-1466722092-project] 10.222.0.67 "GET /compute/v2.1/os-volumes/d0064b09-07dc-4e62-9d87-4f495a00f660" status: 200 len: 353 microversion: 2.1 time: 0.085179
Feb 15 11:51:02.222493 dv-cinder-778193-14-smb devstack@n-api.service[128062]: [pid: 128062|app: 0|req: 2/4] 10.222.0.67 () {58 vars in 1244 bytes} [Tue Feb 15 11:51:02 2022] GET /compute/v2.1/os-volumes/d0064b09-07dc-4e62-9d87-4f495a00f660 => generated 353 bytes in 88 msecs (HTTP/1.1 200) 9 headers in 357 bytes (1 switches on core 0)
Feb 15 11:51:02.232544 dv-cinder-778193-14-smb devstack@n-api.service[128062]: DEBUG nova.api.openstack.wsgi [None req-95cc2d4b-ede4-4cc4-80a3-103c936f8f64 tempest-AttachVolumeNegativeTest-1104367227 tempest-AttachVolumeNegativeTest-1104367227-project] Calling method '>' {{(pid=128062) _process_stack /opt/stack/nova/nova/api/openstack/wsgi.py:513}}
Feb 15 11:51:02.234276 dv-cinder-778193-14-smb devstack@n-api.service[128062]: DEBUG nova.compute.api [None req-95cc2d4b-ede4-4cc4-80a3-103c936f8f64 tempest-AttachVolumeNegativeTest-1104367227 tempest-AttachVolumeNegativeTest-1104367227-project] [instance: 28c3fe4e-efaa-4115-9dbc-4fc9e9e375a9] Fetching instance by UUID {{(pid=128062) get /opt/stack/nova/nova/compute/api.py:2885}}
Feb 15 11:51:02.279372 dv-cinder-778193-14-smb devstack@n-api.service[128061]: DEBUG nova.virt.hardware [None req-f7c979f9-81fe-48e6-b7f0-386abc3e3e60 tempest-DeleteServersTestJSON-1753966814 tempest-DeleteServersTestJSON-1753966814-project] Flavor limits 0:0:0 {{(pid=128061) get_cpu_topology_constraints /opt/stack/nova/nova/virt/hardware.py:343}}
Feb 15 11:51:02.279933 dv-cinder-778193-14-smb devstack@n-api.service[128061]: DEBUG nova.virt.hardware [None req-f7c979f9-81fe-48e6-b7f0-386abc3e3e60 tempest-DeleteServersTestJSON-1753966814 tempest-DeleteServersTestJSON-1753966814-project] Image limits 0:0:0 {{(pid=128061) get_cpu_topology_constraints /opt/stack/nova/nova/virt/hardware.py:347}}
Feb 15 11:51:02.280294 dv-cinder-778193-14-smb devstack@n-api.service[128061]: DEBUG nova.virt.hardware [None req-f7c979f9-81fe-48e6-b7f0-386abc3e3e60 tempest-DeleteServersTestJSON-1753966814 tempest-DeleteServersTestJSON-1753966814-project] Flavor pref 0:0:0 {{(pid=128061) get_cpu_topology_constraints /opt/stack/nova/nova/virt/hardware.py:383}}
Feb 15 11:51:02.280709 dv-cinder-778193-14-smb devstack@n-api.service[128061]: DEBUG nova.virt.hardware [None req-f7c979f9-81fe-48e6-b7f0-386abc3e3e60 tempest-DeleteServersTestJSON-1753966814 tempest-DeleteServersTestJSON-1753966814-project] Image pref 0:0:0 {{(pid=128061) get_cpu_topology_constraints /opt/stack/nova/nova/virt/hardware.py:387}}
Feb 15 11:51:02.281170 dv-cinder-778193-14-smb devstack@n-api.service[128061]: DEBUG nova.virt.hardware [None req-f7c979f9-81fe-48e6-b7f0-386abc3e3e60 tempest-DeleteServersTestJSON-1753966814 tempest-DeleteServersTestJSON-1753966814-project] Chose sockets=0, cores=0, threads=0; limits were sockets=65536, cores=65536, threads=65536 {{(pid=128061) get_cpu_topology_constraints /opt/stack/nova/nova/virt/hardware.py:425}}
Feb 15 11:51:02.301991 dv-cinder-778193-14-smb devstack@n-api.service[128061]: DEBUG oslo_concurrency.lockutils [None req-f7c979f9-81fe-48e6-b7f0-386abc3e3e60 tempest-DeleteServersTestJSON-1753966814 tempest-DeleteServersTestJSON-1753966814-project] Lock "00000000-0000-0000-0000-000000000000" acquired by "nova.context.set_target_cell..get_or_set_cached_cell_and_set_connections" :: waited 0.000s {{(pid=128061) inner /usr/local/lib/python3.8/dist-packages/oslo_concurrency/lockutils.py:386}}
Feb 15 11:51:02.302475 dv-cinder-778193-14-smb devstack@n-api.service[128061]: DEBUG oslo_concurrency.lockutils [None req-f7c979f9-81fe-48e6-b7f0-386abc3e3e60 tempest-DeleteServersTestJSON-1753966814 tempest-DeleteServersTestJSON-1753966814-project] Lock "00000000-0000-0000-0000-000000000000" "released" by "nova.context.set_target_cell..get_or_set_cached_cell_and_set_connections" :: held 0.001s {{(pid=128061) inner /usr/local/lib/python3.8/dist-packages/oslo_concurrency/lockutils.py:400}}
Feb 15 11:51:02.303352 dv-cinder-778193-14-smb devstack@n-api.service[128061]: DEBUG oslo_concurrency.lockutils [None req-f7c979f9-81fe-48e6-b7f0-386abc3e3e60 tempest-DeleteServersTestJSON-1753966814 tempest-DeleteServersTestJSON-1753966814-project] Lock "981e5065-c3a8-4322-a10a-d69620b08f5a" acquired by "nova.context.set_target_cell..get_or_set_cached_cell_and_set_connections" :: waited 0.000s {{(pid=128061) inner /usr/local/lib/python3.8/dist-packages/oslo_concurrency/lockutils.py:386}}
Feb 15 11:51:02.304266 dv-cinder-778193-14-smb devstack@n-api.service[128061]: DEBUG oslo_concurrency.lockutils [None req-f7c979f9-81fe-48e6-b7f0-386abc3e3e60 tempest-DeleteServersTestJSON-1753966814 tempest-DeleteServersTestJSON-1753966814-project] Lock "981e5065-c3a8-4322-a10a-d69620b08f5a" "released" by "nova.context.set_target_cell..get_or_set_cached_cell_and_set_connections" :: held 0.000s {{(pid=128061) inner /usr/local/lib/python3.8/dist-packages/oslo_concurrency/lockutils.py:400}}
Feb 15 11:51:02.333867 dv-cinder-778193-14-smb devstack@n-api.service[128061]: DEBUG nova.quota [None req-f7c979f9-81fe-48e6-b7f0-386abc3e3e60 tempest-DeleteServersTestJSON-1753966814 tempest-DeleteServersTestJSON-1753966814-project] Getting quotas for project 488dd9a25381490eb6586fc1c46515a6. Resources: {'ram', 'instances', 'cores'} {{(pid=128061) _get_quotas /opt/stack/nova/nova/quota.py:387}}
Feb 15 11:51:02.340864 dv-cinder-778193-14-smb devstack@n-api.service[128061]: DEBUG nova.quota [None req-f7c979f9-81fe-48e6-b7f0-386abc3e3e60 tempest-DeleteServersTestJSON-1753966814 tempest-DeleteServersTestJSON-1753966814-project] Getting quotas for user 0b1208ce5a5a453aabffeb72cf388acf and project 488dd9a25381490eb6586fc1c46515a6. Resources: {'ram', 'instances', 'cores'} {{(pid=128061) _get_quotas /opt/stack/nova/nova/quota.py:377}}
Feb 15 11:51:02.355682 dv-cinder-778193-14-smb devstack@n-api.service[128062]: DEBUG nova.policy [None req-95cc2d4b-ede4-4cc4-80a3-103c936f8f64 tempest-AttachVolumeNegativeTest-1104367227 tempest-AttachVolumeNegativeTest-1104367227-project] Policy check for os_compute_api:os-extended-server-attributes failed with credentials {'is_admin': False, 'user_id': '6692ec901cfd40158e1a021d2492f27c', 'user_domain_id': 'default', 'system_scope': None, 'domain_id': None, 'project_id': '0828c2ed5ee34897a409a34d6d0f3535', 'project_domain_id': 'default', 'roles': ['reader', 'member'], 'is_admin_project': True, 'service_user_id': None, 'service_user_domain_id': None, 'service_project_id': None, 'service_project_domain_id': None, 'service_roles': []} {{(pid=128062) authorize /opt/stack/nova/nova/policy.py:199}}
Feb 15 11:51:02.363887 dv-cinder-778193-14-smb devstack@n-api.service[128061]: DEBUG nova.compute.api [None req-f7c979f9-81fe-48e6-b7f0-386abc3e3e60 tempest-DeleteServersTestJSON-1753966814 tempest-DeleteServersTestJSON-1753966814-project] Going to run 1 instances... {{(pid=128061) _provision_instances /opt/stack/nova/nova/compute/api.py:1370}}
Feb 15 11:51:02.368811 dv-cinder-778193-14-smb devstack@n-api.service[128061]: DEBUG nova.compute.api [None req-f7c979f9-81fe-48e6-b7f0-386abc3e3e60 tempest-DeleteServersTestJSON-1753966814 tempest-DeleteServersTestJSON-1753966814-project] [instance: ce0b5f12-59af-46de-9928-d5fe09efbd60] block_device_mapping [BlockDeviceMapping(attachment_id=,boot_index=0,connection_info=None,created_at=,delete_on_termination=True,deleted=,deleted_at=,destination_type='local',device_name=None,device_type='disk',disk_bus=None,guest_format=None,id=,image_id='502d5c9b-880c-4cee-8557-b2943f1ed33f',instance=,instance_uuid=,no_device=False,snapshot_id=None,source_type='image',tag=None,updated_at=,uuid=,volume_id=None,volume_size=None,volume_type=None)] {{(pid=128061) _bdm_validate_set_size_and_instance /opt/stack/nova/nova/compute/api.py:1777}}
Feb 15 11:51:02.378774 dv-cinder-778193-14-smb devstack@n-api.service[128062]: INFO nova.api.openstack.requestlog [None req-95cc2d4b-ede4-4cc4-80a3-103c936f8f64 tempest-AttachVolumeNegativeTest-1104367227 tempest-AttachVolumeNegativeTest-1104367227-project] 10.222.0.67 "GET /compute/v2.1/servers/28c3fe4e-efaa-4115-9dbc-4fc9e9e375a9" status: 200 len: 1217 microversion: 2.1 time: 0.154953
Feb 15 11:51:02.379543 dv-cinder-778193-14-smb devstack@n-api.service[128062]: [pid: 128062|app: 0|req: 3/5] 10.222.0.67 () {58 vars in 1235 bytes} [Tue Feb 15 11:51:02 2022] GET /compute/v2.1/servers/28c3fe4e-efaa-4115-9dbc-4fc9e9e375a9 => generated 1217 bytes in 156 msecs (HTTP/1.1 200) 9 headers in 358 bytes (1 switches on core 0)
Feb 15 11:51:02.388297 dv-cinder-778193-14-smb devstack@n-api.service[128062]: DEBUG nova.api.openstack.wsgi [None req-556e8641-5fbf-446e-b824-d408db1428ac tempest-VolumesGetTestJSON-1466722092 tempest-VolumesGetTestJSON-1466722092-project] Calling method '.version_select at 0x7f8ca857c3a0>' {{(pid=128062) _process_stack /opt/stack/nova/nova/api/openstack/wsgi.py:513}}
Feb 15 11:51:02.499915 dv-cinder-778193-14-smb devstack@n-api.service[128062]: INFO nova.api.openstack.requestlog [None req-556e8641-5fbf-446e-b824-d408db1428ac tempest-VolumesGetTestJSON-1466722092 tempest-VolumesGetTestJSON-1466722092-project] 10.222.0.67 "GET /compute/v2.1/os-volumes/d0064b09-07dc-4e62-9d87-4f495a00f660" status: 200 len: 353 microversion: 2.1 time: 0.117463
Feb 15 11:51:02.501963 dv-cinder-778193-14-smb devstack@n-api.service[128062]: [pid: 128062|app: 0|req: 4/6] 10.222.0.67 () {58 vars in 1244 bytes} [Tue Feb 15 11:51:02 2022] GET /compute/v2.1/os-volumes/d0064b09-07dc-4e62-9d87-4f495a00f660 => generated 353 bytes in 120 msecs (HTTP/1.1 200) 9 headers in 357 bytes (1 switches on core 0)
Feb 15 11:51:02.504600 dv-cinder-778193-14-smb devstack@n-api.service[128061]: INFO nova.api.openstack.requestlog [None req-f7c979f9-81fe-48e6-b7f0-386abc3e3e60 tempest-DeleteServersTestJSON-1753966814 tempest-DeleteServersTestJSON-1753966814-project] 10.222.0.67 "POST /compute/v2.1/servers" status: 202 len: 380 microversion: 2.1 time: 1.589175
Feb 15 11:51:02.505291 dv-cinder-778193-14-smb devstack@n-api.service[128061]: [pid: 128061|app: 0|req: 3/7] 10.222.0.67 () {60 vars in 1146 bytes} [Tue Feb 15 11:51:00 2022] POST /compute/v2.1/servers => generated 380 bytes in 1590 msecs (HTTP/1.1 202) 10 headers in 451 bytes (1 switches on core 0)
Feb 15 11:51:02.519974 dv-cinder-778193-14-smb devstack@n-api.service[128062]: DEBUG nova.api.openstack.wsgi [None req-c2f92679-d1c4-4c51-803b-d013e25f2fb2 tempest-VolumesGetTestJSON-1466722092 tempest-VolumesGetTestJSON-1466722092-project] Calling method '.version_select at 0x7f8ca858f550>' {{(pid=128062) _process_stack /opt/stack/nova/nova/api/openstack/wsgi.py:513}}
Feb 15 11:51:02.525708 dv-cinder-778193-14-smb devstack@n-api.service[128061]: DEBUG nova.api.openstack.wsgi [None req-8113ea40-6672-4fee-9971-f82f6684cc7e tempest-DeleteServersTestJSON-1753966814 tempest-DeleteServersTestJSON-1753966814-project] Calling method '>' {{(pid=128061) _process_stack /opt/stack/nova/nova/api/openstack/wsgi.py:513}}
Feb 15 11:51:02.526965 dv-cinder-778193-14-smb devstack@n-api.service[128061]: DEBUG nova.compute.api [None req-8113ea40-6672-4fee-9971-f82f6684cc7e tempest-DeleteServersTestJSON-1753966814 tempest-DeleteServersTestJSON-1753966814-project] [instance: ce0b5f12-59af-46de-9928-d5fe09efbd60] Fetching instance by UUID {{(pid=128061) get /opt/stack/nova/nova/compute/api.py:2885}}
Feb 15 11:51:02.664390 dv-cinder-778193-14-smb devstack@n-api.service[128061]: DEBUG nova.policy [None req-8113ea40-6672-4fee-9971-f82f6684cc7e tempest-DeleteServersTestJSON-1753966814 tempest-DeleteServersTestJSON-1753966814-project] Policy check for os_compute_api:os-extended-server-attributes failed with credentials {'is_admin': False, 'user_id': '0b1208ce5a5a453aabffeb72cf388acf', 'user_domain_id': 'default', 'system_scope': None, 'domain_id': None, 'project_id': '488dd9a25381490eb6586fc1c46515a6', 'project_domain_id': 'default', 'roles': ['reader', 'member'], 'is_admin_project': True, 'service_user_id': None, 'service_user_domain_id': None, 'service_project_id': None, 'service_project_domain_id': None, 'service_roles': []} {{(pid=128061) authorize /opt/stack/nova/nova/policy.py:199}}
Feb 15 11:51:02.677005 dv-cinder-778193-14-smb devstack@n-api.service[128062]: INFO nova.api.openstack.requestlog [None req-c2f92679-d1c4-4c51-803b-d013e25f2fb2 tempest-VolumesGetTestJSON-1466722092 tempest-VolumesGetTestJSON-1466722092-project] 10.222.0.67 "DELETE /compute/v2.1/os-volumes/d0064b09-07dc-4e62-9d87-4f495a00f660" status: 202 len: 0 microversion: 2.1 time: 0.160359
Feb 15 11:51:02.682307 dv-cinder-778193-14-smb devstack@n-api.service[128062]: [pid: 128062|app: 0|req: 5/8] 10.222.0.67 () {58 vars in 1247 bytes} [Tue Feb 15 11:51:02 2022] DELETE /compute/v2.1/os-volumes/d0064b09-07dc-4e62-9d87-4f495a00f660 => generated 0 bytes in 166 msecs (HTTP/1.1 202) 9 headers in 361 bytes (1 switches on core 0)
Feb 15 11:51:02.686798 dv-cinder-778193-14-smb devstack@n-api.service[128062]: DEBUG nova.api.openstack.wsgi [None req-7de68ffb-680b-41ce-9bc3-fdceb54cd130 tempest-VolumesTestJSON-65362865 tempest-VolumesTestJSON-65362865-project] Calling method '.version_select at 0x7f8ca856bf70>' {{(pid=128062) _process_stack /opt/stack/nova/nova/api/openstack/wsgi.py:513}}
Feb 15 11:51:02.747950 dv-cinder-778193-14-smb devstack@n-api.service[128061]: INFO nova.api.openstack.requestlog [None req-8113ea40-6672-4fee-9971-f82f6684cc7e tempest-DeleteServersTestJSON-1753966814 tempest-DeleteServersTestJSON-1753966814-project] 10.222.0.67 "GET /compute/v2.1/servers/ce0b5f12-59af-46de-9928-d5fe09efbd60" status: 200 len: 1215 microversion: 2.1 time: 0.224316
Feb 15 11:51:02.753447 dv-cinder-778193-14-smb devstack@n-api.service[128061]: [pid: 128061|app: 0|req: 4/9] 10.222.0.67 () {58 vars in 1235 bytes} [Tue Feb 15 11:51:02 2022] GET /compute/v2.1/servers/ce0b5f12-59af-46de-9928-d5fe09efbd60 => generated 1215 bytes in 232 msecs (HTTP/1.1 200) 9 headers in 358 bytes (1 switches on core 0)
Feb 15 11:51:02.769126 dv-cinder-778193-14-smb devstack@n-api.service[128061]: DEBUG nova.api.openstack.wsgi [None req-6553a440-e02c-404a-ac21-11bcd8e7fecd tempest-VolumesGetTestJSON-1466722092 tempest-VolumesGetTestJSON-1466722092-project] Calling method '.version_select at 0x7f8ca85813a0>' {{(pid=128061) _process_stack /opt/stack/nova/nova/api/openstack/wsgi.py:513}}
Feb 15 11:51:02.834747 dv-cinder-778193-14-smb devstack@n-api.service[128062]: INFO nova.api.openstack.requestlog [None req-7de68ffb-680b-41ce-9bc3-fdceb54cd130 tempest-VolumesTestJSON-65362865 tempest-VolumesTestJSON-65362865-project] 10.222.0.67 "GET /compute/v2.1/os-volumes/2c471b48-da78-4ffe-8c74-0afac744d5ac" status: 200 len: 351 microversion: 2.1 time: 0.145440
Feb 15 11:51:02.834900 dv-cinder-778193-14-smb devstack@n-api.service[128062]: [pid: 128062|app: 0|req: 6/10] 10.222.0.67 () {58 vars in 1244 bytes} [Tue Feb 15 11:51:02 2022] GET /compute/v2.1/os-volumes/2c471b48-da78-4ffe-8c74-0afac744d5ac => generated 351 bytes in 152 msecs (HTTP/1.1 200) 9 headers in 357 bytes (1 switches on core 0)
Feb 15 11:51:02.939409 dv-cinder-778193-14-smb devstack@n-api.service[128061]: INFO nova.api.openstack.requestlog [None req-6553a440-e02c-404a-ac21-11bcd8e7fecd tempest-VolumesGetTestJSON-1466722092 tempest-VolumesGetTestJSON-1466722092-project] 10.222.0.67 "GET /compute/v2.1/os-volumes/d0064b09-07dc-4e62-9d87-4f495a00f660" status: 200 len: 352 microversion: 2.1 time: 0.183699
Feb 15 11:51:02.940288 dv-cinder-778193-14-smb devstack@n-api.service[128061]: [pid: 128061|app: 0|req: 5/11] 10.222.0.67 () {58 vars in 1244 bytes} [Tue Feb 15 11:51:02 2022] GET /compute/v2.1/os-volumes/d0064b09-07dc-4e62-9d87-4f495a00f660 => generated 352 bytes in 186 msecs (HTTP/1.1 200) 9 headers in 357 bytes (1 switches on core 0)
Feb 15 11:51:03.398362 dv-cinder-778193-14-smb devstack@n-api.service[128062]: DEBUG nova.api.openstack.wsgi [None req-8dd375f9-2fed-4069-a893-3eccdeb1246d tempest-AttachVolumeNegativeTest-1104367227 tempest-AttachVolumeNegativeTest-1104367227-project] Calling method '>' {{(pid=128062) _process_stack /opt/stack/nova/nova/api/openstack/wsgi.py:513}}
Feb 15 11:51:03.399760 dv-cinder-778193-14-smb devstack@n-api.service[128062]: DEBUG nova.compute.api [None req-8dd375f9-2fed-4069-a893-3eccdeb1246d tempest-AttachVolumeNegativeTest-1104367227 tempest-AttachVolumeNegativeTest-1104367227-project] [instance: 28c3fe4e-efaa-4115-9dbc-4fc9e9e375a9] Fetching instance by UUID {{(pid=128062) get /opt/stack/nova/nova/compute/api.py:2885}}
Feb 15 11:51:03.628632 dv-cinder-778193-14-smb devstack@n-api.service[128062]: DEBUG nova.policy [None req-8dd375f9-2fed-4069-a893-3eccdeb1246d tempest-AttachVolumeNegativeTest-1104367227 tempest-AttachVolumeNegativeTest-1104367227-project] Policy check for os_compute_api:os-extended-server-attributes failed with credentials {'is_admin': False, 'user_id': '6692ec901cfd40158e1a021d2492f27c', 'user_domain_id': 'default', 'system_scope': None, 'domain_id': None, 'project_id': '0828c2ed5ee34897a409a34d6d0f3535', 'project_domain_id': 'default', 'roles': ['reader', 'member'], 'is_admin_project': True, 'service_user_id': None, 'service_user_domain_id': None, 'service_project_id': None, 'service_project_domain_id': None, 'service_roles': []} {{(pid=128062) authorize /opt/stack/nova/nova/policy.py:199}}
Feb 15 11:51:03.667887 dv-cinder-778193-14-smb devstack@n-api.service[128062]: INFO nova.api.openstack.requestlog [None req-8dd375f9-2fed-4069-a893-3eccdeb1246d tempest-AttachVolumeNegativeTest-1104367227 tempest-AttachVolumeNegativeTest-1104367227-project] 10.222.0.67 "GET /compute/v2.1/servers/28c3fe4e-efaa-4115-9dbc-4fc9e9e375a9" status: 200 len: 1217 microversion: 2.1 time: 0.268260
Feb 15 11:51:03.669291 dv-cinder-778193-14-smb devstack@n-api.service[128062]: [pid: 128062|app: 0|req: 7/12] 10.222.0.67 () {58 vars in 1235 bytes} [Tue Feb 15 11:51:03 2022] GET /compute/v2.1/servers/28c3fe4e-efaa-4115-9dbc-4fc9e9e375a9 => generated 1217 bytes in 277 msecs (HTTP/1.1 200) 9 headers in 358 bytes (1 switches on core 0)
Feb 15 11:51:03.769913 dv-cinder-778193-14-smb devstack@n-api.service[128061]: DEBUG nova.api.openstack.wsgi [None req-806c470c-9324-48d6-ae62-1ac5c431e032 tempest-DeleteServersTestJSON-1753966814 tempest-DeleteServersTestJSON-1753966814-project] Calling method '>' {{(pid=128061) _process_stack /opt/stack/nova/nova/api/openstack/wsgi.py:513}}
Feb 15 11:51:03.770533 dv-cinder-778193-14-smb devstack@n-api.service[128061]: DEBUG nova.compute.api [None req-806c470c-9324-48d6-ae62-1ac5c431e032 tempest-DeleteServersTestJSON-1753966814 tempest-DeleteServersTestJSON-1753966814-project] [instance: ce0b5f12-59af-46de-9928-d5fe09efbd60] Fetching instance by UUID {{(pid=128061) get /opt/stack/nova/nova/compute/api.py:2885}}
Feb 15 11:51:03.892273 dv-cinder-778193-14-smb devstack@n-api.service[128061]: DEBUG nova.policy [None req-806c470c-9324-48d6-ae62-1ac5c431e032 tempest-DeleteServersTestJSON-1753966814 tempest-DeleteServersTestJSON-1753966814-project] Policy check for os_compute_api:os-extended-server-attributes failed with credentials {'is_admin': False, 'user_id': '0b1208ce5a5a453aabffeb72cf388acf', 'user_domain_id': 'default', 'system_scope': None, 'domain_id': None, 'project_id': '488dd9a25381490eb6586fc1c46515a6', 'project_domain_id': 'default', 'roles': ['reader', 'member'], 'is_admin_project': True, 'service_user_id': None, 'service_user_domain_id': None, 'service_project_id': None, 'service_project_domain_id': None, 'service_roles': []} {{(pid=128061) authorize /opt/stack/nova/nova/policy.py:199}}
Feb 15 11:51:03.902891 dv-cinder-778193-14-smb devstack@n-api.service[128061]: INFO nova.api.openstack.requestlog [None req-806c470c-9324-48d6-ae62-1ac5c431e032 tempest-DeleteServersTestJSON-1753966814 tempest-DeleteServersTestJSON-1753966814-project] 10.222.0.67 "GET /compute/v2.1/servers/ce0b5f12-59af-46de-9928-d5fe09efbd60" status: 200 len: 1215 microversion: 2.1 time: 0.136252
Feb 15 11:51:03.905049 dv-cinder-778193-14-smb devstack@n-api.service[128061]: [pid: 128061|app: 0|req: 6/13] 10.222.0.67 () {58 vars in 1235 bytes} [Tue Feb 15 11:51:03 2022] GET /compute/v2.1/servers/ce0b5f12-59af-46de-9928-d5fe09efbd60 => generated 1215 bytes in 139 msecs (HTTP/1.1 200) 9 headers in 358 bytes (1 switches on core 0)
Feb 15 11:51:03.954056 dv-cinder-778193-14-smb devstack@n-api.service[128062]: DEBUG nova.api.openstack.wsgi [None req-5fea55d1-6aef-43cb-83dc-acdf98403407 tempest-VolumesGetTestJSON-1466722092 tempest-VolumesGetTestJSON-1466722092-project] Calling method '.version_select at 0x7f8ca858fd30>' {{(pid=128062) _process_stack /opt/stack/nova/nova/api/openstack/wsgi.py:513}}
Feb 15 11:51:03.992043 dv-cinder-778193-14-smb devstack@n-api.service[128062]: INFO nova.api.openstack.wsgi [None req-5fea55d1-6aef-43cb-83dc-acdf98403407 tempest-VolumesGetTestJSON-1466722092 tempest-VolumesGetTestJSON-1466722092-project] HTTP exception thrown: Volume d0064b09-07dc-4e62-9d87-4f495a00f660 could not be found.
Feb 15 11:51:03.992862 dv-cinder-778193-14-smb devstack@n-api.service[128062]: DEBUG nova.api.openstack.wsgi [None req-5fea55d1-6aef-43cb-83dc-acdf98403407 tempest-VolumesGetTestJSON-1466722092 tempest-VolumesGetTestJSON-1466722092-project] Returning 404 to user: Volume d0064b09-07dc-4e62-9d87-4f495a00f660 could not be found. {{(pid=128062) __call__ /opt/stack/nova/nova/api/openstack/wsgi.py:936}}
Feb 15 11:51:03.994019 dv-cinder-778193-14-smb devstack@n-api.service[128062]: INFO nova.api.openstack.requestlog [None req-5fea55d1-6aef-43cb-83dc-acdf98403407 tempest-VolumesGetTestJSON-1466722092 tempest-VolumesGetTestJSON-1466722092-project] 10.222.0.67 "GET /compute/v2.1/os-volumes/d0064b09-07dc-4e62-9d87-4f495a00f660" status: 404 len: 109 microversion: 2.1 time: 0.045449
Feb 15 11:51:03.995297 dv-cinder-778193-14-smb devstack@n-api.service[128062]: [pid: 128062|app: 0|req: 8/14] 10.222.0.67 () {58 vars in 1244 bytes} [Tue Feb 15 11:51:03 2022] GET /compute/v2.1/os-volumes/d0064b09-07dc-4e62-9d87-4f495a00f660 => generated 109 bytes in 47 msecs (HTTP/1.1 404) 9 headers in 379 bytes (1 switches on core 0)
Feb 15 11:51:04.674214 dv-cinder-778193-14-smb devstack@n-api.service[128061]: DEBUG nova.api.openstack.wsgi [None req-a1b9c023-491a-44e2-bf16-370e0701d2b1 tempest-VolumesTestJSON-65362865 tempest-VolumesTestJSON-65362865-project] Calling method '.version_select at 0x7f8ca8593b80>' {{(pid=128061) _process_stack /opt/stack/nova/nova/api/openstack/wsgi.py:513}}
Feb 15 11:51:04.685240 dv-cinder-778193-14-smb devstack@n-api.service[128062]: DEBUG nova.api.openstack.wsgi [None req-85601de3-a3b6-4f2f-ba0d-c0abf908bb22 tempest-AttachVolumeNegativeTest-1104367227 tempest-AttachVolumeNegativeTest-1104367227-project] Calling method '>' {{(pid=128062) _process_stack /opt/stack/nova/nova/api/openstack/wsgi.py:513}}
Feb 15 11:51:04.688814 dv-cinder-778193-14-smb devstack@n-api.service[128062]: DEBUG nova.compute.api [None req-85601de3-a3b6-4f2f-ba0d-c0abf908bb22 tempest-AttachVolumeNegativeTest-1104367227 tempest-AttachVolumeNegativeTest-1104367227-project] [instance: 28c3fe4e-efaa-4115-9dbc-4fc9e9e375a9] Fetching instance by UUID {{(pid=128062) get /opt/stack/nova/nova/compute/api.py:2885}}
Feb 15 11:51:04.710814 dv-cinder-778193-14-smb devstack@n-api.service[128062]: DEBUG oslo_concurrency.lockutils [None req-85601de3-a3b6-4f2f-ba0d-c0abf908bb22 tempest-AttachVolumeNegativeTest-1104367227 tempest-AttachVolumeNegativeTest-1104367227-project] Lock "981e5065-c3a8-4322-a10a-d69620b08f5a" acquired by "nova.context.set_target_cell..get_or_set_cached_cell_and_set_connections" :: waited 0.000s {{(pid=128062) inner /usr/local/lib/python3.8/dist-packages/oslo_concurrency/lockutils.py:386}}
Feb 15 11:51:04.711882 dv-cinder-778193-14-smb devstack@n-api.service[128062]: DEBUG oslo_concurrency.lockutils [None req-85601de3-a3b6-4f2f-ba0d-c0abf908bb22 tempest-AttachVolumeNegativeTest-1104367227 tempest-AttachVolumeNegativeTest-1104367227-project] Lock "981e5065-c3a8-4322-a10a-d69620b08f5a" "released" by "nova.context.set_target_cell..get_or_set_cached_cell_and_set_connections" :: held 0.008s {{(pid=128062) inner /usr/local/lib/python3.8/dist-packages/oslo_concurrency/lockutils.py:400}}
Feb 15 11:51:04.714358 dv-cinder-778193-14-smb devstack@n-api.service[128062]: DEBUG oslo_concurrency.lockutils [None req-85601de3-a3b6-4f2f-ba0d-c0abf908bb22 tempest-AttachVolumeNegativeTest-1104367227 tempest-AttachVolumeNegativeTest-1104367227-project] Lock "981e5065-c3a8-4322-a10a-d69620b08f5a" acquired by "nova.context.set_target_cell..get_or_set_cached_cell_and_set_connections" :: waited 0.000s {{(pid=128062) inner /usr/local/lib/python3.8/dist-packages/oslo_concurrency/lockutils.py:386}}
Feb 15 11:51:04.715154 dv-cinder-778193-14-smb devstack@n-api.service[128062]: DEBUG oslo_concurrency.lockutils [None req-85601de3-a3b6-4f2f-ba0d-c0abf908bb22 tempest-AttachVolumeNegativeTest-1104367227 tempest-AttachVolumeNegativeTest-1104367227-project] Lock "981e5065-c3a8-4322-a10a-d69620b08f5a" "released" by "nova.context.set_target_cell..get_or_set_cached_cell_and_set_connections" :: held 0.001s {{(pid=128062) inner /usr/local/lib/python3.8/dist-packages/oslo_concurrency/lockutils.py:400}}
Feb 15 11:51:04.791801 dv-cinder-778193-14-smb devstack@n-api.service[128061]: INFO nova.api.openstack.requestlog [None req-a1b9c023-491a-44e2-bf16-370e0701d2b1 tempest-VolumesTestJSON-65362865 tempest-VolumesTestJSON-65362865-project] 10.222.0.67 "GET /compute/v2.1/os-volumes/2167a692-f69a-4c82-8429-6fe8f36d407e" status: 200 len: 351 microversion: 2.1 time: 0.125610
Feb 15 11:51:04.800734 dv-cinder-778193-14-smb devstack@n-api.service[128061]: [pid: 128061|app: 0|req: 7/15] 10.222.0.67 () {58 vars in 1244 bytes} [Tue Feb 15 11:51:04 2022] GET /compute/v2.1/os-volumes/2167a692-f69a-4c82-8429-6fe8f36d407e => generated 351 bytes in 136 msecs (HTTP/1.1 200) 9 headers in 357 bytes (1 switches on core 0)
Feb 15 11:51:04.807033 dv-cinder-778193-14-smb devstack@n-api.service[128061]: DEBUG nova.api.openstack.wsgi [None req-4d3087eb-d11e-48cd-90dd-0525f91923ad tempest-VolumesTestJSON-65362865 tempest-VolumesTestJSON-65362865-project] Calling method '.version_select at 0x7f8ca8593310>' {{(pid=128061) _process_stack /opt/stack/nova/nova/api/openstack/wsgi.py:513}}
Feb 15 11:51:05.083698 dv-cinder-778193-14-smb devstack@n-api.service[128061]: INFO nova.api.openstack.requestlog [None req-4d3087eb-d11e-48cd-90dd-0525f91923ad tempest-VolumesTestJSON-65362865 tempest-VolumesTestJSON-65362865-project] 10.222.0.67 "GET /compute/v2.1/os-volumes" status: 200 len: 1035 microversion: 2.1 time: 0.281463
Feb 15 11:51:05.085575 dv-cinder-778193-14-smb devstack@n-api.service[128061]: [pid: 128061|app: 0|req: 8/16] 10.222.0.67 () {58 vars in 1133 bytes} [Tue Feb 15 11:51:04 2022] GET /compute/v2.1/os-volumes => generated 1035 bytes in 284 msecs (HTTP/1.1 200) 9 headers in 358 bytes (1 switches on core 0)
Feb 15 11:51:05.091722 dv-cinder-778193-14-smb devstack@n-api.service[128061]: DEBUG nova.api.openstack.wsgi [None req-d679b364-158c-4622-b163-b230696f91c8 tempest-DeleteServersTestJSON-1753966814 tempest-DeleteServersTestJSON-1753966814-project] Calling method '>' {{(pid=128061) _process_stack /opt/stack/nova/nova/api/openstack/wsgi.py:513}}
Feb 15 11:51:05.092528 dv-cinder-778193-14-smb devstack@n-api.service[128061]: DEBUG nova.compute.api [None req-d679b364-158c-4622-b163-b230696f91c8 tempest-DeleteServersTestJSON-1753966814 tempest-DeleteServersTestJSON-1753966814-project] [instance: ce0b5f12-59af-46de-9928-d5fe09efbd60] Fetching instance by UUID {{(pid=128061) get /opt/stack/nova/nova/compute/api.py:2885}}
Feb 15 11:51:05.111970 dv-cinder-778193-14-smb devstack@n-api.service[128061]: DEBUG oslo_concurrency.lockutils [None req-d679b364-158c-4622-b163-b230696f91c8 tempest-DeleteServersTestJSON-1753966814 tempest-DeleteServersTestJSON-1753966814-project] Lock "981e5065-c3a8-4322-a10a-d69620b08f5a" acquired by "nova.context.set_target_cell..get_or_set_cached_cell_and_set_connections" :: waited 0.000s {{(pid=128061) inner /usr/local/lib/python3.8/dist-packages/oslo_concurrency/lockutils.py:386}}
Feb 15 11:51:05.112904 dv-cinder-778193-14-smb devstack@n-api.service[128061]: DEBUG oslo_concurrency.lockutils [None req-d679b364-158c-4622-b163-b230696f91c8 tempest-DeleteServersTestJSON-1753966814 tempest-DeleteServersTestJSON-1753966814-project] Lock "981e5065-c3a8-4322-a10a-d69620b08f5a" "released" by "nova.context.set_target_cell..get_or_set_cached_cell_and_set_connections" :: held 0.002s {{(pid=128061) inner /usr/local/lib/python3.8/dist-packages/oslo_concurrency/lockutils.py:400}}
Feb 15 11:51:05.116609 dv-cinder-778193-14-smb devstack@n-api.service[128061]: DEBUG oslo_concurrency.lockutils [None req-d679b364-158c-4622-b163-b230696f91c8 tempest-DeleteServersTestJSON-1753966814 tempest-DeleteServersTestJSON-1753966814-project] Lock "981e5065-c3a8-4322-a10a-d69620b08f5a" acquired by "nova.context.set_target_cell..get_or_set_cached_cell_and_set_connections" :: waited 0.000s {{(pid=128061) inner /usr/local/lib/python3.8/dist-packages/oslo_concurrency/lockutils.py:386}}
Feb 15 11:51:05.120226 dv-cinder-778193-14-smb devstack@n-api.service[128061]: DEBUG oslo_concurrency.lockutils [None req-d679b364-158c-4622-b163-b230696f91c8 tempest-DeleteServersTestJSON-1753966814 tempest-DeleteServersTestJSON-1753966814-project] Lock "981e5065-c3a8-4322-a10a-d69620b08f5a" "released" by "nova.context.set_target_cell..get_or_set_cached_cell_and_set_connections" :: held 0.002s {{(pid=128061) inner /usr/local/lib/python3.8/dist-packages/oslo_concurrency/lockutils.py:400}}
Feb 15 11:51:05.302639 dv-cinder-778193-14-smb devstack@n-api.service[128062]: DEBUG nova.policy [None req-85601de3-a3b6-4f2f-ba0d-c0abf908bb22 tempest-AttachVolumeNegativeTest-1104367227 tempest-AttachVolumeNegativeTest-1104367227-project] Policy check for os_compute_api:os-extended-server-attributes failed with credentials {'is_admin': False, 'user_id': '6692ec901cfd40158e1a021d2492f27c', 'user_domain_id': 'default', 'system_scope': None, 'domain_id': None, 'project_id': '0828c2ed5ee34897a409a34d6d0f3535', 'project_domain_id': 'default', 'roles': ['reader', 'member'], 'is_admin_project': True, 'service_user_id': None, 'service_user_domain_id': None, 'service_project_id': None, 'service_project_domain_id': None, 'service_roles': []} {{(pid=128062) authorize /opt/stack/nova/nova/policy.py:199}}
Feb 15 11:51:05.320863 dv-cinder-778193-14-smb devstack@n-api.service[128062]: INFO nova.api.openstack.requestlog [None req-85601de3-a3b6-4f2f-ba0d-c0abf908bb22 tempest-AttachVolumeNegativeTest-1104367227 tempest-AttachVolumeNegativeTest-1104367227-project] 10.222.0.67 "GET /compute/v2.1/servers/28c3fe4e-efaa-4115-9dbc-4fc9e9e375a9" status: 200 len: 1277 microversion: 2.1 time: 0.640048
Feb 15 11:51:05.335581 dv-cinder-778193-14-smb devstack@n-api.service[128062]: [pid: 128062|app: 0|req: 9/17] 10.222.0.67 () {58 vars in 1235 bytes} [Tue Feb 15 11:51:04 2022] GET /compute/v2.1/servers/28c3fe4e-efaa-4115-9dbc-4fc9e9e375a9 => generated 1277 bytes in 651 msecs (HTTP/1.1 200) 9 headers in 358 bytes (1 switches on core 0)
Feb 15 11:51:05.344674 dv-cinder-778193-14-smb devstack@n-api.service[128062]: DEBUG nova.api.openstack.wsgi [None req-3d8c2019-0e48-4175-bcb5-4c950cbfa6e4 tempest-VolumesTestJSON-65362865 tempest-VolumesTestJSON-65362865-project] Calling method '.version_select at 0x7f8ca8515ee0>' {{(pid=128062) _process_stack /opt/stack/nova/nova/api/openstack/wsgi.py:513}}
Feb 15 11:51:05.537847 dv-cinder-778193-14-smb devstack@n-api.service[128062]: INFO nova.api.openstack.requestlog [None req-3d8c2019-0e48-4175-bcb5-4c950cbfa6e4 tempest-VolumesTestJSON-65362865 tempest-VolumesTestJSON-65362865-project] 10.222.0.67 "GET /compute/v2.1/os-volumes?limit=2" status: 200 len: 695 microversion: 2.1 time: 0.205142
Feb 15 11:51:05.546318 dv-cinder-778193-14-smb devstack@n-api.service[128062]: [pid: 128062|app: 0|req: 10/18] 10.222.0.67 () {58 vars in 1148 bytes} [Tue Feb 15 11:51:05 2022] GET /compute/v2.1/os-volumes?limit=2 => generated 695 bytes in 207 msecs (HTTP/1.1 200) 9 headers in 357 bytes (1 switches on core 0)
