Feb 15 11:51:02.417820 dv-cinder-778193-14-smb devstack@c-api.service[121182]: DEBUG cinder.api.openstack.wsgi [req-556e8641-5fbf-446e-b824-d408db1428ac req-5af21019-4c67-45a0-80e3-1ac37cfb97da tempest-VolumesGetTestJSON-1466722092 tempest-VolumesGetTestJSON-1466722092-project] Calling method 'show' {{(pid=121182) _process_stack /opt/stack/cinder/cinder/api/openstack/wsgi.py:868}}
Feb 15 11:51:02.439877 dv-cinder-778193-14-smb devstack@c-api.service[121182]: /usr/local/lib/python3.8/dist-packages/oslo_context/context.py:105: DeprecationWarning: Policy enforcement is depending on the value of is_admin. This key is deprecated. Please update your policy file to use the standard policy values.
Feb 15 11:51:02.439877 dv-cinder-778193-14-smb devstack@c-api.service[121182]: warnings.warn('Policy enforcement is depending on the value of '
Feb 15 11:51:02.466408 dv-cinder-778193-14-smb devstack@c-api.service[121182]: INFO cinder.volume.api [req-556e8641-5fbf-446e-b824-d408db1428ac req-5af21019-4c67-45a0-80e3-1ac37cfb97da tempest-VolumesGetTestJSON-1466722092 tempest-VolumesGetTestJSON-1466722092-project] Volume info retrieved successfully.
Feb 15 11:51:02.495335 dv-cinder-778193-14-smb devstack@c-api.service[121182]: INFO cinder.api.openstack.wsgi [req-556e8641-5fbf-446e-b824-d408db1428ac req-5af21019-4c67-45a0-80e3-1ac37cfb97da tempest-VolumesGetTestJSON-1466722092 tempest-VolumesGetTestJSON-1466722092-project] http://10.222.0.67/volume/v3/19c4dc70043e4fcf983071a02f9b85e2/volumes/d0064b09-07dc-4e62-9d87-4f495a00f660 returned with HTTP 200
Feb 15 11:51:02.496936 dv-cinder-778193-14-smb devstack@c-api.service[121182]: [pid: 121182|app: 0|req: 15/31] 10.222.0.67 () {60 vars in 1578 bytes} [Tue Feb 15 11:51:02 2022] GET /volume/v3/19c4dc70043e4fcf983071a02f9b85e2/volumes/d0064b09-07dc-4e62-9d87-4f495a00f660 => generated 924 bytes in 91 msecs (HTTP/1.1 200) 7 headers in 285 bytes (1 switches on core 0)
Feb 15 11:51:02.539793 dv-cinder-778193-14-smb devstack@c-api.service[121183]: INFO cinder.api.openstack.wsgi [None req-d7cc6732-510d-4c19-baf7-51678d265755 tempest-VolumesTestJSON-65362865 tempest-VolumesTestJSON-65362865-project] GET http://10.222.0.67/volume/v3/4329ad242796444384c5409376f3efdd/volumes/2c471b48-da78-4ffe-8c74-0afac744d5ac
Feb 15 11:51:02.540327 dv-cinder-778193-14-smb devstack@c-api.service[121183]: DEBUG cinder.api.openstack.wsgi [None req-d7cc6732-510d-4c19-baf7-51678d265755 tempest-VolumesTestJSON-65362865 tempest-VolumesTestJSON-65362865-project] Empty body provided in request {{(pid=121183) get_body /opt/stack/cinder/cinder/api/openstack/wsgi.py:715}}
Feb 15 11:51:02.543159 dv-cinder-778193-14-smb devstack@c-api.service[121182]: INFO cinder.api.openstack.wsgi [req-c2f92679-d1c4-4c51-803b-d013e25f2fb2 req-01caf4c6-e01d-40d7-8567-ad5cc47e5977 tempest-VolumesGetTestJSON-1466722092 tempest-VolumesGetTestJSON-1466722092-project] DELETE http://10.222.0.67/volume/v3/19c4dc70043e4fcf983071a02f9b85e2/volumes/d0064b09-07dc-4e62-9d87-4f495a00f660
Feb 15 11:51:02.543556 dv-cinder-778193-14-smb devstack@c-api.service[121182]: DEBUG cinder.api.openstack.wsgi [req-c2f92679-d1c4-4c51-803b-d013e25f2fb2 req-01caf4c6-e01d-40d7-8567-ad5cc47e5977 tempest-VolumesGetTestJSON-1466722092 tempest-VolumesGetTestJSON-1466722092-project] Empty body provided in request {{(pid=121182) get_body /opt/stack/cinder/cinder/api/openstack/wsgi.py:715}}
Feb 15 11:51:02.544826 dv-cinder-778193-14-smb devstack@c-api.service[121183]: DEBUG cinder.api.openstack.wsgi [None req-d7cc6732-510d-4c19-baf7-51678d265755 tempest-VolumesTestJSON-65362865 tempest-VolumesTestJSON-65362865-project] Calling method 'show' {{(pid=121183) _process_stack /opt/stack/cinder/cinder/api/openstack/wsgi.py:868}}
Feb 15 11:51:02.545765 dv-cinder-778193-14-smb devstack@c-api.service[121182]: DEBUG cinder.api.openstack.wsgi [req-c2f92679-d1c4-4c51-803b-d013e25f2fb2 req-01caf4c6-e01d-40d7-8567-ad5cc47e5977 tempest-VolumesGetTestJSON-1466722092 tempest-VolumesGetTestJSON-1466722092-project] Calling method 'delete' {{(pid=121182) _process_stack /opt/stack/cinder/cinder/api/openstack/wsgi.py:868}}
Feb 15 11:51:02.546361 dv-cinder-778193-14-smb devstack@c-api.service[121182]: INFO cinder.api.v3.volumes [req-c2f92679-d1c4-4c51-803b-d013e25f2fb2 req-01caf4c6-e01d-40d7-8567-ad5cc47e5977 tempest-VolumesGetTestJSON-1466722092 tempest-VolumesGetTestJSON-1466722092-project] Delete volume with id: d0064b09-07dc-4e62-9d87-4f495a00f660
Feb 15 11:51:02.579662 dv-cinder-778193-14-smb devstack@c-api.service[121182]: /usr/local/lib/python3.8/dist-packages/oslo_context/context.py:105: DeprecationWarning: Policy enforcement is depending on the value of is_admin. This key is deprecated. Please update your policy file to use the standard policy values.
Feb 15 11:51:02.579662 dv-cinder-778193-14-smb devstack@c-api.service[121182]: warnings.warn('Policy enforcement is depending on the value of '
Feb 15 11:51:02.580793 dv-cinder-778193-14-smb devstack@c-api.service[121183]: /usr/local/lib/python3.8/dist-packages/oslo_context/context.py:105: DeprecationWarning: Policy enforcement is depending on the value of is_admin. This key is deprecated. Please update your policy file to use the standard policy values.
Feb 15 11:51:02.580793 dv-cinder-778193-14-smb devstack@c-api.service[121183]: warnings.warn('Policy enforcement is depending on the value of '
Feb 15 11:51:02.582893 dv-cinder-778193-14-smb devstack@c-api.service[121182]: INFO cinder.volume.api [req-c2f92679-d1c4-4c51-803b-d013e25f2fb2 req-01caf4c6-e01d-40d7-8567-ad5cc47e5977 tempest-VolumesGetTestJSON-1466722092 tempest-VolumesGetTestJSON-1466722092-project] Volume info retrieved successfully.
Feb 15 11:51:02.596572 dv-cinder-778193-14-smb devstack@c-api.service[121183]: INFO cinder.volume.api [None req-d7cc6732-510d-4c19-baf7-51678d265755 tempest-VolumesTestJSON-65362865 tempest-VolumesTestJSON-65362865-project] Volume info retrieved successfully.
Feb 15 11:51:02.620226 dv-cinder-778193-14-smb devstack@c-api.service[121183]: INFO cinder.api.openstack.wsgi [None req-d7cc6732-510d-4c19-baf7-51678d265755 tempest-VolumesTestJSON-65362865 tempest-VolumesTestJSON-65362865-project] http://10.222.0.67/volume/v3/4329ad242796444384c5409376f3efdd/volumes/2c471b48-da78-4ffe-8c74-0afac744d5ac returned with HTTP 200
Feb 15 11:51:02.621311 dv-cinder-778193-14-smb devstack@c-api.service[121183]: [pid: 121183|app: 0|req: 17/32] 10.222.0.67 () {58 vars in 1324 bytes} [Tue Feb 15 11:51:02 2022] GET /volume/v3/4329ad242796444384c5409376f3efdd/volumes/2c471b48-da78-4ffe-8c74-0afac744d5ac => generated 922 bytes in 88 msecs (HTTP/1.1 200) 7 headers in 285 bytes (1 switches on core 0)
Feb 15 11:51:02.633960 dv-cinder-778193-14-smb devstack@c-api.service[121183]: INFO cinder.api.openstack.wsgi [None req-1b3aae0b-b73d-4cb2-aa3f-3b3c48227d42 tempest-GroupSnapshotsTest-1525840795 tempest-GroupSnapshotsTest-1525840795-project] GET http://10.222.0.67/volume/v3/5f46437c89664e37a40d3d6d7c35d5b8/groups/eb01ec71-9f30-447d-b267-b9250a688872
Feb 15 11:51:02.635322 dv-cinder-778193-14-smb devstack@c-api.service[121183]: DEBUG cinder.api.openstack.wsgi [None req-1b3aae0b-b73d-4cb2-aa3f-3b3c48227d42 tempest-GroupSnapshotsTest-1525840795 tempest-GroupSnapshotsTest-1525840795-project] Empty body provided in request {{(pid=121183) get_body /opt/stack/cinder/cinder/api/openstack/wsgi.py:715}}
Feb 15 11:51:02.635790 dv-cinder-778193-14-smb devstack@c-api.service[121183]: DEBUG cinder.api.openstack.wsgi [None req-1b3aae0b-b73d-4cb2-aa3f-3b3c48227d42 tempest-GroupSnapshotsTest-1525840795 tempest-GroupSnapshotsTest-1525840795-project] Calling method 'version_select' {{(pid=121183) _process_stack /opt/stack/cinder/cinder/api/openstack/wsgi.py:868}}
Feb 15 11:51:02.636132 dv-cinder-778193-14-smb devstack@c-api.service[121183]: DEBUG cinder.api.v3.groups [None req-1b3aae0b-b73d-4cb2-aa3f-3b3c48227d42 tempest-GroupSnapshotsTest-1525840795 tempest-GroupSnapshotsTest-1525840795-project] show called for member eb01ec71-9f30-447d-b267-b9250a688872 {{(pid=121183) show /opt/stack/cinder/cinder/api/v3/groups.py:58}}
Feb 15 11:51:02.651460 dv-cinder-778193-14-smb devstack@c-api.service[121183]: /usr/local/lib/python3.8/dist-packages/oslo_context/context.py:105: DeprecationWarning: Policy enforcement is depending on the value of is_admin. This key is deprecated. Please update your policy file to use the standard policy values.
Feb 15 11:51:02.651460 dv-cinder-778193-14-smb devstack@c-api.service[121183]: warnings.warn('Policy enforcement is depending on the value of '
Feb 15 11:51:02.671627 dv-cinder-778193-14-smb devstack@c-api.service[121182]: INFO cinder.volume.api [req-c2f92679-d1c4-4c51-803b-d013e25f2fb2 req-01caf4c6-e01d-40d7-8567-ad5cc47e5977 tempest-VolumesGetTestJSON-1466722092 tempest-VolumesGetTestJSON-1466722092-project] Delete volume request issued successfully.
Feb 15 11:51:02.671627 dv-cinder-778193-14-smb devstack@c-api.service[121182]: INFO cinder.api.openstack.wsgi [req-c2f92679-d1c4-4c51-803b-d013e25f2fb2 req-01caf4c6-e01d-40d7-8567-ad5cc47e5977 tempest-VolumesGetTestJSON-1466722092 tempest-VolumesGetTestJSON-1466722092-project] http://10.222.0.67/volume/v3/19c4dc70043e4fcf983071a02f9b85e2/volumes/d0064b09-07dc-4e62-9d87-4f495a00f660 returned with HTTP 202
Feb 15 11:51:02.672716 dv-cinder-778193-14-smb devstack@c-api.service[121182]: [pid: 121182|app: 0|req: 16/33] 10.222.0.67 () {62 vars in 1600 bytes} [Tue Feb 15 11:51:02 2022] DELETE /volume/v3/19c4dc70043e4fcf983071a02f9b85e2/volumes/d0064b09-07dc-4e62-9d87-4f495a00f660 => generated 0 bytes in 136 msecs (HTTP/1.1 202) 6 headers in 233 bytes (1 switches on core 0)
Feb 15 11:51:02.693756 dv-cinder-778193-14-smb devstack@c-api.service[121183]: INFO cinder.api.openstack.wsgi [None req-1b3aae0b-b73d-4cb2-aa3f-3b3c48227d42 tempest-GroupSnapshotsTest-1525840795 tempest-GroupSnapshotsTest-1525840795-project] http://10.222.0.67/volume/v3/5f46437c89664e37a40d3d6d7c35d5b8/groups/eb01ec71-9f30-447d-b267-b9250a688872 returned with HTTP 200
Feb 15 11:51:02.694874 dv-cinder-778193-14-smb devstack@c-api.service[121183]: [pid: 121183|app: 0|req: 18/34] 10.222.0.67 () {60 vars in 1362 bytes} [Tue Feb 15 11:51:02 2022] GET /volume/v3/5f46437c89664e37a40d3d6d7c35d5b8/groups/eb01ec71-9f30-447d-b267-b9250a688872 => generated 393 bytes in 73 msecs (HTTP/1.1 200) 7 headers in 286 bytes (1 switches on core 0)
Feb 15 11:51:02.705702 dv-cinder-778193-14-smb devstack@c-api.service[121182]: INFO cinder.api.openstack.wsgi [None req-95db8861-9025-4820-ab74-be6a9057882f tempest-GroupSnapshotsTest-1525840795 tempest-GroupSnapshotsTest-1525840795-project] POST http://10.222.0.67/volume/v3/5f46437c89664e37a40d3d6d7c35d5b8/volumes
Feb 15 11:51:02.706492 dv-cinder-778193-14-smb devstack@c-api.service[121182]: DEBUG cinder.api.openstack.wsgi [None req-95db8861-9025-4820-ab74-be6a9057882f tempest-GroupSnapshotsTest-1525840795 tempest-GroupSnapshotsTest-1525840795-project] Action: 'create', calling method: create, body: {"volume": {"volume_type": "578bf019-6f49-45b7-a3bd-38de30e12ed6", "group_id": "eb01ec71-9f30-447d-b267-b9250a688872", "size": 1, "name": "tempest-GroupSnapshotsTest-Volume-1972550567"}} {{(pid=121182) _process_stack /opt/stack/cinder/cinder/api/openstack/wsgi.py:866}}
Feb 15 11:51:02.707528 dv-cinder-778193-14-smb devstack@c-api.service[121182]: DEBUG cinder.api.v3.volumes [None req-95db8861-9025-4820-ab74-be6a9057882f tempest-GroupSnapshotsTest-1525840795 tempest-GroupSnapshotsTest-1525840795-project] Create volume request body: {'volume': {'volume_type': '578bf019-6f49-45b7-a3bd-38de30e12ed6', 'group_id': 'eb01ec71-9f30-447d-b267-b9250a688872', 'size': 1, 'name': 'tempest-GroupSnapshotsTest-Volume-1972550567'}} {{(pid=121182) create /opt/stack/cinder/cinder/api/v3/volumes.py:298}}
Feb 15 11:51:02.731286 dv-cinder-778193-14-smb devstack@c-api.service[121182]: /usr/local/lib/python3.8/dist-packages/oslo_context/context.py:105: DeprecationWarning: Policy enforcement is depending on the value of is_admin. This key is deprecated. Please update your policy file to use the standard policy values.
Feb 15 11:51:02.731286 dv-cinder-778193-14-smb devstack@c-api.service[121182]: warnings.warn('Policy enforcement is depending on the value of '
Feb 15 11:51:02.732372 dv-cinder-778193-14-smb devstack@c-api.service[121182]: INFO cinder.api.v3.volumes [None req-95db8861-9025-4820-ab74-be6a9057882f tempest-GroupSnapshotsTest-1525840795 tempest-GroupSnapshotsTest-1525840795-project] Create volume of 1 GB
Feb 15 11:51:02.734987 dv-cinder-778193-14-smb devstack@c-api.service[121183]: INFO cinder.api.openstack.wsgi [req-7de68ffb-680b-41ce-9bc3-fdceb54cd130 req-d6e4cb06-c9cd-4721-895e-a900511c4c21 tempest-VolumesTestJSON-65362865 tempest-VolumesTestJSON-65362865-project] GET http://10.222.0.67/volume/v3/4329ad242796444384c5409376f3efdd/volumes/2c471b48-da78-4ffe-8c74-0afac744d5ac
Feb 15 11:51:02.735628 dv-cinder-778193-14-smb devstack@c-api.service[121183]: DEBUG cinder.api.openstack.wsgi [req-7de68ffb-680b-41ce-9bc3-fdceb54cd130 req-d6e4cb06-c9cd-4721-895e-a900511c4c21 tempest-VolumesTestJSON-65362865 tempest-VolumesTestJSON-65362865-project] Empty body provided in request {{(pid=121183) get_body /opt/stack/cinder/cinder/api/openstack/wsgi.py:715}}
Feb 15 11:51:02.736257 dv-cinder-778193-14-smb devstack@c-api.service[121183]: DEBUG cinder.api.openstack.wsgi [req-7de68ffb-680b-41ce-9bc3-fdceb54cd130 req-d6e4cb06-c9cd-4721-895e-a900511c4c21 tempest-VolumesTestJSON-65362865 tempest-VolumesTestJSON-65362865-project] Calling method 'show' {{(pid=121183) _process_stack /opt/stack/cinder/cinder/api/openstack/wsgi.py:868}}
Feb 15 11:51:02.757549 dv-cinder-778193-14-smb devstack@c-api.service[121182]: INFO cinder.volume.api [None req-95db8861-9025-4820-ab74-be6a9057882f tempest-GroupSnapshotsTest-1525840795 tempest-GroupSnapshotsTest-1525840795-project] Availability Zones retrieved successfully.
Feb 15 11:51:02.767529 dv-cinder-778193-14-smb devstack@c-api.service[121183]: /usr/local/lib/python3.8/dist-packages/oslo_context/context.py:105: DeprecationWarning: Policy enforcement is depending on the value of is_admin. This key is deprecated. Please update your policy file to use the standard policy values.
Feb 15 11:51:02.767529 dv-cinder-778193-14-smb devstack@c-api.service[121183]: warnings.warn('Policy enforcement is depending on the value of '
Feb 15 11:51:02.792001 dv-cinder-778193-14-smb devstack@c-api.service[121182]: DEBUG cinder.volume.api [None req-95db8861-9025-4820-ab74-be6a9057882f tempest-GroupSnapshotsTest-1525840795 tempest-GroupSnapshotsTest-1525840795-project] Flow 'volume_create_api' (84c8d282-0178-4060-bdd9-e60d31b9a8fc) transitioned into state 'RUNNING' from state 'PENDING' {{(pid=121182) _flow_receiver /usr/local/lib/python3.8/dist-packages/taskflow/listeners/logging.py:141}}
Feb 15 11:51:02.794727 dv-cinder-778193-14-smb devstack@c-api.service[121182]: DEBUG cinder.volume.api [None req-95db8861-9025-4820-ab74-be6a9057882f tempest-GroupSnapshotsTest-1525840795 tempest-GroupSnapshotsTest-1525840795-project] Task 'cinder.volume.flows.api.create_volume.ExtractVolumeRequestTask;volume:create' (8f7df2a9-d038-4c36-97c3-2c8e04cc0562) transitioned into state 'RUNNING' from state 'PENDING' {{(pid=121182) _task_receiver /usr/local/lib/python3.8/dist-packages/taskflow/listeners/logging.py:190}}
Feb 15 11:51:02.796792 dv-cinder-778193-14-smb devstack@c-api.service[121183]: INFO cinder.volume.api [req-7de68ffb-680b-41ce-9bc3-fdceb54cd130 req-d6e4cb06-c9cd-4721-895e-a900511c4c21 tempest-VolumesTestJSON-65362865 tempest-VolumesTestJSON-65362865-project] Volume info retrieved successfully.
Feb 15 11:51:02.799919 dv-cinder-778193-14-smb devstack@c-api.service[121182]: /usr/local/lib/python3.8/dist-packages/oslo_context/context.py:105: DeprecationWarning: Policy enforcement is depending on the value of is_admin. This key is deprecated. Please update your policy file to use the standard policy values.
Feb 15 11:51:02.799919 dv-cinder-778193-14-smb devstack@c-api.service[121182]: warnings.warn('Policy enforcement is depending on the value of '
Feb 15 11:51:02.801015 dv-cinder-778193-14-smb devstack@c-api.service[121182]: DEBUG cinder.volume.flows.api.create_volume [None req-95db8861-9025-4820-ab74-be6a9057882f tempest-GroupSnapshotsTest-1525840795 tempest-GroupSnapshotsTest-1525840795-project] Validating volume size '1' using validate_int {{(pid=121182) _extract_size /opt/stack/cinder/cinder/volume/flows/api/create_volume.py:225}}
Feb 15 11:51:02.823687 dv-cinder-778193-14-smb devstack@c-api.service[121183]: INFO cinder.api.openstack.wsgi [req-7de68ffb-680b-41ce-9bc3-fdceb54cd130 req-d6e4cb06-c9cd-4721-895e-a900511c4c21 tempest-VolumesTestJSON-65362865 tempest-VolumesTestJSON-65362865-project] http://10.222.0.67/volume/v3/4329ad242796444384c5409376f3efdd/volumes/2c471b48-da78-4ffe-8c74-0afac744d5ac returned with HTTP 200
Feb 15 11:51:02.835408 dv-cinder-778193-14-smb devstack@c-api.service[121183]: [pid: 121183|app: 0|req: 19/35] 10.222.0.67 () {60 vars in 1578 bytes} [Tue Feb 15 11:51:02 2022] GET /volume/v3/4329ad242796444384c5409376f3efdd/volumes/2c471b48-da78-4ffe-8c74-0afac744d5ac => generated 922 bytes in 105 msecs (HTTP/1.1 200) 7 headers in 285 bytes (2 switches on core 0)
Feb 15 11:51:02.848950 dv-cinder-778193-14-smb devstack@c-api.service[121183]: INFO cinder.api.openstack.wsgi [req-6553a440-e02c-404a-ac21-11bcd8e7fecd req-3adf8c59-34ca-4833-81f7-296a9737eff0 tempest-VolumesGetTestJSON-1466722092 tempest-VolumesGetTestJSON-1466722092-project] GET http://10.222.0.67/volume/v3/19c4dc70043e4fcf983071a02f9b85e2/volumes/d0064b09-07dc-4e62-9d87-4f495a00f660
Feb 15 11:51:02.852165 dv-cinder-778193-14-smb devstack@c-api.service[121183]: DEBUG cinder.api.openstack.wsgi [req-6553a440-e02c-404a-ac21-11bcd8e7fecd req-3adf8c59-34ca-4833-81f7-296a9737eff0 tempest-VolumesGetTestJSON-1466722092 tempest-VolumesGetTestJSON-1466722092-project] Empty body provided in request {{(pid=121183) get_body /opt/stack/cinder/cinder/api/openstack/wsgi.py:715}}
Feb 15 11:51:02.854215 dv-cinder-778193-14-smb devstack@c-api.service[121183]: DEBUG cinder.api.openstack.wsgi [req-6553a440-e02c-404a-ac21-11bcd8e7fecd req-3adf8c59-34ca-4833-81f7-296a9737eff0 tempest-VolumesGetTestJSON-1466722092 tempest-VolumesGetTestJSON-1466722092-project] Calling method 'show' {{(pid=121183) _process_stack /opt/stack/cinder/cinder/api/openstack/wsgi.py:868}}
Feb 15 11:51:02.880322 dv-cinder-778193-14-smb devstack@c-api.service[121182]: DEBUG cinder.volume.api [None req-95db8861-9025-4820-ab74-be6a9057882f tempest-GroupSnapshotsTest-1525840795 tempest-GroupSnapshotsTest-1525840795-project] Task 'cinder.volume.flows.api.create_volume.ExtractVolumeRequestTask;volume:create' (8f7df2a9-d038-4c36-97c3-2c8e04cc0562) transitioned into state 'SUCCESS' from state 'RUNNING' with result '{'size': 1, 'snapshot_id': None, 'source_volid': None, 'volume_type': VolumeType(created_at=2022-02-15T11:51:01Z,deleted=False,deleted_at=None,description=None,extra_specs={},id=578bf019-6f49-45b7-a3bd-38de30e12ed6,is_public=True,name='tempest-GroupSnapshotsTest-volume-type-1347617259',projects=[],qos_specs=,qos_specs_id=None,updated_at=None), 'volume_type_id': '578bf019-6f49-45b7-a3bd-38de30e12ed6', 'encryption_key_id': None, 'qos_specs': None, 'consistencygroup_id': None, 'cgsnapshot_id': None, 'group_id': 'eb01ec71-9f30-447d-b267-b9250a688872', 'replication_status': 'disabled', 'refresh_az': False, 'backup_id': None, 'multiattach': False, 'availability_zones': ['nova']}' {{(pid=121182) _task_receiver /usr/local/lib/python3.8/dist-packages/taskflow/listeners/logging.py:178}}
Feb 15 11:51:02.882381 dv-cinder-778193-14-smb devstack@c-api.service[121182]: DEBUG cinder.volume.api [None req-95db8861-9025-4820-ab74-be6a9057882f tempest-GroupSnapshotsTest-1525840795 tempest-GroupSnapshotsTest-1525840795-project] Task 'cinder.volume.flows.api.create_volume.QuotaReserveTask;volume:create' (8e87eb8c-202b-41bb-9f05-31cffd6ca5d8) transitioned into state 'RUNNING' from state 'PENDING' {{(pid=121182) _task_receiver /usr/local/lib/python3.8/dist-packages/taskflow/listeners/logging.py:190}}
Feb 15 11:51:02.885386 dv-cinder-778193-14-smb devstack@c-api.service[121183]: /usr/local/lib/python3.8/dist-packages/oslo_context/context.py:105: DeprecationWarning: Policy enforcement is depending on the value of is_admin. This key is deprecated. Please update your policy file to use the standard policy values.
Feb 15 11:51:02.885386 dv-cinder-778193-14-smb devstack@c-api.service[121183]: warnings.warn('Policy enforcement is depending on the value of '
Feb 15 11:51:02.902083 dv-cinder-778193-14-smb devstack@c-api.service[121183]: INFO cinder.volume.api [req-6553a440-e02c-404a-ac21-11bcd8e7fecd req-3adf8c59-34ca-4833-81f7-296a9737eff0 tempest-VolumesGetTestJSON-1466722092 tempest-VolumesGetTestJSON-1466722092-project] Volume info retrieved successfully.
Feb 15 11:51:02.923277 dv-cinder-778193-14-smb devstack@c-api.service[121183]: INFO cinder.api.openstack.wsgi [req-6553a440-e02c-404a-ac21-11bcd8e7fecd req-3adf8c59-34ca-4833-81f7-296a9737eff0 tempest-VolumesGetTestJSON-1466722092 tempest-VolumesGetTestJSON-1466722092-project] http://10.222.0.67/volume/v3/19c4dc70043e4fcf983071a02f9b85e2/volumes/d0064b09-07dc-4e62-9d87-4f495a00f660 returned with HTTP 200
Feb 15 11:51:02.935368 dv-cinder-778193-14-smb devstack@c-api.service[121183]: [pid: 121183|app: 0|req: 20/36] 10.222.0.67 () {60 vars in 1578 bytes} [Tue Feb 15 11:51:02 2022] GET /volume/v3/19c4dc70043e4fcf983071a02f9b85e2/volumes/d0064b09-07dc-4e62-9d87-4f495a00f660 => generated 923 bytes in 98 msecs (HTTP/1.1 200) 7 headers in 285 bytes (1 switches on core 0)
Feb 15 11:51:02.942916 dv-cinder-778193-14-smb devstack@c-api.service[121183]: INFO cinder.api.openstack.wsgi [None req-0c6cd677-623d-4785-a331-e9176cb278e8 tempest-VolumesTestJSON-65362865 tempest-VolumesTestJSON-65362865-project] POST http://10.222.0.67/volume/v3/4329ad242796444384c5409376f3efdd/volumes
Feb 15 11:51:02.946539 dv-cinder-778193-14-smb devstack@c-api.service[121183]: DEBUG cinder.api.openstack.wsgi [None req-0c6cd677-623d-4785-a331-e9176cb278e8 tempest-VolumesTestJSON-65362865 tempest-VolumesTestJSON-65362865-project] Action: 'create', calling method: create, body: {"volume": {"metadata": {"Type": "work"}, "size": 1, "display_name": "tempest-VolumesTestJSON-volume-1698589919"}} {{(pid=121183) _process_stack /opt/stack/cinder/cinder/api/openstack/wsgi.py:866}}
Feb 15 11:51:02.950924 dv-cinder-778193-14-smb devstack@c-api.service[121183]: DEBUG cinder.api.v3.volumes [None req-0c6cd677-623d-4785-a331-e9176cb278e8 tempest-VolumesTestJSON-65362865 tempest-VolumesTestJSON-65362865-project] Create volume request body: {'volume': {'metadata': {'Type': 'work'}, 'size': 1, 'display_name': 'tempest-VolumesTestJSON-volume-1698589919'}} {{(pid=121183) create /opt/stack/cinder/cinder/api/v3/volumes.py:298}}
Feb 15 11:51:02.952239 dv-cinder-778193-14-smb devstack@c-api.service[121183]: INFO cinder.api.v3.volumes [None req-0c6cd677-623d-4785-a331-e9176cb278e8 tempest-VolumesTestJSON-65362865 tempest-VolumesTestJSON-65362865-project] Create volume of 1 GB
Feb 15 11:51:02.961836 dv-cinder-778193-14-smb devstack@c-api.service[121182]: WARNING cinder.quota [None req-95db8861-9025-4820-ab74-be6a9057882f tempest-GroupSnapshotsTest-1525840795 tempest-GroupSnapshotsTest-1525840795-project] Deprecated: Default quota for resource: volumes_tempest-GroupSnapshotsTest-volume-type-1347617259 is set by the default quota flag: quota_volumes_tempest-GroupSnapshotsTest-volume-type-1347617259, it is now deprecated. Please use the default quota class for default quota.
Feb 15 11:51:02.965573 dv-cinder-778193-14-smb devstack@c-api.service[121182]: WARNING cinder.quota [None req-95db8861-9025-4820-ab74-be6a9057882f tempest-GroupSnapshotsTest-1525840795 tempest-GroupSnapshotsTest-1525840795-project] Deprecated: Default quota for resource: gigabytes_tempest-GroupSnapshotsTest-volume-type-1347617259 is set by the default quota flag: quota_gigabytes_tempest-GroupSnapshotsTest-volume-type-1347617259, it is now deprecated. Please use the default quota class for default quota.
Feb 15 11:51:02.968337 dv-cinder-778193-14-smb devstack@c-api.service[121183]: INFO cinder.volume.api [None req-0c6cd677-623d-4785-a331-e9176cb278e8 tempest-VolumesTestJSON-65362865 tempest-VolumesTestJSON-65362865-project] Availability Zones retrieved successfully.
Feb 15 11:51:03.010148 dv-cinder-778193-14-smb devstack@c-api.service[121183]: DEBUG cinder.volume.api [None req-0c6cd677-623d-4785-a331-e9176cb278e8 tempest-VolumesTestJSON-65362865 tempest-VolumesTestJSON-65362865-project] Flow 'volume_create_api' (41626e69-4b24-4f00-8d50-a9a4bd7950e1) transitioned into state 'RUNNING' from state 'PENDING' {{(pid=121183) _flow_receiver /usr/local/lib/python3.8/dist-packages/taskflow/listeners/logging.py:141}}
Feb 15 11:51:03.018136 dv-cinder-778193-14-smb devstack@c-api.service[121183]: DEBUG cinder.volume.api [None req-0c6cd677-623d-4785-a331-e9176cb278e8 tempest-VolumesTestJSON-65362865 tempest-VolumesTestJSON-65362865-project] Task 'cinder.volume.flows.api.create_volume.ExtractVolumeRequestTask;volume:create' (5f243491-0c14-407a-9b73-e85122caae5c) transitioned into state 'RUNNING' from state 'PENDING' {{(pid=121183) _task_receiver /usr/local/lib/python3.8/dist-packages/taskflow/listeners/logging.py:190}}
Feb 15 11:51:03.019306 dv-cinder-778193-14-smb devstack@c-api.service[121183]: DEBUG cinder.volume.flows.api.create_volume [None req-0c6cd677-623d-4785-a331-e9176cb278e8 tempest-VolumesTestJSON-65362865 tempest-VolumesTestJSON-65362865-project] Validating volume size '1' using validate_int {{(pid=121183) _extract_size /opt/stack/cinder/cinder/volume/flows/api/create_volume.py:225}}
Feb 15 11:51:03.092842 dv-cinder-778193-14-smb devstack@c-api.service[121183]: DEBUG cinder.volume.api [None req-0c6cd677-623d-4785-a331-e9176cb278e8 tempest-VolumesTestJSON-65362865 tempest-VolumesTestJSON-65362865-project] Task 'cinder.volume.flows.api.create_volume.ExtractVolumeRequestTask;volume:create' (5f243491-0c14-407a-9b73-e85122caae5c) transitioned into state 'SUCCESS' from state 'RUNNING' with result '{'size': 1, 'snapshot_id': None, 'source_volid': None, 'volume_type': VolumeType(created_at=2022-02-15T11:40:59Z,deleted=False,deleted_at=None,description='Default Volume Type',extra_specs={},id=da3d05d9-eb37-44b1-a5ef-8b3abc0e6604,is_public=True,name='__DEFAULT__',projects=[],qos_specs=,qos_specs_id=None,updated_at=2022-02-15T11:40:59Z), 'volume_type_id': 'da3d05d9-eb37-44b1-a5ef-8b3abc0e6604', 'encryption_key_id': None, 'qos_specs': None, 'consistencygroup_id': None, 'cgsnapshot_id': None, 'group_id': None, 'replication_status': 'disabled', 'refresh_az': False, 'backup_id': None, 'multiattach': False, 'availability_zones': ['nova']}' {{(pid=121183) _task_receiver /usr/local/lib/python3.8/dist-packages/taskflow/listeners/logging.py:178}}
Feb 15 11:51:03.095103 dv-cinder-778193-14-smb devstack@c-api.service[121182]: DEBUG cinder.quota [None req-95db8861-9025-4820-ab74-be6a9057882f tempest-GroupSnapshotsTest-1525840795 tempest-GroupSnapshotsTest-1525840795-project] Created reservations ['1b92fe4a-3ed4-4f13-803b-5deafde12d3b', '3ca2b296-5864-4f93-a059-bb6d6266baff', 'f0e02dcf-17c4-4c8b-a0f6-7238541c4417', '9ecc4904-74af-43bb-97a3-a6975b439287'] {{(pid=121182) reserve /opt/stack/cinder/cinder/quota.py:755}}
Feb 15 11:51:03.097544 dv-cinder-778193-14-smb devstack@c-api.service[121182]: DEBUG cinder.volume.api [None req-95db8861-9025-4820-ab74-be6a9057882f tempest-GroupSnapshotsTest-1525840795 tempest-GroupSnapshotsTest-1525840795-project] Task 'cinder.volume.flows.api.create_volume.QuotaReserveTask;volume:create' (8e87eb8c-202b-41bb-9f05-31cffd6ca5d8) transitioned into state 'SUCCESS' from state 'RUNNING' with result '{'reservations': ['1b92fe4a-3ed4-4f13-803b-5deafde12d3b', '3ca2b296-5864-4f93-a059-bb6d6266baff', 'f0e02dcf-17c4-4c8b-a0f6-7238541c4417', '9ecc4904-74af-43bb-97a3-a6975b439287']}' {{(pid=121182) _task_receiver /usr/local/lib/python3.8/dist-packages/taskflow/listeners/logging.py:178}}
Feb 15 11:51:03.099254 dv-cinder-778193-14-smb devstack@c-api.service[121182]: DEBUG cinder.volume.api [None req-95db8861-9025-4820-ab74-be6a9057882f tempest-GroupSnapshotsTest-1525840795 tempest-GroupSnapshotsTest-1525840795-project] Task 'cinder.volume.flows.api.create_volume.EntryCreateTask;volume:create' (1fe04d5c-6aab-4b06-aac7-3a73b0f69704) transitioned into state 'RUNNING' from state 'PENDING' {{(pid=121182) _task_receiver /usr/local/lib/python3.8/dist-packages/taskflow/listeners/logging.py:190}}
Feb 15 11:51:03.100549 dv-cinder-778193-14-smb devstack@c-api.service[121183]: DEBUG cinder.volume.api [None req-0c6cd677-623d-4785-a331-e9176cb278e8 tempest-VolumesTestJSON-65362865 tempest-VolumesTestJSON-65362865-project] Task 'cinder.volume.flows.api.create_volume.QuotaReserveTask;volume:create' (c6c93741-ccc4-471b-b233-cf6b996a247c) transitioned into state 'RUNNING' from state 'PENDING' {{(pid=121183) _task_receiver /usr/local/lib/python3.8/dist-packages/taskflow/listeners/logging.py:190}}
Feb 15 11:51:03.135820 dv-cinder-778193-14-smb devstack@c-api.service[121182]: DEBUG cinder.volume.api [None req-95db8861-9025-4820-ab74-be6a9057882f tempest-GroupSnapshotsTest-1525840795 tempest-GroupSnapshotsTest-1525840795-project] Task 'cinder.volume.flows.api.create_volume.EntryCreateTask;volume:create' (1fe04d5c-6aab-4b06-aac7-3a73b0f69704) transitioned into state 'SUCCESS' from state 'RUNNING' with result '{'volume_id': '6e7b3c19-e204-4072-8e59-7a7954ee7b2e', 'volume_properties': VolumeProperties(attach_status='detached',availability_zone='nova',cgsnapshot_id=None,consistencygroup_id=None,display_description=None,display_name='tempest-GroupSnapshotsTest-Volume-1972550567',encryption_key_id=None,group_id=eb01ec71-9f30-447d-b267-b9250a688872,group_type_id=,metadata={},multiattach=False,project_id='5f46437c89664e37a40d3d6d7c35d5b8',qos_specs=None,replication_status=,reservations=['1b92fe4a-3ed4-4f13-803b-5deafde12d3b','3ca2b296-5864-4f93-a059-bb6d6266baff','f0e02dcf-17c4-4c8b-a0f6-7238541c4417','9ecc4904-74af-43bb-97a3-a6975b439287'],size=1,snapshot_id=None,source_replicaid=,source_volid=None,status='creating',user_id='885583f26e414b429353dc26942a9692',volume_type_id=578bf019-6f49-45b7-a3bd-38de30e12ed6), 'volume': Volume(_name_id=None,admin_metadata=,attach_status='detached',availability_zone='nova',bootable=False,cluster=,cluster_name=None,consistencygroup=,consistencygroup_id=None,created_at=2022-02-15T11:51:03Z,deleted=False,deleted_at=None,display_description=None,display_name='tempest-GroupSnapshotsTest-Volume-1972550567',ec2_id=None,encryption_key_id=None,glance_metadata=,group=,group_id=eb01ec71-9f30-447d-b267-b9250a688872,host=None,id=6e7b3c19-e204-4072-8e59-7a7954ee7b2e,launched_at=None,metadata={},migration_status=None,multiattach=False,previous_status=None,project_id='5f46437c89664e37a40d3d6d7c35d5b8',provider_auth=None,provider_geometry=None,provider_id=None,provider_location=None,replication_driver_data=None,replication_extended_status=None,replication_status=None,scheduled_at=None,service_uuid=None,shared_targets=True,size=1,snapshot_id=None,snapshots=,source_volid=None,status='creating',terminated_at=None,updated_at=None,use_quota=True,user_id='885583f26e414b429353dc26942a9692',volume_attachment=VolumeAttachmentList,volume_type=VolumeType(578bf019-6f49-45b7-a3bd-38de30e12ed6),volume_type_id=578bf019-6f49-45b7-a3bd-38de30e12ed6)}' {{(pid=121182) _task_receiver /usr/local/lib/python3.8/dist-packages/taskflow/listeners/logging.py:178}}
Feb 15 11:51:03.138100 dv-cinder-778193-14-smb devstack@c-api.service[121182]: DEBUG cinder.volume.api [None req-95db8861-9025-4820-ab74-be6a9057882f tempest-GroupSnapshotsTest-1525840795 tempest-GroupSnapshotsTest-1525840795-project] Task 'cinder.volume.flows.api.create_volume.QuotaCommitTask;volume:create' (6ca2d2d3-542e-48ad-b5f1-ad56839443ea) transitioned into state 'RUNNING' from state 'PENDING' {{(pid=121182) _task_receiver /usr/local/lib/python3.8/dist-packages/taskflow/listeners/logging.py:190}}
Feb 15 11:51:03.185933 dv-cinder-778193-14-smb devstack@c-api.service[121182]: DEBUG cinder.volume.api [None req-95db8861-9025-4820-ab74-be6a9057882f tempest-GroupSnapshotsTest-1525840795 tempest-GroupSnapshotsTest-1525840795-project] Task 'cinder.volume.flows.api.create_volume.QuotaCommitTask;volume:create' (6ca2d2d3-542e-48ad-b5f1-ad56839443ea) transitioned into state 'SUCCESS' from state 'RUNNING' with result '{'volume_properties': VolumeProperties(attach_status='detached',availability_zone='nova',cgsnapshot_id=None,consistencygroup_id=None,display_description=None,display_name='tempest-GroupSnapshotsTest-Volume-1972550567',encryption_key_id=None,group_id=eb01ec71-9f30-447d-b267-b9250a688872,group_type_id=,metadata={},multiattach=False,project_id='5f46437c89664e37a40d3d6d7c35d5b8',qos_specs=None,replication_status=,reservations=['1b92fe4a-3ed4-4f13-803b-5deafde12d3b','3ca2b296-5864-4f93-a059-bb6d6266baff','f0e02dcf-17c4-4c8b-a0f6-7238541c4417','9ecc4904-74af-43bb-97a3-a6975b439287'],size=1,snapshot_id=None,source_replicaid=,source_volid=None,status='creating',user_id='885583f26e414b429353dc26942a9692',volume_type_id=578bf019-6f49-45b7-a3bd-38de30e12ed6)}' {{(pid=121182) _task_receiver /usr/local/lib/python3.8/dist-packages/taskflow/listeners/logging.py:178}}
Feb 15 11:51:03.188533 dv-cinder-778193-14-smb devstack@c-api.service[121182]: DEBUG cinder.volume.api [None req-95db8861-9025-4820-ab74-be6a9057882f tempest-GroupSnapshotsTest-1525840795 tempest-GroupSnapshotsTest-1525840795-project] Task 'cinder.volume.flows.api.create_volume.VolumeCastTask;volume:create' (b8988135-6704-423a-a4ec-274f90477c13) transitioned into state 'RUNNING' from state 'PENDING' {{(pid=121182) _task_receiver /usr/local/lib/python3.8/dist-packages/taskflow/listeners/logging.py:190}}
Feb 15 11:51:03.210829 dv-cinder-778193-14-smb devstack@c-api.service[121183]: DEBUG cinder.quota [None req-0c6cd677-623d-4785-a331-e9176cb278e8 tempest-VolumesTestJSON-65362865 tempest-VolumesTestJSON-65362865-project] Created reservations ['2ba903bf-6cbf-49d6-8c7b-4d007c5233c9', 'd16d2742-0454-4344-b0bc-b03e025e03a8', '2859af85-3a96-4510-b7cf-7ead9929e1ac', '7d4e1f97-bce4-40e9-8ea5-119cc4e854a4'] {{(pid=121183) reserve /opt/stack/cinder/cinder/quota.py:755}}
Feb 15 11:51:03.212607 dv-cinder-778193-14-smb devstack@c-api.service[121183]: DEBUG cinder.volume.api [None req-0c6cd677-623d-4785-a331-e9176cb278e8 tempest-VolumesTestJSON-65362865 tempest-VolumesTestJSON-65362865-project] Task 'cinder.volume.flows.api.create_volume.QuotaReserveTask;volume:create' (c6c93741-ccc4-471b-b233-cf6b996a247c) transitioned into state 'SUCCESS' from state 'RUNNING' with result '{'reservations': ['2ba903bf-6cbf-49d6-8c7b-4d007c5233c9', 'd16d2742-0454-4344-b0bc-b03e025e03a8', '2859af85-3a96-4510-b7cf-7ead9929e1ac', '7d4e1f97-bce4-40e9-8ea5-119cc4e854a4']}' {{(pid=121183) _task_receiver /usr/local/lib/python3.8/dist-packages/taskflow/listeners/logging.py:178}}
Feb 15 11:51:03.214560 dv-cinder-778193-14-smb devstack@c-api.service[121183]: DEBUG cinder.volume.api [None req-0c6cd677-623d-4785-a331-e9176cb278e8 tempest-VolumesTestJSON-65362865 tempest-VolumesTestJSON-65362865-project] Task 'cinder.volume.flows.api.create_volume.EntryCreateTask;volume:create' (b1436d6d-1c1c-459d-9d26-542d3007b863) transitioned into state 'RUNNING' from state 'PENDING' {{(pid=121183) _task_receiver /usr/local/lib/python3.8/dist-packages/taskflow/listeners/logging.py:190}}
Feb 15 11:51:03.235779 dv-cinder-778193-14-smb devstack@c-api.service[121182]: DEBUG cinder.volume.api [None req-95db8861-9025-4820-ab74-be6a9057882f tempest-GroupSnapshotsTest-1525840795 tempest-GroupSnapshotsTest-1525840795-project] Task 'cinder.volume.flows.api.create_volume.VolumeCastTask;volume:create' (b8988135-6704-423a-a4ec-274f90477c13) transitioned into state 'SUCCESS' from state 'RUNNING' with result 'None' {{(pid=121182) _task_receiver /usr/local/lib/python3.8/dist-packages/taskflow/listeners/logging.py:178}}
Feb 15 11:51:03.242870 dv-cinder-778193-14-smb devstack@c-api.service[121182]: DEBUG cinder.volume.api [None req-95db8861-9025-4820-ab74-be6a9057882f tempest-GroupSnapshotsTest-1525840795 tempest-GroupSnapshotsTest-1525840795-project] Flow 'volume_create_api' (84c8d282-0178-4060-bdd9-e60d31b9a8fc) transitioned into state 'SUCCESS' from state 'RUNNING' {{(pid=121182) _flow_receiver /usr/local/lib/python3.8/dist-packages/taskflow/listeners/logging.py:141}}
Feb 15 11:51:03.244741 dv-cinder-778193-14-smb devstack@c-api.service[121182]: INFO cinder.volume.api [None req-95db8861-9025-4820-ab74-be6a9057882f tempest-GroupSnapshotsTest-1525840795 tempest-GroupSnapshotsTest-1525840795-project] Create volume request issued successfully.
Feb 15 11:51:03.254086 dv-cinder-778193-14-smb devstack@c-api.service[121182]: WARNING stevedore.named [None req-95db8861-9025-4820-ab74-be6a9057882f tempest-GroupSnapshotsTest-1525840795 tempest-GroupSnapshotsTest-1525840795-project] Could not load cinder.keymgr.conf_key_mgr.ConfKeyManager
Feb 15 11:51:03.256022 dv-cinder-778193-14-smb devstack@c-api.service[121182]: WARNING castellan.key_manager [None req-95db8861-9025-4820-ab74-be6a9057882f tempest-GroupSnapshotsTest-1525840795 tempest-GroupSnapshotsTest-1525840795-project] Deprecation Warning : cinder.keymgr.conf_key_mgr.ConfKeyManager is not a stevedore based driver, trying to load it as a class: stevedore.exception.NoMatches: No 'castellan.drivers' driver found, looking for 'cinder.keymgr.conf_key_mgr.ConfKeyManager'
Feb 15 11:51:03.274751 dv-cinder-778193-14-smb devstack@c-api.service[121182]: DEBUG oslo_db.sqlalchemy.engines [None req-95db8861-9025-4820-ab74-be6a9057882f tempest-GroupSnapshotsTest-1525840795 tempest-GroupSnapshotsTest-1525840795-project] MySQL server mode set to STRICT_TRANS_TABLES,STRICT_ALL_TABLES,NO_ZERO_IN_DATE,NO_ZERO_DATE,ERROR_FOR_DIVISION_BY_ZERO,TRADITIONAL,NO_ENGINE_SUBSTITUTION {{(pid=121182) _check_effective_sql_mode /usr/local/lib/python3.8/dist-packages/oslo_db/sqlalchemy/engines.py:314}}
Feb 15 11:51:03.288501 dv-cinder-778193-14-smb devstack@c-api.service[121182]: /usr/local/lib/python3.8/dist-packages/oslo_context/context.py:105: DeprecationWarning: Policy enforcement is depending on the value of is_admin. This key is deprecated. Please update your policy file to use the standard policy values.
Feb 15 11:51:03.288501 dv-cinder-778193-14-smb devstack@c-api.service[121182]: warnings.warn('Policy enforcement is depending on the value of '
Feb 15 11:51:03.297418 dv-cinder-778193-14-smb devstack@c-api.service[121183]: DEBUG cinder.volume.api [None req-0c6cd677-623d-4785-a331-e9176cb278e8 tempest-VolumesTestJSON-65362865 tempest-VolumesTestJSON-65362865-project] Task 'cinder.volume.flows.api.create_volume.EntryCreateTask;volume:create' (b1436d6d-1c1c-459d-9d26-542d3007b863) transitioned into state 'SUCCESS' from state 'RUNNING' with result '{'volume_id': '2167a692-f69a-4c82-8429-6fe8f36d407e', 'volume_properties': VolumeProperties(attach_status='detached',availability_zone='nova',cgsnapshot_id=None,consistencygroup_id=None,display_description=None,display_name='tempest-VolumesTestJSON-volume-1698589919',encryption_key_id=None,group_id=None,group_type_id=,metadata={Type='work'},multiattach=False,project_id='4329ad242796444384c5409376f3efdd',qos_specs=None,replication_status=,reservations=['2ba903bf-6cbf-49d6-8c7b-4d007c5233c9','d16d2742-0454-4344-b0bc-b03e025e03a8','2859af85-3a96-4510-b7cf-7ead9929e1ac','7d4e1f97-bce4-40e9-8ea5-119cc4e854a4'],size=1,snapshot_id=None,source_replicaid=,source_volid=None,status='creating',user_id='e956e9a5599d4995bd1a890382f993bd',volume_type_id=da3d05d9-eb37-44b1-a5ef-8b3abc0e6604), 'volume': Volume(_name_id=None,admin_metadata=,attach_status='detached',availability_zone='nova',bootable=False,cluster=,cluster_name=None,consistencygroup=,consistencygroup_id=None,created_at=2022-02-15T11:51:03Z,deleted=False,deleted_at=None,display_description=None,display_name='tempest-VolumesTestJSON-volume-1698589919',ec2_id=None,encryption_key_id=None,glance_metadata=,group=,group_id=None,host=None,id=2167a692-f69a-4c82-8429-6fe8f36d407e,launched_at=None,metadata={Type='work'},migration_status=None,multiattach=False,previous_status=None,project_id='4329ad242796444384c5409376f3efdd',provider_auth=None,provider_geometry=None,provider_id=None,provider_location=None,replication_driver_data=None,replication_extended_status=None,replication_status=None,scheduled_at=None,service_uuid=None,shared_targets=True,size=1,snapshot_id=None,snapshots=,source_volid=None,status='creating',terminated_at=None,updated_at=None,use_quota=True,user_id='e956e9a5599d4995bd1a890382f993bd',volume_attachment=VolumeAttachmentList,volume_type=VolumeType(da3d05d9-eb37-44b1-a5ef-8b3abc0e6604),volume_type_id=da3d05d9-eb37-44b1-a5ef-8b3abc0e6604)}' {{(pid=121183) _task_receiver /usr/local/lib/python3.8/dist-packages/taskflow/listeners/logging.py:178}}
Feb 15 11:51:03.301661 dv-cinder-778193-14-smb devstack@c-api.service[121183]: DEBUG cinder.volume.api [None req-0c6cd677-623d-4785-a331-e9176cb278e8 tempest-VolumesTestJSON-65362865 tempest-VolumesTestJSON-65362865-project] Task 'cinder.volume.flows.api.create_volume.QuotaCommitTask;volume:create' (a09a5a66-9d07-44d1-87fd-6521a7f2767c) transitioned into state 'RUNNING' from state 'PENDING' {{(pid=121183) _task_receiver /usr/local/lib/python3.8/dist-packages/taskflow/listeners/logging.py:190}}
Feb 15 11:51:03.305665 dv-cinder-778193-14-smb devstack@c-api.service[121182]: INFO cinder.api.openstack.wsgi [None req-95db8861-9025-4820-ab74-be6a9057882f tempest-GroupSnapshotsTest-1525840795 tempest-GroupSnapshotsTest-1525840795-project] http://10.222.0.67/volume/v3/5f46437c89664e37a40d3d6d7c35d5b8/volumes returned with HTTP 202
Feb 15 11:51:03.307674 dv-cinder-778193-14-smb devstack@c-api.service[121182]: [pid: 121182|app: 0|req: 17/37] 10.222.0.67 () {62 vars in 1276 bytes} [Tue Feb 15 11:51:02 2022] POST /volume/v3/5f46437c89664e37a40d3d6d7c35d5b8/volumes => generated 908 bytes in 605 msecs (HTTP/1.1 202) 7 headers in 292 bytes (1 switches on core 0)
Feb 15 11:51:03.315059 dv-cinder-778193-14-smb devstack@c-api.service[121182]: INFO cinder.api.openstack.wsgi [None req-1f8340d2-f716-4504-a376-7975a32f30e4 tempest-VolumesServicesTestJSON-807644689 tempest-VolumesServicesTestJSON-807644689-project] GET http://10.222.0.67/volume/v3/5fa691eade9c46ae8f8859193ba5f5c0/volumes/55f33054-916b-497d-8bbe-d3bb03e85e1f
Feb 15 11:51:03.320188 dv-cinder-778193-14-smb devstack@c-api.service[121182]: DEBUG cinder.api.openstack.wsgi [None req-1f8340d2-f716-4504-a376-7975a32f30e4 tempest-VolumesServicesTestJSON-807644689 tempest-VolumesServicesTestJSON-807644689-project] Empty body provided in request {{(pid=121182) get_body /opt/stack/cinder/cinder/api/openstack/wsgi.py:715}}
Feb 15 11:51:03.320688 dv-cinder-778193-14-smb devstack@c-api.service[121182]: DEBUG cinder.api.openstack.wsgi [None req-1f8340d2-f716-4504-a376-7975a32f30e4 tempest-VolumesServicesTestJSON-807644689 tempest-VolumesServicesTestJSON-807644689-project] Calling method 'show' {{(pid=121182) _process_stack /opt/stack/cinder/cinder/api/openstack/wsgi.py:868}}
Feb 15 11:51:03.356704 dv-cinder-778193-14-smb devstack@c-api.service[121183]: DEBUG cinder.volume.api [None req-0c6cd677-623d-4785-a331-e9176cb278e8 tempest-VolumesTestJSON-65362865 tempest-VolumesTestJSON-65362865-project] Task 'cinder.volume.flows.api.create_volume.QuotaCommitTask;volume:create' (a09a5a66-9d07-44d1-87fd-6521a7f2767c) transitioned into state 'SUCCESS' from state 'RUNNING' with result '{'volume_properties': VolumeProperties(attach_status='detached',availability_zone='nova',cgsnapshot_id=None,consistencygroup_id=None,display_description=None,display_name='tempest-VolumesTestJSON-volume-1698589919',encryption_key_id=None,group_id=None,group_type_id=,metadata={Type='work'},multiattach=False,project_id='4329ad242796444384c5409376f3efdd',qos_specs=None,replication_status=,reservations=['2ba903bf-6cbf-49d6-8c7b-4d007c5233c9','d16d2742-0454-4344-b0bc-b03e025e03a8','2859af85-3a96-4510-b7cf-7ead9929e1ac','7d4e1f97-bce4-40e9-8ea5-119cc4e854a4'],size=1,snapshot_id=None,source_replicaid=,source_volid=None,status='creating',user_id='e956e9a5599d4995bd1a890382f993bd',volume_type_id=da3d05d9-eb37-44b1-a5ef-8b3abc0e6604)}' {{(pid=121183) _task_receiver /usr/local/lib/python3.8/dist-packages/taskflow/listeners/logging.py:178}}
Feb 15 11:51:03.360912 dv-cinder-778193-14-smb devstack@c-api.service[121183]: DEBUG cinder.volume.api [None req-0c6cd677-623d-4785-a331-e9176cb278e8 tempest-VolumesTestJSON-65362865 tempest-VolumesTestJSON-65362865-project] Task 'cinder.volume.flows.api.create_volume.VolumeCastTask;volume:create' (cb39ce6b-e95a-4c2c-aaa3-a45371ad0ac2) transitioned into state 'RUNNING' from state 'PENDING' {{(pid=121183) _task_receiver /usr/local/lib/python3.8/dist-packages/taskflow/listeners/logging.py:190}}
Feb 15 11:51:03.364252 dv-cinder-778193-14-smb devstack@c-api.service[121182]: /usr/local/lib/python3.8/dist-packages/oslo_context/context.py:105: DeprecationWarning: Policy enforcement is depending on the value of is_admin. This key is deprecated. Please update your policy file to use the standard policy values.
Feb 15 11:51:03.364252 dv-cinder-778193-14-smb devstack@c-api.service[121182]: warnings.warn('Policy enforcement is depending on the value of '
Feb 15 11:51:03.375047 dv-cinder-778193-14-smb devstack@c-api.service[121182]: INFO cinder.volume.api [None req-1f8340d2-f716-4504-a376-7975a32f30e4 tempest-VolumesServicesTestJSON-807644689 tempest-VolumesServicesTestJSON-807644689-project] Volume info retrieved successfully.
Feb 15 11:51:03.388671 dv-cinder-778193-14-smb devstack@c-api.service[121182]: INFO cinder.api.openstack.wsgi [None req-1f8340d2-f716-4504-a376-7975a32f30e4 tempest-VolumesServicesTestJSON-807644689 tempest-VolumesServicesTestJSON-807644689-project] http://10.222.0.67/volume/v3/5fa691eade9c46ae8f8859193ba5f5c0/volumes/55f33054-916b-497d-8bbe-d3bb03e85e1f returned with HTTP 200
Feb 15 11:51:03.389322 dv-cinder-778193-14-smb devstack@c-api.service[121182]: [pid: 121182|app: 0|req: 18/38] 10.222.0.67 () {58 vars in 1324 bytes} [Tue Feb 15 11:51:03 2022] GET /volume/v3/5fa691eade9c46ae8f8859193ba5f5c0/volumes/55f33054-916b-497d-8bbe-d3bb03e85e1f => generated 916 bytes in 81 msecs (HTTP/1.1 200) 7 headers in 285 bytes (1 switches on core 0)
Feb 15 11:51:03.404131 dv-cinder-778193-14-smb devstack@c-api.service[121183]: DEBUG cinder.volume.api [None req-0c6cd677-623d-4785-a331-e9176cb278e8 tempest-VolumesTestJSON-65362865 tempest-VolumesTestJSON-65362865-project] Task 'cinder.volume.flows.api.create_volume.VolumeCastTask;volume:create' (cb39ce6b-e95a-4c2c-aaa3-a45371ad0ac2) transitioned into state 'SUCCESS' from state 'RUNNING' with result 'None' {{(pid=121183) _task_receiver /usr/local/lib/python3.8/dist-packages/taskflow/listeners/logging.py:178}}
Feb 15 11:51:03.413210 dv-cinder-778193-14-smb devstack@c-api.service[121182]: INFO cinder.api.openstack.wsgi [None req-0904c58b-8fb9-4b06-ad4c-9db559856b07 tempest-GroupSnapshotsTest-1525840795 tempest-GroupSnapshotsTest-1525840795-project] GET http://10.222.0.67/volume/v3/5f46437c89664e37a40d3d6d7c35d5b8/volumes/6e7b3c19-e204-4072-8e59-7a7954ee7b2e
Feb 15 11:51:03.414047 dv-cinder-778193-14-smb devstack@c-api.service[121183]: DEBUG cinder.volume.api [None req-0c6cd677-623d-4785-a331-e9176cb278e8 tempest-VolumesTestJSON-65362865 tempest-VolumesTestJSON-65362865-project] Flow 'volume_create_api' (41626e69-4b24-4f00-8d50-a9a4bd7950e1) transitioned into state 'SUCCESS' from state 'RUNNING' {{(pid=121183) _flow_receiver /usr/local/lib/python3.8/dist-packages/taskflow/listeners/logging.py:141}}
Feb 15 11:51:03.417709 dv-cinder-778193-14-smb devstack@c-api.service[121183]: INFO cinder.volume.api [None req-0c6cd677-623d-4785-a331-e9176cb278e8 tempest-VolumesTestJSON-65362865 tempest-VolumesTestJSON-65362865-project] Create volume request issued successfully.
Feb 15 11:51:03.419365 dv-cinder-778193-14-smb devstack@c-api.service[121182]: DEBUG cinder.api.openstack.wsgi [None req-0904c58b-8fb9-4b06-ad4c-9db559856b07 tempest-GroupSnapshotsTest-1525840795 tempest-GroupSnapshotsTest-1525840795-project] Empty body provided in request {{(pid=121182) get_body /opt/stack/cinder/cinder/api/openstack/wsgi.py:715}}
Feb 15 11:51:03.420085 dv-cinder-778193-14-smb devstack@c-api.service[121182]: DEBUG cinder.api.openstack.wsgi [None req-0904c58b-8fb9-4b06-ad4c-9db559856b07 tempest-GroupSnapshotsTest-1525840795 tempest-GroupSnapshotsTest-1525840795-project] Calling method 'show' {{(pid=121182) _process_stack /opt/stack/cinder/cinder/api/openstack/wsgi.py:868}}
Feb 15 11:51:03.423715 dv-cinder-778193-14-smb devstack@c-api.service[121183]: INFO cinder.api.openstack.wsgi [None req-0c6cd677-623d-4785-a331-e9176cb278e8 tempest-VolumesTestJSON-65362865 tempest-VolumesTestJSON-65362865-project] http://10.222.0.67/volume/v3/4329ad242796444384c5409376f3efdd/volumes returned with HTTP 202
Feb 15 11:51:03.424751 dv-cinder-778193-14-smb devstack@c-api.service[121183]: [pid: 121183|app: 0|req: 21/39] 10.222.0.67 () {60 vars in 1235 bytes} [Tue Feb 15 11:51:02 2022] POST /volume/v3/4329ad242796444384c5409376f3efdd/volumes => generated 829 bytes in 489 msecs (HTTP/1.1 202) 7 headers in 291 bytes (1 switches on core 0)
Feb 15 11:51:03.438833 dv-cinder-778193-14-smb devstack@c-api.service[121183]: INFO cinder.api.openstack.wsgi [None req-b396bdf9-c252-4019-b710-135e15a9ce20 tempest-VolumesServicesTestJSON-1031271196 tempest-VolumesServicesTestJSON-1031271196-project-admin] GET http://10.222.0.67/volume/v3/024793297533474e8f5866398dccbeac/volumes/55f33054-916b-497d-8bbe-d3bb03e85e1f
