Feb 15 11:51:47.562673 dv-cinder-778193-14-smb devstack@c-api.service[121183]: DEBUG cinder.volume.api [None req-f5bff0e1-7314-4e37-bc86-c0f561a52a66 tempest-AbsoluteLimitsTests-574265970 tempest-AbsoluteLimitsTests-574265970-project] Task 'cinder.volume.flows.api.create_volume.EntryCreateTask;volume:create' (6f145e38-f341-4506-b3f8-d7128bb85389) transitioned into state 'SUCCESS' from state 'RUNNING' with result '{'volume_id': 'ffe99f7f-f0cf-4a86-9e2a-df6bca5a2aa2', 'volume_properties': VolumeProperties(attach_status='detached',availability_zone='nova',cgsnapshot_id=None,consistencygroup_id=None,display_description=None,display_name='tempest-AbsoluteLimitsTests-Volume-1807396920',encryption_key_id=None,group_id=None,group_type_id=,metadata={},multiattach=False,project_id='50ce549d3dda47bcb054f85a789f8f64',qos_specs=None,replication_status=,reservations=['e0ef220e-4add-4ab5-9ec2-9291bccae5d7','0754d207-8632-42dc-848a-4850ef2f0fe3','dcde761d-f3f6-4ff5-8433-c9cb52305bbb','81d0c516-7798-451c-b4e7-a62b3a8b5ec6'],size=1,snapshot_id=None,source_replicaid=,source_volid=None,status='creating',user_id='020d891173f84ae7af95d731fea6fe18',volume_type_id=da3d05d9-eb37-44b1-a5ef-8b3abc0e6604), 'volume': Volume(_name_id=None,admin_metadata=,attach_status='detached',availability_zone='nova',bootable=False,cluster=,cluster_name=None,consistencygroup=,consistencygroup_id=None,created_at=2022-02-15T11:51:47Z,deleted=False,deleted_at=None,display_description=None,display_name='tempest-AbsoluteLimitsTests-Volume-1807396920',ec2_id=None,encryption_key_id=None,glance_metadata=,group=,group_id=None,host=None,id=ffe99f7f-f0cf-4a86-9e2a-df6bca5a2aa2,launched_at=None,metadata={},migration_status=None,multiattach=False,previous_status=None,project_id='50ce549d3dda47bcb054f85a789f8f64',provider_auth=None,provider_geometry=None,provider_id=None,provider_location=None,replication_driver_data=None,replication_extended_status=None,replication_status=None,scheduled_at=None,service_uuid=None,shared_targets=True,size=1,snapshot_id=None,snapshots=,source_volid=None,status='creating',terminated_at=None,updated_at=None,use_quota=True,user_id='020d891173f84ae7af95d731fea6fe18',volume_attachment=VolumeAttachmentList,volume_type=VolumeType(da3d05d9-eb37-44b1-a5ef-8b3abc0e6604),volume_type_id=da3d05d9-eb37-44b1-a5ef-8b3abc0e6604)}' {{(pid=121183) _task_receiver /usr/local/lib/python3.8/dist-packages/taskflow/listeners/logging.py:178}}
Feb 15 11:51:47.565019 dv-cinder-778193-14-smb devstack@c-api.service[121183]: DEBUG cinder.volume.api [None req-f5bff0e1-7314-4e37-bc86-c0f561a52a66 tempest-AbsoluteLimitsTests-574265970 tempest-AbsoluteLimitsTests-574265970-project] Task 'cinder.volume.flows.api.create_volume.QuotaCommitTask;volume:create' (3cf0064b-b898-4dca-a585-6b863ce0a441) transitioned into state 'RUNNING' from state 'PENDING' {{(pid=121183) _task_receiver /usr/local/lib/python3.8/dist-packages/taskflow/listeners/logging.py:190}}
Feb 15 11:51:47.578933 dv-cinder-778193-14-smb devstack@c-api.service[121182]: DEBUG cinder.volume.api [None req-14a6cb6a-adfe-4527-861d-6a234d3fe940 tempest-VolumeQuotasNegativeTestJSON-33217543 tempest-VolumeQuotasNegativeTestJSON-33217543-project] Task 'cinder.volume.flows.api.create_volume.ExtractVolumeRequestTask;volume:create' (bf8ec620-0f01-4b72-94ba-c7fbb4a21632) transitioned into state 'SUCCESS' from state 'RUNNING' with result '{'size': 1, 'snapshot_id': None, 'source_volid': None, 'volume_type': VolumeType(created_at=2022-02-15T11:40:59Z,deleted=False,deleted_at=None,description='Default Volume Type',extra_specs={},id=da3d05d9-eb37-44b1-a5ef-8b3abc0e6604,is_public=True,name='__DEFAULT__',projects=[],qos_specs=,qos_specs_id=None,updated_at=2022-02-15T11:40:59Z), 'volume_type_id': 'da3d05d9-eb37-44b1-a5ef-8b3abc0e6604', 'encryption_key_id': None, 'qos_specs': None, 'consistencygroup_id': None, 'cgsnapshot_id': None, 'group_id': None, 'replication_status': 'disabled', 'refresh_az': False, 'backup_id': None, 'multiattach': False, 'availability_zones': ['nova']}' {{(pid=121182) _task_receiver /usr/local/lib/python3.8/dist-packages/taskflow/listeners/logging.py:178}}
Feb 15 11:51:47.581797 dv-cinder-778193-14-smb devstack@c-api.service[121182]: DEBUG cinder.volume.api [None req-14a6cb6a-adfe-4527-861d-6a234d3fe940 tempest-VolumeQuotasNegativeTestJSON-33217543 tempest-VolumeQuotasNegativeTestJSON-33217543-project] Task 'cinder.volume.flows.api.create_volume.QuotaReserveTask;volume:create' (719aa798-cd7a-40b0-b75a-22a261f1391c) transitioned into state 'RUNNING' from state 'PENDING' {{(pid=121182) _task_receiver /usr/local/lib/python3.8/dist-packages/taskflow/listeners/logging.py:190}}
Feb 15 11:51:47.597780 dv-cinder-778193-14-smb devstack@c-api.service[121183]: DEBUG cinder.volume.api [None req-f5bff0e1-7314-4e37-bc86-c0f561a52a66 tempest-AbsoluteLimitsTests-574265970 tempest-AbsoluteLimitsTests-574265970-project] Task 'cinder.volume.flows.api.create_volume.QuotaCommitTask;volume:create' (3cf0064b-b898-4dca-a585-6b863ce0a441) transitioned into state 'SUCCESS' from state 'RUNNING' with result '{'volume_properties': VolumeProperties(attach_status='detached',availability_zone='nova',cgsnapshot_id=None,consistencygroup_id=None,display_description=None,display_name='tempest-AbsoluteLimitsTests-Volume-1807396920',encryption_key_id=None,group_id=None,group_type_id=,metadata={},multiattach=False,project_id='50ce549d3dda47bcb054f85a789f8f64',qos_specs=None,replication_status=,reservations=['e0ef220e-4add-4ab5-9ec2-9291bccae5d7','0754d207-8632-42dc-848a-4850ef2f0fe3','dcde761d-f3f6-4ff5-8433-c9cb52305bbb','81d0c516-7798-451c-b4e7-a62b3a8b5ec6'],size=1,snapshot_id=None,source_replicaid=,source_volid=None,status='creating',user_id='020d891173f84ae7af95d731fea6fe18',volume_type_id=da3d05d9-eb37-44b1-a5ef-8b3abc0e6604)}' {{(pid=121183) _task_receiver /usr/local/lib/python3.8/dist-packages/taskflow/listeners/logging.py:178}}
Feb 15 11:51:47.600435 dv-cinder-778193-14-smb devstack@c-api.service[121183]: DEBUG cinder.volume.api [None req-f5bff0e1-7314-4e37-bc86-c0f561a52a66 tempest-AbsoluteLimitsTests-574265970 tempest-AbsoluteLimitsTests-574265970-project] Task 'cinder.volume.flows.api.create_volume.VolumeCastTask;volume:create' (f1ebb092-a5c4-47b8-ab5f-c3bd7bb30397) transitioned into state 'RUNNING' from state 'PENDING' {{(pid=121183) _task_receiver /usr/local/lib/python3.8/dist-packages/taskflow/listeners/logging.py:190}}
Feb 15 11:51:47.624679 dv-cinder-778193-14-smb devstack@c-api.service[121182]: WARNING cinder.quota_utils [None req-14a6cb6a-adfe-4527-861d-6a234d3fe940 tempest-VolumeQuotasNegativeTestJSON-33217543 tempest-VolumeQuotasNegativeTestJSON-33217543-project] Quota exceeded for 3f8313b3bc7c4e4b9529bba2af10711a, tried to create volume (1 volumes already consumed).: cinder.exception.OverQuota: Quota exceeded for resources: ['volumes']
Feb 15 11:51:47.626586 dv-cinder-778193-14-smb devstack@c-api.service[121182]: WARNING cinder.volume.api [None req-14a6cb6a-adfe-4527-861d-6a234d3fe940 tempest-VolumeQuotasNegativeTestJSON-33217543 tempest-VolumeQuotasNegativeTestJSON-33217543-project] Task 'cinder.volume.flows.api.create_volume.QuotaReserveTask;volume:create' (719aa798-cd7a-40b0-b75a-22a261f1391c) transitioned into state 'FAILURE' from state 'RUNNING'
Feb 15 11:51:47.626586 dv-cinder-778193-14-smb devstack@c-api.service[121182]: Failure: cinder.exception.VolumeLimitExceeded: Maximum number of volumes allowed (1) exceeded for quota 'volumes'.
Feb 15 11:51:47.627194 dv-cinder-778193-14-smb devstack@c-api.service[121183]: DEBUG cinder.volume.api [None req-f5bff0e1-7314-4e37-bc86-c0f561a52a66 tempest-AbsoluteLimitsTests-574265970 tempest-AbsoluteLimitsTests-574265970-project] Task 'cinder.volume.flows.api.create_volume.VolumeCastTask;volume:create' (f1ebb092-a5c4-47b8-ab5f-c3bd7bb30397) transitioned into state 'SUCCESS' from state 'RUNNING' with result 'None' {{(pid=121183) _task_receiver /usr/local/lib/python3.8/dist-packages/taskflow/listeners/logging.py:178}}
Feb 15 11:51:47.632533 dv-cinder-778193-14-smb devstack@c-api.service[121182]: DEBUG cinder.volume.api [None req-14a6cb6a-adfe-4527-861d-6a234d3fe940 tempest-VolumeQuotasNegativeTestJSON-33217543 tempest-VolumeQuotasNegativeTestJSON-33217543-project] Task 'cinder.volume.flows.api.create_volume.QuotaReserveTask;volume:create' (719aa798-cd7a-40b0-b75a-22a261f1391c) transitioned into state 'REVERTING' from state 'FAILURE' {{(pid=121182) _task_receiver /usr/local/lib/python3.8/dist-packages/taskflow/listeners/logging.py:190}}
Feb 15 11:51:47.634371 dv-cinder-778193-14-smb devstack@c-api.service[121183]: DEBUG cinder.volume.api [None req-f5bff0e1-7314-4e37-bc86-c0f561a52a66 tempest-AbsoluteLimitsTests-574265970 tempest-AbsoluteLimitsTests-574265970-project] Flow 'volume_create_api' (99d722e9-9675-4219-bce8-5c4c3e9a2fb1) transitioned into state 'SUCCESS' from state 'RUNNING' {{(pid=121183) _flow_receiver /usr/local/lib/python3.8/dist-packages/taskflow/listeners/logging.py:141}}
Feb 15 11:51:47.635229 dv-cinder-778193-14-smb devstack@c-api.service[121183]: INFO cinder.volume.api [None req-f5bff0e1-7314-4e37-bc86-c0f561a52a66 tempest-AbsoluteLimitsTests-574265970 tempest-AbsoluteLimitsTests-574265970-project] Create volume request issued successfully.
Feb 15 11:51:47.635442 dv-cinder-778193-14-smb devstack@c-api.service[121182]: WARNING cinder.volume.api [None req-14a6cb6a-adfe-4527-861d-6a234d3fe940 tempest-VolumeQuotasNegativeTestJSON-33217543 tempest-VolumeQuotasNegativeTestJSON-33217543-project] Task 'cinder.volume.flows.api.create_volume.QuotaReserveTask;volume:create' (719aa798-cd7a-40b0-b75a-22a261f1391c) transitioned into state 'REVERTED' from state 'REVERTING' with result 'None'
Feb 15 11:51:47.637096 dv-cinder-778193-14-smb devstack@c-api.service[121182]: DEBUG cinder.volume.api [None req-14a6cb6a-adfe-4527-861d-6a234d3fe940 tempest-VolumeQuotasNegativeTestJSON-33217543 tempest-VolumeQuotasNegativeTestJSON-33217543-project] Task 'cinder.volume.flows.api.create_volume.ExtractVolumeRequestTask;volume:create' (bf8ec620-0f01-4b72-94ba-c7fbb4a21632) transitioned into state 'REVERTING' from state 'SUCCESS' {{(pid=121182) _task_receiver /usr/local/lib/python3.8/dist-packages/taskflow/listeners/logging.py:190}}
Feb 15 11:51:47.640237 dv-cinder-778193-14-smb devstack@c-api.service[121183]: INFO cinder.api.openstack.wsgi [None req-f5bff0e1-7314-4e37-bc86-c0f561a52a66 tempest-AbsoluteLimitsTests-574265970 tempest-AbsoluteLimitsTests-574265970-project] http://10.222.0.67/volume/v3/50ce549d3dda47bcb054f85a789f8f64/volumes returned with HTTP 202
Feb 15 11:51:47.641235 dv-cinder-778193-14-smb devstack@c-api.service[121183]: [pid: 121183|app: 0|req: 230/453] 10.222.0.67 () {60 vars in 1234 bytes} [Tue Feb 15 11:51:47 2022] POST /volume/v3/50ce549d3dda47bcb054f85a789f8f64/volumes => generated 819 bytes in 602 msecs (HTTP/1.1 202) 7 headers in 291 bytes (1 switches on core 0)
Feb 15 11:51:47.645531 dv-cinder-778193-14-smb devstack@c-api.service[121182]: WARNING cinder.volume.api [None req-14a6cb6a-adfe-4527-861d-6a234d3fe940 tempest-VolumeQuotasNegativeTestJSON-33217543 tempest-VolumeQuotasNegativeTestJSON-33217543-project] Task 'cinder.volume.flows.api.create_volume.ExtractVolumeRequestTask;volume:create' (bf8ec620-0f01-4b72-94ba-c7fbb4a21632) transitioned into state 'REVERTED' from state 'REVERTING' with result 'None'
Feb 15 11:51:47.649156 dv-cinder-778193-14-smb devstack@c-api.service[121182]: WARNING cinder.volume.api [None req-14a6cb6a-adfe-4527-861d-6a234d3fe940 tempest-VolumeQuotasNegativeTestJSON-33217543 tempest-VolumeQuotasNegativeTestJSON-33217543-project] Flow 'volume_create_api' (296f9d6b-9217-41a8-92bf-09a72417b4fe) transitioned into state 'REVERTED' from state 'RUNNING'
Feb 15 11:51:47.650396 dv-cinder-778193-14-smb devstack@c-api.service[121182]: INFO cinder.api.middleware.fault [None req-14a6cb6a-adfe-4527-861d-6a234d3fe940 tempest-VolumeQuotasNegativeTestJSON-33217543 tempest-VolumeQuotasNegativeTestJSON-33217543-project] http://10.222.0.67/volume/v3/3f8313b3bc7c4e4b9529bba2af10711a/volumes returned with HTTP 413
Feb 15 11:51:47.656365 dv-cinder-778193-14-smb devstack@c-api.service[121182]: [pid: 121182|app: 0|req: 224/454] 10.222.0.67 () {60 vars in 1234 bytes} [Tue Feb 15 11:51:47 2022] POST /volume/v3/3f8313b3bc7c4e4b9529bba2af10711a/volumes => generated 150 bytes in 193 msecs (HTTP/1.1 413) 8 headers in 323 bytes (1 switches on core 0)
Feb 15 11:51:47.657143 dv-cinder-778193-14-smb devstack@c-api.service[121183]: INFO cinder.api.openstack.wsgi [None req-f78c9bf9-8ea7-479e-9620-37401e1b6593 tempest-GroupsV320Test-474650097 tempest-GroupsV320Test-474650097-project-admin] POST http://10.222.0.67/volume/v3/74011c35f6de473f8401fc0632e4f84d/groups/3bac8c58-d309-442d-8ada-dd27bb0e57e3/action
Feb 15 11:51:47.657402 dv-cinder-778193-14-smb devstack@c-api.service[121183]: DEBUG cinder.api.openstack.wsgi [None req-f78c9bf9-8ea7-479e-9620-37401e1b6593 tempest-GroupsV320Test-474650097 tempest-GroupsV320Test-474650097-project-admin] Action body: b'{"reset_status": {"status": "creating"}}' {{(pid=121183) get_method /opt/stack/cinder/cinder/api/openstack/wsgi.py:983}}
Feb 15 11:51:47.658126 dv-cinder-778193-14-smb devstack@c-api.service[121183]: DEBUG cinder.api.openstack.wsgi [None req-f78c9bf9-8ea7-479e-9620-37401e1b6593 tempest-GroupsV320Test-474650097 tempest-GroupsV320Test-474650097-project-admin] Action: 'action', calling method: version_select, body: {"reset_status": {"status": "creating"}} {{(pid=121183) _process_stack /opt/stack/cinder/cinder/api/openstack/wsgi.py:866}}
Feb 15 11:51:47.658591 dv-cinder-778193-14-smb devstack@c-api.service[121183]: DEBUG cinder.api.v3.groups [None req-f78c9bf9-8ea7-479e-9620-37401e1b6593 tempest-GroupsV320Test-474650097 tempest-GroupsV320Test-474650097-project-admin] Updating group '3bac8c58-d309-442d-8ada-dd27bb0e57e3' with 'creating' {{(pid=121183) _reset_status /opt/stack/cinder/cinder/api/v3/groups.py:82}}
Feb 15 11:51:47.663844 dv-cinder-778193-14-smb devstack@c-api.service[121182]: INFO cinder.api.openstack.wsgi [None req-68ec2d39-ce0a-44ff-8d33-c574354b01c1 tempest-AbsoluteLimitsTests-574265970 tempest-AbsoluteLimitsTests-574265970-project] GET http://10.222.0.67/volume/v3/50ce549d3dda47bcb054f85a789f8f64/volumes/ffe99f7f-f0cf-4a86-9e2a-df6bca5a2aa2
Feb 15 11:51:47.665052 dv-cinder-778193-14-smb devstack@c-api.service[121182]: DEBUG cinder.api.openstack.wsgi [None req-68ec2d39-ce0a-44ff-8d33-c574354b01c1 tempest-AbsoluteLimitsTests-574265970 tempest-AbsoluteLimitsTests-574265970-project] Empty body provided in request {{(pid=121182) get_body /opt/stack/cinder/cinder/api/openstack/wsgi.py:715}}
Feb 15 11:51:47.665763 dv-cinder-778193-14-smb devstack@c-api.service[121182]: DEBUG cinder.api.openstack.wsgi [None req-68ec2d39-ce0a-44ff-8d33-c574354b01c1 tempest-AbsoluteLimitsTests-574265970 tempest-AbsoluteLimitsTests-574265970-project] Calling method 'show' {{(pid=121182) _process_stack /opt/stack/cinder/cinder/api/openstack/wsgi.py:868}}
Feb 15 11:51:47.668489 dv-cinder-778193-14-smb devstack@c-api.service[121183]: /usr/local/lib/python3.8/dist-packages/oslo_context/context.py:105: DeprecationWarning: Policy enforcement is depending on the value of is_admin. This key is deprecated. Please update your policy file to use the standard policy values.
Feb 15 11:51:47.668489 dv-cinder-778193-14-smb devstack@c-api.service[121183]: warnings.warn('Policy enforcement is depending on the value of '
Feb 15 11:51:47.682069 dv-cinder-778193-14-smb devstack@c-api.service[121183]: INFO cinder.api.openstack.wsgi [None req-f78c9bf9-8ea7-479e-9620-37401e1b6593 tempest-GroupsV320Test-474650097 tempest-GroupsV320Test-474650097-project-admin] http://10.222.0.67/volume/v3/74011c35f6de473f8401fc0632e4f84d/groups/3bac8c58-d309-442d-8ada-dd27bb0e57e3/action returned with HTTP 202
Feb 15 11:51:47.683386 dv-cinder-778193-14-smb devstack@c-api.service[121183]: [pid: 121183|app: 0|req: 231/455] 10.222.0.67 () {62 vars in 1404 bytes} [Tue Feb 15 11:51:47 2022] POST /volume/v3/74011c35f6de473f8401fc0632e4f84d/groups/3bac8c58-d309-442d-8ada-dd27bb0e57e3/action => generated 0 bytes in 42 msecs (HTTP/1.1 202) 6 headers in 234 bytes (1 switches on core 0)
Feb 15 11:51:47.689580 dv-cinder-778193-14-smb devstack@c-api.service[121182]: /usr/local/lib/python3.8/dist-packages/oslo_context/context.py:105: DeprecationWarning: Policy enforcement is depending on the value of is_admin. This key is deprecated. Please update your policy file to use the standard policy values.
Feb 15 11:51:47.689580 dv-cinder-778193-14-smb devstack@c-api.service[121182]: warnings.warn('Policy enforcement is depending on the value of '
Feb 15 11:51:47.692184 dv-cinder-778193-14-smb devstack@c-api.service[121183]: INFO cinder.api.openstack.wsgi [None req-6de9aa64-7932-4a8f-ba3f-736f9d95f4c8 tempest-VolumeQuotasNegativeTestJSON-1049835032 tempest-VolumeQuotasNegativeTestJSON-1049835032-project-admin] PUT http://10.222.0.67/volume/v3/f57e3c9321e4454e9e66e8b064bdac89/os-quota-sets/3f8313b3bc7c4e4b9529bba2af10711a
Feb 15 11:51:47.693942 dv-cinder-778193-14-smb devstack@c-api.service[121183]: DEBUG cinder.api.openstack.wsgi [None req-6de9aa64-7932-4a8f-ba3f-736f9d95f4c8 tempest-VolumeQuotasNegativeTestJSON-1049835032 tempest-VolumeQuotasNegativeTestJSON-1049835032-project-admin] Action: 'update', calling method: update, body: {"quota_set": {"gigabytes": 1}} {{(pid=121183) _process_stack /opt/stack/cinder/cinder/api/openstack/wsgi.py:866}}
Feb 15 11:51:47.700478 dv-cinder-778193-14-smb devstack@c-api.service[121182]: INFO cinder.volume.api [None req-68ec2d39-ce0a-44ff-8d33-c574354b01c1 tempest-AbsoluteLimitsTests-574265970 tempest-AbsoluteLimitsTests-574265970-project] Volume info retrieved successfully.
Feb 15 11:51:47.711041 dv-cinder-778193-14-smb devstack@c-api.service[121182]: INFO cinder.api.openstack.wsgi [None req-68ec2d39-ce0a-44ff-8d33-c574354b01c1 tempest-AbsoluteLimitsTests-574265970 tempest-AbsoluteLimitsTests-574265970-project] http://10.222.0.67/volume/v3/50ce549d3dda47bcb054f85a789f8f64/volumes/ffe99f7f-f0cf-4a86-9e2a-df6bca5a2aa2 returned with HTTP 200
Feb 15 11:51:47.711783 dv-cinder-778193-14-smb devstack@c-api.service[121182]: [pid: 121182|app: 0|req: 225/456] 10.222.0.67 () {58 vars in 1324 bytes} [Tue Feb 15 11:51:47 2022] GET /volume/v3/50ce549d3dda47bcb054f85a789f8f64/volumes/ffe99f7f-f0cf-4a86-9e2a-df6bca5a2aa2 => generated 887 bytes in 53 msecs (HTTP/1.1 200) 7 headers in 285 bytes (1 switches on core 0)
Feb 15 11:51:47.716418 dv-cinder-778193-14-smb devstack@c-api.service[121182]: INFO cinder.api.openstack.wsgi [None req-37b0fa09-9bc4-4473-81d7-ca243251d7d9 tempest-GroupsV320Test-625912673 tempest-GroupsV320Test-625912673-project] GET http://10.222.0.67/volume/v3/a1f6a122146b4460a308355410d53a51/groups/3bac8c58-d309-442d-8ada-dd27bb0e57e3
Feb 15 11:51:47.717030 dv-cinder-778193-14-smb devstack@c-api.service[121182]: DEBUG cinder.api.openstack.wsgi [None req-37b0fa09-9bc4-4473-81d7-ca243251d7d9 tempest-GroupsV320Test-625912673 tempest-GroupsV320Test-625912673-project] Empty body provided in request {{(pid=121182) get_body /opt/stack/cinder/cinder/api/openstack/wsgi.py:715}}
Feb 15 11:51:47.717396 dv-cinder-778193-14-smb devstack@c-api.service[121182]: DEBUG cinder.api.openstack.wsgi [None req-37b0fa09-9bc4-4473-81d7-ca243251d7d9 tempest-GroupsV320Test-625912673 tempest-GroupsV320Test-625912673-project] Calling method 'version_select' {{(pid=121182) _process_stack /opt/stack/cinder/cinder/api/openstack/wsgi.py:868}}
Feb 15 11:51:47.717737 dv-cinder-778193-14-smb devstack@c-api.service[121182]: DEBUG cinder.api.v3.groups [None req-37b0fa09-9bc4-4473-81d7-ca243251d7d9 tempest-GroupsV320Test-625912673 tempest-GroupsV320Test-625912673-project] show called for member 3bac8c58-d309-442d-8ada-dd27bb0e57e3 {{(pid=121182) show /opt/stack/cinder/cinder/api/v3/groups.py:58}}
Feb 15 11:51:47.724627 dv-cinder-778193-14-smb devstack@c-api.service[121182]: /usr/local/lib/python3.8/dist-packages/oslo_context/context.py:105: DeprecationWarning: Policy enforcement is depending on the value of is_admin. This key is deprecated. Please update your policy file to use the standard policy values.
Feb 15 11:51:47.724627 dv-cinder-778193-14-smb devstack@c-api.service[121182]: warnings.warn('Policy enforcement is depending on the value of '
Feb 15 11:51:47.745070 dv-cinder-778193-14-smb devstack@c-api.service[121182]: INFO cinder.api.openstack.wsgi [None req-37b0fa09-9bc4-4473-81d7-ca243251d7d9 tempest-GroupsV320Test-625912673 tempest-GroupsV320Test-625912673-project] http://10.222.0.67/volume/v3/a1f6a122146b4460a308355410d53a51/groups/3bac8c58-d309-442d-8ada-dd27bb0e57e3 returned with HTTP 200
Feb 15 11:51:47.745611 dv-cinder-778193-14-smb devstack@c-api.service[121182]: [pid: 121182|app: 0|req: 226/457] 10.222.0.67 () {60 vars in 1362 bytes} [Tue Feb 15 11:51:47 2022] GET /volume/v3/a1f6a122146b4460a308355410d53a51/groups/3bac8c58-d309-442d-8ada-dd27bb0e57e3 => generated 387 bytes in 33 msecs (HTTP/1.1 200) 7 headers in 286 bytes (1 switches on core 0)
Feb 15 11:51:47.761410 dv-cinder-778193-14-smb devstack@c-api.service[121182]: INFO cinder.api.openstack.wsgi [None req-ace68e17-f7a0-400a-be26-b39cdaec99e0 tempest-GroupsV320Test-474650097 tempest-GroupsV320Test-474650097-project-admin] POST http://10.222.0.67/volume/v3/74011c35f6de473f8401fc0632e4f84d/groups/3bac8c58-d309-442d-8ada-dd27bb0e57e3/action
Feb 15 11:51:47.762217 dv-cinder-778193-14-smb devstack@c-api.service[121182]: DEBUG cinder.api.openstack.wsgi [None req-ace68e17-f7a0-400a-be26-b39cdaec99e0 tempest-GroupsV320Test-474650097 tempest-GroupsV320Test-474650097-project-admin] Action body: b'{"reset_status": {"status": "available"}}' {{(pid=121182) get_method /opt/stack/cinder/cinder/api/openstack/wsgi.py:983}}
Feb 15 11:51:47.762559 dv-cinder-778193-14-smb devstack@c-api.service[121182]: DEBUG cinder.api.openstack.wsgi [None req-ace68e17-f7a0-400a-be26-b39cdaec99e0 tempest-GroupsV320Test-474650097 tempest-GroupsV320Test-474650097-project-admin] Action: 'action', calling method: version_select, body: {"reset_status": {"status": "available"}} {{(pid=121182) _process_stack /opt/stack/cinder/cinder/api/openstack/wsgi.py:866}}
Feb 15 11:51:47.764003 dv-cinder-778193-14-smb devstack@c-api.service[121182]: DEBUG cinder.api.v3.groups [None req-ace68e17-f7a0-400a-be26-b39cdaec99e0 tempest-GroupsV320Test-474650097 tempest-GroupsV320Test-474650097-project-admin] Updating group '3bac8c58-d309-442d-8ada-dd27bb0e57e3' with 'available' {{(pid=121182) _reset_status /opt/stack/cinder/cinder/api/v3/groups.py:82}}
Feb 15 11:51:47.774184 dv-cinder-778193-14-smb devstack@c-api.service[121182]: /usr/local/lib/python3.8/dist-packages/oslo_context/context.py:105: DeprecationWarning: Policy enforcement is depending on the value of is_admin. This key is deprecated. Please update your policy file to use the standard policy values.
Feb 15 11:51:47.774184 dv-cinder-778193-14-smb devstack@c-api.service[121182]: warnings.warn('Policy enforcement is depending on the value of '
Feb 15 11:51:47.795321 dv-cinder-778193-14-smb devstack@c-api.service[121182]: INFO cinder.api.openstack.wsgi [None req-ace68e17-f7a0-400a-be26-b39cdaec99e0 tempest-GroupsV320Test-474650097 tempest-GroupsV320Test-474650097-project-admin] http://10.222.0.67/volume/v3/74011c35f6de473f8401fc0632e4f84d/groups/3bac8c58-d309-442d-8ada-dd27bb0e57e3/action returned with HTTP 202
Feb 15 11:51:47.798783 dv-cinder-778193-14-smb devstack@c-api.service[121182]: [pid: 121182|app: 0|req: 227/458] 10.222.0.67 () {62 vars in 1404 bytes} [Tue Feb 15 11:51:47 2022] POST /volume/v3/74011c35f6de473f8401fc0632e4f84d/groups/3bac8c58-d309-442d-8ada-dd27bb0e57e3/action => generated 0 bytes in 43 msecs (HTTP/1.1 202) 6 headers in 234 bytes (1 switches on core 0)
Feb 15 11:51:47.802003 dv-cinder-778193-14-smb devstack@c-api.service[121183]: INFO cinder.api.openstack.wsgi [None req-6de9aa64-7932-4a8f-ba3f-736f9d95f4c8 tempest-VolumeQuotasNegativeTestJSON-1049835032 tempest-VolumeQuotasNegativeTestJSON-1049835032-project-admin] http://10.222.0.67/volume/v3/f57e3c9321e4454e9e66e8b064bdac89/os-quota-sets/3f8313b3bc7c4e4b9529bba2af10711a returned with HTTP 200
Feb 15 11:51:47.802188 dv-cinder-778193-14-smb devstack@c-api.service[121182]: INFO cinder.api.openstack.wsgi [None req-2e1c50b8-2a31-4394-bd65-44b8889a22a0 tempest-VolumesCloneTest-1821978989 tempest-VolumesCloneTest-1821978989-project] GET http://10.222.0.67/volume/v3/334acab0b8714556a8118b84207ccfdd/volumes/90c17c5b-efbe-4ab5-bb8a-e59952485561
Feb 15 11:51:47.802188 dv-cinder-778193-14-smb devstack@c-api.service[121182]: DEBUG cinder.api.openstack.wsgi [None req-2e1c50b8-2a31-4394-bd65-44b8889a22a0 tempest-VolumesCloneTest-1821978989 tempest-VolumesCloneTest-1821978989-project] Empty body provided in request {{(pid=121182) get_body /opt/stack/cinder/cinder/api/openstack/wsgi.py:715}}
Feb 15 11:51:47.802561 dv-cinder-778193-14-smb devstack@c-api.service[121182]: DEBUG cinder.api.openstack.wsgi [None req-2e1c50b8-2a31-4394-bd65-44b8889a22a0 tempest-VolumesCloneTest-1821978989 tempest-VolumesCloneTest-1821978989-project] Calling method 'show' {{(pid=121182) _process_stack /opt/stack/cinder/cinder/api/openstack/wsgi.py:868}}
Feb 15 11:51:47.807986 dv-cinder-778193-14-smb devstack@c-api.service[121183]: [pid: 121183|app: 0|req: 232/459] 10.222.0.67 () {60 vars in 1350 bytes} [Tue Feb 15 11:51:47 2022] PUT /volume/v3/f57e3c9321e4454e9e66e8b064bdac89/os-quota-sets/3f8313b3bc7c4e4b9529bba2af10711a => generated 502 bytes in 124 msecs (HTTP/1.1 200) 7 headers in 285 bytes (1 switches on core 0)
Feb 15 11:51:47.815340 dv-cinder-778193-14-smb devstack@c-api.service[121183]: INFO cinder.api.openstack.wsgi [None req-dd9c7288-0747-40d8-b319-d0dbd18d0052 tempest-GroupsV320Test-625912673 tempest-GroupsV320Test-625912673-project] GET http://10.222.0.67/volume/v3/a1f6a122146b4460a308355410d53a51/groups/3bac8c58-d309-442d-8ada-dd27bb0e57e3
Feb 15 11:51:47.815925 dv-cinder-778193-14-smb devstack@c-api.service[121183]: DEBUG cinder.api.openstack.wsgi [None req-dd9c7288-0747-40d8-b319-d0dbd18d0052 tempest-GroupsV320Test-625912673 tempest-GroupsV320Test-625912673-project] Empty body provided in request {{(pid=121183) get_body /opt/stack/cinder/cinder/api/openstack/wsgi.py:715}}
Feb 15 11:51:47.816521 dv-cinder-778193-14-smb devstack@c-api.service[121183]: DEBUG cinder.api.openstack.wsgi [None req-dd9c7288-0747-40d8-b319-d0dbd18d0052 tempest-GroupsV320Test-625912673 tempest-GroupsV320Test-625912673-project] Calling method 'version_select' {{(pid=121183) _process_stack /opt/stack/cinder/cinder/api/openstack/wsgi.py:868}}
Feb 15 11:51:47.817166 dv-cinder-778193-14-smb devstack@c-api.service[121183]: DEBUG cinder.api.v3.groups [None req-dd9c7288-0747-40d8-b319-d0dbd18d0052 tempest-GroupsV320Test-625912673 tempest-GroupsV320Test-625912673-project] show called for member 3bac8c58-d309-442d-8ada-dd27bb0e57e3 {{(pid=121183) show /opt/stack/cinder/cinder/api/v3/groups.py:58}}
Feb 15 11:51:47.823519 dv-cinder-778193-14-smb devstack@c-api.service[121183]: /usr/local/lib/python3.8/dist-packages/oslo_context/context.py:105: DeprecationWarning: Policy enforcement is depending on the value of is_admin. This key is deprecated. Please update your policy file to use the standard policy values.
Feb 15 11:51:47.823519 dv-cinder-778193-14-smb devstack@c-api.service[121183]: warnings.warn('Policy enforcement is depending on the value of '
Feb 15 11:51:47.839277 dv-cinder-778193-14-smb devstack@c-api.service[121182]: /usr/local/lib/python3.8/dist-packages/oslo_context/context.py:105: DeprecationWarning: Policy enforcement is depending on the value of is_admin. This key is deprecated. Please update your policy file to use the standard policy values.
Feb 15 11:51:47.839277 dv-cinder-778193-14-smb devstack@c-api.service[121182]: warnings.warn('Policy enforcement is depending on the value of '
Feb 15 11:51:47.840355 dv-cinder-778193-14-smb devstack@c-api.service[121183]: INFO cinder.api.openstack.wsgi [None req-dd9c7288-0747-40d8-b319-d0dbd18d0052 tempest-GroupsV320Test-625912673 tempest-GroupsV320Test-625912673-project] http://10.222.0.67/volume/v3/a1f6a122146b4460a308355410d53a51/groups/3bac8c58-d309-442d-8ada-dd27bb0e57e3 returned with HTTP 200
Feb 15 11:51:47.841552 dv-cinder-778193-14-smb devstack@c-api.service[121183]: [pid: 121183|app: 0|req: 233/460] 10.222.0.67 () {60 vars in 1362 bytes} [Tue Feb 15 11:51:47 2022] GET /volume/v3/a1f6a122146b4460a308355410d53a51/groups/3bac8c58-d309-442d-8ada-dd27bb0e57e3 => generated 388 bytes in 33 msecs (HTTP/1.1 200) 7 headers in 286 bytes (1 switches on core 0)
Feb 15 11:51:47.845306 dv-cinder-778193-14-smb devstack@c-api.service[121183]: INFO cinder.api.openstack.wsgi [None req-b5255381-fb53-473a-b9df-153c28250cef tempest-VolumeQuotasNegativeTestJSON-33217543 tempest-VolumeQuotasNegativeTestJSON-33217543-project] POST http://10.222.0.67/volume/v3/3f8313b3bc7c4e4b9529bba2af10711a/volumes/b092292b-dbf9-4794-bdad-b0f366c02430/action
Feb 15 11:51:47.846292 dv-cinder-778193-14-smb devstack@c-api.service[121183]: DEBUG cinder.api.openstack.wsgi [None req-b5255381-fb53-473a-b9df-153c28250cef tempest-VolumeQuotasNegativeTestJSON-33217543 tempest-VolumeQuotasNegativeTestJSON-33217543-project] Action body: b'{"os-extend": {"new_size": 2}}' {{(pid=121183) get_method /opt/stack/cinder/cinder/api/openstack/wsgi.py:983}}
Feb 15 11:51:47.846741 dv-cinder-778193-14-smb devstack@c-api.service[121183]: DEBUG cinder.api.openstack.wsgi [None req-b5255381-fb53-473a-b9df-153c28250cef tempest-VolumeQuotasNegativeTestJSON-33217543 tempest-VolumeQuotasNegativeTestJSON-33217543-project] Action: 'action', calling method: _extend, body: {"os-extend": {"new_size": 2}} {{(pid=121183) _process_stack /opt/stack/cinder/cinder/api/openstack/wsgi.py:866}}
Feb 15 11:51:47.872115 dv-cinder-778193-14-smb devstack@c-api.service[121182]: INFO cinder.volume.api [None req-2e1c50b8-2a31-4394-bd65-44b8889a22a0 tempest-VolumesCloneTest-1821978989 tempest-VolumesCloneTest-1821978989-project] Volume info retrieved successfully.
Feb 15 11:51:47.884962 dv-cinder-778193-14-smb devstack@c-api.service[121182]: INFO cinder.api.openstack.wsgi [None req-2e1c50b8-2a31-4394-bd65-44b8889a22a0 tempest-VolumesCloneTest-1821978989 tempest-VolumesCloneTest-1821978989-project] http://10.222.0.67/volume/v3/334acab0b8714556a8118b84207ccfdd/volumes/90c17c5b-efbe-4ab5-bb8a-e59952485561 returned with HTTP 200
Feb 15 11:51:47.885808 dv-cinder-778193-14-smb devstack@c-api.service[121183]: /usr/local/lib/python3.8/dist-packages/oslo_context/context.py:105: DeprecationWarning: Policy enforcement is depending on the value of is_admin. This key is deprecated. Please update your policy file to use the standard policy values.
Feb 15 11:51:47.885808 dv-cinder-778193-14-smb devstack@c-api.service[121183]: warnings.warn('Policy enforcement is depending on the value of '
Feb 15 11:51:47.889729 dv-cinder-778193-14-smb devstack@c-api.service[121183]: INFO cinder.volume.api [None req-b5255381-fb53-473a-b9df-153c28250cef tempest-VolumeQuotasNegativeTestJSON-33217543 tempest-VolumeQuotasNegativeTestJSON-33217543-project] Volume info retrieved successfully.
Feb 15 11:51:47.899937 dv-cinder-778193-14-smb devstack@c-api.service[121182]: [pid: 121182|app: 0|req: 228/461] 10.222.0.67 () {58 vars in 1324 bytes} [Tue Feb 15 11:51:47 2022] GET /volume/v3/334acab0b8714556a8118b84207ccfdd/volumes/90c17c5b-efbe-4ab5-bb8a-e59952485561 => generated 969 bytes in 101 msecs (HTTP/1.1 200) 7 headers in 285 bytes (1 switches on core 0)
Feb 15 11:51:47.905113 dv-cinder-778193-14-smb devstack@c-api.service[121182]: INFO cinder.api.openstack.wsgi [None req-45f2f6b0-df1e-4eb8-9ca5-c079bb33a81b tempest-GroupsV320Test-474650097 tempest-GroupsV320Test-474650097-project-admin] POST http://10.222.0.67/volume/v3/74011c35f6de473f8401fc0632e4f84d/groups/3bac8c58-d309-442d-8ada-dd27bb0e57e3/action
Feb 15 11:51:47.906149 dv-cinder-778193-14-smb devstack@c-api.service[121182]: DEBUG cinder.api.openstack.wsgi [None req-45f2f6b0-df1e-4eb8-9ca5-c079bb33a81b tempest-GroupsV320Test-474650097 tempest-GroupsV320Test-474650097-project-admin] Action body: b'{"reset_status": {"status": "error"}}' {{(pid=121182) get_method /opt/stack/cinder/cinder/api/openstack/wsgi.py:983}}
Feb 15 11:51:47.906488 dv-cinder-778193-14-smb devstack@c-api.service[121182]: DEBUG cinder.api.openstack.wsgi [None req-45f2f6b0-df1e-4eb8-9ca5-c079bb33a81b tempest-GroupsV320Test-474650097 tempest-GroupsV320Test-474650097-project-admin] Action: 'action', calling method: reset_status, body: {"reset_status": {"status": "error"}} {{(pid=121182) _process_stack /opt/stack/cinder/cinder/api/openstack/wsgi.py:866}}
Feb 15 11:51:47.907288 dv-cinder-778193-14-smb devstack@c-api.service[121182]: DEBUG cinder.api.v3.groups [None req-45f2f6b0-df1e-4eb8-9ca5-c079bb33a81b tempest-GroupsV320Test-474650097 tempest-GroupsV320Test-474650097-project-admin] Updating group '3bac8c58-d309-442d-8ada-dd27bb0e57e3' with 'error' {{(pid=121182) _reset_status /opt/stack/cinder/cinder/api/v3/groups.py:82}}
Feb 15 11:51:47.913609 dv-cinder-778193-14-smb devstack@c-api.service[121182]: /usr/local/lib/python3.8/dist-packages/oslo_context/context.py:105: DeprecationWarning: Policy enforcement is depending on the value of is_admin. This key is deprecated. Please update your policy file to use the standard policy values.
Feb 15 11:51:47.913609 dv-cinder-778193-14-smb devstack@c-api.service[121182]: warnings.warn('Policy enforcement is depending on the value of '
Feb 15 11:51:47.926208 dv-cinder-778193-14-smb devstack@c-api.service[121182]: INFO cinder.api.openstack.wsgi [None req-45f2f6b0-df1e-4eb8-9ca5-c079bb33a81b tempest-GroupsV320Test-474650097 tempest-GroupsV320Test-474650097-project-admin] http://10.222.0.67/volume/v3/74011c35f6de473f8401fc0632e4f84d/groups/3bac8c58-d309-442d-8ada-dd27bb0e57e3/action returned with HTTP 202
Feb 15 11:51:47.927562 dv-cinder-778193-14-smb devstack@c-api.service[121182]: [pid: 121182|app: 0|req: 229/462] 10.222.0.67 () {62 vars in 1404 bytes} [Tue Feb 15 11:51:47 2022] POST /volume/v3/74011c35f6de473f8401fc0632e4f84d/groups/3bac8c58-d309-442d-8ada-dd27bb0e57e3/action => generated 0 bytes in 29 msecs (HTTP/1.1 202) 6 headers in 234 bytes (1 switches on core 0)
Feb 15 11:51:47.940023 dv-cinder-778193-14-smb devstack@c-api.service[121182]: INFO cinder.api.openstack.wsgi [None req-62cb87b0-8311-4c5f-8cbc-a90859731979 tempest-GroupsV320Test-625912673 tempest-GroupsV320Test-625912673-project] GET http://10.222.0.67/volume/v3/a1f6a122146b4460a308355410d53a51/groups/3bac8c58-d309-442d-8ada-dd27bb0e57e3
Feb 15 11:51:47.940474 dv-cinder-778193-14-smb devstack@c-api.service[121182]: DEBUG cinder.api.openstack.wsgi [None req-62cb87b0-8311-4c5f-8cbc-a90859731979 tempest-GroupsV320Test-625912673 tempest-GroupsV320Test-625912673-project] Empty body provided in request {{(pid=121182) get_body /opt/stack/cinder/cinder/api/openstack/wsgi.py:715}}
Feb 15 11:51:47.942605 dv-cinder-778193-14-smb devstack@c-api.service[121182]: DEBUG cinder.api.openstack.wsgi [None req-62cb87b0-8311-4c5f-8cbc-a90859731979 tempest-GroupsV320Test-625912673 tempest-GroupsV320Test-625912673-project] Calling method 'version_select' {{(pid=121182) _process_stack /opt/stack/cinder/cinder/api/openstack/wsgi.py:868}}
Feb 15 11:51:47.942976 dv-cinder-778193-14-smb devstack@c-api.service[121182]: DEBUG cinder.api.v3.groups [None req-62cb87b0-8311-4c5f-8cbc-a90859731979 tempest-GroupsV320Test-625912673 tempest-GroupsV320Test-625912673-project] show called for member 3bac8c58-d309-442d-8ada-dd27bb0e57e3 {{(pid=121182) show /opt/stack/cinder/cinder/api/v3/groups.py:58}}
Feb 15 11:51:47.951722 dv-cinder-778193-14-smb devstack@c-api.service[121182]: /usr/local/lib/python3.8/dist-packages/oslo_context/context.py:105: DeprecationWarning: Policy enforcement is depending on the value of is_admin. This key is deprecated. Please update your policy file to use the standard policy values.
Feb 15 11:51:47.951722 dv-cinder-778193-14-smb devstack@c-api.service[121182]: warnings.warn('Policy enforcement is depending on the value of '
Feb 15 11:51:47.991325 dv-cinder-778193-14-smb devstack@c-api.service[121182]: INFO cinder.api.openstack.wsgi [None req-62cb87b0-8311-4c5f-8cbc-a90859731979 tempest-GroupsV320Test-625912673 tempest-GroupsV320Test-625912673-project] http://10.222.0.67/volume/v3/a1f6a122146b4460a308355410d53a51/groups/3bac8c58-d309-442d-8ada-dd27bb0e57e3 returned with HTTP 200
Feb 15 11:51:47.992603 dv-cinder-778193-14-smb devstack@c-api.service[121182]: [pid: 121182|app: 0|req: 230/463] 10.222.0.67 () {60 vars in 1362 bytes} [Tue Feb 15 11:51:47 2022] GET /volume/v3/a1f6a122146b4460a308355410d53a51/groups/3bac8c58-d309-442d-8ada-dd27bb0e57e3 => generated 384 bytes in 60 msecs (HTTP/1.1 200) 7 headers in 286 bytes (1 switches on core 0)
Feb 15 11:51:48.006474 dv-cinder-778193-14-smb devstack@c-api.service[121182]: INFO cinder.api.openstack.wsgi [None req-74a9cafd-72e6-4020-8eca-7edd3d676de9 tempest-GroupsV320Test-474650097 tempest-GroupsV320Test-474650097-project-admin] POST http://10.222.0.67/volume/v3/74011c35f6de473f8401fc0632e4f84d/groups/3bac8c58-d309-442d-8ada-dd27bb0e57e3/action
Feb 15 11:51:48.007236 dv-cinder-778193-14-smb devstack@c-api.service[121182]: DEBUG cinder.api.openstack.wsgi [None req-74a9cafd-72e6-4020-8eca-7edd3d676de9 tempest-GroupsV320Test-474650097 tempest-GroupsV320Test-474650097-project-admin] Action body: b'{"reset_status": {"status": "available"}}' {{(pid=121182) get_method /opt/stack/cinder/cinder/api/openstack/wsgi.py:983}}
Feb 15 11:51:48.007561 dv-cinder-778193-14-smb devstack@c-api.service[121182]: DEBUG cinder.api.openstack.wsgi [None req-74a9cafd-72e6-4020-8eca-7edd3d676de9 tempest-GroupsV320Test-474650097 tempest-GroupsV320Test-474650097-project-admin] Action: 'action', calling method: reset_status, body: {"reset_status": {"status": "available"}} {{(pid=121182) _process_stack /opt/stack/cinder/cinder/api/openstack/wsgi.py:866}}
Feb 15 11:51:48.010250 dv-cinder-778193-14-smb devstack@c-api.service[121182]: DEBUG cinder.api.v3.groups [None req-74a9cafd-72e6-4020-8eca-7edd3d676de9 tempest-GroupsV320Test-474650097 tempest-GroupsV320Test-474650097-project-admin] Updating group '3bac8c58-d309-442d-8ada-dd27bb0e57e3' with 'available' {{(pid=121182) _reset_status /opt/stack/cinder/cinder/api/v3/groups.py:82}}
Feb 15 11:51:48.026349 dv-cinder-778193-14-smb devstack@c-api.service[121182]: /usr/local/lib/python3.8/dist-packages/oslo_context/context.py:105: DeprecationWarning: Policy enforcement is depending on the value of is_admin. This key is deprecated. Please update your policy file to use the standard policy values.
Feb 15 11:51:48.026349 dv-cinder-778193-14-smb devstack@c-api.service[121182]: warnings.warn('Policy enforcement is depending on the value of '
Feb 15 11:51:48.027877 dv-cinder-778193-14-smb devstack@c-api.service[121183]: ERROR cinder.volume.api [None req-b5255381-fb53-473a-b9df-153c28250cef tempest-VolumeQuotasNegativeTestJSON-33217543 tempest-VolumeQuotasNegativeTestJSON-33217543-project] Quota exceeded for 3f8313b3bc7c4e4b9529bba2af10711a, tried to extend volume by 1G, (1G of 1G already consumed).: cinder.exception.OverQuota: Quota exceeded for resources: ['gigabytes']
Feb 15 11:51:48.040735 dv-cinder-778193-14-smb devstack@c-api.service[121183]: INFO cinder.api.middleware.fault [None req-b5255381-fb53-473a-b9df-153c28250cef tempest-VolumeQuotasNegativeTestJSON-33217543 tempest-VolumeQuotasNegativeTestJSON-33217543-project] http://10.222.0.67/volume/v3/3f8313b3bc7c4e4b9529bba2af10711a/volumes/b092292b-dbf9-4794-bdad-b0f366c02430/action returned with HTTP 413
Feb 15 11:51:48.041290 dv-cinder-778193-14-smb devstack@c-api.service[121182]: INFO cinder.api.openstack.wsgi [None req-74a9cafd-72e6-4020-8eca-7edd3d676de9 tempest-GroupsV320Test-474650097 tempest-GroupsV320Test-474650097-project-admin] http://10.222.0.67/volume/v3/74011c35f6de473f8401fc0632e4f84d/groups/3bac8c58-d309-442d-8ada-dd27bb0e57e3/action returned with HTTP 202
Feb 15 11:51:48.046744 dv-cinder-778193-14-smb devstack@c-api.service[121183]: [pid: 121183|app: 0|req: 234/464] 10.222.0.67 () {60 vars in 1366 bytes} [Tue Feb 15 11:51:47 2022] POST /volume/v3/3f8313b3bc7c4e4b9529bba2af10711a/volumes/b092292b-dbf9-4794-bdad-b0f366c02430/action => generated 208 bytes in 201 msecs (HTTP/1.1 413) 8 headers in 323 bytes (1 switches on core 0)
Feb 15 11:51:48.046926 dv-cinder-778193-14-smb devstack@c-api.service[121182]: [pid: 121182|app: 0|req: 231/465] 10.222.0.67 () {62 vars in 1404 bytes} [Tue Feb 15 11:51:47 2022] POST /volume/v3/74011c35f6de473f8401fc0632e4f84d/groups/3bac8c58-d309-442d-8ada-dd27bb0e57e3/action => generated 0 bytes in 43 msecs (HTTP/1.1 202) 6 headers in 234 bytes (2 switches on core 0)
Feb 15 11:51:48.055399 dv-cinder-778193-14-smb devstack@c-api.service[121183]: INFO cinder.api.openstack.wsgi [None req-266d663b-6923-4888-8ca9-1a0e2b191a33 tempest-GroupsV320Test-625912673 tempest-GroupsV320Test-625912673-project] GET http://10.222.0.67/volume/v3/a1f6a122146b4460a308355410d53a51/groups/3bac8c58-d309-442d-8ada-dd27bb0e57e3
Feb 15 11:51:48.056491 dv-cinder-778193-14-smb devstack@c-api.service[121183]: DEBUG cinder.api.openstack.wsgi [None req-266d663b-6923-4888-8ca9-1a0e2b191a33 tempest-GroupsV320Test-625912673 tempest-GroupsV320Test-625912673-project] Empty body provided in request {{(pid=121183) get_body /opt/stack/cinder/cinder/api/openstack/wsgi.py:715}}
Feb 15 11:51:48.056613 dv-cinder-778193-14-smb devstack@c-api.service[121183]: DEBUG cinder.api.openstack.wsgi [None req-266d663b-6923-4888-8ca9-1a0e2b191a33 tempest-GroupsV320Test-625912673 tempest-GroupsV320Test-625912673-project] Calling method 'version_select' {{(pid=121183) _process_stack /opt/stack/cinder/cinder/api/openstack/wsgi.py:868}}
Feb 15 11:51:48.056937 dv-cinder-778193-14-smb devstack@c-api.service[121183]: DEBUG cinder.api.v3.groups [None req-266d663b-6923-4888-8ca9-1a0e2b191a33 tempest-GroupsV320Test-625912673 tempest-GroupsV320Test-625912673-project] show called for member 3bac8c58-d309-442d-8ada-dd27bb0e57e3 {{(pid=121183) show /opt/stack/cinder/cinder/api/v3/groups.py:58}}
Feb 15 11:51:48.057383 dv-cinder-778193-14-smb devstack@c-api.service[121182]: INFO cinder.api.openstack.wsgi [None req-5c095fa8-6e92-4d56-bbc7-f9ea39017182 tempest-VolumeQuotasNegativeTestJSON-33217543 tempest-VolumeQuotasNegativeTestJSON-33217543-project] DELETE http://10.222.0.67/volume/v3/3f8313b3bc7c4e4b9529bba2af10711a/volumes/b092292b-dbf9-4794-bdad-b0f366c02430
Feb 15 11:51:48.059082 dv-cinder-778193-14-smb devstack@c-api.service[121182]: DEBUG cinder.api.openstack.wsgi [None req-5c095fa8-6e92-4d56-bbc7-f9ea39017182 tempest-VolumeQuotasNegativeTestJSON-33217543 tempest-VolumeQuotasNegativeTestJSON-33217543-project] Empty body provided in request {{(pid=121182) get_body /opt/stack/cinder/cinder/api/openstack/wsgi.py:715}}
Feb 15 11:51:48.060282 dv-cinder-778193-14-smb devstack@c-api.service[121182]: DEBUG cinder.api.openstack.wsgi [None req-5c095fa8-6e92-4d56-bbc7-f9ea39017182 tempest-VolumeQuotasNegativeTestJSON-33217543 tempest-VolumeQuotasNegativeTestJSON-33217543-project] Calling method 'delete' {{(pid=121182) _process_stack /opt/stack/cinder/cinder/api/openstack/wsgi.py:868}}
Feb 15 11:51:48.062084 dv-cinder-778193-14-smb devstack@c-api.service[121182]: INFO cinder.api.v3.volumes [None req-5c095fa8-6e92-4d56-bbc7-f9ea39017182 tempest-VolumeQuotasNegativeTestJSON-33217543 tempest-VolumeQuotasNegativeTestJSON-33217543-project] Delete volume with id: b092292b-dbf9-4794-bdad-b0f366c02430
Feb 15 11:51:48.066628 dv-cinder-778193-14-smb devstack@c-api.service[121183]: /usr/local/lib/python3.8/dist-packages/oslo_context/context.py:105: DeprecationWarning: Policy enforcement is depending on the value of is_admin. This key is deprecated. Please update your policy file to use the standard policy values.
Feb 15 11:51:48.066628 dv-cinder-778193-14-smb devstack@c-api.service[121183]: warnings.warn('Policy enforcement is depending on the value of '
Feb 15 11:51:48.082797 dv-cinder-778193-14-smb devstack@c-api.service[121182]: /usr/local/lib/python3.8/dist-packages/oslo_context/context.py:105: DeprecationWarning: Policy enforcement is depending on the value of is_admin. This key is deprecated. Please update your policy file to use the standard policy values.
Feb 15 11:51:48.082797 dv-cinder-778193-14-smb devstack@c-api.service[121182]: warnings.warn('Policy enforcement is depending on the value of '
Feb 15 11:51:48.084502 dv-cinder-778193-14-smb devstack@c-api.service[121182]: INFO cinder.volume.api [None req-5c095fa8-6e92-4d56-bbc7-f9ea39017182 tempest-VolumeQuotasNegativeTestJSON-33217543 tempest-VolumeQuotasNegativeTestJSON-33217543-project] Volume info retrieved successfully.
Feb 15 11:51:48.112294 dv-cinder-778193-14-smb devstack@c-api.service[121183]: INFO cinder.api.openstack.wsgi [None req-266d663b-6923-4888-8ca9-1a0e2b191a33 tempest-GroupsV320Test-625912673 tempest-GroupsV320Test-625912673-project] http://10.222.0.67/volume/v3/a1f6a122146b4460a308355410d53a51/groups/3bac8c58-d309-442d-8ada-dd27bb0e57e3 returned with HTTP 200
Feb 15 11:51:48.127542 dv-cinder-778193-14-smb devstack@c-api.service[121183]: [pid: 121183|app: 0|req: 235/466] 10.222.0.67 () {60 vars in 1362 bytes} [Tue Feb 15 11:51:48 2022] GET /volume/v3/a1f6a122146b4460a308355410d53a51/groups/3bac8c58-d309-442d-8ada-dd27bb0e57e3 => generated 388 bytes in 80 msecs (HTTP/1.1 200) 7 headers in 286 bytes (1 switches on core 0)
Feb 15 11:51:48.132643 dv-cinder-778193-14-smb devstack@c-api.service[121183]: INFO cinder.api.openstack.wsgi [None req-19825709-6503-4661-b993-3575126f1257 tempest-GroupsV320Test-625912673 tempest-GroupsV320Test-625912673-project] GET http://10.222.0.67/volume/v3/a1f6a122146b4460a308355410d53a51/volumes/detail
Feb 15 11:51:48.135370 dv-cinder-778193-14-smb devstack@c-api.service[121183]: DEBUG cinder.api.openstack.wsgi [None req-19825709-6503-4661-b993-3575126f1257 tempest-GroupsV320Test-625912673 tempest-GroupsV320Test-625912673-project] Empty body provided in request {{(pid=121183) get_body /opt/stack/cinder/cinder/api/openstack/wsgi.py:715}}
Feb 15 11:51:48.136007 dv-cinder-778193-14-smb devstack@c-api.service[121183]: DEBUG cinder.api.openstack.wsgi [None req-19825709-6503-4661-b993-3575126f1257 tempest-GroupsV320Test-625912673 tempest-GroupsV320Test-625912673-project] Calling method 'detail' {{(pid=121183) _process_stack /opt/stack/cinder/cinder/api/openstack/wsgi.py:868}}
Feb 15 11:51:48.136705 dv-cinder-778193-14-smb devstack@c-api.service[121183]: DEBUG cinder.api.api_utils [None req-19825709-6503-4661-b993-3575126f1257 tempest-GroupsV320Test-625912673 tempest-GroupsV320Test-625912673-project] Removing options '' from query. {{(pid=121183) remove_invalid_filter_options /opt/stack/cinder/cinder/api/api_utils.py:73}}
Feb 15 11:51:48.139058 dv-cinder-778193-14-smb devstack@c-api.service[121183]: /usr/local/lib/python3.8/dist-packages/oslo_context/context.py:105: DeprecationWarning: Policy enforcement is depending on the value of is_admin. This key is deprecated. Please update your policy file to use the standard policy values.
Feb 15 11:51:48.139058 dv-cinder-778193-14-smb devstack@c-api.service[121183]: warnings.warn('Policy enforcement is depending on the value of '
Feb 15 11:51:48.140535 dv-cinder-778193-14-smb devstack@c-api.service[121183]: DEBUG cinder.volume.api [None req-19825709-6503-4661-b993-3575126f1257 tempest-GroupsV320Test-625912673 tempest-GroupsV320Test-625912673-project] Searching by: MultiDict([('no_migration_targets', True)]). {{(pid=121183) get_all /opt/stack/cinder/cinder/volume/api.py:661}}
Feb 15 11:51:48.140893 dv-cinder-778193-14-smb devstack@c-api.service[121182]: INFO cinder.volume.api [None req-5c095fa8-6e92-4d56-bbc7-f9ea39017182 tempest-VolumeQuotasNegativeTestJSON-33217543 tempest-VolumeQuotasNegativeTestJSON-33217543-project] Delete volume request issued successfully.
Feb 15 11:51:48.141471 dv-cinder-778193-14-smb devstack@c-api.service[121182]: INFO cinder.api.openstack.wsgi [None req-5c095fa8-6e92-4d56-bbc7-f9ea39017182 tempest-VolumeQuotasNegativeTestJSON-33217543 tempest-VolumeQuotasNegativeTestJSON-33217543-project] http://10.222.0.67/volume/v3/3f8313b3bc7c4e4b9529bba2af10711a/volumes/b092292b-dbf9-4794-bdad-b0f366c02430 returned with HTTP 202
Feb 15 11:51:48.142688 dv-cinder-778193-14-smb devstack@c-api.service[121182]: [pid: 121182|app: 0|req: 232/467] 10.222.0.67 () {58 vars in 1327 bytes} [Tue Feb 15 11:51:48 2022] DELETE /volume/v3/3f8313b3bc7c4e4b9529bba2af10711a/volumes/b092292b-dbf9-4794-bdad-b0f366c02430 => generated 0 bytes in 95 msecs (HTTP/1.1 202) 6 headers in 233 bytes (1 switches on core 0)
Feb 15 11:51:48.151141 dv-cinder-778193-14-smb devstack@c-api.service[121182]: INFO cinder.api.openstack.wsgi [None req-4e017786-ba0e-4acd-bdba-6d8d3c98b7d5 tempest-VolumeQuotasNegativeTestJSON-33217543 tempest-VolumeQuotasNegativeTestJSON-33217543-project] GET http://10.222.0.67/volume/v3/3f8313b3bc7c4e4b9529bba2af10711a/volumes/b092292b-dbf9-4794-bdad-b0f366c02430
Feb 15 11:51:48.151729 dv-cinder-778193-14-smb devstack@c-api.service[121182]: DEBUG cinder.api.openstack.wsgi [None req-4e017786-ba0e-4acd-bdba-6d8d3c98b7d5 tempest-VolumeQuotasNegativeTestJSON-33217543 tempest-VolumeQuotasNegativeTestJSON-33217543-project] Empty body provided in request {{(pid=121182) get_body /opt/stack/cinder/cinder/api/openstack/wsgi.py:715}}
Feb 15 11:51:48.152404 dv-cinder-778193-14-smb devstack@c-api.service[121182]: DEBUG cinder.api.openstack.wsgi [None req-4e017786-ba0e-4acd-bdba-6d8d3c98b7d5 tempest-VolumeQuotasNegativeTestJSON-33217543 tempest-VolumeQuotasNegativeTestJSON-33217543-project] Calling method 'show' {{(pid=121182) _process_stack /opt/stack/cinder/cinder/api/openstack/wsgi.py:868}}
