Feb 15 11:51:37.026399 dv-cinder-778193-14-smb devstack@c-api.service[121183]: [pid: 121183|app: 0|req: 164/327] 10.222.0.67 () {60 vars in 1350 bytes} [Tue Feb 15 11:51:36 2022] PUT /volume/v3/75e2b8ad108740c0aeb0b56376dd8e29/os-quota-sets/a78236d8c9e14b65a51d955fa1a2b454 => generated 1255 bytes in 143 msecs (HTTP/1.1 200) 7 headers in 286 bytes (1 switches on core 0)
Feb 15 11:51:37.031597 dv-cinder-778193-14-smb devstack@c-api.service[121182]: INFO cinder.api.openstack.wsgi [None req-cb0889c7-3400-4917-ab33-427decdc9b67 tempest-VolumeSnapshotQuotasNegativeTestJSON-1590260392 tempest-VolumeSnapshotQuotasNegativeTestJSON-1590260392-project] POST http://10.222.0.67/volume/v3/a78236d8c9e14b65a51d955fa1a2b454/snapshots
Feb 15 11:51:37.032372 dv-cinder-778193-14-smb devstack@c-api.service[121182]: DEBUG cinder.api.openstack.wsgi [None req-cb0889c7-3400-4917-ab33-427decdc9b67 tempest-VolumeSnapshotQuotasNegativeTestJSON-1590260392 tempest-VolumeSnapshotQuotasNegativeTestJSON-1590260392-project] Action: 'create', calling method: create, body: {"snapshot": {"volume_id": "8a7f4eeb-7a8c-467d-9255-cfca783d0b67"}} {{(pid=121182) _process_stack /opt/stack/cinder/cinder/api/openstack/wsgi.py:866}}
Feb 15 11:51:37.049712 dv-cinder-778193-14-smb devstack@c-api.service[121182]: /usr/local/lib/python3.8/dist-packages/oslo_context/context.py:105: DeprecationWarning: Policy enforcement is depending on the value of is_admin. This key is deprecated. Please update your policy file to use the standard policy values.
Feb 15 11:51:37.049712 dv-cinder-778193-14-smb devstack@c-api.service[121182]: warnings.warn('Policy enforcement is depending on the value of '
Feb 15 11:51:37.050844 dv-cinder-778193-14-smb devstack@c-api.service[121182]: INFO cinder.volume.api [None req-cb0889c7-3400-4917-ab33-427decdc9b67 tempest-VolumeSnapshotQuotasNegativeTestJSON-1590260392 tempest-VolumeSnapshotQuotasNegativeTestJSON-1590260392-project] Volume info retrieved successfully.
Feb 15 11:51:37.051137 dv-cinder-778193-14-smb devstack@c-api.service[121182]: INFO cinder.api.v3.snapshots [None req-cb0889c7-3400-4917-ab33-427decdc9b67 tempest-VolumeSnapshotQuotasNegativeTestJSON-1590260392 tempest-VolumeSnapshotQuotasNegativeTestJSON-1590260392-project] Create snapshot from volume 8a7f4eeb-7a8c-467d-9255-cfca783d0b67
Feb 15 11:51:37.083391 dv-cinder-778193-14-smb devstack@c-api.service[121182]: WARNING cinder.quota_utils [None req-cb0889c7-3400-4917-ab33-427decdc9b67 tempest-VolumeSnapshotQuotasNegativeTestJSON-1590260392 tempest-VolumeSnapshotQuotasNegativeTestJSON-1590260392-project] Quota exceeded for a78236d8c9e14b65a51d955fa1a2b454, tried to create snapshot (1 snapshots already consumed).: cinder.exception.OverQuota: Quota exceeded for resources: ['snapshots']
Feb 15 11:51:37.083525 dv-cinder-778193-14-smb devstack@c-api.service[121182]: INFO cinder.api.middleware.fault [None req-cb0889c7-3400-4917-ab33-427decdc9b67 tempest-VolumeSnapshotQuotasNegativeTestJSON-1590260392 tempest-VolumeSnapshotQuotasNegativeTestJSON-1590260392-project] http://10.222.0.67/volume/v3/a78236d8c9e14b65a51d955fa1a2b454/snapshots returned with HTTP 413
Feb 15 11:51:37.085020 dv-cinder-778193-14-smb devstack@c-api.service[121182]: [pid: 121182|app: 0|req: 164/328] 10.222.0.67 () {60 vars in 1240 bytes} [Tue Feb 15 11:51:37 2022] POST /volume/v3/a78236d8c9e14b65a51d955fa1a2b454/snapshots => generated 133 bytes in 58 msecs (HTTP/1.1 413) 8 headers in 323 bytes (1 switches on core 0)
Feb 15 11:51:37.094625 dv-cinder-778193-14-smb devstack@c-api.service[121183]: INFO cinder.api.openstack.wsgi [None req-1cc261dd-7b6d-4c55-8687-673c2a601fba tempest-VolumeSnapshotQuotasNegativeTestJSON-1590260392 tempest-VolumeSnapshotQuotasNegativeTestJSON-1590260392-project] DELETE http://10.222.0.67/volume/v3/a78236d8c9e14b65a51d955fa1a2b454/snapshots/aab62bfc-a97b-4341-aaee-f9e0fbcbaeb9
Feb 15 11:51:37.095152 dv-cinder-778193-14-smb devstack@c-api.service[121183]: DEBUG cinder.api.openstack.wsgi [None req-1cc261dd-7b6d-4c55-8687-673c2a601fba tempest-VolumeSnapshotQuotasNegativeTestJSON-1590260392 tempest-VolumeSnapshotQuotasNegativeTestJSON-1590260392-project] Empty body provided in request {{(pid=121183) get_body /opt/stack/cinder/cinder/api/openstack/wsgi.py:715}}
Feb 15 11:51:37.095598 dv-cinder-778193-14-smb devstack@c-api.service[121183]: DEBUG cinder.api.openstack.wsgi [None req-1cc261dd-7b6d-4c55-8687-673c2a601fba tempest-VolumeSnapshotQuotasNegativeTestJSON-1590260392 tempest-VolumeSnapshotQuotasNegativeTestJSON-1590260392-project] Calling method 'delete' {{(pid=121183) _process_stack /opt/stack/cinder/cinder/api/openstack/wsgi.py:868}}
Feb 15 11:51:37.095901 dv-cinder-778193-14-smb devstack@c-api.service[121183]: INFO cinder.api.v2.snapshots [None req-1cc261dd-7b6d-4c55-8687-673c2a601fba tempest-VolumeSnapshotQuotasNegativeTestJSON-1590260392 tempest-VolumeSnapshotQuotasNegativeTestJSON-1590260392-project] Delete snapshot with id: aab62bfc-a97b-4341-aaee-f9e0fbcbaeb9
Feb 15 11:51:37.106308 dv-cinder-778193-14-smb devstack@c-api.service[121183]: /usr/local/lib/python3.8/dist-packages/oslo_context/context.py:105: DeprecationWarning: Policy enforcement is depending on the value of is_admin. This key is deprecated. Please update your policy file to use the standard policy values.
Feb 15 11:51:37.106308 dv-cinder-778193-14-smb devstack@c-api.service[121183]: warnings.warn('Policy enforcement is depending on the value of '
Feb 15 11:51:37.107257 dv-cinder-778193-14-smb devstack@c-api.service[121183]: INFO cinder.volume.api [None req-1cc261dd-7b6d-4c55-8687-673c2a601fba tempest-VolumeSnapshotQuotasNegativeTestJSON-1590260392 tempest-VolumeSnapshotQuotasNegativeTestJSON-1590260392-project] Snapshot retrieved successfully.
Feb 15 11:51:37.133491 dv-cinder-778193-14-smb devstack@c-api.service[121183]: INFO cinder.volume.api [None req-1cc261dd-7b6d-4c55-8687-673c2a601fba tempest-VolumeSnapshotQuotasNegativeTestJSON-1590260392 tempest-VolumeSnapshotQuotasNegativeTestJSON-1590260392-project] Snapshot delete request issued successfully.
Feb 15 11:51:37.133884 dv-cinder-778193-14-smb devstack@c-api.service[121183]: INFO cinder.api.openstack.wsgi [None req-1cc261dd-7b6d-4c55-8687-673c2a601fba tempest-VolumeSnapshotQuotasNegativeTestJSON-1590260392 tempest-VolumeSnapshotQuotasNegativeTestJSON-1590260392-project] http://10.222.0.67/volume/v3/a78236d8c9e14b65a51d955fa1a2b454/snapshots/aab62bfc-a97b-4341-aaee-f9e0fbcbaeb9 returned with HTTP 202
Feb 15 11:51:37.134647 dv-cinder-778193-14-smb devstack@c-api.service[121183]: [pid: 121183|app: 0|req: 165/329] 10.222.0.67 () {58 vars in 1333 bytes} [Tue Feb 15 11:51:37 2022] DELETE /volume/v3/a78236d8c9e14b65a51d955fa1a2b454/snapshots/aab62bfc-a97b-4341-aaee-f9e0fbcbaeb9 => generated 0 bytes in 44 msecs (HTTP/1.1 202) 6 headers in 233 bytes (1 switches on core 0)
Feb 15 11:51:37.142486 dv-cinder-778193-14-smb devstack@c-api.service[121182]: INFO cinder.api.openstack.wsgi [None req-690d9cfb-4522-4453-85ef-0cd2b2788135 tempest-VolumeSnapshotQuotasNegativeTestJSON-1590260392 tempest-VolumeSnapshotQuotasNegativeTestJSON-1590260392-project] GET http://10.222.0.67/volume/v3/a78236d8c9e14b65a51d955fa1a2b454/snapshots/aab62bfc-a97b-4341-aaee-f9e0fbcbaeb9
Feb 15 11:51:37.143088 dv-cinder-778193-14-smb devstack@c-api.service[121182]: DEBUG cinder.api.openstack.wsgi [None req-690d9cfb-4522-4453-85ef-0cd2b2788135 tempest-VolumeSnapshotQuotasNegativeTestJSON-1590260392 tempest-VolumeSnapshotQuotasNegativeTestJSON-1590260392-project] Empty body provided in request {{(pid=121182) get_body /opt/stack/cinder/cinder/api/openstack/wsgi.py:715}}
Feb 15 11:51:37.143558 dv-cinder-778193-14-smb devstack@c-api.service[121182]: DEBUG cinder.api.openstack.wsgi [None req-690d9cfb-4522-4453-85ef-0cd2b2788135 tempest-VolumeSnapshotQuotasNegativeTestJSON-1590260392 tempest-VolumeSnapshotQuotasNegativeTestJSON-1590260392-project] Calling method 'show' {{(pid=121182) _process_stack /opt/stack/cinder/cinder/api/openstack/wsgi.py:868}}
Feb 15 11:51:37.153058 dv-cinder-778193-14-smb devstack@c-api.service[121182]: /usr/local/lib/python3.8/dist-packages/oslo_context/context.py:105: DeprecationWarning: Policy enforcement is depending on the value of is_admin. This key is deprecated. Please update your policy file to use the standard policy values.
Feb 15 11:51:37.153058 dv-cinder-778193-14-smb devstack@c-api.service[121182]: warnings.warn('Policy enforcement is depending on the value of '
Feb 15 11:51:37.153970 dv-cinder-778193-14-smb devstack@c-api.service[121182]: INFO cinder.volume.api [None req-690d9cfb-4522-4453-85ef-0cd2b2788135 tempest-VolumeSnapshotQuotasNegativeTestJSON-1590260392 tempest-VolumeSnapshotQuotasNegativeTestJSON-1590260392-project] Snapshot retrieved successfully.
Feb 15 11:51:37.155731 dv-cinder-778193-14-smb devstack@c-api.service[121182]: INFO cinder.api.openstack.wsgi [None req-690d9cfb-4522-4453-85ef-0cd2b2788135 tempest-VolumeSnapshotQuotasNegativeTestJSON-1590260392 tempest-VolumeSnapshotQuotasNegativeTestJSON-1590260392-project] http://10.222.0.67/volume/v3/a78236d8c9e14b65a51d955fa1a2b454/snapshots/aab62bfc-a97b-4341-aaee-f9e0fbcbaeb9 returned with HTTP 200
Feb 15 11:51:37.156403 dv-cinder-778193-14-smb devstack@c-api.service[121182]: [pid: 121182|app: 0|req: 165/330] 10.222.0.67 () {58 vars in 1330 bytes} [Tue Feb 15 11:51:37 2022] GET /volume/v3/a78236d8c9e14b65a51d955fa1a2b454/snapshots/aab62bfc-a97b-4341-aaee-f9e0fbcbaeb9 => generated 546 bytes in 18 msecs (HTTP/1.1 200) 7 headers in 285 bytes (1 switches on core 0)
Feb 15 11:51:37.202030 dv-cinder-778193-14-smb devstack@c-api.service[121183]: INFO cinder.api.openstack.wsgi [None req-64f64b10-fff2-4d99-a6e3-1afe8625acc3 tempest-GroupSnapshotsTest-1525840795 tempest-GroupSnapshotsTest-1525840795-project] GET http://10.222.0.67/volume/v3/5f46437c89664e37a40d3d6d7c35d5b8/group_snapshots/ce5f4db5-9dbe-4fdd-bdf9-e47c80f2e42e
Feb 15 11:51:37.202511 dv-cinder-778193-14-smb devstack@c-api.service[121183]: DEBUG cinder.api.openstack.wsgi [None req-64f64b10-fff2-4d99-a6e3-1afe8625acc3 tempest-GroupSnapshotsTest-1525840795 tempest-GroupSnapshotsTest-1525840795-project] Empty body provided in request {{(pid=121183) get_body /opt/stack/cinder/cinder/api/openstack/wsgi.py:715}}
Feb 15 11:51:37.202955 dv-cinder-778193-14-smb devstack@c-api.service[121183]: DEBUG cinder.api.openstack.wsgi [None req-64f64b10-fff2-4d99-a6e3-1afe8625acc3 tempest-GroupSnapshotsTest-1525840795 tempest-GroupSnapshotsTest-1525840795-project] Calling method 'version_select' {{(pid=121183) _process_stack /opt/stack/cinder/cinder/api/openstack/wsgi.py:868}}
Feb 15 11:51:37.203294 dv-cinder-778193-14-smb devstack@c-api.service[121183]: DEBUG cinder.api.v3.group_snapshots [None req-64f64b10-fff2-4d99-a6e3-1afe8625acc3 tempest-GroupSnapshotsTest-1525840795 tempest-GroupSnapshotsTest-1525840795-project] show called for member ce5f4db5-9dbe-4fdd-bdf9-e47c80f2e42e {{(pid=121183) show /opt/stack/cinder/cinder/api/v3/group_snapshots.py:58}}
Feb 15 11:51:37.208872 dv-cinder-778193-14-smb devstack@c-api.service[121183]: /usr/local/lib/python3.8/dist-packages/oslo_context/context.py:105: DeprecationWarning: Policy enforcement is depending on the value of is_admin. This key is deprecated. Please update your policy file to use the standard policy values.
Feb 15 11:51:37.208872 dv-cinder-778193-14-smb devstack@c-api.service[121183]: warnings.warn('Policy enforcement is depending on the value of '
Feb 15 11:51:37.216178 dv-cinder-778193-14-smb devstack@c-api.service[121183]: INFO cinder.api.openstack.wsgi [None req-64f64b10-fff2-4d99-a6e3-1afe8625acc3 tempest-GroupSnapshotsTest-1525840795 tempest-GroupSnapshotsTest-1525840795-project] http://10.222.0.67/volume/v3/5f46437c89664e37a40d3d6d7c35d5b8/group_snapshots/ce5f4db5-9dbe-4fdd-bdf9-e47c80f2e42e returned with HTTP 200
Feb 15 11:51:37.221022 dv-cinder-778193-14-smb devstack@c-api.service[121183]: [pid: 121183|app: 0|req: 166/331] 10.222.0.67 () {60 vars in 1389 bytes} [Tue Feb 15 11:51:37 2022] GET /volume/v3/5f46437c89664e37a40d3d6d7c35d5b8/group_snapshots/ce5f4db5-9dbe-4fdd-bdf9-e47c80f2e42e => generated 307 bytes in 19 msecs (HTTP/1.1 200) 7 headers in 286 bytes (1 switches on core 0)
Feb 15 11:51:37.226095 dv-cinder-778193-14-smb devstack@c-api.service[121182]: INFO cinder.api.openstack.wsgi [None req-a73c2c07-0037-4c57-82d6-eb2ec5e3186e tempest-GroupSnapshotsTest-1525840795 tempest-GroupSnapshotsTest-1525840795-project] GET http://10.222.0.67/volume/v3/5f46437c89664e37a40d3d6d7c35d5b8/snapshots/detail
Feb 15 11:51:37.226474 dv-cinder-778193-14-smb devstack@c-api.service[121182]: DEBUG cinder.api.openstack.wsgi [None req-a73c2c07-0037-4c57-82d6-eb2ec5e3186e tempest-GroupSnapshotsTest-1525840795 tempest-GroupSnapshotsTest-1525840795-project] Empty body provided in request {{(pid=121182) get_body /opt/stack/cinder/cinder/api/openstack/wsgi.py:715}}
Feb 15 11:51:37.227055 dv-cinder-778193-14-smb devstack@c-api.service[121182]: DEBUG cinder.api.openstack.wsgi [None req-a73c2c07-0037-4c57-82d6-eb2ec5e3186e tempest-GroupSnapshotsTest-1525840795 tempest-GroupSnapshotsTest-1525840795-project] Calling method 'detail' {{(pid=121182) _process_stack /opt/stack/cinder/cinder/api/openstack/wsgi.py:868}}
Feb 15 11:51:37.227647 dv-cinder-778193-14-smb devstack@c-api.service[121182]: DEBUG cinder.api.api_utils [None req-a73c2c07-0037-4c57-82d6-eb2ec5e3186e tempest-GroupSnapshotsTest-1525840795 tempest-GroupSnapshotsTest-1525840795-project] Removing options '' from query. {{(pid=121182) remove_invalid_filter_options /opt/stack/cinder/cinder/api/api_utils.py:73}}
Feb 15 11:51:37.229876 dv-cinder-778193-14-smb devstack@c-api.service[121182]: DEBUG cinder.db.sqlalchemy.api [None req-a73c2c07-0037-4c57-82d6-eb2ec5e3186e tempest-GroupSnapshotsTest-1525840795 tempest-GroupSnapshotsTest-1525840795-project] Building query based on filter {{(pid=121182) _process_snaps_filters /opt/stack/cinder/cinder/db/sqlalchemy/api.py:3156}}
Feb 15 11:51:37.235954 dv-cinder-778193-14-smb devstack@c-api.service[121182]: INFO cinder.volume.api [None req-a73c2c07-0037-4c57-82d6-eb2ec5e3186e tempest-GroupSnapshotsTest-1525840795 tempest-GroupSnapshotsTest-1525840795-project] Get all snapshots completed successfully.
Feb 15 11:51:37.236763 dv-cinder-778193-14-smb devstack@c-api.service[121182]: /usr/local/lib/python3.8/dist-packages/oslo_context/context.py:105: DeprecationWarning: Policy enforcement is depending on the value of is_admin. This key is deprecated. Please update your policy file to use the standard policy values.
Feb 15 11:51:37.236763 dv-cinder-778193-14-smb devstack@c-api.service[121182]: warnings.warn('Policy enforcement is depending on the value of '
Feb 15 11:51:37.237916 dv-cinder-778193-14-smb devstack@c-api.service[121182]: INFO cinder.api.openstack.wsgi [None req-a73c2c07-0037-4c57-82d6-eb2ec5e3186e tempest-GroupSnapshotsTest-1525840795 tempest-GroupSnapshotsTest-1525840795-project] http://10.222.0.67/volume/v3/5f46437c89664e37a40d3d6d7c35d5b8/snapshots/detail returned with HTTP 200
Feb 15 11:51:37.238600 dv-cinder-778193-14-smb devstack@c-api.service[121182]: [pid: 121182|app: 0|req: 166/332] 10.222.0.67 () {58 vars in 1240 bytes} [Tue Feb 15 11:51:37 2022] GET /volume/v3/5f46437c89664e37a40d3d6d7c35d5b8/snapshots/detail => generated 519 bytes in 16 msecs (HTTP/1.1 200) 7 headers in 285 bytes (1 switches on core 0)
Feb 15 11:51:37.248663 dv-cinder-778193-14-smb devstack@c-api.service[121183]: INFO cinder.api.openstack.wsgi [None req-cc6496e1-a9b8-45d0-8a6d-f38c8816ac1a tempest-GroupSnapshotsTest-1525840795 tempest-GroupSnapshotsTest-1525840795-project] GET http://10.222.0.67/volume/v3/5f46437c89664e37a40d3d6d7c35d5b8/snapshots/520d570a-7205-4318-86e1-2f6a6ad1264b
Feb 15 11:51:37.249129 dv-cinder-778193-14-smb devstack@c-api.service[121183]: DEBUG cinder.api.openstack.wsgi [None req-cc6496e1-a9b8-45d0-8a6d-f38c8816ac1a tempest-GroupSnapshotsTest-1525840795 tempest-GroupSnapshotsTest-1525840795-project] Empty body provided in request {{(pid=121183) get_body /opt/stack/cinder/cinder/api/openstack/wsgi.py:715}}
Feb 15 11:51:37.249577 dv-cinder-778193-14-smb devstack@c-api.service[121183]: DEBUG cinder.api.openstack.wsgi [None req-cc6496e1-a9b8-45d0-8a6d-f38c8816ac1a tempest-GroupSnapshotsTest-1525840795 tempest-GroupSnapshotsTest-1525840795-project] Calling method 'show' {{(pid=121183) _process_stack /opt/stack/cinder/cinder/api/openstack/wsgi.py:868}}
Feb 15 11:51:37.260001 dv-cinder-778193-14-smb devstack@c-api.service[121183]: /usr/local/lib/python3.8/dist-packages/oslo_context/context.py:105: DeprecationWarning: Policy enforcement is depending on the value of is_admin. This key is deprecated. Please update your policy file to use the standard policy values.
Feb 15 11:51:37.260001 dv-cinder-778193-14-smb devstack@c-api.service[121183]: warnings.warn('Policy enforcement is depending on the value of '
Feb 15 11:51:37.261027 dv-cinder-778193-14-smb devstack@c-api.service[121183]: INFO cinder.volume.api [None req-cc6496e1-a9b8-45d0-8a6d-f38c8816ac1a tempest-GroupSnapshotsTest-1525840795 tempest-GroupSnapshotsTest-1525840795-project] Snapshot retrieved successfully.
Feb 15 11:51:37.262907 dv-cinder-778193-14-smb devstack@c-api.service[121183]: INFO cinder.api.openstack.wsgi [None req-cc6496e1-a9b8-45d0-8a6d-f38c8816ac1a tempest-GroupSnapshotsTest-1525840795 tempest-GroupSnapshotsTest-1525840795-project] http://10.222.0.67/volume/v3/5f46437c89664e37a40d3d6d7c35d5b8/snapshots/520d570a-7205-4318-86e1-2f6a6ad1264b returned with HTTP 200
Feb 15 11:51:37.263642 dv-cinder-778193-14-smb devstack@c-api.service[121183]: [pid: 121183|app: 0|req: 167/333] 10.222.0.67 () {58 vars in 1330 bytes} [Tue Feb 15 11:51:37 2022] GET /volume/v3/5f46437c89664e37a40d3d6d7c35d5b8/snapshots/520d570a-7205-4318-86e1-2f6a6ad1264b => generated 516 bytes in 19 msecs (HTTP/1.1 200) 7 headers in 285 bytes (1 switches on core 0)
Feb 15 11:51:37.274728 dv-cinder-778193-14-smb devstack@c-api.service[121182]: INFO cinder.api.openstack.wsgi [None req-f0ce96d6-79ea-4f6d-af1d-d04cb7dd8c9f tempest-GroupSnapshotsTest-1525840795 tempest-GroupSnapshotsTest-1525840795-project] GET http://10.222.0.67/volume/v3/5f46437c89664e37a40d3d6d7c35d5b8/group_snapshots/ce5f4db5-9dbe-4fdd-bdf9-e47c80f2e42e
Feb 15 11:51:37.275206 dv-cinder-778193-14-smb devstack@c-api.service[121182]: DEBUG cinder.api.openstack.wsgi [None req-f0ce96d6-79ea-4f6d-af1d-d04cb7dd8c9f tempest-GroupSnapshotsTest-1525840795 tempest-GroupSnapshotsTest-1525840795-project] Empty body provided in request {{(pid=121182) get_body /opt/stack/cinder/cinder/api/openstack/wsgi.py:715}}
Feb 15 11:51:37.275647 dv-cinder-778193-14-smb devstack@c-api.service[121182]: DEBUG cinder.api.openstack.wsgi [None req-f0ce96d6-79ea-4f6d-af1d-d04cb7dd8c9f tempest-GroupSnapshotsTest-1525840795 tempest-GroupSnapshotsTest-1525840795-project] Calling method 'version_select' {{(pid=121182) _process_stack /opt/stack/cinder/cinder/api/openstack/wsgi.py:868}}
Feb 15 11:51:37.275984 dv-cinder-778193-14-smb devstack@c-api.service[121182]: DEBUG cinder.api.v3.group_snapshots [None req-f0ce96d6-79ea-4f6d-af1d-d04cb7dd8c9f tempest-GroupSnapshotsTest-1525840795 tempest-GroupSnapshotsTest-1525840795-project] show called for member ce5f4db5-9dbe-4fdd-bdf9-e47c80f2e42e {{(pid=121182) show /opt/stack/cinder/cinder/api/v3/group_snapshots.py:58}}
Feb 15 11:51:37.281036 dv-cinder-778193-14-smb devstack@c-api.service[121182]: /usr/local/lib/python3.8/dist-packages/oslo_context/context.py:105: DeprecationWarning: Policy enforcement is depending on the value of is_admin. This key is deprecated. Please update your policy file to use the standard policy values.
Feb 15 11:51:37.281036 dv-cinder-778193-14-smb devstack@c-api.service[121182]: warnings.warn('Policy enforcement is depending on the value of '
Feb 15 11:51:37.286776 dv-cinder-778193-14-smb devstack@c-api.service[121182]: INFO cinder.api.openstack.wsgi [None req-f0ce96d6-79ea-4f6d-af1d-d04cb7dd8c9f tempest-GroupSnapshotsTest-1525840795 tempest-GroupSnapshotsTest-1525840795-project] http://10.222.0.67/volume/v3/5f46437c89664e37a40d3d6d7c35d5b8/group_snapshots/ce5f4db5-9dbe-4fdd-bdf9-e47c80f2e42e returned with HTTP 200
Feb 15 11:51:37.287486 dv-cinder-778193-14-smb devstack@c-api.service[121182]: [pid: 121182|app: 0|req: 167/334] 10.222.0.67 () {60 vars in 1389 bytes} [Tue Feb 15 11:51:37 2022] GET /volume/v3/5f46437c89664e37a40d3d6d7c35d5b8/group_snapshots/ce5f4db5-9dbe-4fdd-bdf9-e47c80f2e42e => generated 307 bytes in 17 msecs (HTTP/1.1 200) 7 headers in 286 bytes (1 switches on core 0)
Feb 15 11:51:37.297061 dv-cinder-778193-14-smb devstack@c-api.service[121183]: INFO cinder.api.openstack.wsgi [None req-fd38b734-a136-4507-88f8-c81d6ba03a4a tempest-GroupSnapshotsTest-1525840795 tempest-GroupSnapshotsTest-1525840795-project] GET http://10.222.0.67/volume/v3/5f46437c89664e37a40d3d6d7c35d5b8/group_snapshots/detail
Feb 15 11:51:37.297558 dv-cinder-778193-14-smb devstack@c-api.service[121183]: DEBUG cinder.api.openstack.wsgi [None req-fd38b734-a136-4507-88f8-c81d6ba03a4a tempest-GroupSnapshotsTest-1525840795 tempest-GroupSnapshotsTest-1525840795-project] Empty body provided in request {{(pid=121183) get_body /opt/stack/cinder/cinder/api/openstack/wsgi.py:715}}
Feb 15 11:51:37.298004 dv-cinder-778193-14-smb devstack@c-api.service[121183]: DEBUG cinder.api.openstack.wsgi [None req-fd38b734-a136-4507-88f8-c81d6ba03a4a tempest-GroupSnapshotsTest-1525840795 tempest-GroupSnapshotsTest-1525840795-project] Calling method 'version_select' {{(pid=121183) _process_stack /opt/stack/cinder/cinder/api/openstack/wsgi.py:868}}
Feb 15 11:51:37.311235 dv-cinder-778193-14-smb devstack@c-api.service[121183]: INFO cinder.api.openstack.wsgi [None req-fd38b734-a136-4507-88f8-c81d6ba03a4a tempest-GroupSnapshotsTest-1525840795 tempest-GroupSnapshotsTest-1525840795-project] http://10.222.0.67/volume/v3/5f46437c89664e37a40d3d6d7c35d5b8/group_snapshots/detail returned with HTTP 200
Feb 15 11:51:37.311982 dv-cinder-778193-14-smb devstack@c-api.service[121183]: [pid: 121183|app: 0|req: 168/335] 10.222.0.67 () {60 vars in 1299 bytes} [Tue Feb 15 11:51:37 2022] GET /volume/v3/5f46437c89664e37a40d3d6d7c35d5b8/group_snapshots/detail => generated 310 bytes in 19 msecs (HTTP/1.1 200) 7 headers in 286 bytes (1 switches on core 0)
Feb 15 11:51:37.322032 dv-cinder-778193-14-smb devstack@c-api.service[121182]: INFO cinder.api.openstack.wsgi [None req-60b087a5-3e61-4897-a9ba-93953ad50a49 tempest-GroupSnapshotsTest-1525840795 tempest-GroupSnapshotsTest-1525840795-project] DELETE http://10.222.0.67/volume/v3/5f46437c89664e37a40d3d6d7c35d5b8/group_snapshots/ce5f4db5-9dbe-4fdd-bdf9-e47c80f2e42e
Feb 15 11:51:37.322773 dv-cinder-778193-14-smb devstack@c-api.service[121182]: DEBUG cinder.api.openstack.wsgi [None req-60b087a5-3e61-4897-a9ba-93953ad50a49 tempest-GroupSnapshotsTest-1525840795 tempest-GroupSnapshotsTest-1525840795-project] Empty body provided in request {{(pid=121182) get_body /opt/stack/cinder/cinder/api/openstack/wsgi.py:715}}
Feb 15 11:51:37.323631 dv-cinder-778193-14-smb devstack@c-api.service[121182]: DEBUG cinder.api.openstack.wsgi [None req-60b087a5-3e61-4897-a9ba-93953ad50a49 tempest-GroupSnapshotsTest-1525840795 tempest-GroupSnapshotsTest-1525840795-project] Calling method 'version_select' {{(pid=121182) _process_stack /opt/stack/cinder/cinder/api/openstack/wsgi.py:868}}
Feb 15 11:51:37.324582 dv-cinder-778193-14-smb devstack@c-api.service[121182]: DEBUG cinder.api.v3.group_snapshots [None req-60b087a5-3e61-4897-a9ba-93953ad50a49 tempest-GroupSnapshotsTest-1525840795 tempest-GroupSnapshotsTest-1525840795-project] delete called for member ce5f4db5-9dbe-4fdd-bdf9-e47c80f2e42e {{(pid=121182) delete /opt/stack/cinder/cinder/api/v3/group_snapshots.py:72}}
Feb 15 11:51:37.324582 dv-cinder-778193-14-smb devstack@c-api.service[121182]: INFO cinder.api.v3.group_snapshots [None req-60b087a5-3e61-4897-a9ba-93953ad50a49 tempest-GroupSnapshotsTest-1525840795 tempest-GroupSnapshotsTest-1525840795-project] Delete group_snapshot with id: ce5f4db5-9dbe-4fdd-bdf9-e47c80f2e42e
Feb 15 11:51:37.329515 dv-cinder-778193-14-smb devstack@c-api.service[121182]: /usr/local/lib/python3.8/dist-packages/oslo_context/context.py:105: DeprecationWarning: Policy enforcement is depending on the value of is_admin. This key is deprecated. Please update your policy file to use the standard policy values.
Feb 15 11:51:37.329515 dv-cinder-778193-14-smb devstack@c-api.service[121182]: warnings.warn('Policy enforcement is depending on the value of '
Feb 15 11:51:37.364252 dv-cinder-778193-14-smb devstack@c-api.service[121183]: INFO cinder.api.openstack.wsgi [None req-e03b8081-3067-4d7e-aac9-72ea453716a5 tempest-SnapshotsActionsTest-118343879 tempest-SnapshotsActionsTest-118343879-project] GET http://10.222.0.67/volume/v3/c27b784717004d7bbc1317c093c5c0b7/snapshots/5ab3b88e-a659-4055-b773-dd5049e360f9
Feb 15 11:51:37.365728 dv-cinder-778193-14-smb devstack@c-api.service[121183]: DEBUG cinder.api.openstack.wsgi [None req-e03b8081-3067-4d7e-aac9-72ea453716a5 tempest-SnapshotsActionsTest-118343879 tempest-SnapshotsActionsTest-118343879-project] Empty body provided in request {{(pid=121183) get_body /opt/stack/cinder/cinder/api/openstack/wsgi.py:715}}
Feb 15 11:51:37.367140 dv-cinder-778193-14-smb devstack@c-api.service[121183]: DEBUG cinder.api.openstack.wsgi [None req-e03b8081-3067-4d7e-aac9-72ea453716a5 tempest-SnapshotsActionsTest-118343879 tempest-SnapshotsActionsTest-118343879-project] Calling method 'show' {{(pid=121183) _process_stack /opt/stack/cinder/cinder/api/openstack/wsgi.py:868}}
Feb 15 11:51:37.377061 dv-cinder-778193-14-smb devstack@c-api.service[121182]: INFO cinder.api.openstack.wsgi [None req-60b087a5-3e61-4897-a9ba-93953ad50a49 tempest-GroupSnapshotsTest-1525840795 tempest-GroupSnapshotsTest-1525840795-project] http://10.222.0.67/volume/v3/5f46437c89664e37a40d3d6d7c35d5b8/group_snapshots/ce5f4db5-9dbe-4fdd-bdf9-e47c80f2e42e returned with HTTP 202
Feb 15 11:51:37.377061 dv-cinder-778193-14-smb devstack@c-api.service[121182]: [pid: 121182|app: 0|req: 168/336] 10.222.0.67 () {60 vars in 1392 bytes} [Tue Feb 15 11:51:37 2022] DELETE /volume/v3/5f46437c89664e37a40d3d6d7c35d5b8/group_snapshots/ce5f4db5-9dbe-4fdd-bdf9-e47c80f2e42e => generated 0 bytes in 58 msecs (HTTP/1.1 202) 6 headers in 234 bytes (2 switches on core 0)
Feb 15 11:51:37.378935 dv-cinder-778193-14-smb devstack@c-api.service[121183]: INFO cinder.api.openstack.wsgi [None req-e03b8081-3067-4d7e-aac9-72ea453716a5 tempest-SnapshotsActionsTest-118343879 tempest-SnapshotsActionsTest-118343879-project] http://10.222.0.67/volume/v3/c27b784717004d7bbc1317c093c5c0b7/snapshots/5ab3b88e-a659-4055-b773-dd5049e360f9 returned with HTTP 404
Feb 15 11:51:37.380017 dv-cinder-778193-14-smb devstack@c-api.service[121183]: [pid: 121183|app: 0|req: 169/337] 10.222.0.67 () {58 vars in 1330 bytes} [Tue Feb 15 11:51:37 2022] GET /volume/v3/c27b784717004d7bbc1317c093c5c0b7/snapshots/5ab3b88e-a659-4055-b773-dd5049e360f9 => generated 111 bytes in 25 msecs (HTTP/1.1 404) 7 headers in 292 bytes (2 switches on core 0)
Feb 15 11:51:37.381843 dv-cinder-778193-14-smb devstack@c-api.service[121182]: INFO cinder.api.openstack.wsgi [None req-c4b7d019-936f-4815-be04-6cdce924c6e2 tempest-GroupSnapshotsTest-1525840795 tempest-GroupSnapshotsTest-1525840795-project] GET http://10.222.0.67/volume/v3/5f46437c89664e37a40d3d6d7c35d5b8/volumes/detail
Feb 15 11:51:37.382330 dv-cinder-778193-14-smb devstack@c-api.service[121182]: DEBUG cinder.api.openstack.wsgi [None req-c4b7d019-936f-4815-be04-6cdce924c6e2 tempest-GroupSnapshotsTest-1525840795 tempest-GroupSnapshotsTest-1525840795-project] Empty body provided in request {{(pid=121182) get_body /opt/stack/cinder/cinder/api/openstack/wsgi.py:715}}
Feb 15 11:51:37.383059 dv-cinder-778193-14-smb devstack@c-api.service[121182]: DEBUG cinder.api.openstack.wsgi [None req-c4b7d019-936f-4815-be04-6cdce924c6e2 tempest-GroupSnapshotsTest-1525840795 tempest-GroupSnapshotsTest-1525840795-project] Calling method 'detail' {{(pid=121182) _process_stack /opt/stack/cinder/cinder/api/openstack/wsgi.py:868}}
Feb 15 11:51:37.383910 dv-cinder-778193-14-smb devstack@c-api.service[121182]: DEBUG cinder.api.api_utils [None req-c4b7d019-936f-4815-be04-6cdce924c6e2 tempest-GroupSnapshotsTest-1525840795 tempest-GroupSnapshotsTest-1525840795-project] Removing options '' from query. {{(pid=121182) remove_invalid_filter_options /opt/stack/cinder/cinder/api/api_utils.py:73}}
Feb 15 11:51:37.384814 dv-cinder-778193-14-smb devstack@c-api.service[121182]: /usr/local/lib/python3.8/dist-packages/oslo_context/context.py:105: DeprecationWarning: Policy enforcement is depending on the value of is_admin. This key is deprecated. Please update your policy file to use the standard policy values.
Feb 15 11:51:37.384814 dv-cinder-778193-14-smb devstack@c-api.service[121182]: warnings.warn('Policy enforcement is depending on the value of '
Feb 15 11:51:37.385993 dv-cinder-778193-14-smb devstack@c-api.service[121182]: DEBUG cinder.volume.api [None req-c4b7d019-936f-4815-be04-6cdce924c6e2 tempest-GroupSnapshotsTest-1525840795 tempest-GroupSnapshotsTest-1525840795-project] Searching by: MultiDict([('no_migration_targets', True)]). {{(pid=121182) get_all /opt/stack/cinder/cinder/volume/api.py:661}}
Feb 15 11:51:37.388507 dv-cinder-778193-14-smb devstack@c-api.service[121183]: INFO cinder.api.openstack.wsgi [None req-fcc5384e-bd9b-45d1-bc32-2084ffad61a3 tempest-SnapshotsActionsTest-118343879 tempest-SnapshotsActionsTest-118343879-project] DELETE http://10.222.0.67/volume/v3/c27b784717004d7bbc1317c093c5c0b7/snapshots/69978dc6-90e0-42d6-a804-7753c4797c4e
Feb 15 11:51:37.388955 dv-cinder-778193-14-smb devstack@c-api.service[121183]: DEBUG cinder.api.openstack.wsgi [None req-fcc5384e-bd9b-45d1-bc32-2084ffad61a3 tempest-SnapshotsActionsTest-118343879 tempest-SnapshotsActionsTest-118343879-project] Empty body provided in request {{(pid=121183) get_body /opt/stack/cinder/cinder/api/openstack/wsgi.py:715}}
Feb 15 11:51:37.389458 dv-cinder-778193-14-smb devstack@c-api.service[121183]: DEBUG cinder.api.openstack.wsgi [None req-fcc5384e-bd9b-45d1-bc32-2084ffad61a3 tempest-SnapshotsActionsTest-118343879 tempest-SnapshotsActionsTest-118343879-project] Calling method 'delete' {{(pid=121183) _process_stack /opt/stack/cinder/cinder/api/openstack/wsgi.py:868}}
Feb 15 11:51:37.389756 dv-cinder-778193-14-smb devstack@c-api.service[121183]: INFO cinder.api.v2.snapshots [None req-fcc5384e-bd9b-45d1-bc32-2084ffad61a3 tempest-SnapshotsActionsTest-118343879 tempest-SnapshotsActionsTest-118343879-project] Delete snapshot with id: 69978dc6-90e0-42d6-a804-7753c4797c4e
Feb 15 11:51:37.398636 dv-cinder-778193-14-smb devstack@c-api.service[121183]: /usr/local/lib/python3.8/dist-packages/oslo_context/context.py:105: DeprecationWarning: Policy enforcement is depending on the value of is_admin. This key is deprecated. Please update your policy file to use the standard policy values.
Feb 15 11:51:37.398636 dv-cinder-778193-14-smb devstack@c-api.service[121183]: warnings.warn('Policy enforcement is depending on the value of '
Feb 15 11:51:37.400245 dv-cinder-778193-14-smb devstack@c-api.service[121183]: INFO cinder.volume.api [None req-fcc5384e-bd9b-45d1-bc32-2084ffad61a3 tempest-SnapshotsActionsTest-118343879 tempest-SnapshotsActionsTest-118343879-project] Snapshot retrieved successfully.
Feb 15 11:51:37.428046 dv-cinder-778193-14-smb devstack@c-api.service[121183]: INFO cinder.volume.api [None req-fcc5384e-bd9b-45d1-bc32-2084ffad61a3 tempest-SnapshotsActionsTest-118343879 tempest-SnapshotsActionsTest-118343879-project] Snapshot delete request issued successfully.
Feb 15 11:51:37.428530 dv-cinder-778193-14-smb devstack@c-api.service[121183]: INFO cinder.api.openstack.wsgi [None req-fcc5384e-bd9b-45d1-bc32-2084ffad61a3 tempest-SnapshotsActionsTest-118343879 tempest-SnapshotsActionsTest-118343879-project] http://10.222.0.67/volume/v3/c27b784717004d7bbc1317c093c5c0b7/snapshots/69978dc6-90e0-42d6-a804-7753c4797c4e returned with HTTP 202
Feb 15 11:51:37.432490 dv-cinder-778193-14-smb devstack@c-api.service[121183]: [pid: 121183|app: 0|req: 170/338] 10.222.0.67 () {58 vars in 1333 bytes} [Tue Feb 15 11:51:37 2022] DELETE /volume/v3/c27b784717004d7bbc1317c093c5c0b7/snapshots/69978dc6-90e0-42d6-a804-7753c4797c4e => generated 0 bytes in 46 msecs (HTTP/1.1 202) 6 headers in 233 bytes (2 switches on core 0)
Feb 15 11:51:37.433913 dv-cinder-778193-14-smb devstack@c-api.service[121182]: INFO cinder.volume.api [None req-c4b7d019-936f-4815-be04-6cdce924c6e2 tempest-GroupSnapshotsTest-1525840795 tempest-GroupSnapshotsTest-1525840795-project] Get all volumes completed successfully.
Feb 15 11:51:37.435364 dv-cinder-778193-14-smb devstack@c-api.service[121182]: WARNING stevedore.named [None req-c4b7d019-936f-4815-be04-6cdce924c6e2 tempest-GroupSnapshotsTest-1525840795 tempest-GroupSnapshotsTest-1525840795-project] Could not load cinder.keymgr.conf_key_mgr.ConfKeyManager
Feb 15 11:51:37.435744 dv-cinder-778193-14-smb devstack@c-api.service[121182]: WARNING castellan.key_manager [None req-c4b7d019-936f-4815-be04-6cdce924c6e2 tempest-GroupSnapshotsTest-1525840795 tempest-GroupSnapshotsTest-1525840795-project] Deprecation Warning : cinder.keymgr.conf_key_mgr.ConfKeyManager is not a stevedore based driver, trying to load it as a class: stevedore.exception.NoMatches: No 'castellan.drivers' driver found, looking for 'cinder.keymgr.conf_key_mgr.ConfKeyManager'
Feb 15 11:51:37.437888 dv-cinder-778193-14-smb devstack@c-api.service[121183]: INFO cinder.api.openstack.wsgi [None req-12317836-9f7c-4a4a-a6ed-4b76cc16cbc8 tempest-SnapshotsActionsTest-118343879 tempest-SnapshotsActionsTest-118343879-project] GET http://10.222.0.67/volume/v3/c27b784717004d7bbc1317c093c5c0b7/snapshots/69978dc6-90e0-42d6-a804-7753c4797c4e
Feb 15 11:51:37.438396 dv-cinder-778193-14-smb devstack@c-api.service[121183]: DEBUG cinder.api.openstack.wsgi [None req-12317836-9f7c-4a4a-a6ed-4b76cc16cbc8 tempest-SnapshotsActionsTest-118343879 tempest-SnapshotsActionsTest-118343879-project] Empty body provided in request {{(pid=121183) get_body /opt/stack/cinder/cinder/api/openstack/wsgi.py:715}}
Feb 15 11:51:37.439134 dv-cinder-778193-14-smb devstack@c-api.service[121183]: DEBUG cinder.api.openstack.wsgi [None req-12317836-9f7c-4a4a-a6ed-4b76cc16cbc8 tempest-SnapshotsActionsTest-118343879 tempest-SnapshotsActionsTest-118343879-project] Calling method 'show' {{(pid=121183) _process_stack /opt/stack/cinder/cinder/api/openstack/wsgi.py:868}}
Feb 15 11:51:37.443180 dv-cinder-778193-14-smb devstack@c-api.service[121182]: DEBUG oslo_db.sqlalchemy.engines [None req-c4b7d019-936f-4815-be04-6cdce924c6e2 tempest-GroupSnapshotsTest-1525840795 tempest-GroupSnapshotsTest-1525840795-project] MySQL server mode set to STRICT_TRANS_TABLES,STRICT_ALL_TABLES,NO_ZERO_IN_DATE,NO_ZERO_DATE,ERROR_FOR_DIVISION_BY_ZERO,TRADITIONAL,NO_ENGINE_SUBSTITUTION {{(pid=121182) _check_effective_sql_mode /usr/local/lib/python3.8/dist-packages/oslo_db/sqlalchemy/engines.py:314}}
Feb 15 11:51:37.448728 dv-cinder-778193-14-smb devstack@c-api.service[121183]: /usr/local/lib/python3.8/dist-packages/oslo_context/context.py:105: DeprecationWarning: Policy enforcement is depending on the value of is_admin. This key is deprecated. Please update your policy file to use the standard policy values.
Feb 15 11:51:37.448728 dv-cinder-778193-14-smb devstack@c-api.service[121183]: warnings.warn('Policy enforcement is depending on the value of '
Feb 15 11:51:37.449145 dv-cinder-778193-14-smb devstack@c-api.service[121182]: /usr/local/lib/python3.8/dist-packages/oslo_context/context.py:105: DeprecationWarning: Policy enforcement is depending on the value of is_admin. This key is deprecated. Please update your policy file to use the standard policy values.
Feb 15 11:51:37.449145 dv-cinder-778193-14-smb devstack@c-api.service[121182]: warnings.warn('Policy enforcement is depending on the value of '
Feb 15 11:51:37.449909 dv-cinder-778193-14-smb devstack@c-api.service[121183]: INFO cinder.volume.api [None req-12317836-9f7c-4a4a-a6ed-4b76cc16cbc8 tempest-SnapshotsActionsTest-118343879 tempest-SnapshotsActionsTest-118343879-project] Snapshot retrieved successfully.
Feb 15 11:51:37.451698 dv-cinder-778193-14-smb devstack@c-api.service[121183]: INFO cinder.api.openstack.wsgi [None req-12317836-9f7c-4a4a-a6ed-4b76cc16cbc8 tempest-SnapshotsActionsTest-118343879 tempest-SnapshotsActionsTest-118343879-project] http://10.222.0.67/volume/v3/c27b784717004d7bbc1317c093c5c0b7/snapshots/69978dc6-90e0-42d6-a804-7753c4797c4e returned with HTTP 200
Feb 15 11:51:37.452446 dv-cinder-778193-14-smb devstack@c-api.service[121183]: [pid: 121183|app: 0|req: 171/339] 10.222.0.67 () {58 vars in 1330 bytes} [Tue Feb 15 11:51:37 2022] GET /volume/v3/c27b784717004d7bbc1317c093c5c0b7/snapshots/69978dc6-90e0-42d6-a804-7753c4797c4e => generated 531 bytes in 19 msecs (HTTP/1.1 200) 7 headers in 285 bytes (1 switches on core 0)
Feb 15 11:51:37.464919 dv-cinder-778193-14-smb devstack@c-api.service[121182]: INFO cinder.api.openstack.wsgi [None req-c4b7d019-936f-4815-be04-6cdce924c6e2 tempest-GroupSnapshotsTest-1525840795 tempest-GroupSnapshotsTest-1525840795-project] http://10.222.0.67/volume/v3/5f46437c89664e37a40d3d6d7c35d5b8/volumes/detail returned with HTTP 200
Feb 15 11:51:37.465695 dv-cinder-778193-14-smb devstack@c-api.service[121182]: [pid: 121182|app: 0|req: 169/340] 10.222.0.67 () {60 vars in 1275 bytes} [Tue Feb 15 11:51:37 2022] GET /volume/v3/5f46437c89664e37a40d3d6d7c35d5b8/volumes/detail => generated 1003 bytes in 87 msecs (HTTP/1.1 200) 7 headers in 287 bytes (2 switches on core 0)
Feb 15 11:51:37.480746 dv-cinder-778193-14-smb devstack@c-api.service[121183]: INFO cinder.api.openstack.wsgi [None req-0c92913e-9c41-4da2-a198-6782c0889fca tempest-GroupSnapshotsTest-1525840795 tempest-GroupSnapshotsTest-1525840795-project] GET http://10.222.0.67/volume/v3/5f46437c89664e37a40d3d6d7c35d5b8/snapshots/detail
Feb 15 11:51:37.481168 dv-cinder-778193-14-smb devstack@c-api.service[121183]: DEBUG cinder.api.openstack.wsgi [None req-0c92913e-9c41-4da2-a198-6782c0889fca tempest-GroupSnapshotsTest-1525840795 tempest-GroupSnapshotsTest-1525840795-project] Empty body provided in request {{(pid=121183) get_body /opt/stack/cinder/cinder/api/openstack/wsgi.py:715}}
Feb 15 11:51:37.481623 dv-cinder-778193-14-smb devstack@c-api.service[121183]: DEBUG cinder.api.openstack.wsgi [None req-0c92913e-9c41-4da2-a198-6782c0889fca tempest-GroupSnapshotsTest-1525840795 tempest-GroupSnapshotsTest-1525840795-project] Calling method 'detail' {{(pid=121183) _process_stack /opt/stack/cinder/cinder/api/openstack/wsgi.py:868}}
Feb 15 11:51:37.482130 dv-cinder-778193-14-smb devstack@c-api.service[121183]: DEBUG cinder.api.api_utils [None req-0c92913e-9c41-4da2-a198-6782c0889fca tempest-GroupSnapshotsTest-1525840795 tempest-GroupSnapshotsTest-1525840795-project] Removing options '' from query. {{(pid=121183) remove_invalid_filter_options /opt/stack/cinder/cinder/api/api_utils.py:73}}
Feb 15 11:51:37.484160 dv-cinder-778193-14-smb devstack@c-api.service[121183]: DEBUG cinder.db.sqlalchemy.api [None req-0c92913e-9c41-4da2-a198-6782c0889fca tempest-GroupSnapshotsTest-1525840795 tempest-GroupSnapshotsTest-1525840795-project] Building query based on filter {{(pid=121183) _process_snaps_filters /opt/stack/cinder/cinder/db/sqlalchemy/api.py:3156}}
Feb 15 11:51:37.490478 dv-cinder-778193-14-smb devstack@c-api.service[121183]: INFO cinder.volume.api [None req-0c92913e-9c41-4da2-a198-6782c0889fca tempest-GroupSnapshotsTest-1525840795 tempest-GroupSnapshotsTest-1525840795-project] Get all snapshots completed successfully.
Feb 15 11:51:37.491300 dv-cinder-778193-14-smb devstack@c-api.service[121183]: /usr/local/lib/python3.8/dist-packages/oslo_context/context.py:105: DeprecationWarning: Policy enforcement is depending on the value of is_admin. This key is deprecated. Please update your policy file to use the standard policy values.
Feb 15 11:51:37.491300 dv-cinder-778193-14-smb devstack@c-api.service[121183]: warnings.warn('Policy enforcement is depending on the value of '
Feb 15 11:51:37.492469 dv-cinder-778193-14-smb devstack@c-api.service[121183]: INFO cinder.api.openstack.wsgi [None req-0c92913e-9c41-4da2-a198-6782c0889fca tempest-GroupSnapshotsTest-1525840795 tempest-GroupSnapshotsTest-1525840795-project] http://10.222.0.67/volume/v3/5f46437c89664e37a40d3d6d7c35d5b8/snapshots/detail returned with HTTP 200
Feb 15 11:51:37.493215 dv-cinder-778193-14-smb devstack@c-api.service[121183]: [pid: 121183|app: 0|req: 172/341] 10.222.0.67 () {58 vars in 1240 bytes} [Tue Feb 15 11:51:37 2022] GET /volume/v3/5f46437c89664e37a40d3d6d7c35d5b8/snapshots/detail => generated 518 bytes in 16 msecs (HTTP/1.1 200) 7 headers in 285 bytes (2 switches on core 0)
Feb 15 11:51:37.503648 dv-cinder-778193-14-smb devstack@c-api.service[121182]: INFO cinder.api.openstack.wsgi [None req-705a6a3b-e408-403c-9bee-c8948010a74b tempest-GroupSnapshotsTest-1525840795 tempest-GroupSnapshotsTest-1525840795-project] GET http://10.222.0.67/volume/v3/5f46437c89664e37a40d3d6d7c35d5b8/snapshots/520d570a-7205-4318-86e1-2f6a6ad1264b
Feb 15 11:51:37.504091 dv-cinder-778193-14-smb devstack@c-api.service[121182]: DEBUG cinder.api.openstack.wsgi [None req-705a6a3b-e408-403c-9bee-c8948010a74b tempest-GroupSnapshotsTest-1525840795 tempest-GroupSnapshotsTest-1525840795-project] Empty body provided in request {{(pid=121182) get_body /opt/stack/cinder/cinder/api/openstack/wsgi.py:715}}
Feb 15 11:51:37.504547 dv-cinder-778193-14-smb devstack@c-api.service[121182]: DEBUG cinder.api.openstack.wsgi [None req-705a6a3b-e408-403c-9bee-c8948010a74b tempest-GroupSnapshotsTest-1525840795 tempest-GroupSnapshotsTest-1525840795-project] Calling method 'show' {{(pid=121182) _process_stack /opt/stack/cinder/cinder/api/openstack/wsgi.py:868}}
Feb 15 11:51:37.514158 dv-cinder-778193-14-smb devstack@c-api.service[121182]: /usr/local/lib/python3.8/dist-packages/oslo_context/context.py:105: DeprecationWarning: Policy enforcement is depending on the value of is_admin. This key is deprecated. Please update your policy file to use the standard policy values.
Feb 15 11:51:37.514158 dv-cinder-778193-14-smb devstack@c-api.service[121182]: warnings.warn('Policy enforcement is depending on the value of '
Feb 15 11:51:37.515076 dv-cinder-778193-14-smb devstack@c-api.service[121182]: INFO cinder.volume.api [None req-705a6a3b-e408-403c-9bee-c8948010a74b tempest-GroupSnapshotsTest-1525840795 tempest-GroupSnapshotsTest-1525840795-project] Snapshot retrieved successfully.
Feb 15 11:51:37.516918 dv-cinder-778193-14-smb devstack@c-api.service[121182]: INFO cinder.api.openstack.wsgi [None req-705a6a3b-e408-403c-9bee-c8948010a74b tempest-GroupSnapshotsTest-1525840795 tempest-GroupSnapshotsTest-1525840795-project] http://10.222.0.67/volume/v3/5f46437c89664e37a40d3d6d7c35d5b8/snapshots/520d570a-7205-4318-86e1-2f6a6ad1264b returned with HTTP 200
Feb 15 11:51:37.517655 dv-cinder-778193-14-smb devstack@c-api.service[121182]: [pid: 121182|app: 0|req: 170/342] 10.222.0.67 () {58 vars in 1330 bytes} [Tue Feb 15 11:51:37 2022] GET /volume/v3/5f46437c89664e37a40d3d6d7c35d5b8/snapshots/520d570a-7205-4318-86e1-2f6a6ad1264b => generated 515 bytes in 18 msecs (HTTP/1.1 200) 7 headers in 285 bytes (1 switches on core 0)
Feb 15 11:51:37.765041 dv-cinder-778193-14-smb devstack@c-api.service[121183]: INFO cinder.api.openstack.wsgi [None req-938eefbc-2ffd-434d-ab50-d602bf8853fe tempest-GroupsTest-1318391274 tempest-GroupsTest-1318391274-project] GET http://10.222.0.67/volume/v3/c6d88e2be0de47589c256c9a49bac535/groups/c1bc28e5-2b00-47d7-b37e-1954fb47305d
Feb 15 11:51:37.765549 dv-cinder-778193-14-smb devstack@c-api.service[121183]: DEBUG cinder.api.openstack.wsgi [None req-938eefbc-2ffd-434d-ab50-d602bf8853fe tempest-GroupsTest-1318391274 tempest-GroupsTest-1318391274-project] Empty body provided in request {{(pid=121183) get_body /opt/stack/cinder/cinder/api/openstack/wsgi.py:715}}
Feb 15 11:51:37.765891 dv-cinder-778193-14-smb devstack@c-api.service[121183]: DEBUG cinder.api.openstack.wsgi [None req-938eefbc-2ffd-434d-ab50-d602bf8853fe tempest-GroupsTest-1318391274 tempest-GroupsTest-1318391274-project] Calling method 'version_select' {{(pid=121183) _process_stack /opt/stack/cinder/cinder/api/openstack/wsgi.py:868}}
Feb 15 11:51:37.766233 dv-cinder-778193-14-smb devstack@c-api.service[121183]: DEBUG cinder.api.v3.groups [None req-938eefbc-2ffd-434d-ab50-d602bf8853fe tempest-GroupsTest-1318391274 tempest-GroupsTest-1318391274-project] show called for member c1bc28e5-2b00-47d7-b37e-1954fb47305d {{(pid=121183) show /opt/stack/cinder/cinder/api/v3/groups.py:58}}
Feb 15 11:51:37.772285 dv-cinder-778193-14-smb devstack@c-api.service[121183]: /usr/local/lib/python3.8/dist-packages/oslo_context/context.py:105: DeprecationWarning: Policy enforcement is depending on the value of is_admin. This key is deprecated. Please update your policy file to use the standard policy values.
Feb 15 11:51:37.772285 dv-cinder-778193-14-smb devstack@c-api.service[121183]: warnings.warn('Policy enforcement is depending on the value of '
Feb 15 11:51:37.787800 dv-cinder-778193-14-smb devstack@c-api.service[121183]: INFO cinder.api.openstack.wsgi [None req-938eefbc-2ffd-434d-ab50-d602bf8853fe tempest-GroupsTest-1318391274 tempest-GroupsTest-1318391274-project] http://10.222.0.67/volume/v3/c6d88e2be0de47589c256c9a49bac535/groups/c1bc28e5-2b00-47d7-b37e-1954fb47305d returned with HTTP 200
Feb 15 11:51:37.788515 dv-cinder-778193-14-smb devstack@c-api.service[121183]: [pid: 121183|app: 0|req: 173/343] 10.222.0.67 () {60 vars in 1362 bytes} [Tue Feb 15 11:51:37 2022] GET /volume/v3/c6d88e2be0de47589c256c9a49bac535/groups/c1bc28e5-2b00-47d7-b37e-1954fb47305d => generated 332 bytes in 27 msecs (HTTP/1.1 200) 7 headers in 286 bytes (1 switches on core 0)
Feb 15 11:51:37.798593 dv-cinder-778193-14-smb devstack@c-api.service[121182]: INFO cinder.api.openstack.wsgi [None req-6923ee5b-8f33-4393-ab9b-d87d47507119 tempest-GroupsTest-1318391274 tempest-GroupsTest-1318391274-project] POST http://10.222.0.67/volume/v3/c6d88e2be0de47589c256c9a49bac535/volumes
Feb 15 11:51:37.799360 dv-cinder-778193-14-smb devstack@c-api.service[121182]: DEBUG cinder.api.openstack.wsgi [None req-6923ee5b-8f33-4393-ab9b-d87d47507119 tempest-GroupsTest-1318391274 tempest-GroupsTest-1318391274-project] Action: 'create', calling method: create, body: {"volume": {"volume_type": "1e2bbac4-3fc3-40ee-bc7d-df6307d267d0", "group_id": "c1bc28e5-2b00-47d7-b37e-1954fb47305d", "size": 1, "name": "tempest-GroupsTest-Volume-634949560"}} {{(pid=121182) _process_stack /opt/stack/cinder/cinder/api/openstack/wsgi.py:866}}
Feb 15 11:51:37.800345 dv-cinder-778193-14-smb devstack@c-api.service[121182]: DEBUG cinder.api.v3.volumes [None req-6923ee5b-8f33-4393-ab9b-d87d47507119 tempest-GroupsTest-1318391274 tempest-GroupsTest-1318391274-project] Create volume request body: {'volume': {'volume_type': '1e2bbac4-3fc3-40ee-bc7d-df6307d267d0', 'group_id': 'c1bc28e5-2b00-47d7-b37e-1954fb47305d', 'size': 1, 'name': 'tempest-GroupsTest-Volume-634949560'}} {{(pid=121182) create /opt/stack/cinder/cinder/api/v3/volumes.py:298}}
Feb 15 11:51:37.812349 dv-cinder-778193-14-smb devstack@c-api.service[121182]: /usr/local/lib/python3.8/dist-packages/oslo_context/context.py:105: DeprecationWarning: Policy enforcement is depending on the value of is_admin. This key is deprecated. Please update your policy file to use the standard policy values.
Feb 15 11:51:37.812349 dv-cinder-778193-14-smb devstack@c-api.service[121182]: warnings.warn('Policy enforcement is depending on the value of '
Feb 15 11:51:37.813333 dv-cinder-778193-14-smb devstack@c-api.service[121182]: INFO cinder.api.v3.volumes [None req-6923ee5b-8f33-4393-ab9b-d87d47507119 tempest-GroupsTest-1318391274 tempest-GroupsTest-1318391274-project] Create volume of 1 GB
Feb 15 11:51:37.813827 dv-cinder-778193-14-smb devstack@c-api.service[121183]: INFO cinder.api.openstack.wsgi [None req-fa4fef93-2f76-4def-a611-c8c431538013 tempest-VolumesCloneTest-1821978989 tempest-VolumesCloneTest-1821978989-project] GET http://10.222.0.67/volume/v3/334acab0b8714556a8118b84207ccfdd/volumes/90c17c5b-efbe-4ab5-bb8a-e59952485561
Feb 15 11:51:37.814278 dv-cinder-778193-14-smb devstack@c-api.service[121183]: DEBUG cinder.api.openstack.wsgi [None req-fa4fef93-2f76-4def-a611-c8c431538013 tempest-VolumesCloneTest-1821978989 tempest-VolumesCloneTest-1821978989-project] Empty body provided in request {{(pid=121183) get_body /opt/stack/cinder/cinder/api/openstack/wsgi.py:715}}
Feb 15 11:51:37.814823 dv-cinder-778193-14-smb devstack@c-api.service[121183]: DEBUG cinder.api.openstack.wsgi [None req-fa4fef93-2f76-4def-a611-c8c431538013 tempest-VolumesCloneTest-1821978989 tempest-VolumesCloneTest-1821978989-project] Calling method 'show' {{(pid=121183) _process_stack /opt/stack/cinder/cinder/api/openstack/wsgi.py:868}}
Feb 15 11:51:37.824532 dv-cinder-778193-14-smb devstack@c-api.service[121182]: INFO cinder.volume.api [None req-6923ee5b-8f33-4393-ab9b-d87d47507119 tempest-GroupsTest-1318391274 tempest-GroupsTest-1318391274-project] Availability Zones retrieved successfully.
Feb 15 11:51:37.829061 dv-cinder-778193-14-smb devstack@c-api.service[121183]: /usr/local/lib/python3.8/dist-packages/oslo_context/context.py:105: DeprecationWarning: Policy enforcement is depending on the value of is_admin. This key is deprecated. Please update your policy file to use the standard policy values.
Feb 15 11:51:37.829061 dv-cinder-778193-14-smb devstack@c-api.service[121183]: warnings.warn('Policy enforcement is depending on the value of '
Feb 15 11:51:37.836052 dv-cinder-778193-14-smb devstack@c-api.service[121183]: INFO cinder.volume.api [None req-fa4fef93-2f76-4def-a611-c8c431538013 tempest-VolumesCloneTest-1821978989 tempest-VolumesCloneTest-1821978989-project] Volume info retrieved successfully.
