Feb 15 12:00:47.999142 dv-cinder-778193-14-iscsi devstack@n-api.service[116942]: DEBUG nova.api.openstack.wsgi_app [-] oslo_messaging_rabbit.rpc_conn_pool_size = 30 {{(pid=116942) log_opt_values /usr/local/lib/python3.8/dist-packages/oslo_config/cfg.py:2609}}
Feb 15 12:00:47.999495 dv-cinder-778193-14-iscsi devstack@n-api.service[116942]: DEBUG nova.api.openstack.wsgi_app [-] oslo_messaging_rabbit.ssl = False {{(pid=116942) log_opt_values /usr/local/lib/python3.8/dist-packages/oslo_config/cfg.py:2609}}
Feb 15 12:00:47.999835 dv-cinder-778193-14-iscsi devstack@n-api.service[116942]: DEBUG nova.api.openstack.wsgi_app [-] oslo_messaging_rabbit.ssl_ca_file = {{(pid=116942) log_opt_values /usr/local/lib/python3.8/dist-packages/oslo_config/cfg.py:2609}}
Feb 15 12:00:48.000203 dv-cinder-778193-14-iscsi devstack@n-api.service[116942]: DEBUG nova.api.openstack.wsgi_app [-] oslo_messaging_rabbit.ssl_cert_file = {{(pid=116942) log_opt_values /usr/local/lib/python3.8/dist-packages/oslo_config/cfg.py:2609}}
Feb 15 12:00:48.000546 dv-cinder-778193-14-iscsi devstack@n-api.service[116942]: DEBUG nova.api.openstack.wsgi_app [-] oslo_messaging_rabbit.ssl_key_file = {{(pid=116942) log_opt_values /usr/local/lib/python3.8/dist-packages/oslo_config/cfg.py:2609}}
Feb 15 12:00:48.000881 dv-cinder-778193-14-iscsi devstack@n-api.service[116942]: DEBUG nova.api.openstack.wsgi_app [-] oslo_messaging_rabbit.ssl_version = {{(pid=116942) log_opt_values /usr/local/lib/python3.8/dist-packages/oslo_config/cfg.py:2609}}
Feb 15 12:00:48.001250 dv-cinder-778193-14-iscsi devstack@n-api.service[116942]: DEBUG nova.api.openstack.wsgi_app [-] oslo_messaging_notifications.driver = ['messagingv2'] {{(pid=116942) log_opt_values /usr/local/lib/python3.8/dist-packages/oslo_config/cfg.py:2609}}
Feb 15 12:00:48.001571 dv-cinder-778193-14-iscsi devstack@n-api.service[116942]: DEBUG nova.api.openstack.wsgi_app [-] oslo_messaging_notifications.retry = -1 {{(pid=116942) log_opt_values /usr/local/lib/python3.8/dist-packages/oslo_config/cfg.py:2609}}
Feb 15 12:00:48.001929 dv-cinder-778193-14-iscsi devstack@n-api.service[116942]: DEBUG nova.api.openstack.wsgi_app [-] oslo_messaging_notifications.topics = ['notifications'] {{(pid=116942) log_opt_values /usr/local/lib/python3.8/dist-packages/oslo_config/cfg.py:2609}}
Feb 15 12:00:48.002270 dv-cinder-778193-14-iscsi devstack@n-api.service[116942]: DEBUG nova.api.openstack.wsgi_app [-] oslo_messaging_notifications.transport_url = **** {{(pid=116942) log_opt_values /usr/local/lib/python3.8/dist-packages/oslo_config/cfg.py:2609}}
Feb 15 12:00:48.002597 dv-cinder-778193-14-iscsi devstack@n-api.service[116942]: DEBUG nova.api.openstack.wsgi_app [-] oslo_reports.file_event_handler = None {{(pid=116942) log_opt_values /usr/local/lib/python3.8/dist-packages/oslo_config/cfg.py:2609}}
Feb 15 12:00:48.003601 dv-cinder-778193-14-iscsi devstack@n-api.service[116942]: DEBUG nova.api.openstack.wsgi_app [-] oslo_reports.file_event_handler_interval = 1 {{(pid=116942) log_opt_values /usr/local/lib/python3.8/dist-packages/oslo_config/cfg.py:2609}}
Feb 15 12:00:48.003921 dv-cinder-778193-14-iscsi devstack@n-api.service[116942]: DEBUG nova.api.openstack.wsgi_app [-] oslo_reports.log_dir = None {{(pid=116942) log_opt_values /usr/local/lib/python3.8/dist-packages/oslo_config/cfg.py:2609}}
Feb 15 12:00:48.004175 dv-cinder-778193-14-iscsi devstack@n-api.service[116942]: DEBUG nova.api.openstack.wsgi_app [-] ******************************************************************************** {{(pid=116942) log_opt_values /usr/local/lib/python3.8/dist-packages/oslo_config/cfg.py:2613}}
Feb 15 12:00:48.014316 dv-cinder-778193-14-iscsi devstack@n-api.service[116943]: DEBUG nova.context [None req-53d921f4-3c29-41a9-bd3a-8c9f1780144e None None] Found 2 cells: 00000000-0000-0000-0000-000000000000(cell0),71cea0cb-efae-42d2-9c78-2d256a2d704a(cell1) {{(pid=116943) load_cells /opt/stack/nova/nova/context.py:464}}
Feb 15 12:00:48.019174 dv-cinder-778193-14-iscsi devstack@n-api.service[116943]: DEBUG oslo_concurrency.lockutils [None req-53d921f4-3c29-41a9-bd3a-8c9f1780144e None None] Lock "00000000-0000-0000-0000-000000000000" acquired by "nova.context.set_target_cell..get_or_set_cached_cell_and_set_connections" :: waited 0.000s {{(pid=116943) inner /usr/local/lib/python3.8/dist-packages/oslo_concurrency/lockutils.py:386}}
Feb 15 12:00:48.020945 dv-cinder-778193-14-iscsi devstack@n-api.service[116943]: DEBUG oslo_concurrency.lockutils [None req-53d921f4-3c29-41a9-bd3a-8c9f1780144e None None] Lock "00000000-0000-0000-0000-000000000000" "released" by "nova.context.set_target_cell..get_or_set_cached_cell_and_set_connections" :: held 0.002s {{(pid=116943) inner /usr/local/lib/python3.8/dist-packages/oslo_concurrency/lockutils.py:400}}
Feb 15 12:00:48.021662 dv-cinder-778193-14-iscsi devstack@n-api.service[116943]: DEBUG oslo_concurrency.lockutils [None req-53d921f4-3c29-41a9-bd3a-8c9f1780144e None None] Lock "71cea0cb-efae-42d2-9c78-2d256a2d704a" acquired by "nova.context.set_target_cell..get_or_set_cached_cell_and_set_connections" :: waited 0.000s {{(pid=116943) inner /usr/local/lib/python3.8/dist-packages/oslo_concurrency/lockutils.py:386}}
Feb 15 12:00:48.023629 dv-cinder-778193-14-iscsi devstack@n-api.service[116943]: DEBUG oslo_concurrency.lockutils [None req-53d921f4-3c29-41a9-bd3a-8c9f1780144e None None] Lock "71cea0cb-efae-42d2-9c78-2d256a2d704a" "released" by "nova.context.set_target_cell..get_or_set_cached_cell_and_set_connections" :: held 0.002s {{(pid=116943) inner /usr/local/lib/python3.8/dist-packages/oslo_concurrency/lockutils.py:400}}
Feb 15 12:00:48.034664 dv-cinder-778193-14-iscsi devstack@n-api.service[116943]: DEBUG oslo_db.sqlalchemy.engines [None req-53d921f4-3c29-41a9-bd3a-8c9f1780144e None None] MySQL server mode set to STRICT_TRANS_TABLES,STRICT_ALL_TABLES,NO_ZERO_IN_DATE,NO_ZERO_DATE,ERROR_FOR_DIVISION_BY_ZERO,TRADITIONAL,NO_ENGINE_SUBSTITUTION {{(pid=116943) _check_effective_sql_mode /usr/local/lib/python3.8/dist-packages/oslo_db/sqlalchemy/engines.py:314}}
Feb 15 12:00:48.035753 dv-cinder-778193-14-iscsi devstack@n-api.service[116942]: DEBUG oslo_db.sqlalchemy.engines [None req-f5f0728a-4ba7-4dac-91eb-7ffb1cf0b468 None None] MySQL server mode set to STRICT_TRANS_TABLES,STRICT_ALL_TABLES,NO_ZERO_IN_DATE,NO_ZERO_DATE,ERROR_FOR_DIVISION_BY_ZERO,TRADITIONAL,NO_ENGINE_SUBSTITUTION {{(pid=116942) _check_effective_sql_mode /usr/local/lib/python3.8/dist-packages/oslo_db/sqlalchemy/engines.py:314}}
Feb 15 12:00:48.036544 dv-cinder-778193-14-iscsi devstack@n-api.service[116943]: DEBUG oslo_db.sqlalchemy.engines [None req-53d921f4-3c29-41a9-bd3a-8c9f1780144e None None] MySQL server mode set to STRICT_TRANS_TABLES,STRICT_ALL_TABLES,NO_ZERO_IN_DATE,NO_ZERO_DATE,ERROR_FOR_DIVISION_BY_ZERO,TRADITIONAL,NO_ENGINE_SUBSTITUTION {{(pid=116943) _check_effective_sql_mode /usr/local/lib/python3.8/dist-packages/oslo_db/sqlalchemy/engines.py:314}}
Feb 15 12:00:48.119289 dv-cinder-778193-14-iscsi devstack@n-api.service[116942]: DEBUG nova.context [None req-f5f0728a-4ba7-4dac-91eb-7ffb1cf0b468 None None] Found 2 cells: 00000000-0000-0000-0000-000000000000(cell0),71cea0cb-efae-42d2-9c78-2d256a2d704a(cell1) {{(pid=116942) load_cells /opt/stack/nova/nova/context.py:464}}
Feb 15 12:00:48.123634 dv-cinder-778193-14-iscsi devstack@n-api.service[116942]: DEBUG oslo_concurrency.lockutils [None req-f5f0728a-4ba7-4dac-91eb-7ffb1cf0b468 None None] Lock "00000000-0000-0000-0000-000000000000" acquired by "nova.context.set_target_cell..get_or_set_cached_cell_and_set_connections" :: waited 0.000s {{(pid=116942) inner /usr/local/lib/python3.8/dist-packages/oslo_concurrency/lockutils.py:386}}
Feb 15 12:00:48.125221 dv-cinder-778193-14-iscsi devstack@n-api.service[116942]: DEBUG oslo_concurrency.lockutils [None req-f5f0728a-4ba7-4dac-91eb-7ffb1cf0b468 None None] Lock "00000000-0000-0000-0000-000000000000" "released" by "nova.context.set_target_cell..get_or_set_cached_cell_and_set_connections" :: held 0.002s {{(pid=116942) inner /usr/local/lib/python3.8/dist-packages/oslo_concurrency/lockutils.py:400}}
Feb 15 12:00:48.126044 dv-cinder-778193-14-iscsi devstack@n-api.service[116942]: DEBUG oslo_concurrency.lockutils [None req-f5f0728a-4ba7-4dac-91eb-7ffb1cf0b468 None None] Lock "71cea0cb-efae-42d2-9c78-2d256a2d704a" acquired by "nova.context.set_target_cell..get_or_set_cached_cell_and_set_connections" :: waited 0.000s {{(pid=116942) inner /usr/local/lib/python3.8/dist-packages/oslo_concurrency/lockutils.py:386}}
Feb 15 12:00:48.129009 dv-cinder-778193-14-iscsi devstack@n-api.service[116942]: DEBUG oslo_concurrency.lockutils [None req-f5f0728a-4ba7-4dac-91eb-7ffb1cf0b468 None None] Lock "71cea0cb-efae-42d2-9c78-2d256a2d704a" "released" by "nova.context.set_target_cell..get_or_set_cached_cell_and_set_connections" :: held 0.002s {{(pid=116942) inner /usr/local/lib/python3.8/dist-packages/oslo_concurrency/lockutils.py:400}}
Feb 15 12:00:48.139820 dv-cinder-778193-14-iscsi devstack@n-api.service[116942]: DEBUG oslo_db.sqlalchemy.engines [None req-f5f0728a-4ba7-4dac-91eb-7ffb1cf0b468 None None] MySQL server mode set to STRICT_TRANS_TABLES,STRICT_ALL_TABLES,NO_ZERO_IN_DATE,NO_ZERO_DATE,ERROR_FOR_DIVISION_BY_ZERO,TRADITIONAL,NO_ENGINE_SUBSTITUTION {{(pid=116942) _check_effective_sql_mode /usr/local/lib/python3.8/dist-packages/oslo_db/sqlalchemy/engines.py:314}}
Feb 15 12:00:48.140978 dv-cinder-778193-14-iscsi devstack@n-api.service[116942]: DEBUG oslo_db.sqlalchemy.engines [None req-f5f0728a-4ba7-4dac-91eb-7ffb1cf0b468 None None] MySQL server mode set to STRICT_TRANS_TABLES,STRICT_ALL_TABLES,NO_ZERO_IN_DATE,NO_ZERO_DATE,ERROR_FOR_DIVISION_BY_ZERO,TRADITIONAL,NO_ENGINE_SUBSTITUTION {{(pid=116942) _check_effective_sql_mode /usr/local/lib/python3.8/dist-packages/oslo_db/sqlalchemy/engines.py:314}}
Feb 15 12:00:48.220541 dv-cinder-778193-14-iscsi devstack@n-api.service[116943]: DEBUG oslo_db.sqlalchemy.engines [None req-53d921f4-3c29-41a9-bd3a-8c9f1780144e None None] MySQL server mode set to STRICT_TRANS_TABLES,STRICT_ALL_TABLES,NO_ZERO_IN_DATE,NO_ZERO_DATE,ERROR_FOR_DIVISION_BY_ZERO,TRADITIONAL,NO_ENGINE_SUBSTITUTION {{(pid=116943) _check_effective_sql_mode /usr/local/lib/python3.8/dist-packages/oslo_db/sqlalchemy/engines.py:314}}
Feb 15 12:00:48.330142 dv-cinder-778193-14-iscsi devstack@n-api.service[116942]: DEBUG oslo_db.sqlalchemy.engines [None req-f5f0728a-4ba7-4dac-91eb-7ffb1cf0b468 None None] MySQL server mode set to STRICT_TRANS_TABLES,STRICT_ALL_TABLES,NO_ZERO_IN_DATE,NO_ZERO_DATE,ERROR_FOR_DIVISION_BY_ZERO,TRADITIONAL,NO_ENGINE_SUBSTITUTION {{(pid=116942) _check_effective_sql_mode /usr/local/lib/python3.8/dist-packages/oslo_db/sqlalchemy/engines.py:314}}
Feb 15 12:00:48.714380 dv-cinder-778193-14-iscsi devstack@n-api.service[116943]: WARNING keystonemiddleware.auth_token [None req-53d921f4-3c29-41a9-bd3a-8c9f1780144e None None] AuthToken middleware is set with keystone_authtoken.service_token_roles_required set to False. This is backwards compatible but deprecated behaviour. Please set this to True.
Feb 15 12:00:48.722828 dv-cinder-778193-14-iscsi devstack@n-api.service[116943]: WARNING keystonemiddleware.auth_token [None req-53d921f4-3c29-41a9-bd3a-8c9f1780144e None None] Configuring www_authenticate_uri to point to the public identity endpoint is required; clients may not be able to authenticate against an admin endpoint
Feb 15 12:00:48.829029 dv-cinder-778193-14-iscsi devstack@n-api.service[116942]: WARNING keystonemiddleware.auth_token [None req-f5f0728a-4ba7-4dac-91eb-7ffb1cf0b468 None None] AuthToken middleware is set with keystone_authtoken.service_token_roles_required set to False. This is backwards compatible but deprecated behaviour. Please set this to True.
Feb 15 12:00:48.836369 dv-cinder-778193-14-iscsi devstack@n-api.service[116942]: WARNING keystonemiddleware.auth_token [None req-f5f0728a-4ba7-4dac-91eb-7ffb1cf0b468 None None] Configuring www_authenticate_uri to point to the public identity endpoint is required; clients may not be able to authenticate against an admin endpoint
Feb 15 12:00:48.960255 dv-cinder-778193-14-iscsi devstack@n-api.service[116943]: WARNING keystonemiddleware.auth_token [None req-53d921f4-3c29-41a9-bd3a-8c9f1780144e None None] AuthToken middleware is set with keystone_authtoken.service_token_roles_required set to False. This is backwards compatible but deprecated behaviour. Please set this to True.
Feb 15 12:00:48.965640 dv-cinder-778193-14-iscsi devstack@n-api.service[116943]: WARNING keystonemiddleware.auth_token [None req-53d921f4-3c29-41a9-bd3a-8c9f1780144e None None] Configuring www_authenticate_uri to point to the public identity endpoint is required; clients may not be able to authenticate against an admin endpoint
Feb 15 12:00:48.971008 dv-cinder-778193-14-iscsi devstack@n-api.service[116943]: WSGI app 0 (mountpoint='') ready in 5 seconds on interpreter 0x55c3baad49c0 pid: 116943 (default app)
Feb 15 12:00:49.078846 dv-cinder-778193-14-iscsi devstack@n-api.service[116942]: WARNING keystonemiddleware.auth_token [None req-f5f0728a-4ba7-4dac-91eb-7ffb1cf0b468 None None] AuthToken middleware is set with keystone_authtoken.service_token_roles_required set to False. This is backwards compatible but deprecated behaviour. Please set this to True.
Feb 15 12:00:49.086773 dv-cinder-778193-14-iscsi devstack@n-api.service[116942]: WARNING keystonemiddleware.auth_token [None req-f5f0728a-4ba7-4dac-91eb-7ffb1cf0b468 None None] Configuring www_authenticate_uri to point to the public identity endpoint is required; clients may not be able to authenticate against an admin endpoint
Feb 15 12:00:49.092198 dv-cinder-778193-14-iscsi devstack@n-api.service[116942]: WSGI app 0 (mountpoint='') ready in 6 seconds on interpreter 0x55c3baad49c0 pid: 116942 (default app)
Feb 15 12:01:27.564164 dv-cinder-778193-14-iscsi devstack@n-api.service[116943]: DEBUG nova.api.openstack.wsgi [None req-b0f2fb64-6a17-4375-8955-25d158603015 tempest-VolumesGetTestJSON-1112543645 tempest-VolumesGetTestJSON-1112543645-project] Action: 'create', calling method: .version_select at 0x7fc8a43695e0>, body: {"volume": {"size": 1, "display_name": "tempest-VolumesGetTestJSON-Volume-1263721604", "metadata": {"Type": "work"}}} {{(pid=116943) _process_stack /opt/stack/nova/nova/api/openstack/wsgi.py:511}}
Feb 15 12:01:29.557592 dv-cinder-778193-14-iscsi devstack@n-api.service[116942]: DEBUG nova.api.openstack.wsgi [None req-48581fb8-1612-4409-ac90-8104871e2f42 tempest-AttachVolumeNegativeTest-1021973081 tempest-AttachVolumeNegativeTest-1021973081-project] Action: 'create', calling method: >, body: {"server": {"name": "tempest-AttachVolumeNegativeTest-server-95094429", "imageRef": "f57ade19-073a-4c5e-9685-62130cc78e0a", "flavorRef": "452", "networks": [{"uuid": "90450d1c-5e08-400e-b638-8ec6ad33a0b3"}]}} {{(pid=116942) _process_stack /opt/stack/nova/nova/api/openstack/wsgi.py:511}}
Feb 15 12:01:30.089058 dv-cinder-778193-14-iscsi devstack@n-api.service[116943]: INFO nova.api.openstack.requestlog [None req-b0f2fb64-6a17-4375-8955-25d158603015 tempest-VolumesGetTestJSON-1112543645 tempest-VolumesGetTestJSON-1112543645-project] 10.222.0.36 "POST /compute/v2.1/os-volumes" status: 200 len: 353 microversion: 2.1 time: 3.999354
Feb 15 12:01:30.090084 dv-cinder-778193-14-iscsi devstack@n-api.service[116943]: [pid: 116943|app: 0|req: 1/1] 10.222.0.36 () {60 vars in 1155 bytes} [Tue Feb 15 12:01:26 2022] POST /compute/v2.1/os-volumes => generated 353 bytes in 4003 msecs (HTTP/1.1 200) 10 headers in 448 bytes (1 switches on core 0)
Feb 15 12:01:30.169043 dv-cinder-778193-14-iscsi devstack@n-api.service[116942]: DEBUG nova.network.neutron [None req-48581fb8-1612-4409-ac90-8104871e2f42 tempest-AttachVolumeNegativeTest-1021973081 tempest-AttachVolumeNegativeTest-1021973081-project] validate_networks() for [('90450d1c-5e08-400e-b638-8ec6ad33a0b3', None, None, None, None, None)] {{(pid=116942) validate_networks /opt/stack/nova/nova/network/neutron.py:2623}}
Feb 15 12:01:30.304079 dv-cinder-778193-14-iscsi devstack@n-api.service[116943]: DEBUG nova.api.openstack.wsgi [None req-b56349f5-4ea2-4e77-a77d-085649f19282 tempest-DeleteServersTestJSON-1785766294 tempest-DeleteServersTestJSON-1785766294-project] Action: 'create', calling method: >, body: {"server": {"name": "tempest-DeleteServersTestJSON-server-1792742152", "imageRef": "f57ade19-073a-4c5e-9685-62130cc78e0a", "flavorRef": "452", "networks": [{"uuid": "fee8a191-4866-40c3-9742-f7eaac930a61"}]}} {{(pid=116943) _process_stack /opt/stack/nova/nova/api/openstack/wsgi.py:511}}
Feb 15 12:01:30.613596 dv-cinder-778193-14-iscsi devstack@n-api.service[116943]: DEBUG nova.network.neutron [None req-b56349f5-4ea2-4e77-a77d-085649f19282 tempest-DeleteServersTestJSON-1785766294 tempest-DeleteServersTestJSON-1785766294-project] validate_networks() for [('fee8a191-4866-40c3-9742-f7eaac930a61', None, None, None, None, None)] {{(pid=116943) validate_networks /opt/stack/nova/nova/network/neutron.py:2623}}
Feb 15 12:01:32.021965 dv-cinder-778193-14-iscsi devstack@n-api.service[116942]: DEBUG nova.virt.hardware [None req-48581fb8-1612-4409-ac90-8104871e2f42 tempest-AttachVolumeNegativeTest-1021973081 tempest-AttachVolumeNegativeTest-1021973081-project] Flavor limits 0:0:0 {{(pid=116942) get_cpu_topology_constraints /opt/stack/nova/nova/virt/hardware.py:343}}
Feb 15 12:01:32.022525 dv-cinder-778193-14-iscsi devstack@n-api.service[116942]: DEBUG nova.virt.hardware [None req-48581fb8-1612-4409-ac90-8104871e2f42 tempest-AttachVolumeNegativeTest-1021973081 tempest-AttachVolumeNegativeTest-1021973081-project] Image limits 0:0:0 {{(pid=116942) get_cpu_topology_constraints /opt/stack/nova/nova/virt/hardware.py:347}}
Feb 15 12:01:32.022892 dv-cinder-778193-14-iscsi devstack@n-api.service[116942]: DEBUG nova.virt.hardware [None req-48581fb8-1612-4409-ac90-8104871e2f42 tempest-AttachVolumeNegativeTest-1021973081 tempest-AttachVolumeNegativeTest-1021973081-project] Flavor pref 0:0:0 {{(pid=116942) get_cpu_topology_constraints /opt/stack/nova/nova/virt/hardware.py:383}}
Feb 15 12:01:32.023263 dv-cinder-778193-14-iscsi devstack@n-api.service[116942]: DEBUG nova.virt.hardware [None req-48581fb8-1612-4409-ac90-8104871e2f42 tempest-AttachVolumeNegativeTest-1021973081 tempest-AttachVolumeNegativeTest-1021973081-project] Image pref 0:0:0 {{(pid=116942) get_cpu_topology_constraints /opt/stack/nova/nova/virt/hardware.py:387}}
Feb 15 12:01:32.023750 dv-cinder-778193-14-iscsi devstack@n-api.service[116942]: DEBUG nova.virt.hardware [None req-48581fb8-1612-4409-ac90-8104871e2f42 tempest-AttachVolumeNegativeTest-1021973081 tempest-AttachVolumeNegativeTest-1021973081-project] Chose sockets=0, cores=0, threads=0; limits were sockets=65536, cores=65536, threads=65536 {{(pid=116942) get_cpu_topology_constraints /opt/stack/nova/nova/virt/hardware.py:425}}
Feb 15 12:01:32.041185 dv-cinder-778193-14-iscsi devstack@n-api.service[116942]: DEBUG oslo_concurrency.lockutils [None req-48581fb8-1612-4409-ac90-8104871e2f42 tempest-AttachVolumeNegativeTest-1021973081 tempest-AttachVolumeNegativeTest-1021973081-project] Lock "00000000-0000-0000-0000-000000000000" acquired by "nova.context.set_target_cell..get_or_set_cached_cell_and_set_connections" :: waited 0.000s {{(pid=116942) inner /usr/local/lib/python3.8/dist-packages/oslo_concurrency/lockutils.py:386}}
Feb 15 12:01:32.041981 dv-cinder-778193-14-iscsi devstack@n-api.service[116942]: DEBUG oslo_concurrency.lockutils [None req-48581fb8-1612-4409-ac90-8104871e2f42 tempest-AttachVolumeNegativeTest-1021973081 tempest-AttachVolumeNegativeTest-1021973081-project] Lock "00000000-0000-0000-0000-000000000000" "released" by "nova.context.set_target_cell..get_or_set_cached_cell_and_set_connections" :: held 0.001s {{(pid=116942) inner /usr/local/lib/python3.8/dist-packages/oslo_concurrency/lockutils.py:400}}
Feb 15 12:01:32.043022 dv-cinder-778193-14-iscsi devstack@n-api.service[116942]: DEBUG oslo_concurrency.lockutils [None req-48581fb8-1612-4409-ac90-8104871e2f42 tempest-AttachVolumeNegativeTest-1021973081 tempest-AttachVolumeNegativeTest-1021973081-project] Lock "71cea0cb-efae-42d2-9c78-2d256a2d704a" acquired by "nova.context.set_target_cell..get_or_set_cached_cell_and_set_connections" :: waited 0.000s {{(pid=116942) inner /usr/local/lib/python3.8/dist-packages/oslo_concurrency/lockutils.py:386}}
Feb 15 12:01:32.043698 dv-cinder-778193-14-iscsi devstack@n-api.service[116942]: DEBUG oslo_concurrency.lockutils [None req-48581fb8-1612-4409-ac90-8104871e2f42 tempest-AttachVolumeNegativeTest-1021973081 tempest-AttachVolumeNegativeTest-1021973081-project] Lock "71cea0cb-efae-42d2-9c78-2d256a2d704a" "released" by "nova.context.set_target_cell..get_or_set_cached_cell_and_set_connections" :: held 0.001s {{(pid=116942) inner /usr/local/lib/python3.8/dist-packages/oslo_concurrency/lockutils.py:400}}
Feb 15 12:01:32.082302 dv-cinder-778193-14-iscsi devstack@n-api.service[116942]: DEBUG nova.quota [None req-48581fb8-1612-4409-ac90-8104871e2f42 tempest-AttachVolumeNegativeTest-1021973081 tempest-AttachVolumeNegativeTest-1021973081-project] Getting quotas for project 8cbb1c810044435db4101870064a7b1b. Resources: {'instances', 'cores', 'ram'} {{(pid=116942) _get_quotas /opt/stack/nova/nova/quota.py:387}}
Feb 15 12:01:32.091822 dv-cinder-778193-14-iscsi devstack@n-api.service[116942]: DEBUG nova.quota [None req-48581fb8-1612-4409-ac90-8104871e2f42 tempest-AttachVolumeNegativeTest-1021973081 tempest-AttachVolumeNegativeTest-1021973081-project] Getting quotas for user 0f2af9a602464b27ba967c73229cdca0 and project 8cbb1c810044435db4101870064a7b1b. Resources: {'instances', 'cores', 'ram'} {{(pid=116942) _get_quotas /opt/stack/nova/nova/quota.py:377}}
Feb 15 12:01:32.114974 dv-cinder-778193-14-iscsi devstack@n-api.service[116942]: DEBUG nova.compute.api [None req-48581fb8-1612-4409-ac90-8104871e2f42 tempest-AttachVolumeNegativeTest-1021973081 tempest-AttachVolumeNegativeTest-1021973081-project] Going to run 1 instances... {{(pid=116942) _provision_instances /opt/stack/nova/nova/compute/api.py:1370}}
Feb 15 12:01:32.122911 dv-cinder-778193-14-iscsi devstack@n-api.service[116942]: DEBUG nova.compute.api [None req-48581fb8-1612-4409-ac90-8104871e2f42 tempest-AttachVolumeNegativeTest-1021973081 tempest-AttachVolumeNegativeTest-1021973081-project] [instance: 2445ddb0-a198-4382-b85b-ec01e1e5b27b] block_device_mapping [BlockDeviceMapping(attachment_id=,boot_index=0,connection_info=None,created_at=,delete_on_termination=True,deleted=,deleted_at=,destination_type='local',device_name=None,device_type='disk',disk_bus=None,guest_format=None,id=,image_id='f57ade19-073a-4c5e-9685-62130cc78e0a',instance=,instance_uuid=,no_device=False,snapshot_id=None,source_type='image',tag=None,updated_at=,uuid=,volume_id=None,volume_size=None,volume_type=None)] {{(pid=116942) _bdm_validate_set_size_and_instance /opt/stack/nova/nova/compute/api.py:1777}}
Feb 15 12:01:32.129029 dv-cinder-778193-14-iscsi devstack@n-api.service[116943]: DEBUG nova.virt.hardware [None req-b56349f5-4ea2-4e77-a77d-085649f19282 tempest-DeleteServersTestJSON-1785766294 tempest-DeleteServersTestJSON-1785766294-project] Flavor limits 0:0:0 {{(pid=116943) get_cpu_topology_constraints /opt/stack/nova/nova/virt/hardware.py:343}}
Feb 15 12:01:32.130254 dv-cinder-778193-14-iscsi devstack@n-api.service[116943]: DEBUG nova.virt.hardware [None req-b56349f5-4ea2-4e77-a77d-085649f19282 tempest-DeleteServersTestJSON-1785766294 tempest-DeleteServersTestJSON-1785766294-project] Image limits 0:0:0 {{(pid=116943) get_cpu_topology_constraints /opt/stack/nova/nova/virt/hardware.py:347}}
Feb 15 12:01:32.132080 dv-cinder-778193-14-iscsi devstack@n-api.service[116943]: DEBUG nova.virt.hardware [None req-b56349f5-4ea2-4e77-a77d-085649f19282 tempest-DeleteServersTestJSON-1785766294 tempest-DeleteServersTestJSON-1785766294-project] Flavor pref 0:0:0 {{(pid=116943) get_cpu_topology_constraints /opt/stack/nova/nova/virt/hardware.py:383}}
Feb 15 12:01:32.133200 dv-cinder-778193-14-iscsi devstack@n-api.service[116943]: DEBUG nova.virt.hardware [None req-b56349f5-4ea2-4e77-a77d-085649f19282 tempest-DeleteServersTestJSON-1785766294 tempest-DeleteServersTestJSON-1785766294-project] Image pref 0:0:0 {{(pid=116943) get_cpu_topology_constraints /opt/stack/nova/nova/virt/hardware.py:387}}
Feb 15 12:01:32.134297 dv-cinder-778193-14-iscsi devstack@n-api.service[116943]: DEBUG nova.virt.hardware [None req-b56349f5-4ea2-4e77-a77d-085649f19282 tempest-DeleteServersTestJSON-1785766294 tempest-DeleteServersTestJSON-1785766294-project] Chose sockets=0, cores=0, threads=0; limits were sockets=65536, cores=65536, threads=65536 {{(pid=116943) get_cpu_topology_constraints /opt/stack/nova/nova/virt/hardware.py:425}}
Feb 15 12:01:32.174565 dv-cinder-778193-14-iscsi devstack@n-api.service[116943]: DEBUG oslo_concurrency.lockutils [None req-b56349f5-4ea2-4e77-a77d-085649f19282 tempest-DeleteServersTestJSON-1785766294 tempest-DeleteServersTestJSON-1785766294-project] Lock "00000000-0000-0000-0000-000000000000" acquired by "nova.context.set_target_cell..get_or_set_cached_cell_and_set_connections" :: waited 0.000s {{(pid=116943) inner /usr/local/lib/python3.8/dist-packages/oslo_concurrency/lockutils.py:386}}
Feb 15 12:01:32.174565 dv-cinder-778193-14-iscsi devstack@n-api.service[116943]: DEBUG oslo_concurrency.lockutils [None req-b56349f5-4ea2-4e77-a77d-085649f19282 tempest-DeleteServersTestJSON-1785766294 tempest-DeleteServersTestJSON-1785766294-project] Lock "00000000-0000-0000-0000-000000000000" "released" by "nova.context.set_target_cell..get_or_set_cached_cell_and_set_connections" :: held 0.001s {{(pid=116943) inner /usr/local/lib/python3.8/dist-packages/oslo_concurrency/lockutils.py:400}}
Feb 15 12:01:32.174565 dv-cinder-778193-14-iscsi devstack@n-api.service[116943]: DEBUG oslo_concurrency.lockutils [None req-b56349f5-4ea2-4e77-a77d-085649f19282 tempest-DeleteServersTestJSON-1785766294 tempest-DeleteServersTestJSON-1785766294-project] Lock "71cea0cb-efae-42d2-9c78-2d256a2d704a" acquired by "nova.context.set_target_cell..get_or_set_cached_cell_and_set_connections" :: waited 0.000s {{(pid=116943) inner /usr/local/lib/python3.8/dist-packages/oslo_concurrency/lockutils.py:386}}
Feb 15 12:01:32.174954 dv-cinder-778193-14-iscsi devstack@n-api.service[116943]: DEBUG oslo_concurrency.lockutils [None req-b56349f5-4ea2-4e77-a77d-085649f19282 tempest-DeleteServersTestJSON-1785766294 tempest-DeleteServersTestJSON-1785766294-project] Lock "71cea0cb-efae-42d2-9c78-2d256a2d704a" "released" by "nova.context.set_target_cell..get_or_set_cached_cell_and_set_connections" :: held 0.000s {{(pid=116943) inner /usr/local/lib/python3.8/dist-packages/oslo_concurrency/lockutils.py:400}}
Feb 15 12:01:32.220014 dv-cinder-778193-14-iscsi devstack@n-api.service[116943]: DEBUG nova.quota [None req-b56349f5-4ea2-4e77-a77d-085649f19282 tempest-DeleteServersTestJSON-1785766294 tempest-DeleteServersTestJSON-1785766294-project] Getting quotas for project 32e1b684c1354317bcb57e3111b098f6. Resources: {'instances', 'cores', 'ram'} {{(pid=116943) _get_quotas /opt/stack/nova/nova/quota.py:387}}
Feb 15 12:01:32.233090 dv-cinder-778193-14-iscsi devstack@n-api.service[116943]: DEBUG nova.quota [None req-b56349f5-4ea2-4e77-a77d-085649f19282 tempest-DeleteServersTestJSON-1785766294 tempest-DeleteServersTestJSON-1785766294-project] Getting quotas for user 07220553a3ef4c20959ec86c84838201 and project 32e1b684c1354317bcb57e3111b098f6. Resources: {'instances', 'cores', 'ram'} {{(pid=116943) _get_quotas /opt/stack/nova/nova/quota.py:377}}
Feb 15 12:01:32.249108 dv-cinder-778193-14-iscsi devstack@n-api.service[116943]: DEBUG nova.compute.api [None req-b56349f5-4ea2-4e77-a77d-085649f19282 tempest-DeleteServersTestJSON-1785766294 tempest-DeleteServersTestJSON-1785766294-project] Going to run 1 instances... {{(pid=116943) _provision_instances /opt/stack/nova/nova/compute/api.py:1370}}
Feb 15 12:01:32.255586 dv-cinder-778193-14-iscsi devstack@n-api.service[116943]: DEBUG nova.compute.api [None req-b56349f5-4ea2-4e77-a77d-085649f19282 tempest-DeleteServersTestJSON-1785766294 tempest-DeleteServersTestJSON-1785766294-project] [instance: 36a9b28a-c8a9-41ee-855b-0febdd361b07] block_device_mapping [BlockDeviceMapping(attachment_id=,boot_index=0,connection_info=None,created_at=,delete_on_termination=True,deleted=,deleted_at=,destination_type='local',device_name=None,device_type='disk',disk_bus=None,guest_format=None,id=,image_id='f57ade19-073a-4c5e-9685-62130cc78e0a',instance=,instance_uuid=,no_device=False,snapshot_id=None,source_type='image',tag=None,updated_at=,uuid=,volume_id=None,volume_size=None,volume_type=None)] {{(pid=116943) _bdm_validate_set_size_and_instance /opt/stack/nova/nova/compute/api.py:1777}}
Feb 15 12:01:32.366089 dv-cinder-778193-14-iscsi devstack@n-api.service[116942]: INFO nova.api.openstack.requestlog [None req-48581fb8-1612-4409-ac90-8104871e2f42 tempest-AttachVolumeNegativeTest-1021973081 tempest-AttachVolumeNegativeTest-1021973081-project] 10.222.0.36 "POST /compute/v2.1/servers" status: 202 len: 380 microversion: 2.1 time: 3.345125
Feb 15 12:01:32.369085 dv-cinder-778193-14-iscsi devstack@n-api.service[116942]: [pid: 116942|app: 0|req: 1/2] 10.222.0.36 () {60 vars in 1146 bytes} [Tue Feb 15 12:01:29 2022] POST /compute/v2.1/servers => generated 380 bytes in 3355 msecs (HTTP/1.1 202) 10 headers in 451 bytes (1 switches on core 0)
Feb 15 12:01:32.379487 dv-cinder-778193-14-iscsi devstack@n-api.service[116942]: DEBUG nova.api.openstack.wsgi [None req-64ab9273-fac6-4f7d-8836-28d69ab5b009 tempest-VolumesGetTestJSON-1112543645 tempest-VolumesGetTestJSON-1112543645-project] Calling method '.version_select at 0x7fc8a3968160>' {{(pid=116942) _process_stack /opt/stack/nova/nova/api/openstack/wsgi.py:513}}
Feb 15 12:01:32.538580 dv-cinder-778193-14-iscsi devstack@n-api.service[116943]: INFO nova.api.openstack.requestlog [None req-b56349f5-4ea2-4e77-a77d-085649f19282 tempest-DeleteServersTestJSON-1785766294 tempest-DeleteServersTestJSON-1785766294-project] 10.222.0.36 "POST /compute/v2.1/servers" status: 202 len: 380 microversion: 2.1 time: 2.446168
Feb 15 12:01:32.539257 dv-cinder-778193-14-iscsi devstack@n-api.service[116943]: [pid: 116943|app: 0|req: 2/3] 10.222.0.36 () {60 vars in 1146 bytes} [Tue Feb 15 12:01:30 2022] POST /compute/v2.1/servers => generated 380 bytes in 2448 msecs (HTTP/1.1 202) 10 headers in 451 bytes (1 switches on core 0)
Feb 15 12:01:32.553269 dv-cinder-778193-14-iscsi devstack@n-api.service[116942]: INFO nova.api.openstack.requestlog [None req-64ab9273-fac6-4f7d-8836-28d69ab5b009 tempest-VolumesGetTestJSON-1112543645 tempest-VolumesGetTestJSON-1112543645-project] 10.222.0.36 "GET /compute/v2.1/os-volumes/9cfb5622-834c-49bb-8388-716db540062e" status: 200 len: 354 microversion: 2.1 time: 0.181856
Feb 15 12:01:32.553686 dv-cinder-778193-14-iscsi devstack@n-api.service[116942]: [pid: 116942|app: 0|req: 2/4] 10.222.0.36 () {58 vars in 1244 bytes} [Tue Feb 15 12:01:32 2022] GET /compute/v2.1/os-volumes/9cfb5622-834c-49bb-8388-716db540062e => generated 354 bytes in 184 msecs (HTTP/1.1 200) 9 headers in 357 bytes (1 switches on core 0)
Feb 15 12:01:32.565809 dv-cinder-778193-14-iscsi devstack@n-api.service[116942]: DEBUG nova.api.openstack.wsgi [None req-0b77cfaf-2f45-42bb-beaf-af2a604b22a3 tempest-DeleteServersTestJSON-1785766294 tempest-DeleteServersTestJSON-1785766294-project] Calling method '>' {{(pid=116942) _process_stack /opt/stack/nova/nova/api/openstack/wsgi.py:513}}
Feb 15 12:01:32.567262 dv-cinder-778193-14-iscsi devstack@n-api.service[116942]: DEBUG nova.compute.api [None req-0b77cfaf-2f45-42bb-beaf-af2a604b22a3 tempest-DeleteServersTestJSON-1785766294 tempest-DeleteServersTestJSON-1785766294-project] [instance: 36a9b28a-c8a9-41ee-855b-0febdd361b07] Fetching instance by UUID {{(pid=116942) get /opt/stack/nova/nova/compute/api.py:2885}}
Feb 15 12:01:32.567609 dv-cinder-778193-14-iscsi devstack@n-api.service[116943]: DEBUG nova.api.openstack.wsgi [None req-9df76531-8510-4c61-ad7b-7c8749743f09 tempest-AttachVolumeNegativeTest-1021973081 tempest-AttachVolumeNegativeTest-1021973081-project] Calling method '>' {{(pid=116943) _process_stack /opt/stack/nova/nova/api/openstack/wsgi.py:513}}
Feb 15 12:01:32.569481 dv-cinder-778193-14-iscsi devstack@n-api.service[116943]: DEBUG nova.compute.api [None req-9df76531-8510-4c61-ad7b-7c8749743f09 tempest-AttachVolumeNegativeTest-1021973081 tempest-AttachVolumeNegativeTest-1021973081-project] [instance: 2445ddb0-a198-4382-b85b-ec01e1e5b27b] Fetching instance by UUID {{(pid=116943) get /opt/stack/nova/nova/compute/api.py:2885}}
Feb 15 12:01:32.776704 dv-cinder-778193-14-iscsi devstack@n-api.service[116942]: DEBUG nova.policy [None req-0b77cfaf-2f45-42bb-beaf-af2a604b22a3 tempest-DeleteServersTestJSON-1785766294 tempest-DeleteServersTestJSON-1785766294-project] Policy check for os_compute_api:os-extended-server-attributes failed with credentials {'is_admin': False, 'user_id': '07220553a3ef4c20959ec86c84838201', 'user_domain_id': 'default', 'system_scope': None, 'domain_id': None, 'project_id': '32e1b684c1354317bcb57e3111b098f6', 'project_domain_id': 'default', 'roles': ['member', 'reader'], 'is_admin_project': True, 'service_user_id': None, 'service_user_domain_id': None, 'service_project_id': None, 'service_project_domain_id': None, 'service_roles': []} {{(pid=116942) authorize /opt/stack/nova/nova/policy.py:199}}
Feb 15 12:01:32.807053 dv-cinder-778193-14-iscsi devstack@n-api.service[116942]: INFO nova.api.openstack.requestlog [None req-0b77cfaf-2f45-42bb-beaf-af2a604b22a3 tempest-DeleteServersTestJSON-1785766294 tempest-DeleteServersTestJSON-1785766294-project] 10.222.0.36 "GET /compute/v2.1/servers/36a9b28a-c8a9-41ee-855b-0febdd361b07" status: 200 len: 1215 microversion: 2.1 time: 0.252169
Feb 15 12:01:32.808017 dv-cinder-778193-14-iscsi devstack@n-api.service[116942]: [pid: 116942|app: 0|req: 3/5] 10.222.0.36 () {58 vars in 1235 bytes} [Tue Feb 15 12:01:32 2022] GET /compute/v2.1/servers/36a9b28a-c8a9-41ee-855b-0febdd361b07 => generated 1215 bytes in 254 msecs (HTTP/1.1 200) 9 headers in 358 bytes (1 switches on core 0)
Feb 15 12:01:32.822159 dv-cinder-778193-14-iscsi devstack@n-api.service[116942]: DEBUG nova.api.openstack.wsgi [None req-0d832162-f14a-406b-aee0-15088127db55 tempest-VolumesGetTestJSON-1112543645 tempest-VolumesGetTestJSON-1112543645-project] Calling method '.version_select at 0x7fc8a30e4430>' {{(pid=116942) _process_stack /opt/stack/nova/nova/api/openstack/wsgi.py:513}}
Feb 15 12:01:32.876784 dv-cinder-778193-14-iscsi devstack@n-api.service[116943]: DEBUG nova.policy [None req-9df76531-8510-4c61-ad7b-7c8749743f09 tempest-AttachVolumeNegativeTest-1021973081 tempest-AttachVolumeNegativeTest-1021973081-project] Policy check for os_compute_api:os-extended-server-attributes failed with credentials {'is_admin': False, 'user_id': '0f2af9a602464b27ba967c73229cdca0', 'user_domain_id': 'default', 'system_scope': None, 'domain_id': None, 'project_id': '8cbb1c810044435db4101870064a7b1b', 'project_domain_id': 'default', 'roles': ['member', 'reader'], 'is_admin_project': True, 'service_user_id': None, 'service_user_domain_id': None, 'service_project_id': None, 'service_project_domain_id': None, 'service_roles': []} {{(pid=116943) authorize /opt/stack/nova/nova/policy.py:199}}
Feb 15 12:01:32.906198 dv-cinder-778193-14-iscsi devstack@n-api.service[116943]: INFO nova.api.openstack.requestlog [None req-9df76531-8510-4c61-ad7b-7c8749743f09 tempest-AttachVolumeNegativeTest-1021973081 tempest-AttachVolumeNegativeTest-1021973081-project] 10.222.0.36 "GET /compute/v2.1/servers/2445ddb0-a198-4382-b85b-ec01e1e5b27b" status: 200 len: 1216 microversion: 2.1 time: 0.359679
Feb 15 12:01:32.912534 dv-cinder-778193-14-iscsi devstack@n-api.service[116943]: [pid: 116943|app: 0|req: 3/6] 10.222.0.36 () {58 vars in 1235 bytes} [Tue Feb 15 12:01:32 2022] GET /compute/v2.1/servers/2445ddb0-a198-4382-b85b-ec01e1e5b27b => generated 1216 bytes in 371 msecs (HTTP/1.1 200) 9 headers in 358 bytes (1 switches on core 0)
Feb 15 12:01:32.988326 dv-cinder-778193-14-iscsi devstack@n-api.service[116942]: INFO nova.api.openstack.requestlog [None req-0d832162-f14a-406b-aee0-15088127db55 tempest-VolumesGetTestJSON-1112543645 tempest-VolumesGetTestJSON-1112543645-project] 10.222.0.36 "GET /compute/v2.1/os-volumes/9cfb5622-834c-49bb-8388-716db540062e" status: 200 len: 354 microversion: 2.1 time: 0.176682
Feb 15 12:01:32.996037 dv-cinder-778193-14-iscsi devstack@n-api.service[116942]: [pid: 116942|app: 0|req: 4/7] 10.222.0.36 () {58 vars in 1244 bytes} [Tue Feb 15 12:01:32 2022] GET /compute/v2.1/os-volumes/9cfb5622-834c-49bb-8388-716db540062e => generated 354 bytes in 179 msecs (HTTP/1.1 200) 9 headers in 357 bytes (1 switches on core 0)
Feb 15 12:01:33.003208 dv-cinder-778193-14-iscsi devstack@n-api.service[116943]: DEBUG nova.api.openstack.wsgi [None req-a02fdafc-9f74-4a46-9b86-c9723b372bf5 tempest-VolumesGetTestJSON-1112543645 tempest-VolumesGetTestJSON-1112543645-project] Calling method '.version_select at 0x7fc8a30f21f0>' {{(pid=116943) _process_stack /opt/stack/nova/nova/api/openstack/wsgi.py:513}}
Feb 15 12:01:33.310733 dv-cinder-778193-14-iscsi devstack@n-api.service[116943]: INFO nova.api.openstack.requestlog [None req-a02fdafc-9f74-4a46-9b86-c9723b372bf5 tempest-VolumesGetTestJSON-1112543645 tempest-VolumesGetTestJSON-1112543645-project] 10.222.0.36 "DELETE /compute/v2.1/os-volumes/9cfb5622-834c-49bb-8388-716db540062e" status: 202 len: 0 microversion: 2.1 time: 0.311793
Feb 15 12:01:33.320029 dv-cinder-778193-14-iscsi devstack@n-api.service[116943]: [pid: 116943|app: 0|req: 4/8] 10.222.0.36 () {58 vars in 1247 bytes} [Tue Feb 15 12:01:32 2022] DELETE /compute/v2.1/os-volumes/9cfb5622-834c-49bb-8388-716db540062e => generated 0 bytes in 315 msecs (HTTP/1.1 202) 9 headers in 361 bytes (1 switches on core 0)
Feb 15 12:01:33.322727 dv-cinder-778193-14-iscsi devstack@n-api.service[116942]: DEBUG nova.api.openstack.wsgi [None req-d81c857c-83ae-44b4-b422-e9fa4b2a68a1 tempest-VolumesGetTestJSON-1112543645 tempest-VolumesGetTestJSON-1112543645-project] Calling method '.version_select at 0x7fc8a31518b0>' {{(pid=116942) _process_stack /opt/stack/nova/nova/api/openstack/wsgi.py:513}}
Feb 15 12:01:33.405205 dv-cinder-778193-14-iscsi devstack@n-api.service[116942]: INFO nova.api.openstack.requestlog [None req-d81c857c-83ae-44b4-b422-e9fa4b2a68a1 tempest-VolumesGetTestJSON-1112543645 tempest-VolumesGetTestJSON-1112543645-project] 10.222.0.36 "GET /compute/v2.1/os-volumes/9cfb5622-834c-49bb-8388-716db540062e" status: 200 len: 353 microversion: 2.1 time: 0.088320
Feb 15 12:01:33.405953 dv-cinder-778193-14-iscsi devstack@n-api.service[116942]: [pid: 116942|app: 0|req: 5/9] 10.222.0.36 () {58 vars in 1244 bytes} [Tue Feb 15 12:01:33 2022] GET /compute/v2.1/os-volumes/9cfb5622-834c-49bb-8388-716db540062e => generated 353 bytes in 90 msecs (HTTP/1.1 200) 9 headers in 357 bytes (1 switches on core 0)
Feb 15 12:01:33.825971 dv-cinder-778193-14-iscsi devstack@n-api.service[116943]: DEBUG nova.api.openstack.wsgi [None req-9104d141-b1cb-4e82-8dfc-e8b5d6d9f592 tempest-DeleteServersTestJSON-1785766294 tempest-DeleteServersTestJSON-1785766294-project] Calling method '>' {{(pid=116943) _process_stack /opt/stack/nova/nova/api/openstack/wsgi.py:513}}
Feb 15 12:01:33.826953 dv-cinder-778193-14-iscsi devstack@n-api.service[116943]: DEBUG nova.compute.api [None req-9104d141-b1cb-4e82-8dfc-e8b5d6d9f592 tempest-DeleteServersTestJSON-1785766294 tempest-DeleteServersTestJSON-1785766294-project] [instance: 36a9b28a-c8a9-41ee-855b-0febdd361b07] Fetching instance by UUID {{(pid=116943) get /opt/stack/nova/nova/compute/api.py:2885}}
Feb 15 12:01:33.909411 dv-cinder-778193-14-iscsi devstack@n-api.service[116943]: DEBUG nova.policy [None req-9104d141-b1cb-4e82-8dfc-e8b5d6d9f592 tempest-DeleteServersTestJSON-1785766294 tempest-DeleteServersTestJSON-1785766294-project] Policy check for os_compute_api:os-extended-server-attributes failed with credentials {'is_admin': False, 'user_id': '07220553a3ef4c20959ec86c84838201', 'user_domain_id': 'default', 'system_scope': None, 'domain_id': None, 'project_id': '32e1b684c1354317bcb57e3111b098f6', 'project_domain_id': 'default', 'roles': ['member', 'reader'], 'is_admin_project': True, 'service_user_id': None, 'service_user_domain_id': None, 'service_project_id': None, 'service_project_domain_id': None, 'service_roles': []} {{(pid=116943) authorize /opt/stack/nova/nova/policy.py:199}}
Feb 15 12:01:33.920689 dv-cinder-778193-14-iscsi devstack@n-api.service[116943]: INFO nova.api.openstack.requestlog [None req-9104d141-b1cb-4e82-8dfc-e8b5d6d9f592 tempest-DeleteServersTestJSON-1785766294 tempest-DeleteServersTestJSON-1785766294-project] 10.222.0.36 "GET /compute/v2.1/servers/36a9b28a-c8a9-41ee-855b-0febdd361b07" status: 200 len: 1215 microversion: 2.1 time: 0.099748
Feb 15 12:01:33.928326 dv-cinder-778193-14-iscsi devstack@n-api.service[116942]: DEBUG nova.api.openstack.wsgi [None req-3eeea2cf-8300-433b-bbe5-a4f400a18439 tempest-AttachVolumeNegativeTest-1021973081 tempest-AttachVolumeNegativeTest-1021973081-project] Calling method '>' {{(pid=116942) _process_stack /opt/stack/nova/nova/api/openstack/wsgi.py:513}}
Feb 15 12:01:33.929754 dv-cinder-778193-14-iscsi devstack@n-api.service[116942]: DEBUG nova.compute.api [None req-3eeea2cf-8300-433b-bbe5-a4f400a18439 tempest-AttachVolumeNegativeTest-1021973081 tempest-AttachVolumeNegativeTest-1021973081-project] [instance: 2445ddb0-a198-4382-b85b-ec01e1e5b27b] Fetching instance by UUID {{(pid=116942) get /opt/stack/nova/nova/compute/api.py:2885}}
Feb 15 12:01:33.935122 dv-cinder-778193-14-iscsi devstack@n-api.service[116943]: [pid: 116943|app: 0|req: 5/10] 10.222.0.36 () {58 vars in 1235 bytes} [Tue Feb 15 12:01:33 2022] GET /compute/v2.1/servers/36a9b28a-c8a9-41ee-855b-0febdd361b07 => generated 1215 bytes in 115 msecs (HTTP/1.1 200) 9 headers in 358 bytes (1 switches on core 0)
Feb 15 12:01:34.050194 dv-cinder-778193-14-iscsi devstack@n-api.service[116942]: DEBUG nova.policy [None req-3eeea2cf-8300-433b-bbe5-a4f400a18439 tempest-AttachVolumeNegativeTest-1021973081 tempest-AttachVolumeNegativeTest-1021973081-project] Policy check for os_compute_api:os-extended-server-attributes failed with credentials {'is_admin': False, 'user_id': '0f2af9a602464b27ba967c73229cdca0', 'user_domain_id': 'default', 'system_scope': None, 'domain_id': None, 'project_id': '8cbb1c810044435db4101870064a7b1b', 'project_domain_id': 'default', 'roles': ['member', 'reader'], 'is_admin_project': True, 'service_user_id': None, 'service_user_domain_id': None, 'service_project_id': None, 'service_project_domain_id': None, 'service_roles': []} {{(pid=116942) authorize /opt/stack/nova/nova/policy.py:199}}
Feb 15 12:01:34.360565 dv-cinder-778193-14-iscsi devstack@n-api.service[116942]: INFO nova.api.openstack.requestlog [None req-3eeea2cf-8300-433b-bbe5-a4f400a18439 tempest-AttachVolumeNegativeTest-1021973081 tempest-AttachVolumeNegativeTest-1021973081-project] 10.222.0.36 "GET /compute/v2.1/servers/2445ddb0-a198-4382-b85b-ec01e1e5b27b" status: 200 len: 1216 microversion: 2.1 time: 0.136243
Feb 15 12:01:34.360565 dv-cinder-778193-14-iscsi devstack@n-api.service[116942]: [pid: 116942|app: 0|req: 6/11] 10.222.0.36 () {58 vars in 1235 bytes} [Tue Feb 15 12:01:33 2022] GET /compute/v2.1/servers/2445ddb0-a198-4382-b85b-ec01e1e5b27b => generated 1216 bytes in 141 msecs (HTTP/1.1 200) 9 headers in 358 bytes (1 switches on core 0)
Feb 15 12:01:34.417856 dv-cinder-778193-14-iscsi devstack@n-api.service[116943]: DEBUG nova.api.openstack.wsgi [None req-bcb81597-ed9d-4b7f-89f9-d85f25a2ce14 tempest-VolumesGetTestJSON-1112543645 tempest-VolumesGetTestJSON-1112543645-project] Calling method '.version_select at 0x7fc8a31009d0>' {{(pid=116943) _process_stack /opt/stack/nova/nova/api/openstack/wsgi.py:513}}
Feb 15 12:01:34.446513 dv-cinder-778193-14-iscsi devstack@n-api.service[116943]: INFO nova.api.openstack.wsgi [None req-bcb81597-ed9d-4b7f-89f9-d85f25a2ce14 tempest-VolumesGetTestJSON-1112543645 tempest-VolumesGetTestJSON-1112543645-project] HTTP exception thrown: Volume 9cfb5622-834c-49bb-8388-716db540062e could not be found.
Feb 15 12:01:34.447319 dv-cinder-778193-14-iscsi devstack@n-api.service[116943]: DEBUG nova.api.openstack.wsgi [None req-bcb81597-ed9d-4b7f-89f9-d85f25a2ce14 tempest-VolumesGetTestJSON-1112543645 tempest-VolumesGetTestJSON-1112543645-project] Returning 404 to user: Volume 9cfb5622-834c-49bb-8388-716db540062e could not be found. {{(pid=116943) __call__ /opt/stack/nova/nova/api/openstack/wsgi.py:936}}
Feb 15 12:01:34.448900 dv-cinder-778193-14-iscsi devstack@n-api.service[116943]: INFO nova.api.openstack.requestlog [None req-bcb81597-ed9d-4b7f-89f9-d85f25a2ce14 tempest-VolumesGetTestJSON-1112543645 tempest-VolumesGetTestJSON-1112543645-project] 10.222.0.36 "GET /compute/v2.1/os-volumes/9cfb5622-834c-49bb-8388-716db540062e" status: 404 len: 109 microversion: 2.1 time: 0.034709
Feb 15 12:01:34.449726 dv-cinder-778193-14-iscsi devstack@n-api.service[116943]: [pid: 116943|app: 0|req: 6/12] 10.222.0.36 () {58 vars in 1244 bytes} [Tue Feb 15 12:01:34 2022] GET /compute/v2.1/os-volumes/9cfb5622-834c-49bb-8388-716db540062e => generated 109 bytes in 36 msecs (HTTP/1.1 404) 9 headers in 379 bytes (1 switches on core 0)
Feb 15 12:01:34.938745 dv-cinder-778193-14-iscsi devstack@n-api.service[116942]: DEBUG nova.api.openstack.wsgi [None req-4b2a47fb-d25a-4731-b758-9ec8cf0580e0 tempest-DeleteServersTestJSON-1785766294 tempest-DeleteServersTestJSON-1785766294-project] Calling method '>' {{(pid=116942) _process_stack /opt/stack/nova/nova/api/openstack/wsgi.py:513}}
Feb 15 12:01:34.939418 dv-cinder-778193-14-iscsi devstack@n-api.service[116942]: DEBUG nova.compute.api [None req-4b2a47fb-d25a-4731-b758-9ec8cf0580e0 tempest-DeleteServersTestJSON-1785766294 tempest-DeleteServersTestJSON-1785766294-project] [instance: 36a9b28a-c8a9-41ee-855b-0febdd361b07] Fetching instance by UUID {{(pid=116942) get /opt/stack/nova/nova/compute/api.py:2885}}
Feb 15 12:01:35.082049 dv-cinder-778193-14-iscsi devstack@n-api.service[116943]: DEBUG nova.api.openstack.wsgi [None req-2f40c020-ee0c-4156-b3c1-e3de44c39d26 tempest-AttachVolumeNegativeTest-1021973081 tempest-AttachVolumeNegativeTest-1021973081-project] Calling method '>' {{(pid=116943) _process_stack /opt/stack/nova/nova/api/openstack/wsgi.py:513}}
Feb 15 12:01:35.084208 dv-cinder-778193-14-iscsi devstack@n-api.service[116943]: DEBUG nova.compute.api [None req-2f40c020-ee0c-4156-b3c1-e3de44c39d26 tempest-AttachVolumeNegativeTest-1021973081 tempest-AttachVolumeNegativeTest-1021973081-project] [instance: 2445ddb0-a198-4382-b85b-ec01e1e5b27b] Fetching instance by UUID {{(pid=116943) get /opt/stack/nova/nova/compute/api.py:2885}}
Feb 15 12:01:35.172875 dv-cinder-778193-14-iscsi devstack@n-api.service[116943]: DEBUG nova.policy [None req-2f40c020-ee0c-4156-b3c1-e3de44c39d26 tempest-AttachVolumeNegativeTest-1021973081 tempest-AttachVolumeNegativeTest-1021973081-project] Policy check for os_compute_api:os-extended-server-attributes failed with credentials {'is_admin': False, 'user_id': '0f2af9a602464b27ba967c73229cdca0', 'user_domain_id': 'default', 'system_scope': None, 'domain_id': None, 'project_id': '8cbb1c810044435db4101870064a7b1b', 'project_domain_id': 'default', 'roles': ['member', 'reader'], 'is_admin_project': True, 'service_user_id': None, 'service_user_domain_id': None, 'service_project_id': None, 'service_project_domain_id': None, 'service_roles': []} {{(pid=116943) authorize /opt/stack/nova/nova/policy.py:199}}
Feb 15 12:01:35.220225 dv-cinder-778193-14-iscsi devstack@n-api.service[116943]: INFO nova.api.openstack.requestlog [None req-2f40c020-ee0c-4156-b3c1-e3de44c39d26 tempest-AttachVolumeNegativeTest-1021973081 tempest-AttachVolumeNegativeTest-1021973081-project] 10.222.0.36 "GET /compute/v2.1/servers/2445ddb0-a198-4382-b85b-ec01e1e5b27b" status: 200 len: 1216 microversion: 2.1 time: 0.104074
Feb 15 12:01:35.222235 dv-cinder-778193-14-iscsi devstack@n-api.service[116943]: [pid: 116943|app: 0|req: 7/13] 10.222.0.36 () {58 vars in 1235 bytes} [Tue Feb 15 12:01:35 2022] GET /compute/v2.1/servers/2445ddb0-a198-4382-b85b-ec01e1e5b27b => generated 1216 bytes in 145 msecs (HTTP/1.1 200) 9 headers in 358 bytes (1 switches on core 0)
Feb 15 12:01:35.325349 dv-cinder-778193-14-iscsi devstack@n-api.service[116942]: DEBUG nova.policy [None req-4b2a47fb-d25a-4731-b758-9ec8cf0580e0 tempest-DeleteServersTestJSON-1785766294 tempest-DeleteServersTestJSON-1785766294-project] Policy check for os_compute_api:os-extended-server-attributes failed with credentials {'is_admin': False, 'user_id': '07220553a3ef4c20959ec86c84838201', 'user_domain_id': 'default', 'system_scope': None, 'domain_id': None, 'project_id': '32e1b684c1354317bcb57e3111b098f6', 'project_domain_id': 'default', 'roles': ['member', 'reader'], 'is_admin_project': True, 'service_user_id': None, 'service_user_domain_id': None, 'service_project_id': None, 'service_project_domain_id': None, 'service_roles': []} {{(pid=116942) authorize /opt/stack/nova/nova/policy.py:199}}
Feb 15 12:01:35.337280 dv-cinder-778193-14-iscsi devstack@n-api.service[116942]: INFO nova.api.openstack.requestlog [None req-4b2a47fb-d25a-4731-b758-9ec8cf0580e0 tempest-DeleteServersTestJSON-1785766294 tempest-DeleteServersTestJSON-1785766294-project] 10.222.0.36 "GET /compute/v2.1/servers/36a9b28a-c8a9-41ee-855b-0febdd361b07" status: 200 len: 1215 microversion: 2.1 time: 0.402381
Feb 15 12:01:35.339507 dv-cinder-778193-14-iscsi devstack@n-api.service[116942]: [pid: 116942|app: 0|req: 7/14] 10.222.0.36 () {58 vars in 1235 bytes} [Tue Feb 15 12:01:34 2022] GET /compute/v2.1/servers/36a9b28a-c8a9-41ee-855b-0febdd361b07 => generated 1215 bytes in 406 msecs (HTTP/1.1 200) 9 headers in 358 bytes (1 switches on core 0)
