Aug 31 14:02:59.243186 dv-cinder-777031-7-smb devstack@c-api.service[100780]: DEBUG cinder.volume.api [None req-3567a3b0-df45-4478-b5c8-bb63789ddbdf tempest-VolumeSnapshotQuotasNegativeTestJSON-1705979900 tempest-VolumeSnapshotQuotasNegativeTestJSON-1705979900-project] Flow 'volume_create_api' (e72546ea-4d73-409e-a6c3-eed087798e94) transitioned into state 'RUNNING' from state 'PENDING' {{(pid=100780) _flow_receiver /usr/local/lib/python3.8/dist-packages/taskflow/listeners/logging.py:141}}
Aug 31 14:02:59.264734 dv-cinder-777031-7-smb devstack@c-api.service[100780]: DEBUG cinder.volume.api [None req-3567a3b0-df45-4478-b5c8-bb63789ddbdf tempest-VolumeSnapshotQuotasNegativeTestJSON-1705979900 tempest-VolumeSnapshotQuotasNegativeTestJSON-1705979900-project] Task 'cinder.volume.flows.api.create_volume.ExtractVolumeRequestTask;volume:create' (ad397796-4985-4ff4-bfac-4f78d26fda00) transitioned into state 'RUNNING' from state 'PENDING' {{(pid=100780) _task_receiver /usr/local/lib/python3.8/dist-packages/taskflow/listeners/logging.py:190}}
Aug 31 14:02:59.284094 dv-cinder-777031-7-smb devstack@c-api.service[100780]: DEBUG cinder.volume.flows.api.create_volume [None req-3567a3b0-df45-4478-b5c8-bb63789ddbdf tempest-VolumeSnapshotQuotasNegativeTestJSON-1705979900 tempest-VolumeSnapshotQuotasNegativeTestJSON-1705979900-project] Validating volume size '1' using validate_int {{(pid=100780) _extract_size /opt/stack/cinder/cinder/volume/flows/api/create_volume.py:225}}
Aug 31 14:02:59.296537 dv-cinder-777031-7-smb devstack@c-api.service[100779]: INFO cinder.volume.api [None req-bab13b89-51e2-426a-9abe-41e71a021634 tempest-VolumesListAdminTestJSON-498724737 tempest-VolumesListAdminTestJSON-498724737-project-admin] Get all volumes completed successfully.
Aug 31 14:02:59.302670 dv-cinder-777031-7-smb devstack@c-api.service[100779]: /usr/local/lib/python3.8/dist-packages/oslo_context/context.py:105: DeprecationWarning: Policy enforcement is depending on the value of is_admin. This key is deprecated. Please update your policy file to use the standard policy values.
Aug 31 14:02:59.302670 dv-cinder-777031-7-smb devstack@c-api.service[100779]: warnings.warn('Policy enforcement is depending on the value of '
Aug 31 14:02:59.321268 dv-cinder-777031-7-smb devstack@c-api.service[100779]: INFO cinder.api.openstack.wsgi [None req-bab13b89-51e2-426a-9abe-41e71a021634 tempest-VolumesListAdminTestJSON-498724737 tempest-VolumesListAdminTestJSON-498724737-project-admin] http://10.222.0.45/volume/v3/6f66f403fe0946689763f22778332f8d/volumes/detail?all_tenants=1&project_id=a00a2df48057497b8b6e657377315a3c returned with HTTP 200
Aug 31 14:02:59.336475 dv-cinder-777031-7-smb devstack@c-api.service[100779]: [pid: 100779|app: 0|req: 163/354] 10.222.0.45 () {58 vars in 1350 bytes} [Tue Aug 31 14:02:59 2021] GET /volume/v3/6f66f403fe0946689763f22778332f8d/volumes/detail?all_tenants=1&project_id=a00a2df48057497b8b6e657377315a3c => generated 3231 bytes in 174 msecs (HTTP/1.1 200) 7 headers in 286 bytes (1 switches on core 0)
Aug 31 14:02:59.344517 dv-cinder-777031-7-smb devstack@c-api.service[100779]: INFO cinder.api.openstack.wsgi [None req-eb5ae117-f63b-4db3-9ca8-ff8b2f0a59d3 tempest-GroupSnapshotsTest-1247878333 tempest-GroupSnapshotsTest-1247878333-project] GET http://10.222.0.45/volume/v3/f2048f53dd4749d999501b20c58b566e/volumes/detail
Aug 31 14:02:59.344517 dv-cinder-777031-7-smb devstack@c-api.service[100779]: DEBUG cinder.api.openstack.wsgi [None req-eb5ae117-f63b-4db3-9ca8-ff8b2f0a59d3 tempest-GroupSnapshotsTest-1247878333 tempest-GroupSnapshotsTest-1247878333-project] Empty body provided in request {{(pid=100779) get_body /opt/stack/cinder/cinder/api/openstack/wsgi.py:703}}
Aug 31 14:02:59.344517 dv-cinder-777031-7-smb devstack@c-api.service[100779]: /usr/local/lib/python3.8/dist-packages/webob/acceptparse.py:1047: DeprecationWarning: The behavior of AcceptValidHeader.best_match is currently being maintained for backward compatibility, but it will be deprecated in the future, as it does not conform to the RFC.
Aug 31 14:02:59.344517 dv-cinder-777031-7-smb devstack@c-api.service[100779]: warnings.warn(
Aug 31 14:02:59.345190 dv-cinder-777031-7-smb devstack@c-api.service[100779]: DEBUG cinder.api.openstack.wsgi [None req-eb5ae117-f63b-4db3-9ca8-ff8b2f0a59d3 tempest-GroupSnapshotsTest-1247878333 tempest-GroupSnapshotsTest-1247878333-project] Calling method 'detail' {{(pid=100779) _process_stack /opt/stack/cinder/cinder/api/openstack/wsgi.py:856}}
Aug 31 14:02:59.345767 dv-cinder-777031-7-smb devstack@c-api.service[100779]: DEBUG cinder.api.api_utils [None req-eb5ae117-f63b-4db3-9ca8-ff8b2f0a59d3 tempest-GroupSnapshotsTest-1247878333 tempest-GroupSnapshotsTest-1247878333-project] Removing options '' from query. {{(pid=100779) remove_invalid_filter_options /opt/stack/cinder/cinder/api/api_utils.py:73}}
Aug 31 14:02:59.352084 dv-cinder-777031-7-smb devstack@c-api.service[100779]: DEBUG cinder.volume.api [None req-eb5ae117-f63b-4db3-9ca8-ff8b2f0a59d3 tempest-GroupSnapshotsTest-1247878333 tempest-GroupSnapshotsTest-1247878333-project] Searching by: MultiDict([('no_migration_targets', True)]). {{(pid=100779) get_all /opt/stack/cinder/cinder/volume/api.py:619}}
Aug 31 14:02:59.374252 dv-cinder-777031-7-smb devstack@c-api.service[100780]: DEBUG cinder.volume.api [None req-3567a3b0-df45-4478-b5c8-bb63789ddbdf tempest-VolumeSnapshotQuotasNegativeTestJSON-1705979900 tempest-VolumeSnapshotQuotasNegativeTestJSON-1705979900-project] Task 'cinder.volume.flows.api.create_volume.ExtractVolumeRequestTask;volume:create' (ad397796-4985-4ff4-bfac-4f78d26fda00) transitioned into state 'SUCCESS' from state 'RUNNING' with result '{'size': 1, 'snapshot_id': None, 'source_volid': None, 'volume_type': VolumeType(created_at=2021-08-31T13:51:46Z,deleted=False,deleted_at=None,description='Default Volume Type',extra_specs={},id=4c519cbf-099c-425a-bd4b-ded25f1f7b0a,is_public=True,name='__DEFAULT__',projects=[],qos_specs=,qos_specs_id=None,updated_at=2021-08-31T13:51:46Z), 'volume_type_id': '4c519cbf-099c-425a-bd4b-ded25f1f7b0a', 'encryption_key_id': None, 'qos_specs': None, 'consistencygroup_id': None, 'cgsnapshot_id': None, 'group_id': None, 'replication_status': 'disabled', 'refresh_az': False, 'backup_id': None, 'multiattach': False, 'availability_zones': ['nova']}' {{(pid=100780) _task_receiver /usr/local/lib/python3.8/dist-packages/taskflow/listeners/logging.py:178}}
Aug 31 14:02:59.379061 dv-cinder-777031-7-smb devstack@c-api.service[100780]: DEBUG cinder.volume.api [None req-3567a3b0-df45-4478-b5c8-bb63789ddbdf tempest-VolumeSnapshotQuotasNegativeTestJSON-1705979900 tempest-VolumeSnapshotQuotasNegativeTestJSON-1705979900-project] Task 'cinder.volume.flows.api.create_volume.QuotaReserveTask;volume:create' (d314c4b2-dac3-4938-80a0-d92a09f85ece) transitioned into state 'RUNNING' from state 'PENDING' {{(pid=100780) _task_receiver /usr/local/lib/python3.8/dist-packages/taskflow/listeners/logging.py:190}}
Aug 31 14:02:59.483301 dv-cinder-777031-7-smb devstack@c-api.service[100779]: INFO cinder.volume.api [None req-eb5ae117-f63b-4db3-9ca8-ff8b2f0a59d3 tempest-GroupSnapshotsTest-1247878333 tempest-GroupSnapshotsTest-1247878333-project] Get all volumes completed successfully.
Aug 31 14:02:59.485248 dv-cinder-777031-7-smb devstack@c-api.service[100779]: WARNING stevedore.named [None req-eb5ae117-f63b-4db3-9ca8-ff8b2f0a59d3 tempest-GroupSnapshotsTest-1247878333 tempest-GroupSnapshotsTest-1247878333-project] Could not load cinder.keymgr.conf_key_mgr.ConfKeyManager
Aug 31 14:02:59.485844 dv-cinder-777031-7-smb devstack@c-api.service[100779]: WARNING castellan.key_manager [None req-eb5ae117-f63b-4db3-9ca8-ff8b2f0a59d3 tempest-GroupSnapshotsTest-1247878333 tempest-GroupSnapshotsTest-1247878333-project] Deprecation Warning : cinder.keymgr.conf_key_mgr.ConfKeyManager is not a stevedore based driver, trying to load it as a class: stevedore.exception.NoMatches: No 'castellan.drivers' driver found, looking for 'cinder.keymgr.conf_key_mgr.ConfKeyManager'
Aug 31 14:02:59.500133 dv-cinder-777031-7-smb devstack@c-api.service[100779]: DEBUG oslo_db.sqlalchemy.engines [None req-eb5ae117-f63b-4db3-9ca8-ff8b2f0a59d3 tempest-GroupSnapshotsTest-1247878333 tempest-GroupSnapshotsTest-1247878333-project] MySQL server mode set to STRICT_TRANS_TABLES,STRICT_ALL_TABLES,NO_ZERO_IN_DATE,NO_ZERO_DATE,ERROR_FOR_DIVISION_BY_ZERO,TRADITIONAL,NO_ENGINE_SUBSTITUTION {{(pid=100779) _check_effective_sql_mode /usr/local/lib/python3.8/dist-packages/oslo_db/sqlalchemy/engines.py:314}}
Aug 31 14:02:59.514449 dv-cinder-777031-7-smb devstack@c-api.service[100779]: /usr/local/lib/python3.8/dist-packages/oslo_context/context.py:105: DeprecationWarning: Policy enforcement is depending on the value of is_admin. This key is deprecated. Please update your policy file to use the standard policy values.
Aug 31 14:02:59.514449 dv-cinder-777031-7-smb devstack@c-api.service[100779]: warnings.warn('Policy enforcement is depending on the value of '
Aug 31 14:02:59.549758 dv-cinder-777031-7-smb devstack@c-api.service[100779]: INFO cinder.api.openstack.wsgi [None req-eb5ae117-f63b-4db3-9ca8-ff8b2f0a59d3 tempest-GroupSnapshotsTest-1247878333 tempest-GroupSnapshotsTest-1247878333-project] http://10.222.0.45/volume/v3/f2048f53dd4749d999501b20c58b566e/volumes/detail returned with HTTP 200
Aug 31 14:02:59.568622 dv-cinder-777031-7-smb devstack@c-api.service[100779]: [pid: 100779|app: 0|req: 164/355] 10.222.0.45 () {60 vars in 1276 bytes} [Tue Aug 31 14:02:59 2021] GET /volume/v3/f2048f53dd4749d999501b20c58b566e/volumes/detail => generated 1002 bytes in 244 msecs (HTTP/1.1 200) 7 headers in 287 bytes (1 switches on core 0)
Aug 31 14:02:59.578404 dv-cinder-777031-7-smb devstack@c-api.service[100779]: INFO cinder.api.openstack.wsgi [None req-a4989f59-72d0-4063-87fa-954901569a99 tempest-VolumesListAdminTestJSON-498724737 tempest-VolumesListAdminTestJSON-498724737-project-admin] DELETE http://10.222.0.45/volume/v3/6f66f403fe0946689763f22778332f8d/volumes/a4ee9a67-7f9b-46e5-b008-71324152b22a
Aug 31 14:02:59.579089 dv-cinder-777031-7-smb devstack@c-api.service[100779]: DEBUG cinder.api.openstack.wsgi [None req-a4989f59-72d0-4063-87fa-954901569a99 tempest-VolumesListAdminTestJSON-498724737 tempest-VolumesListAdminTestJSON-498724737-project-admin] Empty body provided in request {{(pid=100779) get_body /opt/stack/cinder/cinder/api/openstack/wsgi.py:703}}
Aug 31 14:02:59.579322 dv-cinder-777031-7-smb devstack@c-api.service[100779]: /usr/local/lib/python3.8/dist-packages/webob/acceptparse.py:1047: DeprecationWarning: The behavior of AcceptValidHeader.best_match is currently being maintained for backward compatibility, but it will be deprecated in the future, as it does not conform to the RFC.
Aug 31 14:02:59.579322 dv-cinder-777031-7-smb devstack@c-api.service[100779]: warnings.warn(
Aug 31 14:02:59.579713 dv-cinder-777031-7-smb devstack@c-api.service[100779]: DEBUG cinder.api.openstack.wsgi [None req-a4989f59-72d0-4063-87fa-954901569a99 tempest-VolumesListAdminTestJSON-498724737 tempest-VolumesListAdminTestJSON-498724737-project-admin] Calling method 'delete' {{(pid=100779) _process_stack /opt/stack/cinder/cinder/api/openstack/wsgi.py:856}}
Aug 31 14:02:59.580179 dv-cinder-777031-7-smb devstack@c-api.service[100779]: INFO cinder.api.v3.volumes [None req-a4989f59-72d0-4063-87fa-954901569a99 tempest-VolumesListAdminTestJSON-498724737 tempest-VolumesListAdminTestJSON-498724737-project-admin] Delete volume with id: a4ee9a67-7f9b-46e5-b008-71324152b22a
Aug 31 14:02:59.616301 dv-cinder-777031-7-smb devstack@c-api.service[100779]: /usr/local/lib/python3.8/dist-packages/oslo_context/context.py:105: DeprecationWarning: Policy enforcement is depending on the value of is_admin. This key is deprecated. Please update your policy file to use the standard policy values.
Aug 31 14:02:59.616301 dv-cinder-777031-7-smb devstack@c-api.service[100779]: warnings.warn('Policy enforcement is depending on the value of '
Aug 31 14:02:59.617593 dv-cinder-777031-7-smb devstack@c-api.service[100779]: INFO cinder.volume.api [None req-a4989f59-72d0-4063-87fa-954901569a99 tempest-VolumesListAdminTestJSON-498724737 tempest-VolumesListAdminTestJSON-498724737-project-admin] Volume info retrieved successfully.
Aug 31 14:02:59.640935 dv-cinder-777031-7-smb devstack@c-api.service[100780]: DEBUG cinder.quota [None req-3567a3b0-df45-4478-b5c8-bb63789ddbdf tempest-VolumeSnapshotQuotasNegativeTestJSON-1705979900 tempest-VolumeSnapshotQuotasNegativeTestJSON-1705979900-project] Created reservations ['da4c82da-457f-44e6-b4e3-cf56594e08ca', '6fee5595-c530-421f-be8a-73a8e5932d21', '2fa0fbc2-d61f-4163-a5ce-f55c8d20f423', 'f9e84311-a609-48b6-8371-a25ac8d0b579'] {{(pid=100780) reserve /opt/stack/cinder/cinder/quota.py:755}}
Aug 31 14:02:59.646623 dv-cinder-777031-7-smb devstack@c-api.service[100780]: DEBUG cinder.volume.api [None req-3567a3b0-df45-4478-b5c8-bb63789ddbdf tempest-VolumeSnapshotQuotasNegativeTestJSON-1705979900 tempest-VolumeSnapshotQuotasNegativeTestJSON-1705979900-project] Task 'cinder.volume.flows.api.create_volume.QuotaReserveTask;volume:create' (d314c4b2-dac3-4938-80a0-d92a09f85ece) transitioned into state 'SUCCESS' from state 'RUNNING' with result '{'reservations': ['da4c82da-457f-44e6-b4e3-cf56594e08ca', '6fee5595-c530-421f-be8a-73a8e5932d21', '2fa0fbc2-d61f-4163-a5ce-f55c8d20f423', 'f9e84311-a609-48b6-8371-a25ac8d0b579']}' {{(pid=100780) _task_receiver /usr/local/lib/python3.8/dist-packages/taskflow/listeners/logging.py:178}}
Aug 31 14:02:59.655045 dv-cinder-777031-7-smb devstack@c-api.service[100780]: DEBUG cinder.volume.api [None req-3567a3b0-df45-4478-b5c8-bb63789ddbdf tempest-VolumeSnapshotQuotasNegativeTestJSON-1705979900 tempest-VolumeSnapshotQuotasNegativeTestJSON-1705979900-project] Task 'cinder.volume.flows.api.create_volume.EntryCreateTask;volume:create' (be39cad5-2c6a-4146-8319-4e117d115880) transitioned into state 'RUNNING' from state 'PENDING' {{(pid=100780) _task_receiver /usr/local/lib/python3.8/dist-packages/taskflow/listeners/logging.py:190}}
Aug 31 14:02:59.691532 dv-cinder-777031-7-smb devstack@c-api.service[100779]: INFO cinder.volume.api [None req-a4989f59-72d0-4063-87fa-954901569a99 tempest-VolumesListAdminTestJSON-498724737 tempest-VolumesListAdminTestJSON-498724737-project-admin] Delete volume request issued successfully.
Aug 31 14:02:59.692141 dv-cinder-777031-7-smb devstack@c-api.service[100779]: INFO cinder.api.openstack.wsgi [None req-a4989f59-72d0-4063-87fa-954901569a99 tempest-VolumesListAdminTestJSON-498724737 tempest-VolumesListAdminTestJSON-498724737-project-admin] http://10.222.0.45/volume/v3/6f66f403fe0946689763f22778332f8d/volumes/a4ee9a67-7f9b-46e5-b008-71324152b22a returned with HTTP 202
Aug 31 14:02:59.695067 dv-cinder-777031-7-smb devstack@c-api.service[100779]: [pid: 100779|app: 0|req: 165/356] 10.222.0.45 () {58 vars in 1328 bytes} [Tue Aug 31 14:02:59 2021] DELETE /volume/v3/6f66f403fe0946689763f22778332f8d/volumes/a4ee9a67-7f9b-46e5-b008-71324152b22a => generated 0 bytes in 126 msecs (HTTP/1.1 202) 6 headers in 233 bytes (1 switches on core 0)
Aug 31 14:02:59.706279 dv-cinder-777031-7-smb devstack@c-api.service[100779]: INFO cinder.api.openstack.wsgi [None req-be8481e4-1098-4423-97a4-3d8886bb1727 tempest-DeleteServersTestJSON-2043785633 tempest-DeleteServersTestJSON-2043785633-project] GET http://10.222.0.45/volume/v3/a725b4a774814272b1aa540d5a7fb031/volumes/20219fb1-d557-49f9-92fd-dcb98783290d
Aug 31 14:02:59.706770 dv-cinder-777031-7-smb devstack@c-api.service[100779]: DEBUG cinder.api.openstack.wsgi [None req-be8481e4-1098-4423-97a4-3d8886bb1727 tempest-DeleteServersTestJSON-2043785633 tempest-DeleteServersTestJSON-2043785633-project] Empty body provided in request {{(pid=100779) get_body /opt/stack/cinder/cinder/api/openstack/wsgi.py:703}}
Aug 31 14:02:59.706962 dv-cinder-777031-7-smb devstack@c-api.service[100779]: /usr/local/lib/python3.8/dist-packages/webob/acceptparse.py:1047: DeprecationWarning: The behavior of AcceptValidHeader.best_match is currently being maintained for backward compatibility, but it will be deprecated in the future, as it does not conform to the RFC.
Aug 31 14:02:59.706962 dv-cinder-777031-7-smb devstack@c-api.service[100779]: warnings.warn(
Aug 31 14:02:59.707681 dv-cinder-777031-7-smb devstack@c-api.service[100779]: DEBUG cinder.api.openstack.wsgi [None req-be8481e4-1098-4423-97a4-3d8886bb1727 tempest-DeleteServersTestJSON-2043785633 tempest-DeleteServersTestJSON-2043785633-project] Calling method 'show' {{(pid=100779) _process_stack /opt/stack/cinder/cinder/api/openstack/wsgi.py:856}}
Aug 31 14:02:59.742605 dv-cinder-777031-7-smb devstack@c-api.service[100779]: /usr/local/lib/python3.8/dist-packages/oslo_context/context.py:105: DeprecationWarning: Policy enforcement is depending on the value of is_admin. This key is deprecated. Please update your policy file to use the standard policy values.
Aug 31 14:02:59.742605 dv-cinder-777031-7-smb devstack@c-api.service[100779]: warnings.warn('Policy enforcement is depending on the value of '
Aug 31 14:02:59.746862 dv-cinder-777031-7-smb devstack@c-api.service[100780]: DEBUG cinder.volume.api [None req-3567a3b0-df45-4478-b5c8-bb63789ddbdf tempest-VolumeSnapshotQuotasNegativeTestJSON-1705979900 tempest-VolumeSnapshotQuotasNegativeTestJSON-1705979900-project] Task 'cinder.volume.flows.api.create_volume.EntryCreateTask;volume:create' (be39cad5-2c6a-4146-8319-4e117d115880) transitioned into state 'SUCCESS' from state 'RUNNING' with result '{'volume_id': 'e98be6f4-27ad-4c56-b6e2-28caa8852473', 'volume_properties': VolumeProperties(attach_status='detached',availability_zone='nova',cgsnapshot_id=None,consistencygroup_id=None,display_description=None,display_name='tempest-VolumeSnapshotQuotasNegativeTestJSON-Volume-1374597689',encryption_key_id=None,group_id=None,group_type_id=,metadata={},multiattach=False,project_id='03ad6a42fb1e471585acbb74e86632ac',qos_specs=None,replication_status=,reservations=['da4c82da-457f-44e6-b4e3-cf56594e08ca','6fee5595-c530-421f-be8a-73a8e5932d21','2fa0fbc2-d61f-4163-a5ce-f55c8d20f423','f9e84311-a609-48b6-8371-a25ac8d0b579'],size=1,snapshot_id=None,source_replicaid=,source_volid=None,status='creating',user_id='f6577360db2545fdbe370940af7a02f9',volume_type_id=4c519cbf-099c-425a-bd4b-ded25f1f7b0a), 'volume': Volume(_name_id=None,admin_metadata=,attach_status='detached',availability_zone='nova',bootable=False,cluster=,cluster_name=None,consistencygroup=,consistencygroup_id=None,created_at=2021-08-31T14:02:59Z,deleted=False,deleted_at=None,display_description=None,display_name='tempest-VolumeSnapshotQuotasNegativeTestJSON-Volume-1374597689',ec2_id=None,encryption_key_id=None,glance_metadata=,group=,group_id=None,host=None,id=e98be6f4-27ad-4c56-b6e2-28caa8852473,launched_at=None,metadata={},migration_status=None,multiattach=False,previous_status=None,project_id='03ad6a42fb1e471585acbb74e86632ac',provider_auth=None,provider_geometry=None,provider_id=None,provider_location=None,replication_driver_data=None,replication_extended_status=None,replication_status=None,scheduled_at=None,service_uuid=None,shared_targets=True,size=1,snapshot_id=None,snapshots=,source_volid=None,status='creating',terminated_at=None,updated_at=None,use_quota=True,user_id='f6577360db2545fdbe370940af7a02f9',volume_attachment=,volume_type=VolumeType(4c519cbf-099c-425a-bd4b-ded25f1f7b0a),volume_type_id=4c519cbf-099c-425a-bd4b-ded25f1f7b0a)}' {{(pid=100780) _task_receiver /usr/local/lib/python3.8/dist-packages/taskflow/listeners/logging.py:178}}
Aug 31 14:02:59.754044 dv-cinder-777031-7-smb devstack@c-api.service[100780]: DEBUG cinder.volume.api [None req-3567a3b0-df45-4478-b5c8-bb63789ddbdf tempest-VolumeSnapshotQuotasNegativeTestJSON-1705979900 tempest-VolumeSnapshotQuotasNegativeTestJSON-1705979900-project] Task 'cinder.volume.flows.api.create_volume.QuotaCommitTask;volume:create' (52b5e255-d4c5-4dc6-a615-1ddc7aa4b719) transitioned into state 'RUNNING' from state 'PENDING' {{(pid=100780) _task_receiver /usr/local/lib/python3.8/dist-packages/taskflow/listeners/logging.py:190}}
Aug 31 14:02:59.766760 dv-cinder-777031-7-smb devstack@c-api.service[100779]: INFO cinder.volume.api [None req-be8481e4-1098-4423-97a4-3d8886bb1727 tempest-DeleteServersTestJSON-2043785633 tempest-DeleteServersTestJSON-2043785633-project] Volume info retrieved successfully.
Aug 31 14:02:59.785092 dv-cinder-777031-7-smb devstack@c-api.service[100779]: INFO cinder.api.openstack.wsgi [None req-be8481e4-1098-4423-97a4-3d8886bb1727 tempest-DeleteServersTestJSON-2043785633 tempest-DeleteServersTestJSON-2043785633-project] http://10.222.0.45/volume/v3/a725b4a774814272b1aa540d5a7fb031/volumes/20219fb1-d557-49f9-92fd-dcb98783290d returned with HTTP 200
Aug 31 14:02:59.786210 dv-cinder-777031-7-smb devstack@c-api.service[100779]: [pid: 100779|app: 0|req: 166/357] 10.222.0.45 () {58 vars in 1325 bytes} [Tue Aug 31 14:02:59 2021] GET /volume/v3/a725b4a774814272b1aa540d5a7fb031/volumes/20219fb1-d557-49f9-92fd-dcb98783290d => generated 914 bytes in 90 msecs (HTTP/1.1 200) 7 headers in 285 bytes (1 switches on core 0)
Aug 31 14:02:59.790985 dv-cinder-777031-7-smb devstack@c-api.service[100779]: INFO cinder.api.openstack.wsgi [None req-66476bab-aa78-4c26-b6ca-29a335205451 tempest-GroupSnapshotsTest-1247878333 tempest-GroupSnapshotsTest-1247878333-project] POST http://10.222.0.45/volume/v3/f2048f53dd4749d999501b20c58b566e/groups/d93515b2-b3bd-4777-ac13-c908454f6130/action
Aug 31 14:02:59.791595 dv-cinder-777031-7-smb devstack@c-api.service[100779]: /usr/local/lib/python3.8/dist-packages/webob/acceptparse.py:1047: DeprecationWarning: The behavior of AcceptValidHeader.best_match is currently being maintained for backward compatibility, but it will be deprecated in the future, as it does not conform to the RFC.
Aug 31 14:02:59.791595 dv-cinder-777031-7-smb devstack@c-api.service[100779]: warnings.warn(
Aug 31 14:02:59.792256 dv-cinder-777031-7-smb devstack@c-api.service[100779]: DEBUG cinder.api.openstack.wsgi [None req-66476bab-aa78-4c26-b6ca-29a335205451 tempest-GroupSnapshotsTest-1247878333 tempest-GroupSnapshotsTest-1247878333-project] Action body: b'{"delete": {"delete-volumes": true}}' {{(pid=100779) get_method /opt/stack/cinder/cinder/api/openstack/wsgi.py:971}}
Aug 31 14:02:59.792256 dv-cinder-777031-7-smb devstack@c-api.service[100779]: DEBUG cinder.api.openstack.wsgi [None req-66476bab-aa78-4c26-b6ca-29a335205451 tempest-GroupSnapshotsTest-1247878333 tempest-GroupSnapshotsTest-1247878333-project] Action: 'action', calling method: delete_group, body: {"delete": {"delete-volumes": true}} {{(pid=100779) _process_stack /opt/stack/cinder/cinder/api/openstack/wsgi.py:854}}
Aug 31 14:02:59.793061 dv-cinder-777031-7-smb devstack@c-api.service[100779]: DEBUG cinder.api.v3.groups [None req-66476bab-aa78-4c26-b6ca-29a335205451 tempest-GroupSnapshotsTest-1247878333 tempest-GroupSnapshotsTest-1247878333-project] delete called for group d93515b2-b3bd-4777-ac13-c908454f6130 {{(pid=100779) _delete /opt/stack/cinder/cinder/api/v3/groups.py:117}}
Aug 31 14:02:59.793337 dv-cinder-777031-7-smb devstack@c-api.service[100779]: INFO cinder.api.v3.groups [None req-66476bab-aa78-4c26-b6ca-29a335205451 tempest-GroupSnapshotsTest-1247878333 tempest-GroupSnapshotsTest-1247878333-project] Delete group with id: d93515b2-b3bd-4777-ac13-c908454f6130
Aug 31 14:02:59.799641 dv-cinder-777031-7-smb devstack@c-api.service[100779]: /usr/local/lib/python3.8/dist-packages/oslo_context/context.py:105: DeprecationWarning: Policy enforcement is depending on the value of is_admin. This key is deprecated. Please update your policy file to use the standard policy values.
Aug 31 14:02:59.799641 dv-cinder-777031-7-smb devstack@c-api.service[100779]: warnings.warn('Policy enforcement is depending on the value of '
Aug 31 14:02:59.837321 dv-cinder-777031-7-smb devstack@c-api.service[100780]: DEBUG cinder.volume.api [None req-3567a3b0-df45-4478-b5c8-bb63789ddbdf tempest-VolumeSnapshotQuotasNegativeTestJSON-1705979900 tempest-VolumeSnapshotQuotasNegativeTestJSON-1705979900-project] Task 'cinder.volume.flows.api.create_volume.QuotaCommitTask;volume:create' (52b5e255-d4c5-4dc6-a615-1ddc7aa4b719) transitioned into state 'SUCCESS' from state 'RUNNING' with result '{'volume_properties': VolumeProperties(attach_status='detached',availability_zone='nova',cgsnapshot_id=None,consistencygroup_id=None,display_description=None,display_name='tempest-VolumeSnapshotQuotasNegativeTestJSON-Volume-1374597689',encryption_key_id=None,group_id=None,group_type_id=,metadata={},multiattach=False,project_id='03ad6a42fb1e471585acbb74e86632ac',qos_specs=None,replication_status=,reservations=['da4c82da-457f-44e6-b4e3-cf56594e08ca','6fee5595-c530-421f-be8a-73a8e5932d21','2fa0fbc2-d61f-4163-a5ce-f55c8d20f423','f9e84311-a609-48b6-8371-a25ac8d0b579'],size=1,snapshot_id=None,source_replicaid=,source_volid=None,status='creating',user_id='f6577360db2545fdbe370940af7a02f9',volume_type_id=4c519cbf-099c-425a-bd4b-ded25f1f7b0a)}' {{(pid=100780) _task_receiver /usr/local/lib/python3.8/dist-packages/taskflow/listeners/logging.py:178}}
Aug 31 14:02:59.845776 dv-cinder-777031-7-smb devstack@c-api.service[100780]: DEBUG cinder.volume.api [None req-3567a3b0-df45-4478-b5c8-bb63789ddbdf tempest-VolumeSnapshotQuotasNegativeTestJSON-1705979900 tempest-VolumeSnapshotQuotasNegativeTestJSON-1705979900-project] Task 'cinder.volume.flows.api.create_volume.VolumeCastTask;volume:create' (e99282b9-311e-4fa4-87cb-02a95cd80dc7) transitioned into state 'RUNNING' from state 'PENDING' {{(pid=100780) _task_receiver /usr/local/lib/python3.8/dist-packages/taskflow/listeners/logging.py:190}}
Aug 31 14:02:59.887127 dv-cinder-777031-7-smb devstack@c-api.service[100779]: INFO cinder.api.openstack.wsgi [None req-66476bab-aa78-4c26-b6ca-29a335205451 tempest-GroupSnapshotsTest-1247878333 tempest-GroupSnapshotsTest-1247878333-project] http://10.222.0.45/volume/v3/f2048f53dd4749d999501b20c58b566e/groups/d93515b2-b3bd-4777-ac13-c908454f6130/action returned with HTTP 202
Aug 31 14:02:59.891811 dv-cinder-777031-7-smb devstack@c-api.service[100779]: [pid: 100779|app: 0|req: 167/358] 10.222.0.45 () {62 vars in 1405 bytes} [Tue Aug 31 14:02:59 2021] POST /volume/v3/f2048f53dd4749d999501b20c58b566e/groups/d93515b2-b3bd-4777-ac13-c908454f6130/action => generated 0 bytes in 102 msecs (HTTP/1.1 202) 6 headers in 234 bytes (1 switches on core 0)
Aug 31 14:02:59.892040 dv-cinder-777031-7-smb devstack@c-api.service[100780]: DEBUG cinder.volume.api [None req-3567a3b0-df45-4478-b5c8-bb63789ddbdf tempest-VolumeSnapshotQuotasNegativeTestJSON-1705979900 tempest-VolumeSnapshotQuotasNegativeTestJSON-1705979900-project] Task 'cinder.volume.flows.api.create_volume.VolumeCastTask;volume:create' (e99282b9-311e-4fa4-87cb-02a95cd80dc7) transitioned into state 'SUCCESS' from state 'RUNNING' with result 'None' {{(pid=100780) _task_receiver /usr/local/lib/python3.8/dist-packages/taskflow/listeners/logging.py:178}}
Aug 31 14:02:59.897582 dv-cinder-777031-7-smb devstack@c-api.service[100779]: INFO cinder.api.openstack.wsgi [None req-db2d6fd9-6c3f-43d7-97a3-0734b26fd23e tempest-VolumesListAdminTestJSON-301420978 tempest-VolumesListAdminTestJSON-301420978-project] DELETE http://10.222.0.45/volume/v3/a00a2df48057497b8b6e657377315a3c/volumes/ee6bf979-4185-4948-9e02-b7e9de042248
Aug 31 14:02:59.899662 dv-cinder-777031-7-smb devstack@c-api.service[100779]: DEBUG cinder.api.openstack.wsgi [None req-db2d6fd9-6c3f-43d7-97a3-0734b26fd23e tempest-VolumesListAdminTestJSON-301420978 tempest-VolumesListAdminTestJSON-301420978-project] Empty body provided in request {{(pid=100779) get_body /opt/stack/cinder/cinder/api/openstack/wsgi.py:703}}
Aug 31 14:02:59.900027 dv-cinder-777031-7-smb devstack@c-api.service[100779]: /usr/local/lib/python3.8/dist-packages/webob/acceptparse.py:1047: DeprecationWarning: The behavior of AcceptValidHeader.best_match is currently being maintained for backward compatibility, but it will be deprecated in the future, as it does not conform to the RFC.
Aug 31 14:02:59.900027 dv-cinder-777031-7-smb devstack@c-api.service[100779]: warnings.warn(
Aug 31 14:02:59.900926 dv-cinder-777031-7-smb devstack@c-api.service[100780]: DEBUG cinder.volume.api [None req-3567a3b0-df45-4478-b5c8-bb63789ddbdf tempest-VolumeSnapshotQuotasNegativeTestJSON-1705979900 tempest-VolumeSnapshotQuotasNegativeTestJSON-1705979900-project] Flow 'volume_create_api' (e72546ea-4d73-409e-a6c3-eed087798e94) transitioned into state 'SUCCESS' from state 'RUNNING' {{(pid=100780) _flow_receiver /usr/local/lib/python3.8/dist-packages/taskflow/listeners/logging.py:141}}
Aug 31 14:02:59.902411 dv-cinder-777031-7-smb devstack@c-api.service[100779]: DEBUG cinder.api.openstack.wsgi [None req-db2d6fd9-6c3f-43d7-97a3-0734b26fd23e tempest-VolumesListAdminTestJSON-301420978 tempest-VolumesListAdminTestJSON-301420978-project] Calling method 'delete' {{(pid=100779) _process_stack /opt/stack/cinder/cinder/api/openstack/wsgi.py:856}}
Aug 31 14:02:59.902812 dv-cinder-777031-7-smb devstack@c-api.service[100780]: INFO cinder.volume.api [None req-3567a3b0-df45-4478-b5c8-bb63789ddbdf tempest-VolumeSnapshotQuotasNegativeTestJSON-1705979900 tempest-VolumeSnapshotQuotasNegativeTestJSON-1705979900-project] Create volume request issued successfully.
Aug 31 14:02:59.903100 dv-cinder-777031-7-smb devstack@c-api.service[100779]: INFO cinder.api.v3.volumes [None req-db2d6fd9-6c3f-43d7-97a3-0734b26fd23e tempest-VolumesListAdminTestJSON-301420978 tempest-VolumesListAdminTestJSON-301420978-project] Delete volume with id: ee6bf979-4185-4948-9e02-b7e9de042248
Aug 31 14:02:59.922853 dv-cinder-777031-7-smb devstack@c-api.service[100780]: INFO cinder.api.openstack.wsgi [None req-3567a3b0-df45-4478-b5c8-bb63789ddbdf tempest-VolumeSnapshotQuotasNegativeTestJSON-1705979900 tempest-VolumeSnapshotQuotasNegativeTestJSON-1705979900-project] http://10.222.0.45/volume/v3/03ad6a42fb1e471585acbb74e86632ac/volumes returned with HTTP 202
Aug 31 14:02:59.924565 dv-cinder-777031-7-smb devstack@c-api.service[100780]: [pid: 100780|app: 0|req: 192/359] 10.222.0.45 () {60 vars in 1235 bytes} [Tue Aug 31 14:02:58 2021] POST /volume/v3/03ad6a42fb1e471585acbb74e86632ac/volumes => generated 836 bytes in 1323 msecs (HTTP/1.1 202) 7 headers in 291 bytes (2 switches on core 0)
Aug 31 14:02:59.937571 dv-cinder-777031-7-smb devstack@c-api.service[100780]: INFO cinder.api.openstack.wsgi [None req-2a2c197a-01ea-472f-b0db-94bf10ee2080 tempest-DeleteServersTestJSON-2043785633 tempest-DeleteServersTestJSON-2043785633-project] GET http://10.222.0.45/volume/v3/a725b4a774814272b1aa540d5a7fb031/volumes/20219fb1-d557-49f9-92fd-dcb98783290d
Aug 31 14:02:59.938592 dv-cinder-777031-7-smb devstack@c-api.service[100780]: DEBUG cinder.api.openstack.wsgi [None req-2a2c197a-01ea-472f-b0db-94bf10ee2080 tempest-DeleteServersTestJSON-2043785633 tempest-DeleteServersTestJSON-2043785633-project] Empty body provided in request {{(pid=100780) get_body /opt/stack/cinder/cinder/api/openstack/wsgi.py:703}}
Aug 31 14:02:59.939118 dv-cinder-777031-7-smb devstack@c-api.service[100780]: /usr/local/lib/python3.8/dist-packages/webob/acceptparse.py:1047: DeprecationWarning: The behavior of AcceptValidHeader.best_match is currently being maintained for backward compatibility, but it will be deprecated in the future, as it does not conform to the RFC.
Aug 31 14:02:59.939118 dv-cinder-777031-7-smb devstack@c-api.service[100780]: warnings.warn(
Aug 31 14:02:59.940139 dv-cinder-777031-7-smb devstack@c-api.service[100780]: DEBUG cinder.api.openstack.wsgi [None req-2a2c197a-01ea-472f-b0db-94bf10ee2080 tempest-DeleteServersTestJSON-2043785633 tempest-DeleteServersTestJSON-2043785633-project] Calling method 'show' {{(pid=100780) _process_stack /opt/stack/cinder/cinder/api/openstack/wsgi.py:856}}
Aug 31 14:02:59.955552 dv-cinder-777031-7-smb devstack@c-api.service[100779]: /usr/local/lib/python3.8/dist-packages/oslo_context/context.py:105: DeprecationWarning: Policy enforcement is depending on the value of is_admin. This key is deprecated. Please update your policy file to use the standard policy values.
Aug 31 14:02:59.955552 dv-cinder-777031-7-smb devstack@c-api.service[100779]: warnings.warn('Policy enforcement is depending on the value of '
Aug 31 14:02:59.957602 dv-cinder-777031-7-smb devstack@c-api.service[100779]: INFO cinder.volume.api [None req-db2d6fd9-6c3f-43d7-97a3-0734b26fd23e tempest-VolumesListAdminTestJSON-301420978 tempest-VolumesListAdminTestJSON-301420978-project] Volume info retrieved successfully.
Aug 31 14:02:59.988256 dv-cinder-777031-7-smb devstack@c-api.service[100780]: /usr/local/lib/python3.8/dist-packages/oslo_context/context.py:105: DeprecationWarning: Policy enforcement is depending on the value of is_admin. This key is deprecated. Please update your policy file to use the standard policy values.
Aug 31 14:02:59.988256 dv-cinder-777031-7-smb devstack@c-api.service[100780]: warnings.warn('Policy enforcement is depending on the value of '
Aug 31 14:03:00.022547 dv-cinder-777031-7-smb devstack@c-api.service[100780]: INFO cinder.volume.api [None req-2a2c197a-01ea-472f-b0db-94bf10ee2080 tempest-DeleteServersTestJSON-2043785633 tempest-DeleteServersTestJSON-2043785633-project] Volume info retrieved successfully.
Aug 31 14:03:00.047700 dv-cinder-777031-7-smb devstack@c-api.service[100779]: INFO cinder.volume.api [None req-db2d6fd9-6c3f-43d7-97a3-0734b26fd23e tempest-VolumesListAdminTestJSON-301420978 tempest-VolumesListAdminTestJSON-301420978-project] Delete volume request issued successfully.
Aug 31 14:03:00.050544 dv-cinder-777031-7-smb devstack@c-api.service[100779]: INFO cinder.api.openstack.wsgi [None req-db2d6fd9-6c3f-43d7-97a3-0734b26fd23e tempest-VolumesListAdminTestJSON-301420978 tempest-VolumesListAdminTestJSON-301420978-project] http://10.222.0.45/volume/v3/a00a2df48057497b8b6e657377315a3c/volumes/ee6bf979-4185-4948-9e02-b7e9de042248 returned with HTTP 202
Aug 31 14:03:00.053837 dv-cinder-777031-7-smb devstack@c-api.service[100779]: [pid: 100779|app: 0|req: 168/360] 10.222.0.45 () {58 vars in 1328 bytes} [Tue Aug 31 14:02:59 2021] DELETE /volume/v3/a00a2df48057497b8b6e657377315a3c/volumes/ee6bf979-4185-4948-9e02-b7e9de042248 => generated 0 bytes in 164 msecs (HTTP/1.1 202) 6 headers in 233 bytes (1 switches on core 0)
Aug 31 14:03:00.070101 dv-cinder-777031-7-smb devstack@c-api.service[100779]: INFO cinder.api.openstack.wsgi [None req-4b27817f-6154-4c0c-a1e9-a843c5e0692b tempest-GroupSnapshotsTest-1247878333 tempest-GroupSnapshotsTest-1247878333-project] GET http://10.222.0.45/volume/v3/f2048f53dd4749d999501b20c58b566e/volumes/34166afd-9936-4ded-9978-fd0e85e11e2c
Aug 31 14:03:00.077884 dv-cinder-777031-7-smb devstack@c-api.service[100779]: DEBUG cinder.api.openstack.wsgi [None req-4b27817f-6154-4c0c-a1e9-a843c5e0692b tempest-GroupSnapshotsTest-1247878333 tempest-GroupSnapshotsTest-1247878333-project] Empty body provided in request {{(pid=100779) get_body /opt/stack/cinder/cinder/api/openstack/wsgi.py:703}}
Aug 31 14:03:00.079835 dv-cinder-777031-7-smb devstack@c-api.service[100779]: /usr/local/lib/python3.8/dist-packages/webob/acceptparse.py:1047: DeprecationWarning: The behavior of AcceptValidHeader.best_match is currently being maintained for backward compatibility, but it will be deprecated in the future, as it does not conform to the RFC.
Aug 31 14:03:00.079835 dv-cinder-777031-7-smb devstack@c-api.service[100779]: warnings.warn(
Aug 31 14:03:00.081099 dv-cinder-777031-7-smb devstack@c-api.service[100779]: DEBUG cinder.api.openstack.wsgi [None req-4b27817f-6154-4c0c-a1e9-a843c5e0692b tempest-GroupSnapshotsTest-1247878333 tempest-GroupSnapshotsTest-1247878333-project] Calling method 'show' {{(pid=100779) _process_stack /opt/stack/cinder/cinder/api/openstack/wsgi.py:856}}
Aug 31 14:03:00.089005 dv-cinder-777031-7-smb devstack@c-api.service[100780]: INFO cinder.api.openstack.wsgi [None req-2a2c197a-01ea-472f-b0db-94bf10ee2080 tempest-DeleteServersTestJSON-2043785633 tempest-DeleteServersTestJSON-2043785633-project] http://10.222.0.45/volume/v3/a725b4a774814272b1aa540d5a7fb031/volumes/20219fb1-d557-49f9-92fd-dcb98783290d returned with HTTP 200
Aug 31 14:03:00.094034 dv-cinder-777031-7-smb devstack@c-api.service[100780]: [pid: 100780|app: 0|req: 193/361] 10.222.0.45 () {58 vars in 1325 bytes} [Tue Aug 31 14:02:59 2021] GET /volume/v3/a725b4a774814272b1aa540d5a7fb031/volumes/20219fb1-d557-49f9-92fd-dcb98783290d => generated 914 bytes in 169 msecs (HTTP/1.1 200) 7 headers in 285 bytes (1 switches on core 0)
Aug 31 14:03:00.117791 dv-cinder-777031-7-smb devstack@c-api.service[100780]: INFO cinder.api.openstack.wsgi [None req-855a1200-3b0b-4448-9c34-f41e82a8a7aa tempest-VolumeSnapshotQuotasNegativeTestJSON-1705979900 tempest-VolumeSnapshotQuotasNegativeTestJSON-1705979900-project] GET http://10.222.0.45/volume/v3/03ad6a42fb1e471585acbb74e86632ac/volumes/e98be6f4-27ad-4c56-b6e2-28caa8852473
Aug 31 14:03:00.134648 dv-cinder-777031-7-smb devstack@c-api.service[100780]: DEBUG cinder.api.openstack.wsgi [None req-855a1200-3b0b-4448-9c34-f41e82a8a7aa tempest-VolumeSnapshotQuotasNegativeTestJSON-1705979900 tempest-VolumeSnapshotQuotasNegativeTestJSON-1705979900-project] Empty body provided in request {{(pid=100780) get_body /opt/stack/cinder/cinder/api/openstack/wsgi.py:703}}
Aug 31 14:03:00.135806 dv-cinder-777031-7-smb devstack@c-api.service[100780]: /usr/local/lib/python3.8/dist-packages/webob/acceptparse.py:1047: DeprecationWarning: The behavior of AcceptValidHeader.best_match is currently being maintained for backward compatibility, but it will be deprecated in the future, as it does not conform to the RFC.
Aug 31 14:03:00.135806 dv-cinder-777031-7-smb devstack@c-api.service[100780]: warnings.warn(
Aug 31 14:03:00.157064 dv-cinder-777031-7-smb devstack@c-api.service[100780]: DEBUG cinder.api.openstack.wsgi [None req-855a1200-3b0b-4448-9c34-f41e82a8a7aa tempest-VolumeSnapshotQuotasNegativeTestJSON-1705979900 tempest-VolumeSnapshotQuotasNegativeTestJSON-1705979900-project] Calling method 'show' {{(pid=100780) _process_stack /opt/stack/cinder/cinder/api/openstack/wsgi.py:856}}
Aug 31 14:03:00.186036 dv-cinder-777031-7-smb devstack@c-api.service[100779]: /usr/local/lib/python3.8/dist-packages/oslo_context/context.py:105: DeprecationWarning: Policy enforcement is depending on the value of is_admin. This key is deprecated. Please update your policy file to use the standard policy values.
Aug 31 14:03:00.186036 dv-cinder-777031-7-smb devstack@c-api.service[100779]: warnings.warn('Policy enforcement is depending on the value of '
Aug 31 14:03:00.207498 dv-cinder-777031-7-smb devstack@c-api.service[100779]: INFO cinder.volume.api [None req-4b27817f-6154-4c0c-a1e9-a843c5e0692b tempest-GroupSnapshotsTest-1247878333 tempest-GroupSnapshotsTest-1247878333-project] Volume info retrieved successfully.
Aug 31 14:03:00.224587 dv-cinder-777031-7-smb devstack@c-api.service[100779]: WARNING stevedore.named [None req-4b27817f-6154-4c0c-a1e9-a843c5e0692b tempest-GroupSnapshotsTest-1247878333 tempest-GroupSnapshotsTest-1247878333-project] Could not load cinder.keymgr.conf_key_mgr.ConfKeyManager
Aug 31 14:03:00.225453 dv-cinder-777031-7-smb devstack@c-api.service[100779]: WARNING castellan.key_manager [None req-4b27817f-6154-4c0c-a1e9-a843c5e0692b tempest-GroupSnapshotsTest-1247878333 tempest-GroupSnapshotsTest-1247878333-project] Deprecation Warning : cinder.keymgr.conf_key_mgr.ConfKeyManager is not a stevedore based driver, trying to load it as a class: stevedore.exception.NoMatches: No 'castellan.drivers' driver found, looking for 'cinder.keymgr.conf_key_mgr.ConfKeyManager'
Aug 31 14:03:00.225728 dv-cinder-777031-7-smb devstack@c-api.service[100780]: /usr/local/lib/python3.8/dist-packages/oslo_context/context.py:105: DeprecationWarning: Policy enforcement is depending on the value of is_admin. This key is deprecated. Please update your policy file to use the standard policy values.
Aug 31 14:03:00.225728 dv-cinder-777031-7-smb devstack@c-api.service[100780]: warnings.warn('Policy enforcement is depending on the value of '
Aug 31 14:03:00.237210 dv-cinder-777031-7-smb devstack@c-api.service[100779]: DEBUG oslo_db.sqlalchemy.engines [None req-4b27817f-6154-4c0c-a1e9-a843c5e0692b tempest-GroupSnapshotsTest-1247878333 tempest-GroupSnapshotsTest-1247878333-project] MySQL server mode set to STRICT_TRANS_TABLES,STRICT_ALL_TABLES,NO_ZERO_IN_DATE,NO_ZERO_DATE,ERROR_FOR_DIVISION_BY_ZERO,TRADITIONAL,NO_ENGINE_SUBSTITUTION {{(pid=100779) _check_effective_sql_mode /usr/local/lib/python3.8/dist-packages/oslo_db/sqlalchemy/engines.py:314}}
Aug 31 14:03:00.250867 dv-cinder-777031-7-smb devstack@c-api.service[100780]: INFO cinder.volume.api [None req-855a1200-3b0b-4448-9c34-f41e82a8a7aa tempest-VolumeSnapshotQuotasNegativeTestJSON-1705979900 tempest-VolumeSnapshotQuotasNegativeTestJSON-1705979900-project] Volume info retrieved successfully.
Aug 31 14:03:00.253735 dv-cinder-777031-7-smb devstack@c-api.service[100779]: /usr/local/lib/python3.8/dist-packages/oslo_context/context.py:105: DeprecationWarning: Policy enforcement is depending on the value of is_admin. This key is deprecated. Please update your policy file to use the standard policy values.
Aug 31 14:03:00.253735 dv-cinder-777031-7-smb devstack@c-api.service[100779]: warnings.warn('Policy enforcement is depending on the value of '
Aug 31 14:03:00.273626 dv-cinder-777031-7-smb devstack@c-api.service[100779]: INFO cinder.api.openstack.wsgi [None req-4b27817f-6154-4c0c-a1e9-a843c5e0692b tempest-GroupSnapshotsTest-1247878333 tempest-GroupSnapshotsTest-1247878333-project] http://10.222.0.45/volume/v3/f2048f53dd4749d999501b20c58b566e/volumes/34166afd-9936-4ded-9978-fd0e85e11e2c returned with HTTP 200
Aug 31 14:03:00.284543 dv-cinder-777031-7-smb devstack@c-api.service[100779]: [pid: 100779|app: 0|req: 169/362] 10.222.0.45 () {60 vars in 1366 bytes} [Tue Aug 31 14:03:00 2021] GET /volume/v3/f2048f53dd4749d999501b20c58b566e/volumes/34166afd-9936-4ded-9978-fd0e85e11e2c => generated 998 bytes in 220 msecs (HTTP/1.1 200) 7 headers in 286 bytes (1 switches on core 0)
Aug 31 14:03:00.290095 dv-cinder-777031-7-smb devstack@c-api.service[100779]: INFO cinder.api.openstack.wsgi [None req-49574ea4-b107-4871-9a35-472a2e4cd602 tempest-VolumesListAdminTestJSON-301420978 tempest-VolumesListAdminTestJSON-301420978-project] GET http://10.222.0.45/volume/v3/a00a2df48057497b8b6e657377315a3c/volumes/ee6bf979-4185-4948-9e02-b7e9de042248
Aug 31 14:03:00.291462 dv-cinder-777031-7-smb devstack@c-api.service[100779]: DEBUG cinder.api.openstack.wsgi [None req-49574ea4-b107-4871-9a35-472a2e4cd602 tempest-VolumesListAdminTestJSON-301420978 tempest-VolumesListAdminTestJSON-301420978-project] Empty body provided in request {{(pid=100779) get_body /opt/stack/cinder/cinder/api/openstack/wsgi.py:703}}
Aug 31 14:03:00.293368 dv-cinder-777031-7-smb devstack@c-api.service[100779]: /usr/local/lib/python3.8/dist-packages/webob/acceptparse.py:1047: DeprecationWarning: The behavior of AcceptValidHeader.best_match is currently being maintained for backward compatibility, but it will be deprecated in the future, as it does not conform to the RFC.
Aug 31 14:03:00.293368 dv-cinder-777031-7-smb devstack@c-api.service[100779]: warnings.warn(
Aug 31 14:03:00.293992 dv-cinder-777031-7-smb devstack@c-api.service[100779]: DEBUG cinder.api.openstack.wsgi [None req-49574ea4-b107-4871-9a35-472a2e4cd602 tempest-VolumesListAdminTestJSON-301420978 tempest-VolumesListAdminTestJSON-301420978-project] Calling method 'show' {{(pid=100779) _process_stack /opt/stack/cinder/cinder/api/openstack/wsgi.py:856}}
Aug 31 14:03:00.300553 dv-cinder-777031-7-smb devstack@c-api.service[100780]: INFO cinder.api.openstack.wsgi [None req-855a1200-3b0b-4448-9c34-f41e82a8a7aa tempest-VolumeSnapshotQuotasNegativeTestJSON-1705979900 tempest-VolumeSnapshotQuotasNegativeTestJSON-1705979900-project] http://10.222.0.45/volume/v3/03ad6a42fb1e471585acbb74e86632ac/volumes/e98be6f4-27ad-4c56-b6e2-28caa8852473 returned with HTTP 200
Aug 31 14:03:00.302669 dv-cinder-777031-7-smb devstack@c-api.service[100780]: [pid: 100780|app: 0|req: 194/363] 10.222.0.45 () {58 vars in 1325 bytes} [Tue Aug 31 14:03:00 2021] GET /volume/v3/03ad6a42fb1e471585acbb74e86632ac/volumes/e98be6f4-27ad-4c56-b6e2-28caa8852473 => generated 904 bytes in 208 msecs (HTTP/1.1 200) 7 headers in 285 bytes (1 switches on core 0)
Aug 31 14:03:00.310476 dv-cinder-777031-7-smb devstack@c-api.service[100780]: INFO cinder.api.openstack.wsgi [None req-c1268c0b-fced-4f54-9a20-53196cd5fbfe tempest-DeleteServersTestJSON-2043785633 tempest-DeleteServersTestJSON-2043785633-project] GET http://10.222.0.45/volume/v3/a725b4a774814272b1aa540d5a7fb031/volumes/20219fb1-d557-49f9-92fd-dcb98783290d
Aug 31 14:03:00.311477 dv-cinder-777031-7-smb devstack@c-api.service[100780]: DEBUG cinder.api.openstack.wsgi [None req-c1268c0b-fced-4f54-9a20-53196cd5fbfe tempest-DeleteServersTestJSON-2043785633 tempest-DeleteServersTestJSON-2043785633-project] Empty body provided in request {{(pid=100780) get_body /opt/stack/cinder/cinder/api/openstack/wsgi.py:703}}
Aug 31 14:03:00.311746 dv-cinder-777031-7-smb devstack@c-api.service[100780]: /usr/local/lib/python3.8/dist-packages/webob/acceptparse.py:1047: DeprecationWarning: The behavior of AcceptValidHeader.best_match is currently being maintained for backward compatibility, but it will be deprecated in the future, as it does not conform to the RFC.
Aug 31 14:03:00.311746 dv-cinder-777031-7-smb devstack@c-api.service[100780]: warnings.warn(
Aug 31 14:03:00.312268 dv-cinder-777031-7-smb devstack@c-api.service[100780]: DEBUG cinder.api.openstack.wsgi [None req-c1268c0b-fced-4f54-9a20-53196cd5fbfe tempest-DeleteServersTestJSON-2043785633 tempest-DeleteServersTestJSON-2043785633-project] Calling method 'show' {{(pid=100780) _process_stack /opt/stack/cinder/cinder/api/openstack/wsgi.py:856}}
Aug 31 14:03:00.324695 dv-cinder-777031-7-smb devstack@c-api.service[100779]: /usr/local/lib/python3.8/dist-packages/oslo_context/context.py:105: DeprecationWarning: Policy enforcement is depending on the value of is_admin. This key is deprecated. Please update your policy file to use the standard policy values.
Aug 31 14:03:00.324695 dv-cinder-777031-7-smb devstack@c-api.service[100779]: warnings.warn('Policy enforcement is depending on the value of '
Aug 31 14:03:00.336571 dv-cinder-777031-7-smb devstack@c-api.service[100779]: INFO cinder.volume.api [None req-49574ea4-b107-4871-9a35-472a2e4cd602 tempest-VolumesListAdminTestJSON-301420978 tempest-VolumesListAdminTestJSON-301420978-project] Volume info retrieved successfully.
Aug 31 14:03:00.346017 dv-cinder-777031-7-smb devstack@c-api.service[100780]: /usr/local/lib/python3.8/dist-packages/oslo_context/context.py:105: DeprecationWarning: Policy enforcement is depending on the value of is_admin. This key is deprecated. Please update your policy file to use the standard policy values.
Aug 31 14:03:00.346017 dv-cinder-777031-7-smb devstack@c-api.service[100780]: warnings.warn('Policy enforcement is depending on the value of '
Aug 31 14:03:00.368608 dv-cinder-777031-7-smb devstack@c-api.service[100780]: INFO cinder.volume.api [None req-c1268c0b-fced-4f54-9a20-53196cd5fbfe tempest-DeleteServersTestJSON-2043785633 tempest-DeleteServersTestJSON-2043785633-project] Volume info retrieved successfully.
Aug 31 14:03:00.385360 dv-cinder-777031-7-smb devstack@c-api.service[100779]: INFO cinder.api.openstack.wsgi [None req-49574ea4-b107-4871-9a35-472a2e4cd602 tempest-VolumesListAdminTestJSON-301420978 tempest-VolumesListAdminTestJSON-301420978-project] http://10.222.0.45/volume/v3/a00a2df48057497b8b6e657377315a3c/volumes/ee6bf979-4185-4948-9e02-b7e9de042248 returned with HTTP 200
Aug 31 14:03:00.394277 dv-cinder-777031-7-smb devstack@c-api.service[100779]: [pid: 100779|app: 0|req: 170/364] 10.222.0.45 () {58 vars in 1325 bytes} [Tue Aug 31 14:03:00 2021] GET /volume/v3/a00a2df48057497b8b6e657377315a3c/volumes/ee6bf979-4185-4948-9e02-b7e9de042248 => generated 915 bytes in 111 msecs (HTTP/1.1 200) 7 headers in 285 bytes (1 switches on core 0)
Aug 31 14:03:00.406815 dv-cinder-777031-7-smb devstack@c-api.service[100780]: INFO cinder.api.openstack.wsgi [None req-c1268c0b-fced-4f54-9a20-53196cd5fbfe tempest-DeleteServersTestJSON-2043785633 tempest-DeleteServersTestJSON-2043785633-project] http://10.222.0.45/volume/v3/a725b4a774814272b1aa540d5a7fb031/volumes/20219fb1-d557-49f9-92fd-dcb98783290d returned with HTTP 200
Aug 31 14:03:00.408486 dv-cinder-777031-7-smb devstack@c-api.service[100780]: [pid: 100780|app: 0|req: 195/365] 10.222.0.45 () {58 vars in 1325 bytes} [Tue Aug 31 14:03:00 2021] GET /volume/v3/a725b4a774814272b1aa540d5a7fb031/volumes/20219fb1-d557-49f9-92fd-dcb98783290d => generated 914 bytes in 105 msecs (HTTP/1.1 200) 7 headers in 285 bytes (1 switches on core 0)
Aug 31 14:03:00.462598 dv-cinder-777031-7-smb devstack@c-api.service[100779]: INFO cinder.api.openstack.wsgi [None req-7a627901-c982-4579-b2a7-c2f6a713e18a tempest-DeleteServersTestJSON-2043785633 tempest-DeleteServersTestJSON-2043785633-project] DELETE http://10.222.0.45/volume/v3/a725b4a774814272b1aa540d5a7fb031/volumes/20219fb1-d557-49f9-92fd-dcb98783290d
Aug 31 14:03:00.463039 dv-cinder-777031-7-smb devstack@c-api.service[100779]: DEBUG cinder.api.openstack.wsgi [None req-7a627901-c982-4579-b2a7-c2f6a713e18a tempest-DeleteServersTestJSON-2043785633 tempest-DeleteServersTestJSON-2043785633-project] Empty body provided in request {{(pid=100779) get_body /opt/stack/cinder/cinder/api/openstack/wsgi.py:703}}
Aug 31 14:03:00.463276 dv-cinder-777031-7-smb devstack@c-api.service[100779]: /usr/local/lib/python3.8/dist-packages/webob/acceptparse.py:1047: DeprecationWarning: The behavior of AcceptValidHeader.best_match is currently being maintained for backward compatibility, but it will be deprecated in the future, as it does not conform to the RFC.
