Aug 30 19:52:57.677473 dv-cinder-777031-3-smb neutron-server[93860]: DEBUG neutron.db.l3_hamode_db [None req-3a5140b0-5868-4299-9a26-a187021707e5 None None] neutron.services.l3_router.l3_router_plugin.L3RouterPlugin method get_ha_sync_data_for_host called with arguments (, 'dv-cinder-777031-3-smb', Agent(admin_state_up=True,agent_type='L3 agent',availability_zone='nova',binary='neutron-l3-agent',configurations={"agent_mode": "legacy", "ex_gw_ports": 1, "extensions": [], "floating_ips": 0, "handle_internal_only_routers": true, "interface_driver": "openvswitch", "interfaces": 1, "log_agent_heartbeats": false, "routers": 1},created_at=2021-08-30T19:44:39Z,description=,heartbeat_timestamp=2021-08-30T19:52:39Z,host='dv-cinder-777031-3-smb',id=6cbf57a9-b345-4341-be11-cc1934eff21a,load=0,resource_versions=,resources_synced=,started_at=2021-08-30T19:44:39Z,topic='l3_agent')) {'router_ids': ['36063605-4b49-44a1-afbb-2dc39e5538f3'], 'active': True} {{(pid=93860) wrapper /usr/local/lib/python3.8/dist-packages/oslo_log/helpers.py:65}}
Aug 30 19:52:57.689920 dv-cinder-777031-3-smb neutron-server[93857]: DEBUG neutron_lib.callbacks.manager [None req-bbd99379-051d-4dab-89b7-a96439b7267f admin admin] Notify callbacks [] for router, before_response {{(pid=93857) _notify_loop /usr/local/lib/python3.8/dist-packages/neutron_lib/callbacks/manager.py:192}}
Aug 30 19:52:57.694022 dv-cinder-777031-3-smb neutron-server[93857]: INFO neutron.wsgi [None req-bbd99379-051d-4dab-89b7-a96439b7267f admin admin] 10.222.0.55 "POST /v2.0/routers HTTP/1.1" status: 201 len: 922 time: 3.2331238
Aug 30 19:52:57.697151 dv-cinder-777031-3-smb neutron-server[93857]: DEBUG neutron.wsgi [-] (93857) accepted ('10.222.0.55', 37100) {{(pid=93857) server /usr/local/lib/python3.8/dist-packages/eventlet/wsgi.py:982}}
Aug 30 19:52:57.773194 dv-cinder-777031-3-smb neutron-server[93858]: DEBUG neutron_lib.callbacks.manager [None req-2d4f36e5-88e9-4e96-a84e-76ebdeefe73e admin admin] Notify callbacks ['neutron.services.l3_router.l3_router_plugin.L3_HA_NAT_db_mixin._after_router_create-133882311', 'neutron.services.l3_router.l3_router_plugin.DVRResourceOperationHandler._create_snat_interfaces_after_change-133881086'] for router, after_create {{(pid=93858) _notify_loop /usr/local/lib/python3.8/dist-packages/neutron_lib/callbacks/manager.py:192}}
Aug 30 19:52:57.942231 dv-cinder-777031-3-smb neutron-server[93860]: DEBUG neutron.db.l3_dvr_db [None req-3a5140b0-5868-4299-9a26-a187021707e5 None None] Set router 36063605-4b49-44a1-afbb-2dc39e5538f3 gateway port host: dv-cinder-777031-3-smb {{(pid=93860) _build_routers_list /opt/stack/neutron/neutron/db/l3_dvr_db.py:906}}
Aug 30 19:52:58.017489 dv-cinder-777031-3-smb neutron-server[93858]: DEBUG neutron_lib.callbacks.manager [None req-d19780ff-d19d-47ef-aa74-f02384c0f5ac admin admin] Notify callbacks [] for router_gateway, before_create {{(pid=93858) _notify_loop /usr/local/lib/python3.8/dist-packages/neutron_lib/callbacks/manager.py:192}}
Aug 30 19:52:58.019993 dv-cinder-777031-3-smb neutron-server[93859]: DEBUG neutron.plugins.ml2.db [None req-32f13afc-409d-4bdf-b39a-66cc1fef0604 None None] For port 086fc2a8-1730-43be-a85f-19aa116a6fc9, host dv-cinder-777031-3-smb, cleared binding levels {{(pid=93859) clear_binding_levels /opt/stack/neutron/neutron/plugins/ml2/db.py:87}}
Aug 30 19:52:58.025450 dv-cinder-777031-3-smb neutron-server[93859]: DEBUG neutron.plugins.ml2.db [None req-32f13afc-409d-4bdf-b39a-66cc1fef0604 None None] For port 086fc2a8-1730-43be-a85f-19aa116a6fc9, host dv-cinder-777031-3-smb, set binding levels [PortBindingLevel(driver='openvswitch',host='dv-cinder-777031-3-smb',level=0,port_id=086fc2a8-1730-43be-a85f-19aa116a6fc9,segment=NetworkSegment(be036a59-2328-44d7-acd5-21004610050f),segment_id=be036a59-2328-44d7-acd5-21004610050f)] {{(pid=93859) set_binding_levels /opt/stack/neutron/neutron/plugins/ml2/db.py:59}}
Aug 30 19:52:58.038784 dv-cinder-777031-3-smb neutron-server[93859]: DEBUG neutron_lib.callbacks.manager [None req-32f13afc-409d-4bdf-b39a-66cc1fef0604 None None] Notify callbacks ['neutron.plugins.ml2.plugin.SecurityGroupServerNotifierRpcMixin._notify_sg_on_port_change-741870', 'neutron.plugins.ml2.ovo_rpc._ObjectChangeHandler.handle_event-57112', 'neutron.api.rpc.agentnotifiers.dhcp_rpc_agent_api.DhcpAgentNotifyAPI._native_event_send_dhcp_notification-133821578', 'neutron.db.l3_db.L3RpcNotifierMixin._notify_gateway_port_ip_changed-8742070537939', 'neutron.db.l3_dvrscheduler_db._notify_l3_agent_port_update-8742070009402', 'neutron.db.l3_hascheduler_db._notify_l3_agent_ha_port_update-8742070009420'] for port, after_update {{(pid=93859) _notify_loop /usr/local/lib/python3.8/dist-packages/neutron_lib/callbacks/manager.py:192}}
Aug 30 19:52:58.052098 dv-cinder-777031-3-smb neutron-server[93858]: DEBUG neutron_lib.callbacks.manager [None req-d19780ff-d19d-47ef-aa74-f02384c0f5ac admin admin] Notify callbacks ['neutron.plugins.ml2.plugin.SecurityGroupDbMixin._ensure_default_security_group_handler-741801'] for port, before_create {{(pid=93858) _notify_loop /usr/local/lib/python3.8/dist-packages/neutron_lib/callbacks/manager.py:192}}
Aug 30 19:52:58.077020 dv-cinder-777031-3-smb neutron-server[93858]: DEBUG neutron.scheduler.l3_agent_scheduler [None req-2d4f36e5-88e9-4e96-a84e-76ebdeefe73e admin admin] Router bc86f721-2da3-4c1c-82af-bca10be15548 is scheduled to L3 agent 6cbf57a9-b345-4341-be11-cc1934eff21a with binding_index 1 {{(pid=93858) bind_router /opt/stack/neutron/neutron/scheduler/l3_agent_scheduler.py:209}}
Aug 30 19:52:58.284551 dv-cinder-777031-3-smb neutron-server[93859]: DEBUG neutron_lib.callbacks.manager [None req-188586d5-4843-4cf9-a00f-d2cde13a86c0 None None] Notify callbacks ['neutron.plugins.ml2.plugin.SecurityGroupDbMixin._ensure_default_security_group_handler-741801'] for port, before_update {{(pid=93859) _notify_loop /usr/local/lib/python3.8/dist-packages/neutron_lib/callbacks/manager.py:192}}
Aug 30 19:52:58.396309 dv-cinder-777031-3-smb neutron-server[93859]: DEBUG neutron.plugins.ml2.db [None req-188586d5-4843-4cf9-a00f-d2cde13a86c0 None None] For port f503dd47-7a04-4811-8649-5c23940dab2a, host dv-cinder-777031-3-smb, got binding levels [PortBindingLevel(driver='openvswitch',host='dv-cinder-777031-3-smb',level=0,port_id=f503dd47-7a04-4811-8649-5c23940dab2a,segment=NetworkSegment(dd230bb0-e368-45b9-9654-ed1e12feaead),segment_id=dd230bb0-e368-45b9-9654-ed1e12feaead)] {{(pid=93859) get_binding_level_objs /opt/stack/neutron/neutron/plugins/ml2/db.py:74}}
Aug 30 19:52:58.398861 dv-cinder-777031-3-smb neutron-server[93859]: DEBUG neutron.api.rpc.handlers.resources_rpc [None req-32f13afc-409d-4bdf-b39a-66cc1fef0604 None None] Pushing event updated for resources: {'Port': ['ID=086fc2a8-1730-43be-a85f-19aa116a6fc9,revision_number=2']} {{(pid=93859) push /opt/stack/neutron/neutron/api/rpc/handlers/resources_rpc.py:237}}
Aug 30 19:52:58.420840 dv-cinder-777031-3-smb neutron-server[93859]: DEBUG neutron_lib.callbacks.manager [None req-188586d5-4843-4cf9-a00f-d2cde13a86c0 None None] Notify callbacks ['neutron.plugins.ml2.plugin.SecurityGroupServerNotifierRpcMixin._notify_sg_on_port_change-741870', 'neutron.plugins.ml2.ovo_rpc._ObjectChangeHandler.handle_event-57112', 'neutron.api.rpc.agentnotifiers.dhcp_rpc_agent_api.DhcpAgentNotifyAPI._native_event_send_dhcp_notification-133821578', 'neutron.db.l3_db.L3RpcNotifierMixin._notify_gateway_port_ip_changed-8742070537939', 'neutron.db.l3_dvrscheduler_db._notify_l3_agent_port_update-8742070009402', 'neutron.db.l3_hascheduler_db._notify_l3_agent_ha_port_update-8742070009420'] for port, after_update {{(pid=93859) _notify_loop /usr/local/lib/python3.8/dist-packages/neutron_lib/callbacks/manager.py:192}}
Aug 30 19:52:58.490653 dv-cinder-777031-3-smb neutron-server[93860]: DEBUG neutron.db.l3_hamode_db [None req-3a5140b0-5868-4299-9a26-a187021707e5 None None] neutron.services.l3_router.l3_router_plugin.L3RouterPlugin method _process_sync_ha_data called with arguments (, [{'id': '36063605-4b49-44a1-afbb-2dc39e5538f3', 'name': 'tempest-AttachVolumeTestJSON-1063350064-router', 'tenant_id': 'bd5272fa62ac414189f68cd9f86b6276', 'admin_state_up': True, 'status': 'ACTIVE', 'external_gateway_info': {'network_id': '735f8ef2-57a6-4b9b-90f3-c9038639bb11', 'external_fixed_ips': [{'subnet_id': '05dc3d58-859e-4163-a43f-22f3969e1bcc', 'ip_address': '172.28.1.69'}], 'enable_snat': True}, 'gw_port_id': 'b7450f57-b802-4309-b40b-71f9b0f4d090', 'description': '', 'availability_zones': ['nova'], 'distributed': False, 'ha': False, 'ha_vr_id': 0, 'availability_zone_hints': [], 'routes': [], 'flavor_id': None, 'tags': [], 'created_at': '2021-08-30T19:52:54Z', 'updated_at': '2021-08-30T19:52:56Z', 'revision_number': 3, 'project_id': 'bd5272fa62ac414189f68cd9f86b6276', 'gw_port': {'id': 'b7450f57-b802-4309-b40b-71f9b0f4d090', 'name': '', 'network_id': '735f8ef2-57a6-4b9b-90f3-c9038639bb11', 'tenant_id': '', 'mac_address': 'fa:16:3e:55:4f:5d', 'admin_state_up': True, 'status': 'DOWN', 'device_id': '36063605-4b49-44a1-afbb-2dc39e5538f3', 'device_owner': 'network:router_gateway', 'standard_attr_id': 75, 'fixed_ips': [{'subnet_id': '05dc3d58-859e-4163-a43f-22f3969e1bcc', 'ip_address': '172.28.1.69', 'prefixlen': 24}], 'allowed_address_pairs': [], 'extra_dhcp_opts': [], 'security_groups': [], 'description': '', 'binding:vnic_type': 'normal', 'binding:profile': {}, 'binding:host_id': '', 'binding:vif_type': 'unbound', 'binding:vif_details': {}, 'port_security_enabled': False, 'tags': [], 'created_at': '2021-08-30T19:52:55Z', 'updated_at': '2021-08-30T19:52:55Z', 'revision_number': 1, 'project_id': '', 'subnets': [{'id': '05dc3d58-859e-4163-a43f-22f3969e1bcc', 'cidr': '172.28.1.0/24', 'gateway_ip': '172.28.1.1', 'dns_nameservers': [], 'ipv6_ra_mode': None, 'subnetpool_id': None}], 'extra_subnets': [], 'address_scopes': {4: None, 6: None}, 'mtu': 1500}, 'enable_snat': True, 'gw_port_host': 'dv-cinder-777031-3-smb'}], 'dv-cinder-777031-3-smb', False) {} {{(pid=93860) wrapper /usr/local/lib/python3.8/dist-packages/oslo_log/helpers.py:65}}
Aug 30 19:52:58.604226 dv-cinder-777031-3-smb neutron-server[93860]: DEBUG neutron.api.rpc.handlers.l3_rpc [None req-3a5140b0-5868-4299-9a26-a187021707e5 None None] Checking router: 36063605-4b49-44a1-afbb-2dc39e5538f3 for host: dv-cinder-777031-3-smb {{(pid=93860) _ensure_host_set_on_ports /opt/stack/neutron/neutron/api/rpc/handlers/l3_rpc.py:155}}
Aug 30 19:52:58.606898 dv-cinder-777031-3-smb neutron-server[93860]: DEBUG neutron.api.rpc.handlers.l3_rpc [None req-3a5140b0-5868-4299-9a26-a187021707e5 None None] Updating router 36063605-4b49-44a1-afbb-2dc39e5538f3 port b7450f57-b802-4309-b40b-71f9b0f4d090 binding host dv-cinder-777031-3-smb {{(pid=93860) _ensure_host_set_on_port /opt/stack/neutron/neutron/api/rpc/handlers/l3_rpc.py:205}}
Aug 30 19:52:58.614752 dv-cinder-777031-3-smb neutron-server[93859]: DEBUG neutron.api.rpc.handlers.resources_rpc [None req-188586d5-4843-4cf9-a00f-d2cde13a86c0 None None] Pushing event updated for resources: {'Port': ['ID=f503dd47-7a04-4811-8649-5c23940dab2a,revision_number=3']} {{(pid=93859) push /opt/stack/neutron/neutron/api/rpc/handlers/resources_rpc.py:237}}
Aug 30 19:52:58.686740 dv-cinder-777031-3-smb neutron-server[93860]: DEBUG neutron_lib.callbacks.manager [None req-3a5140b0-5868-4299-9a26-a187021707e5 None None] Notify callbacks ['neutron.plugins.ml2.plugin.SecurityGroupDbMixin._ensure_default_security_group_handler-741801'] for port, before_update {{(pid=93860) _notify_loop /usr/local/lib/python3.8/dist-packages/neutron_lib/callbacks/manager.py:192}}
Aug 30 19:52:58.835264 dv-cinder-777031-3-smb neutron-server[93859]: DEBUG neutron.db.provisioning_blocks [None req-2fe1e96a-d95f-43cd-b1c9-47f5985fbf58 None None] Provisioning complete for port f503dd47-7a04-4811-8649-5c23940dab2a triggered by entity DHCP. {{(pid=93859) provisioning_complete /opt/stack/neutron/neutron/db/provisioning_blocks.py:139}}
Aug 30 19:52:58.836790 dv-cinder-777031-3-smb neutron-server[93859]: DEBUG neutron_lib.callbacks.manager [None req-2fe1e96a-d95f-43cd-b1c9-47f5985fbf58 None None] Notify callbacks ['neutron.plugins.ml2.plugin.Ml2Plugin._port_provisioned-553854'] for port, provisioning_complete {{(pid=93859) _notify_loop /usr/local/lib/python3.8/dist-packages/neutron_lib/callbacks/manager.py:192}}
Aug 30 19:52:58.923548 dv-cinder-777031-3-smb neutron-server[93857]: DEBUG neutron_lib.callbacks.manager [None req-fa9e2c50-05af-42e7-bf2e-4be4821581ee admin admin] Notify callbacks ['neutron.plugins.ml2.plugin.SecurityGroupDbMixin._ensure_default_security_group_handler-741801'] for port, before_create {{(pid=93857) _notify_loop /usr/local/lib/python3.8/dist-packages/neutron_lib/callbacks/manager.py:192}}
Aug 30 19:52:58.948515 dv-cinder-777031-3-smb neutron-server[93857]: DEBUG neutron.wsgi [-] (93857) accepted ('10.222.0.86', 50852) {{(pid=93857) server /usr/local/lib/python3.8/dist-packages/eventlet/wsgi.py:982}}
Aug 30 19:52:59.208394 dv-cinder-777031-3-smb neutron-server[93858]: DEBUG neutron.wsgi [-] (93858) accepted ('10.222.0.55', 37156) {{(pid=93858) server /usr/local/lib/python3.8/dist-packages/eventlet/wsgi.py:982}}
Aug 30 19:52:59.225957 dv-cinder-777031-3-smb neutron-server[93857]: DEBUG neutron.pecan_wsgi.hooks.policy_enforcement [req-4e8c7fe6-0e53-41ed-a68f-cc4549fd2730 req-cc7a81ce-6c88-474e-87c0-504575e881dc tempest-AttachVolumeNegativeTest-1046617897 tempest-AttachVolumeNegativeTest-1046617897-project] Attributes excluded by policy engine: ['standard_attr_id', 'vlan_transparent', 'provider:network_type', 'provider:physical_network', 'provider:segmentation_id'] {{(pid=93857) _exclude_attributes_by_policy /opt/stack/neutron/neutron/pecan_wsgi/hooks/policy_enforcement.py:255}}
Aug 30 19:52:59.229358 dv-cinder-777031-3-smb neutron-server[93857]: INFO neutron.wsgi [req-4e8c7fe6-0e53-41ed-a68f-cc4549fd2730 req-cc7a81ce-6c88-474e-87c0-504575e881dc tempest-AttachVolumeNegativeTest-1046617897 tempest-AttachVolumeNegativeTest-1046617897-project] 10.222.0.86 "GET /v2.0/networks?id=a6743759-fc14-46f7-8b49-3f96d63b6762 HTTP/1.1" status: 200 len: 814 time: 0.2798412
Aug 30 19:52:59.263758 dv-cinder-777031-3-smb neutron-server[93859]: DEBUG neutron.plugins.ml2.rpc [None req-188586d5-4843-4cf9-a00f-d2cde13a86c0 None None] Device 086fc2a8-1730-43be-a85f-19aa116a6fc9 up at agent ovs-agent-dv-cinder-777031-3-smb {{(pid=93859) update_device_up /opt/stack/neutron/neutron/plugins/ml2/rpc.py:296}}
Aug 30 19:52:59.287398 dv-cinder-777031-3-smb neutron-server[93858]: INFO neutron.wsgi [req-a90f7003-74f0-4987-b9c0-d75bebd1a373 req-65c6c4de-b161-4aeb-86d4-7df6b21fe442 tempest-DeleteServersTestJSON-1957814649 tempest-DeleteServersTestJSON-1957814649-project] 10.222.0.55 "GET /v2.0/ports?device_id=3f94e882-1a6c-49e8-9f28-b53cbf4e9867 HTTP/1.1" status: 200 len: 210 time: 0.4901645
Aug 30 19:52:59.340189 dv-cinder-777031-3-smb neutron-server[93859]: DEBUG neutron.db.provisioning_blocks [None req-188586d5-4843-4cf9-a00f-d2cde13a86c0 None None] Provisioning for port 086fc2a8-1730-43be-a85f-19aa116a6fc9 completed by entity L2. {{(pid=93859) provisioning_complete /opt/stack/neutron/neutron/db/provisioning_blocks.py:133}}
Aug 30 19:52:59.360918 dv-cinder-777031-3-smb neutron-server[93859]: DEBUG neutron.plugins.ml2.rpc [None req-188586d5-4843-4cf9-a00f-d2cde13a86c0 None None] Device f503dd47-7a04-4811-8649-5c23940dab2a up at agent ovs-agent-dv-cinder-777031-3-smb {{(pid=93859) update_device_up /opt/stack/neutron/neutron/plugins/ml2/rpc.py:296}}
Aug 30 19:52:59.381562 dv-cinder-777031-3-smb neutron-server[93858]: DEBUG neutron.db.db_base_plugin_common [None req-d19780ff-d19d-47ef-aa74-f02384c0f5ac admin admin] Allocated IP 172.28.1.39 (735f8ef2-57a6-4b9b-90f3-c9038639bb11/05dc3d58-859e-4163-a43f-22f3969e1bcc/f02d2ba5-1ce3-4339-9eee-3c4670fd0ccf) {{(pid=93858) _store_ip_allocation /opt/stack/neutron/neutron/db/db_base_plugin_common.py:131}}
Aug 30 19:52:59.386461 dv-cinder-777031-3-smb neutron-server[93858]: DEBUG neutron.api.rpc.agentnotifiers.l3_rpc_agent_api [None req-2d4f36e5-88e9-4e96-a84e-76ebdeefe73e admin admin] Notify agent at l3_agent.dv-cinder-777031-3-smb the message routers_updated {{(pid=93858) _agent_notification /opt/stack/neutron/neutron/api/rpc/agentnotifiers/l3_rpc_agent_api.py:65}}
Aug 30 19:52:59.386715 dv-cinder-777031-3-smb neutron-server[93857]: DEBUG neutron.api.v2.base [req-4e8c7fe6-0e53-41ed-a68f-cc4549fd2730 req-0d9bcebf-487b-4a0e-b7db-808fef394da2 tempest-AttachVolumeNegativeTest-1046617897 tempest-AttachVolumeNegativeTest-1046617897-project] Request body: {'port': {'device_id': '5f1a0161-d872-4702-8c7f-f12f86f6fa4b', 'network_id': 'a6743759-fc14-46f7-8b49-3f96d63b6762', 'admin_state_up': True, 'tenant_id': 'e0bc7eb668244728b4e9154abcda78db'}} {{(pid=93857) prepare_request_body /opt/stack/neutron/neutron/api/v2/base.py:730}}
Aug 30 19:52:59.428205 dv-cinder-777031-3-smb neutron-server[93859]: DEBUG neutron.api.rpc.handlers.l3_rpc [None req-0f0b2619-dd7d-43ef-bcdb-08c39088d79a None None] Sync routers for ids ['bc86f721-2da3-4c1c-82af-bca10be15548'] in dv-cinder-777031-3-smb {{(pid=93859) sync_routers /opt/stack/neutron/neutron/api/rpc/handlers/l3_rpc.py:125}}
Aug 30 19:52:59.484318 dv-cinder-777031-3-smb neutron-server[93858]: DEBUG neutron_lib.callbacks.manager [None req-2d4f36e5-88e9-4e96-a84e-76ebdeefe73e admin admin] Notify callbacks [] for router, before_response {{(pid=93858) _notify_loop /usr/local/lib/python3.8/dist-packages/neutron_lib/callbacks/manager.py:192}}
Aug 30 19:52:59.486183 dv-cinder-777031-3-smb neutron-server[93858]: INFO neutron.wsgi [None req-2d4f36e5-88e9-4e96-a84e-76ebdeefe73e admin admin] 10.222.0.55 "POST /v2.0/routers HTTP/1.1" status: 201 len: 931 time: 6.3258297
Aug 30 19:52:59.504632 dv-cinder-777031-3-smb neutron-server[93859]: DEBUG neutron.db.l3_dvrscheduler_db [None req-0f0b2619-dd7d-43ef-bcdb-08c39088d79a None None] Routers {'bc86f721-2da3-4c1c-82af-bca10be15548'} bound to L3 agent in host dv-cinder-777031-3-smb {{(pid=93859) _get_router_ids_for_agent /opt/stack/neutron/neutron/db/l3_dvrscheduler_db.py:420}}
Aug 30 19:52:59.505478 dv-cinder-777031-3-smb neutron-server[93859]: DEBUG neutron.db.l3_hamode_db [None req-0f0b2619-dd7d-43ef-bcdb-08c39088d79a None None] neutron.services.l3_router.l3_router_plugin.L3RouterPlugin method get_ha_sync_data_for_host called with arguments (, 'dv-cinder-777031-3-smb', Agent(admin_state_up=True,agent_type='L3 agent',availability_zone='nova',binary='neutron-l3-agent',configurations={"agent_mode": "legacy", "ex_gw_ports": 1, "extensions": [], "floating_ips": 0, "handle_internal_only_routers": true, "interface_driver": "openvswitch", "interfaces": 1, "log_agent_heartbeats": false, "routers": 1},created_at=2021-08-30T19:44:39Z,description=,heartbeat_timestamp=2021-08-30T19:52:39Z,host='dv-cinder-777031-3-smb',id=6cbf57a9-b345-4341-be11-cc1934eff21a,load=0,resource_versions=,resources_synced=,started_at=2021-08-30T19:44:39Z,topic='l3_agent')) {'router_ids': ['bc86f721-2da3-4c1c-82af-bca10be15548'], 'active': True} {{(pid=93859) wrapper /usr/local/lib/python3.8/dist-packages/oslo_log/helpers.py:65}}
Aug 30 19:52:59.542910 dv-cinder-777031-3-smb neutron-server[93857]: DEBUG neutron.wsgi [-] (93857) accepted ('10.222.0.55', 37166) {{(pid=93857) server /usr/local/lib/python3.8/dist-packages/eventlet/wsgi.py:982}}
Aug 30 19:52:59.592989 dv-cinder-777031-3-smb neutron-server[93857]: INFO neutron.wsgi [req-482a7544-2c79-4ec7-abcf-9e63412e1700 req-0d67b5cb-8df7-43d8-8788-509de9e769ce tempest-AttachVolumeNegativeTest-1046617897 tempest-AttachVolumeNegativeTest-1046617897-project] 10.222.0.55 "GET /v2.0/ports?device_id=5f1a0161-d872-4702-8c7f-f12f86f6fa4b HTTP/1.1" status: 200 len: 210 time: 0.3590820
Aug 30 19:52:59.621576 dv-cinder-777031-3-smb neutron-server[93858]: DEBUG neutron_lib.callbacks.manager [None req-8921838c-579b-4835-a126-d0a6dffeb024 admin admin] Notify callbacks [] for security_group, before_create {{(pid=93858) _notify_loop /usr/local/lib/python3.8/dist-packages/neutron_lib/callbacks/manager.py:192}}
Aug 30 19:52:59.834819 dv-cinder-777031-3-smb neutron-server[93858]: DEBUG neutron_lib.callbacks.manager [None req-d19780ff-d19d-47ef-aa74-f02384c0f5ac admin admin] Notify callbacks [] for port, precommit_create {{(pid=93858) _notify_loop /usr/local/lib/python3.8/dist-packages/neutron_lib/callbacks/manager.py:192}}
Aug 30 19:52:59.850840 dv-cinder-777031-3-smb neutron-server[93859]: DEBUG neutron.db.l3_dvr_db [None req-0f0b2619-dd7d-43ef-bcdb-08c39088d79a None None] Set router bc86f721-2da3-4c1c-82af-bca10be15548 gateway port host: dv-cinder-777031-3-smb {{(pid=93859) _build_routers_list /opt/stack/neutron/neutron/db/l3_dvr_db.py:906}}
Aug 30 19:52:59.910483 dv-cinder-777031-3-smb neutron-server[93859]: DEBUG neutron.db.provisioning_blocks [None req-188586d5-4843-4cf9-a00f-d2cde13a86c0 None None] Provisioning complete for port f503dd47-7a04-4811-8649-5c23940dab2a triggered by entity L2. {{(pid=93859) provisioning_complete /opt/stack/neutron/neutron/db/provisioning_blocks.py:139}}
Aug 30 19:52:59.910861 dv-cinder-777031-3-smb neutron-server[93859]: DEBUG neutron_lib.callbacks.manager [None req-188586d5-4843-4cf9-a00f-d2cde13a86c0 None None] Notify callbacks ['neutron.plugins.ml2.plugin.Ml2Plugin._port_provisioned-553854'] for port, provisioning_complete {{(pid=93859) _notify_loop /usr/local/lib/python3.8/dist-packages/neutron_lib/callbacks/manager.py:192}}
Aug 30 19:52:59.960597 dv-cinder-777031-3-smb neutron-server[93858]: DEBUG neutron_lib.callbacks.manager [None req-8921838c-579b-4835-a126-d0a6dffeb024 admin admin] Notify callbacks [] for security_group, precommit_create {{(pid=93858) _notify_loop /usr/local/lib/python3.8/dist-packages/neutron_lib/callbacks/manager.py:192}}
Aug 30 19:52:59.962742 dv-cinder-777031-3-smb neutron-server[93858]: DEBUG neutron_lib.callbacks.manager [None req-d19780ff-d19d-47ef-aa74-f02384c0f5ac admin admin] Notify callbacks ['neutron.plugins.ml2.plugin.SecurityGroupServerNotifierRpcMixin._notify_sg_on_port_change-741870', 'neutron.plugins.ml2.ovo_rpc._ObjectChangeHandler.handle_event-57112', 'neutron.api.rpc.agentnotifiers.dhcp_rpc_agent_api.DhcpAgentNotifyAPI._native_event_send_dhcp_notification-133821578', 'neutron.db.l3_dvrscheduler_db._notify_l3_agent_new_port-8742070009384'] for port, after_create {{(pid=93858) _notify_loop /usr/local/lib/python3.8/dist-packages/neutron_lib/callbacks/manager.py:192}}
Aug 30 19:53:00.023521 dv-cinder-777031-3-smb neutron-server[93858]: DEBUG neutron.api.rpc.handlers.resources_rpc [None req-d19780ff-d19d-47ef-aa74-f02384c0f5ac admin admin] Pushing event updated for resources: {'Port': ['ID=f02d2ba5-1ce3-4339-9eee-3c4670fd0ccf,revision_number=1']} {{(pid=93858) push /opt/stack/neutron/neutron/api/rpc/handlers/resources_rpc.py:237}}
Aug 30 19:53:00.029804 dv-cinder-777031-3-smb neutron-server[93858]: DEBUG neutron_lib.callbacks.manager [None req-8921838c-579b-4835-a126-d0a6dffeb024 admin admin] Notify callbacks ['neutron.plugins.ml2.ovo_rpc._ObjectChangeHandler.handle_event-133902038'] for security_group, after_create {{(pid=93858) _notify_loop /usr/local/lib/python3.8/dist-packages/neutron_lib/callbacks/manager.py:192}}
Aug 30 19:53:00.059566 dv-cinder-777031-3-smb neutron-server[93858]: DEBUG neutron.scheduler.dhcp_agent_scheduler [None req-d19780ff-d19d-47ef-aa74-f02384c0f5ac admin admin] Network 735f8ef2-57a6-4b9b-90f3-c9038639bb11 is already hosted by enough agents. {{(pid=93858) _get_dhcp_agents_hosting_network /opt/stack/neutron/neutron/scheduler/dhcp_agent_scheduler.py:275}}
Aug 30 19:53:00.073740 dv-cinder-777031-3-smb neutron-server[93858]: DEBUG neutron.scheduler.base_scheduler [None req-d19780ff-d19d-47ef-aa74-f02384c0f5ac admin admin] Resources bound (agent type, host, resource id): {{(pid=93858) schedule /opt/stack/neutron/neutron/scheduler/base_scheduler.py:57}}
Aug 30 19:53:00.080496 dv-cinder-777031-3-smb neutron-server[93859]: DEBUG neutron.api.rpc.handlers.dhcp_rpc [None req-e7561cfd-6486-40c0-97bf-1cfd2eec519d None None] Network 106a5d8b-df3c-4eaf-bb5a-071664efc703 requested from dv-cinder-777031-3-smb {{(pid=93859) get_network_info /opt/stack/neutron/neutron/api/rpc/handlers/dhcp_rpc.py:218}}
Aug 30 19:53:00.083858 dv-cinder-777031-3-smb neutron-server[93858]: DEBUG neutron.db.l3_dvrscheduler_db [None req-d19780ff-d19d-47ef-aa74-f02384c0f5ac admin admin] Received port after_create {{(pid=93858) _notify_l3_agent_new_port /opt/stack/neutron/neutron/db/l3_dvrscheduler_db.py:535}}
Aug 30 19:53:00.245671 dv-cinder-777031-3-smb neutron-server[93860]: DEBUG neutron_lib.callbacks.manager [None req-3a5140b0-5868-4299-9a26-a187021707e5 None None] Notify callbacks [] for port, precommit_update {{(pid=93860) _notify_loop /usr/local/lib/python3.8/dist-packages/neutron_lib/callbacks/manager.py:192}}
Aug 30 19:53:00.251298 dv-cinder-777031-3-smb neutron-server[93858]: INFO neutron.wsgi [None req-8921838c-579b-4835-a126-d0a6dffeb024 admin admin] 10.222.0.55 "GET /v2.0/security-groups?tenant_id=982cf9fa129c447bbc0dfba690d7191d&name=default HTTP/1.1" status: 200 len: 2975 time: 0.9944997
Aug 30 19:53:00.265815 dv-cinder-777031-3-smb neutron-server[93858]: DEBUG neutron.wsgi [-] (93858) accepted ('10.222.0.55', 37216) {{(pid=93858) server /usr/local/lib/python3.8/dist-packages/eventlet/wsgi.py:982}}
Aug 30 19:53:00.272886 dv-cinder-777031-3-smb neutron-server[93860]: DEBUG neutron.db.provisioning_blocks [None req-3a5140b0-5868-4299-9a26-a187021707e5 None None] Transition to ACTIVE for port object b7450f57-b802-4309-b40b-71f9b0f4d090 will not be triggered until provisioned by entity L2. {{(pid=93860) add_provisioning_component /opt/stack/neutron/neutron/db/provisioning_blocks.py:73}}
Aug 30 19:53:00.283682 dv-cinder-777031-3-smb neutron-server[93860]: DEBUG neutron_lib.callbacks.manager [None req-3a5140b0-5868-4299-9a26-a187021707e5 None None] Notify callbacks ['neutron.plugins.ml2.plugin.SecurityGroupServerNotifierRpcMixin._notify_sg_on_port_change-741870', 'neutron.plugins.ml2.ovo_rpc._ObjectChangeHandler.handle_event-57112', 'neutron.api.rpc.agentnotifiers.dhcp_rpc_agent_api.DhcpAgentNotifyAPI._native_event_send_dhcp_notification-133821578', 'neutron.db.l3_db.L3RpcNotifierMixin._notify_gateway_port_ip_changed-8742070537939', 'neutron.db.l3_dvrscheduler_db._notify_l3_agent_port_update-8742070009402', 'neutron.db.l3_hascheduler_db._notify_l3_agent_ha_port_update-8742070009420'] for port, after_update {{(pid=93860) _notify_loop /usr/local/lib/python3.8/dist-packages/neutron_lib/callbacks/manager.py:192}}
Aug 30 19:53:00.369211 dv-cinder-777031-3-smb neutron-server[93858]: DEBUG neutron.wsgi [-] (93858) accepted ('10.222.0.86', 50859) {{(pid=93858) server /usr/local/lib/python3.8/dist-packages/eventlet/wsgi.py:982}}
Aug 30 19:53:00.370826 dv-cinder-777031-3-smb neutron-server[93860]: DEBUG neutron.api.rpc.handlers.resources_rpc [None req-e47fca61-d6b2-41d2-a35e-b5529cd141a5 None None] Pushing event updated for resources: {'Port': ['ID=b7450f57-b802-4309-b40b-71f9b0f4d090,revision_number=2']} {{(pid=93860) push /opt/stack/neutron/neutron/api/rpc/handlers/resources_rpc.py:237}}
Aug 30 19:53:00.395206 dv-cinder-777031-3-smb neutron-server[93860]: DEBUG neutron.api.rpc.callbacks.version_manager [None req-e47fca61-d6b2-41d2-a35e-b5529cd141a5 None None] Version for resource type AddressGroup changed None to 1.2 on consumer Open vSwitch agent@dv-cinder-777031-3-smb {{(pid=93860) _set_version /opt/stack/neutron/neutron/api/rpc/callbacks/version_manager.py:113}}
Aug 30 19:53:00.395555 dv-cinder-777031-3-smb neutron-server[93860]: DEBUG neutron.api.rpc.callbacks.version_manager [None req-e47fca61-d6b2-41d2-a35e-b5529cd141a5 None None] Version for resource type ConntrackHelper changed None to 1.0 on consumer Open vSwitch agent@dv-cinder-777031-3-smb {{(pid=93860) _set_version /opt/stack/neutron/neutron/api/rpc/callbacks/version_manager.py:113}}
Aug 30 19:53:00.396820 dv-cinder-777031-3-smb neutron-server[93860]: DEBUG neutron.api.rpc.callbacks.version_manager [None req-e47fca61-d6b2-41d2-a35e-b5529cd141a5 None None] Version for resource type Log changed None to 1.0 on consumer Open vSwitch agent@dv-cinder-777031-3-smb {{(pid=93860) _set_version /opt/stack/neutron/neutron/api/rpc/callbacks/version_manager.py:113}}
Aug 30 19:53:00.399217 dv-cinder-777031-3-smb neutron-server[93860]: DEBUG neutron.api.rpc.callbacks.version_manager [None req-e47fca61-d6b2-41d2-a35e-b5529cd141a5 None None] Version for resource type Network changed None to 1.1 on consumer Open vSwitch agent@dv-cinder-777031-3-smb {{(pid=93860) _set_version /opt/stack/neutron/neutron/api/rpc/callbacks/version_manager.py:113}}
Aug 30 19:53:00.399684 dv-cinder-777031-3-smb neutron-server[93860]: DEBUG neutron.api.rpc.callbacks.version_manager [None req-e47fca61-d6b2-41d2-a35e-b5529cd141a5 None None] Version for resource type Port changed None to 1.7 on consumer Open vSwitch agent@dv-cinder-777031-3-smb {{(pid=93860) _set_version /opt/stack/neutron/neutron/api/rpc/callbacks/version_manager.py:113}}
Aug 30 19:53:00.400144 dv-cinder-777031-3-smb neutron-server[93860]: DEBUG neutron.api.rpc.callbacks.version_manager [None req-e47fca61-d6b2-41d2-a35e-b5529cd141a5 None None] Version for resource type PortForwarding changed None to 1.2 on consumer Open vSwitch agent@dv-cinder-777031-3-smb {{(pid=93860) _set_version /opt/stack/neutron/neutron/api/rpc/callbacks/version_manager.py:113}}
Aug 30 19:53:00.400499 dv-cinder-777031-3-smb neutron-server[93860]: DEBUG neutron.api.rpc.callbacks.version_manager [None req-e47fca61-d6b2-41d2-a35e-b5529cd141a5 None None] Version for resource type QosPolicy changed None to 1.9 on consumer Open vSwitch agent@dv-cinder-777031-3-smb {{(pid=93860) _set_version /opt/stack/neutron/neutron/api/rpc/callbacks/version_manager.py:113}}
Aug 30 19:53:00.400789 dv-cinder-777031-3-smb neutron-server[93860]: DEBUG neutron.api.rpc.callbacks.version_manager [None req-e47fca61-d6b2-41d2-a35e-b5529cd141a5 None None] Version for resource type SecurityGroup changed None to 1.4 on consumer Open vSwitch agent@dv-cinder-777031-3-smb {{(pid=93860) _set_version /opt/stack/neutron/neutron/api/rpc/callbacks/version_manager.py:113}}
Aug 30 19:53:00.402519 dv-cinder-777031-3-smb neutron-server[93860]: DEBUG neutron.api.rpc.callbacks.version_manager [None req-e47fca61-d6b2-41d2-a35e-b5529cd141a5 None None] Version for resource type SecurityGroupRule changed None to 1.2 on consumer Open vSwitch agent@dv-cinder-777031-3-smb {{(pid=93860) _set_version /opt/stack/neutron/neutron/api/rpc/callbacks/version_manager.py:113}}
Aug 30 19:53:00.402866 dv-cinder-777031-3-smb neutron-server[93860]: DEBUG neutron.api.rpc.callbacks.version_manager [None req-e47fca61-d6b2-41d2-a35e-b5529cd141a5 None None] Version for resource type SubPort changed None to 1.0 on consumer Open vSwitch agent@dv-cinder-777031-3-smb {{(pid=93860) _set_version /opt/stack/neutron/neutron/api/rpc/callbacks/version_manager.py:113}}
Aug 30 19:53:00.403253 dv-cinder-777031-3-smb neutron-server[93860]: DEBUG neutron.api.rpc.callbacks.version_manager [None req-e47fca61-d6b2-41d2-a35e-b5529cd141a5 None None] Version for resource type Subnet changed None to 1.1 on consumer Open vSwitch agent@dv-cinder-777031-3-smb {{(pid=93860) _set_version /opt/stack/neutron/neutron/api/rpc/callbacks/version_manager.py:113}}
Aug 30 19:53:00.403590 dv-cinder-777031-3-smb neutron-server[93860]: DEBUG neutron.api.rpc.callbacks.version_manager [None req-e47fca61-d6b2-41d2-a35e-b5529cd141a5 None None] Version for resource type Trunk changed None to 1.1 on consumer Open vSwitch agent@dv-cinder-777031-3-smb {{(pid=93860) _set_version /opt/stack/neutron/neutron/api/rpc/callbacks/version_manager.py:113}}
Aug 30 19:53:00.405031 dv-cinder-777031-3-smb neutron-server[93860]: DEBUG neutron.api.rpc.callbacks.version_manager [None req-e47fca61-d6b2-41d2-a35e-b5529cd141a5 None None] Tracked resource versions report:
Aug 30 19:53:00.405031 dv-cinder-777031-3-smb neutron-server[93860]: pushed versions:
Aug 30 19:53:00.405031 dv-cinder-777031-3-smb neutron-server[93860]: { 'AddressGroup': {'1.2'},
Aug 30 19:53:00.405031 dv-cinder-777031-3-smb neutron-server[93860]: 'ConntrackHelper': {'1.0'},
Aug 30 19:53:00.405031 dv-cinder-777031-3-smb neutron-server[93860]: 'Log': {'1.0'},
Aug 30 19:53:00.405031 dv-cinder-777031-3-smb neutron-server[93860]: 'Network': {'1.1'},
Aug 30 19:53:00.405031 dv-cinder-777031-3-smb neutron-server[93860]: 'Port': {'1.7'},
Aug 30 19:53:00.405031 dv-cinder-777031-3-smb neutron-server[93860]: 'PortForwarding': {'1.2'},
Aug 30 19:53:00.405031 dv-cinder-777031-3-smb neutron-server[93860]: 'QosPolicy': {'1.9'},
Aug 30 19:53:00.405031 dv-cinder-777031-3-smb neutron-server[93860]: 'SecurityGroup': {'1.4'},
Aug 30 19:53:00.405031 dv-cinder-777031-3-smb neutron-server[93860]: 'SecurityGroupRule': {'1.2'},
Aug 30 19:53:00.405031 dv-cinder-777031-3-smb neutron-server[93860]: 'SubPort': {'1.0'},
Aug 30 19:53:00.405031 dv-cinder-777031-3-smb neutron-server[93860]: 'Subnet': {'1.1'},
Aug 30 19:53:00.405031 dv-cinder-777031-3-smb neutron-server[93860]: 'Trunk': {'1.1'}}
Aug 30 19:53:00.405031 dv-cinder-777031-3-smb neutron-server[93860]: consumer versions:
Aug 30 19:53:00.405031 dv-cinder-777031-3-smb neutron-server[93860]: { DHCP agent@dv-cinder-777031-3-smb: {},
Aug 30 19:53:00.405031 dv-cinder-777031-3-smb neutron-server[93860]: HyperV agent@hv-cinder-77703: {},
Aug 30 19:53:00.405031 dv-cinder-777031-3-smb neutron-server[93860]: L3 agent@dv-cinder-777031-3-smb: {},
Aug 30 19:53:00.405031 dv-cinder-777031-3-smb neutron-server[93860]: Metadata agent@dv-cinder-777031-3-smb: {},
Aug 30 19:53:00.405031 dv-cinder-777031-3-smb neutron-server[93860]: Metering agent@dv-cinder-777031-3-smb: {},
Aug 30 19:53:00.405031 dv-cinder-777031-3-smb neutron-server[93860]: Open vSwitch agent@dv-cinder-777031-3-smb: { 'AddressGroup': '1.2',
Aug 30 19:53:00.405031 dv-cinder-777031-3-smb neutron-server[93860]: 'ConntrackHelper': '1.0',
Aug 30 19:53:00.405031 dv-cinder-777031-3-smb neutron-server[93860]: 'Log': '1.0',
Aug 30 19:53:00.405031 dv-cinder-777031-3-smb neutron-server[93860]: 'Network': '1.1',
Aug 30 19:53:00.405031 dv-cinder-777031-3-smb neutron-server[93860]: 'Port': '1.7',
Aug 30 19:53:00.405031 dv-cinder-777031-3-smb neutron-server[93860]: 'PortForwarding': '1.2',
Aug 30 19:53:00.405031 dv-cinder-777031-3-smb neutron-server[93860]: 'QosPolicy': '1.9',
Aug 30 19:53:00.405031 dv-cinder-777031-3-smb neutron-server[93860]: 'SecurityGroup': '1.4',
Aug 30 19:53:00.405031 dv-cinder-777031-3-smb neutron-server[93860]: 'SecurityGroupRule': '1.2',
Aug 30 19:53:00.405031 dv-cinder-777031-3-smb neutron-server[93860]: 'SubPort': '1.0',
Aug 30 19:53:00.405031 dv-cinder-777031-3-smb neutron-server[93860]: 'Subnet': '1.1',
Aug 30 19:53:00.405031 dv-cinder-777031-3-smb neutron-server[93860]: 'Trunk': '1.1'}}
Aug 30 19:53:00.405031 dv-cinder-777031-3-smb neutron-server[93860]: {{(pid=93860) report /opt/stack/neutron/neutron/api/rpc/callbacks/version_manager.py:175}}
Aug 30 19:53:00.424682 dv-cinder-777031-3-smb neutron-server[93858]: DEBUG neutron.api.rpc.handlers.resources_rpc [None req-8921838c-579b-4835-a126-d0a6dffeb024 admin admin] Pushing event updated for resources: {'SecurityGroup': ['ID=1a24ae04-073c-49a7-8c20-29baa03f52ee,revision_number=1']} {{(pid=93858) push /opt/stack/neutron/neutron/api/rpc/handlers/resources_rpc.py:237}}
Aug 30 19:53:00.454807 dv-cinder-777031-3-smb neutron-server[93860]: DEBUG neutron.plugins.ml2.managers [None req-3a5140b0-5868-4299-9a26-a187021707e5 None None] Attempting to bind port b7450f57-b802-4309-b40b-71f9b0f4d090 on host dv-cinder-777031-3-smb for vnic_type normal with profile {{(pid=93860) bind_port /opt/stack/neutron/neutron/plugins/ml2/managers.py:790}}
Aug 30 19:53:00.457897 dv-cinder-777031-3-smb neutron-server[93860]: DEBUG neutron.plugins.ml2.managers [None req-3a5140b0-5868-4299-9a26-a187021707e5 None None] Attempting to bind port b7450f57-b802-4309-b40b-71f9b0f4d090 by drivers openvswitch,hyperv on host dv-cinder-777031-3-smb at level 0 using segments [{'id': 'dc3c5cdb-83ff-47d6-89a4-e254ef880fe7', 'network_type': 'flat', 'physical_network': 'physnet1', 'segmentation_id': None, 'network_id': '735f8ef2-57a6-4b9b-90f3-c9038639bb11'}] {{(pid=93860) _bind_port_level /opt/stack/neutron/neutron/plugins/ml2/managers.py:815}}
Aug 30 19:53:00.458541 dv-cinder-777031-3-smb neutron-server[93860]: DEBUG neutron.plugins.ml2.drivers.mech_agent [None req-3a5140b0-5868-4299-9a26-a187021707e5 None None] Attempting to bind port b7450f57-b802-4309-b40b-71f9b0f4d090 on network 735f8ef2-57a6-4b9b-90f3-c9038639bb11 {{(pid=93860) bind_port /opt/stack/neutron/neutron/plugins/ml2/drivers/mech_agent.py:85}}
Aug 30 19:53:00.467821 dv-cinder-777031-3-smb neutron-server[93860]: DEBUG neutron.plugins.ml2.drivers.mech_agent [None req-3a5140b0-5868-4299-9a26-a187021707e5 None None] Checking agent: {'id': 'b393aa08-b2d3-4880-84c3-ffbc46ea0f00', 'agent_type': 'Open vSwitch agent', 'binary': 'neutron-openvswitch-agent', 'topic': 'N/A', 'host': 'dv-cinder-777031-3-smb', 'admin_state_up': True, 'created_at': datetime.datetime(2021, 8, 30, 19, 44, 39), 'started_at': datetime.datetime(2021, 8, 30, 19, 45, 9), 'heartbeat_timestamp': datetime.datetime(2021, 8, 30, 19, 52, 39), 'description': None, 'resources_synced': None, 'availability_zone': None, 'alive': True, 'configurations': {'arp_responder_enabled': False, 'baremetal_smartnic': False, 'bridge_mappings': {'physnet1': 'br-data'}, 'datapath_type': 'system', 'devices': 0, 'enable_distributed_routing': False, 'extensions': [], 'in_distributed_mode': False, 'integration_bridge': 'br-int', 'l2_population': False, 'log_agent_heartbeats': False, 'ovs_capabilities': {'datapath_types': ['netdev', 'system'], 'iface_types': ['erspan', 'geneve', 'gre', 'internal', 'ip6erspan', 'ip6gre', 'lisp', 'patch', 'stt', 'system', 'tap', 'vxlan']}, 'ovs_hybrid_plug': False, 'resource_provider_bandwidths': {}, 'resource_provider_hypervisors': {'br-data': 'dv-cinder-777031-3-smb'}, 'resource_provider_inventory_defaults': {'allocation_ratio': 1.0, 'min_unit': 1, 'step_size': 1, 'reserved': 0}, 'tunnel_types': [], 'tunneling_ip': None, 'vhostuser_socket_dir': '/var/run/openvswitch'}, 'resource_versions': {'AddressGroup': '1.2', 'ConntrackHelper': '1.0', 'Log': '1.0', 'Network': '1.1', 'Port': '1.7', 'PortForwarding': '1.2', 'QosPolicy': '1.9', 'SecurityGroup': '1.4', 'SecurityGroupRule': '1.2', 'SubPort': '1.0', 'Subnet': '1.1', 'Trunk': '1.1'}} {{(pid=93860) bind_port /opt/stack/neutron/neutron/plugins/ml2/drivers/mech_agent.py:104}}
Aug 30 19:53:00.486074 dv-cinder-777031-3-smb neutron-server[93860]: DEBUG neutron.plugins.ml2.drivers.mech_agent [None req-3a5140b0-5868-4299-9a26-a187021707e5 None None] Checking segment: {'id': 'dc3c5cdb-83ff-47d6-89a4-e254ef880fe7', 'network_type': 'flat', 'physical_network': 'physnet1', 'segmentation_id': None, 'network_id': '735f8ef2-57a6-4b9b-90f3-c9038639bb11'} for mappings: {'physnet1': 'br-data'} with network types: ['local', 'flat', 'vlan'] {{(pid=93860) check_segment_for_agent /opt/stack/neutron/neutron/plugins/ml2/drivers/mech_agent.py:352}}
Aug 30 19:53:00.489427 dv-cinder-777031-3-smb neutron-server[93860]: DEBUG neutron_lib.callbacks.manager [None req-3a5140b0-5868-4299-9a26-a187021707e5 None None] Notify callbacks [] for ovs_bridge_name, before_read {{(pid=93860) _notify_loop /usr/local/lib/python3.8/dist-packages/neutron_lib/callbacks/manager.py:192}}
Aug 30 19:53:00.490909 dv-cinder-777031-3-smb neutron-server[93860]: DEBUG neutron.plugins.ml2.drivers.mech_agent [None req-3a5140b0-5868-4299-9a26-a187021707e5 None None] Bound using segment: {'id': 'dc3c5cdb-83ff-47d6-89a4-e254ef880fe7', 'network_type': 'flat', 'physical_network': 'physnet1', 'segmentation_id': None, 'network_id': '735f8ef2-57a6-4b9b-90f3-c9038639bb11'} {{(pid=93860) bind_port /opt/stack/neutron/neutron/plugins/ml2/drivers/mech_agent.py:114}}
Aug 30 19:53:00.491798 dv-cinder-777031-3-smb neutron-server[93860]: DEBUG neutron.plugins.ml2.managers [None req-3a5140b0-5868-4299-9a26-a187021707e5 None None] Bound port: b7450f57-b802-4309-b40b-71f9b0f4d090, host: dv-cinder-777031-3-smb, vif_type: ovs, vif_details: {"connectivity": "l2", "port_filter": true, "ovs_hybrid_plug": false, "datapath_type": "system", "bridge_name": "br-int"}, binding_levels: [{'bound_driver': 'openvswitch', 'bound_segment': {'id': 'dc3c5cdb-83ff-47d6-89a4-e254ef880fe7', 'network_type': 'flat', 'physical_network': 'physnet1', 'segmentation_id': None, 'network_id': '735f8ef2-57a6-4b9b-90f3-c9038639bb11'}}] {{(pid=93860) _bind_port_level /opt/stack/neutron/neutron/plugins/ml2/managers.py:928}}
Aug 30 19:53:00.492331 dv-cinder-777031-3-smb neutron-server[93860]: DEBUG neutron_lib.callbacks.manager [None req-3a5140b0-5868-4299-9a26-a187021707e5 None None] Notify callbacks ['neutron.plugins.ml2.plugin.SecurityGroupDbMixin._ensure_default_security_group_handler-741801'] for port, before_update {{(pid=93860) _notify_loop /usr/local/lib/python3.8/dist-packages/neutron_lib/callbacks/manager.py:192}}
Aug 30 19:53:00.690818 dv-cinder-777031-3-smb neutron-server[93859]: DEBUG neutron.db.provisioning_blocks [None req-ee433451-084e-4987-8347-9603fac811d1 None None] Provisioning for port 086fc2a8-1730-43be-a85f-19aa116a6fc9 completed by entity DHCP. {{(pid=93859) provisioning_complete /opt/stack/neutron/neutron/db/provisioning_blocks.py:133}}
Aug 30 19:53:00.725112 dv-cinder-777031-3-smb neutron-server[93860]: DEBUG neutron.plugins.ml2.db [None req-3a5140b0-5868-4299-9a26-a187021707e5 None None] For port b7450f57-b802-4309-b40b-71f9b0f4d090, host dv-cinder-777031-3-smb, cleared binding levels {{(pid=93860) clear_binding_levels /opt/stack/neutron/neutron/plugins/ml2/db.py:87}}
Aug 30 19:53:00.751300 dv-cinder-777031-3-smb neutron-server[93859]: DEBUG neutron.db.provisioning_blocks [None req-ee433451-084e-4987-8347-9603fac811d1 None None] Provisioning complete for port 086fc2a8-1730-43be-a85f-19aa116a6fc9 triggered by entity DHCP. {{(pid=93859) provisioning_complete /opt/stack/neutron/neutron/db/provisioning_blocks.py:139}}
Aug 30 19:53:00.754651 dv-cinder-777031-3-smb neutron-server[93860]: DEBUG neutron.plugins.ml2.db [None req-3a5140b0-5868-4299-9a26-a187021707e5 None None] For port b7450f57-b802-4309-b40b-71f9b0f4d090, host dv-cinder-777031-3-smb, set binding levels [PortBindingLevel(driver='openvswitch',host='dv-cinder-777031-3-smb',level=0,port_id=b7450f57-b802-4309-b40b-71f9b0f4d090,segment=NetworkSegment(dc3c5cdb-83ff-47d6-89a4-e254ef880fe7),segment_id=dc3c5cdb-83ff-47d6-89a4-e254ef880fe7)] {{(pid=93860) set_binding_levels /opt/stack/neutron/neutron/plugins/ml2/db.py:59}}
Aug 30 19:53:00.761237 dv-cinder-777031-3-smb neutron-server[93859]: DEBUG neutron_lib.callbacks.manager [None req-ee433451-084e-4987-8347-9603fac811d1 None None] Notify callbacks ['neutron.plugins.ml2.plugin.Ml2Plugin._port_provisioned-553854'] for port, provisioning_complete {{(pid=93859) _notify_loop /usr/local/lib/python3.8/dist-packages/neutron_lib/callbacks/manager.py:192}}
Aug 30 19:53:00.765072 dv-cinder-777031-3-smb neutron-server[93860]: DEBUG neutron_lib.callbacks.manager [None req-3a5140b0-5868-4299-9a26-a187021707e5 None None] Notify callbacks ['neutron.plugins.ml2.plugin.SecurityGroupServerNotifierRpcMixin._notify_sg_on_port_change-741870', 'neutron.plugins.ml2.ovo_rpc._ObjectChangeHandler.handle_event-57112', 'neutron.api.rpc.agentnotifiers.dhcp_rpc_agent_api.DhcpAgentNotifyAPI._native_event_send_dhcp_notification-133821578', 'neutron.db.l3_db.L3RpcNotifierMixin._notify_gateway_port_ip_changed-8742070537939', 'neutron.db.l3_dvrscheduler_db._notify_l3_agent_port_update-8742070009402', 'neutron.db.l3_hascheduler_db._notify_l3_agent_ha_port_update-8742070009420'] for port, after_update {{(pid=93860) _notify_loop /usr/local/lib/python3.8/dist-packages/neutron_lib/callbacks/manager.py:192}}
Aug 30 19:53:00.979220 dv-cinder-777031-3-smb neutron-server[93857]: DEBUG neutron.db.db_base_plugin_common [None req-fa9e2c50-05af-42e7-bf2e-4be4821581ee admin admin] Allocated IP 172.20.0.1 (67138290-9e52-4fa6-9b48-20b790592937/93b85ece-7886-4d69-8ca0-0411771a83a2/5e57b80e-81bb-4435-9c12-4ecf56c679a7) {{(pid=93857) _store_ip_allocation /opt/stack/neutron/neutron/db/db_base_plugin_common.py:131}}
Aug 30 19:53:00.995294 dv-cinder-777031-3-smb neutron-server[93860]: DEBUG neutron.api.rpc.handlers.resources_rpc [None req-e47fca61-d6b2-41d2-a35e-b5529cd141a5 None None] Pushing event updated for resources: {'Port': ['ID=b7450f57-b802-4309-b40b-71f9b0f4d090,revision_number=3']} {{(pid=93860) push /opt/stack/neutron/neutron/api/rpc/handlers/resources_rpc.py:237}}
Aug 30 19:53:01.001525 dv-cinder-777031-3-smb neutron-server[93860]: DEBUG neutron.db.l3_dvrscheduler_db [None req-3a5140b0-5868-4299-9a26-a187021707e5 None None] Routers {'36063605-4b49-44a1-afbb-2dc39e5538f3'} bound to L3 agent in host dv-cinder-777031-3-smb {{(pid=93860) _get_router_ids_for_agent /opt/stack/neutron/neutron/db/l3_dvrscheduler_db.py:420}}
Aug 30 19:53:01.002493 dv-cinder-777031-3-smb neutron-server[93860]: DEBUG neutron.db.l3_hamode_db [None req-3a5140b0-5868-4299-9a26-a187021707e5 None None] neutron.services.l3_router.l3_router_plugin.L3RouterPlugin method get_ha_sync_data_for_host called with arguments (, 'dv-cinder-777031-3-smb', Agent(admin_state_up=True,agent_type='L3 agent',availability_zone='nova',binary='neutron-l3-agent',configurations={"agent_mode": "legacy", "ex_gw_ports": 1, "extensions": [], "floating_ips": 0, "handle_internal_only_routers": true, "interface_driver": "openvswitch", "interfaces": 1, "log_agent_heartbeats": false, "routers": 1},created_at=2021-08-30T19:44:39Z,description=,heartbeat_timestamp=2021-08-30T19:52:39Z,host='dv-cinder-777031-3-smb',id=6cbf57a9-b345-4341-be11-cc1934eff21a,load=0,resource_versions=,resources_synced=,started_at=2021-08-30T19:44:39Z,topic='l3_agent')) {'router_ids': ['36063605-4b49-44a1-afbb-2dc39e5538f3'], 'active': True} {{(pid=93860) wrapper /usr/local/lib/python3.8/dist-packages/oslo_log/helpers.py:65}}
Aug 30 19:53:01.011803 dv-cinder-777031-3-smb neutron-server[93858]: INFO neutron.wsgi [req-de0d0c16-42cc-46c0-a5f6-c9f39460a618 req-55fe470c-a452-4f1e-9a3e-f1abc8d474ae tempest-DeleteServersTestJSON-1957814649 tempest-DeleteServersTestJSON-1957814649-project] 10.222.0.55 "GET /v2.0/ports?device_id=3f94e882-1a6c-49e8-9f28-b53cbf4e9867 HTTP/1.1" status: 200 len: 210 time: 0.0992355
Aug 30 19:53:01.023096 dv-cinder-777031-3-smb neutron-server[93858]: DEBUG neutron_lib.callbacks.manager [None req-75c0590d-1470-4075-85d8-c779a52970fb admin admin] Notify callbacks [] for security_group, before_delete {{(pid=93858) _notify_loop /usr/local/lib/python3.8/dist-packages/neutron_lib/callbacks/manager.py:192}}
Aug 30 19:53:01.026128 dv-cinder-777031-3-smb neutron-server[93859]: DEBUG neutron_lib.callbacks.manager [None req-ee433451-084e-4987-8347-9603fac811d1 None None] Notify callbacks ['neutron.plugins.ml2.plugin.SecurityGroupDbMixin._ensure_default_security_group_handler-741801'] for port, before_update {{(pid=93859) _notify_loop /usr/local/lib/python3.8/dist-packages/neutron_lib/callbacks/manager.py:192}}
Aug 30 19:53:01.220196 dv-cinder-777031-3-smb neutron-server[93857]: INFO neutron.wsgi [req-ce198ff7-b3f9-41b8-a7f7-2cc3c2c69b91 req-9121bf7e-c473-4f7b-a8da-6fb5aa44ab56 tempest-AttachVolumeNegativeTest-1046617897 tempest-AttachVolumeNegativeTest-1046617897-project] 10.222.0.55 "GET /v2.0/ports?device_id=5f1a0161-d872-4702-8c7f-f12f86f6fa4b HTTP/1.1" status: 200 len: 210 time: 0.2211380
Aug 30 19:53:01.223909 dv-cinder-777031-3-smb neutron-server[93858]: DEBUG neutron_lib.callbacks.manager [None req-75c0590d-1470-4075-85d8-c779a52970fb admin admin] Notify callbacks [] for security_group, precommit_delete {{(pid=93858) _notify_loop /usr/local/lib/python3.8/dist-packages/neutron_lib/callbacks/manager.py:192}}
Aug 30 19:53:01.241825 dv-cinder-777031-3-smb neutron-server[93860]: DEBUG neutron.db.l3_dvr_db [None req-3a5140b0-5868-4299-9a26-a187021707e5 None None] Set router 36063605-4b49-44a1-afbb-2dc39e5538f3 gateway port host: dv-cinder-777031-3-smb {{(pid=93860) _build_routers_list /opt/stack/neutron/neutron/db/l3_dvr_db.py:906}}
Aug 30 19:53:01.283912 dv-cinder-777031-3-smb neutron-server[93858]: DEBUG neutron.pecan_wsgi.hooks.policy_enforcement [req-c6ff31ee-9717-4c05-ba80-4ccc5b46c23d req-e5eeb62e-a36d-4228-8cac-2d19d3c958b1 tempest-DeleteServersTestJSON-1957814649 tempest-DeleteServersTestJSON-1957814649-project] Attributes excluded by policy engine: ['standard_attr_id', 'vlan_transparent', 'provider:network_type', 'provider:physical_network', 'provider:segmentation_id'] {{(pid=93858) _exclude_attributes_by_policy /opt/stack/neutron/neutron/pecan_wsgi/hooks/policy_enforcement.py:255}}
Aug 30 19:53:01.286070 dv-cinder-777031-3-smb neutron-server[93858]: INFO neutron.wsgi [req-c6ff31ee-9717-4c05-ba80-4ccc5b46c23d req-e5eeb62e-a36d-4228-8cac-2d19d3c958b1 tempest-DeleteServersTestJSON-1957814649 tempest-DeleteServersTestJSON-1957814649-project] 10.222.0.86 "GET /v2.0/networks?id=7d9cef99-1386-4d88-a901-14ba4164b3f8 HTTP/1.1" status: 200 len: 811 time: 0.9159017
Aug 30 19:53:01.620420 dv-cinder-777031-3-smb neutron-server[93858]: DEBUG neutron.api.v2.base [req-c6ff31ee-9717-4c05-ba80-4ccc5b46c23d req-033ccae2-4679-45df-a2e2-6876a2e321bc tempest-DeleteServersTestJSON-1957814649 tempest-DeleteServersTestJSON-1957814649-project] Request body: {'port': {'device_id': '3f94e882-1a6c-49e8-9f28-b53cbf4e9867', 'network_id': '7d9cef99-1386-4d88-a901-14ba4164b3f8', 'admin_state_up': True, 'tenant_id': '12bdbcdfa0104e3395b005d2b7001ea3'}} {{(pid=93858) prepare_request_body /opt/stack/neutron/neutron/api/v2/base.py:730}}
