Aug 30 19:53:33.197615 dv-cinder-777031-3-smb devstack@c-api.service[100687]: DEBUG cinder.volume.api [None req-63ae7a32-0d98-4a4b-a5f5-d2809c0f6006 tempest-SnapshotMetadataTestJSON-141057625 tempest-SnapshotMetadataTestJSON-141057625-project] Task 'cinder.volume.flows.api.create_volume.VolumeCastTask;volume:create' (0d5a4591-4e97-4c93-86c2-1c9bdbfdf740) transitioned into state 'SUCCESS' from state 'RUNNING' with result 'None' {{(pid=100687) _task_receiver /usr/local/lib/python3.8/dist-packages/taskflow/listeners/logging.py:178}}
Aug 30 19:53:33.199842 dv-cinder-777031-3-smb devstack@c-api.service[100687]: DEBUG cinder.volume.api [None req-63ae7a32-0d98-4a4b-a5f5-d2809c0f6006 tempest-SnapshotMetadataTestJSON-141057625 tempest-SnapshotMetadataTestJSON-141057625-project] Flow 'volume_create_api' (afdea304-8f6c-4de3-a42b-6622dfa9176c) transitioned into state 'SUCCESS' from state 'RUNNING' {{(pid=100687) _flow_receiver /usr/local/lib/python3.8/dist-packages/taskflow/listeners/logging.py:141}}
Aug 30 19:53:33.200500 dv-cinder-777031-3-smb devstack@c-api.service[100687]: INFO cinder.volume.api [None req-63ae7a32-0d98-4a4b-a5f5-d2809c0f6006 tempest-SnapshotMetadataTestJSON-141057625 tempest-SnapshotMetadataTestJSON-141057625-project] Create volume request issued successfully.
Aug 30 19:53:33.208454 dv-cinder-777031-3-smb devstack@c-api.service[100687]: INFO cinder.api.openstack.wsgi [None req-63ae7a32-0d98-4a4b-a5f5-d2809c0f6006 tempest-SnapshotMetadataTestJSON-141057625 tempest-SnapshotMetadataTestJSON-141057625-project] http://10.222.0.55/volume/v3/91a4d62964c34f2a8e0d501bc2cb38e0/volumes returned with HTTP 202
Aug 30 19:53:33.209581 dv-cinder-777031-3-smb devstack@c-api.service[100687]: [pid: 100687|app: 0|req: 113/245] 10.222.0.55 () {60 vars in 1235 bytes} [Mon Aug 30 19:53:32 2021] POST /volume/v3/91a4d62964c34f2a8e0d501bc2cb38e0/volumes => generated 823 bytes in 582 msecs (HTTP/1.1 202) 7 headers in 291 bytes (2 switches on core 0)
Aug 30 19:53:33.215988 dv-cinder-777031-3-smb devstack@c-api.service[100687]: INFO cinder.api.openstack.wsgi [None req-4be8cf79-84bc-4554-93f6-397a986c1b1d tempest-VolumeQuotasAdminTestJSON-1673979589 tempest-VolumeQuotasAdminTestJSON-1673979589-project-admin] PUT http://10.222.0.55/volume/v3/f2956f3c90ae4f37acc66bea2103c622/os-quota-sets/01bcf4375cb149e49d35918f742ae1b6
Aug 30 19:53:33.215988 dv-cinder-777031-3-smb devstack@c-api.service[100687]: /usr/local/lib/python3.8/dist-packages/webob/acceptparse.py:1047: DeprecationWarning: The behavior of AcceptValidHeader.best_match is currently being maintained for backward compatibility, but it will be deprecated in the future, as it does not conform to the RFC.
Aug 30 19:53:33.215988 dv-cinder-777031-3-smb devstack@c-api.service[100687]: warnings.warn(
Aug 30 19:53:33.215988 dv-cinder-777031-3-smb devstack@c-api.service[100687]: DEBUG cinder.api.openstack.wsgi [None req-4be8cf79-84bc-4554-93f6-397a986c1b1d tempest-VolumeQuotasAdminTestJSON-1673979589 tempest-VolumeQuotasAdminTestJSON-1673979589-project-admin] Action: 'update', calling method: update, body: {"quota_set": {"volumes": 15}} {{(pid=100687) _process_stack /opt/stack/cinder/cinder/api/openstack/wsgi.py:854}}
Aug 30 19:53:33.224235 dv-cinder-777031-3-smb devstack@c-api.service[100687]: /usr/local/lib/python3.8/dist-packages/oslo_context/context.py:105: DeprecationWarning: Policy enforcement is depending on the value of is_admin. This key is deprecated. Please update your policy file to use the standard policy values.
Aug 30 19:53:33.224235 dv-cinder-777031-3-smb devstack@c-api.service[100687]: warnings.warn('Policy enforcement is depending on the value of '
Aug 30 19:53:33.240626 dv-cinder-777031-3-smb devstack@c-api.service[100686]: INFO cinder.api.openstack.wsgi [req-37be3ec1-049d-4dd4-9d83-9cefe9a8e454 req-351b58e2-8bac-4769-a018-373839c77a27 tempest-AttachVolumeNegativeTest-1046617897 tempest-AttachVolumeNegativeTest-1046617897-project] http://10.222.0.55/volume/v3/e0bc7eb668244728b4e9154abcda78db/attachments returned with HTTP 200
Aug 30 19:53:33.241920 dv-cinder-777031-3-smb devstack@c-api.service[100686]: [pid: 100686|app: 0|req: 133/246] 10.222.0.55 () {66 vars in 1575 bytes} [Mon Aug 30 19:53:33 2021] POST /volume/v3/e0bc7eb668244728b4e9154abcda78db/attachments => generated 273 bytes in 144 msecs (HTTP/1.1 200) 7 headers in 286 bytes (1 switches on core 0)
Aug 30 19:53:33.265880 dv-cinder-777031-3-smb devstack@c-api.service[100686]: INFO cinder.api.openstack.wsgi [req-394518e1-8de9-4ee6-8218-acfacee2f58e req-43f31849-4fe8-49bf-a1ef-be82eb677c61 tempest-DeleteServersTestJSON-1957814649 tempest-DeleteServersTestJSON-1957814649-project] GET http://10.222.0.55/volume/v3/12bdbcdfa0104e3395b005d2b7001ea3/volumes/1d562067-6bc3-4868-a93c-eb438824dad7
Aug 30 19:53:33.267777 dv-cinder-777031-3-smb devstack@c-api.service[100686]: DEBUG cinder.api.openstack.wsgi [req-394518e1-8de9-4ee6-8218-acfacee2f58e req-43f31849-4fe8-49bf-a1ef-be82eb677c61 tempest-DeleteServersTestJSON-1957814649 tempest-DeleteServersTestJSON-1957814649-project] Empty body provided in request {{(pid=100686) get_body /opt/stack/cinder/cinder/api/openstack/wsgi.py:703}}
Aug 30 19:53:33.269594 dv-cinder-777031-3-smb devstack@c-api.service[100686]: /usr/local/lib/python3.8/dist-packages/webob/acceptparse.py:1047: DeprecationWarning: The behavior of AcceptValidHeader.best_match is currently being maintained for backward compatibility, but it will be deprecated in the future, as it does not conform to the RFC.
Aug 30 19:53:33.269594 dv-cinder-777031-3-smb devstack@c-api.service[100686]: warnings.warn(
Aug 30 19:53:33.270222 dv-cinder-777031-3-smb devstack@c-api.service[100686]: DEBUG cinder.api.openstack.wsgi [req-394518e1-8de9-4ee6-8218-acfacee2f58e req-43f31849-4fe8-49bf-a1ef-be82eb677c61 tempest-DeleteServersTestJSON-1957814649 tempest-DeleteServersTestJSON-1957814649-project] Calling method 'show' {{(pid=100686) _process_stack /opt/stack/cinder/cinder/api/openstack/wsgi.py:856}}
Aug 30 19:53:33.296030 dv-cinder-777031-3-smb devstack@c-api.service[100686]: /usr/local/lib/python3.8/dist-packages/oslo_context/context.py:105: DeprecationWarning: Policy enforcement is depending on the value of is_admin. This key is deprecated. Please update your policy file to use the standard policy values.
Aug 30 19:53:33.296030 dv-cinder-777031-3-smb devstack@c-api.service[100686]: warnings.warn('Policy enforcement is depending on the value of '
Aug 30 19:53:33.311956 dv-cinder-777031-3-smb devstack@c-api.service[100687]: INFO cinder.api.openstack.wsgi [None req-4be8cf79-84bc-4554-93f6-397a986c1b1d tempest-VolumeQuotasAdminTestJSON-1673979589 tempest-VolumeQuotasAdminTestJSON-1673979589-project-admin] http://10.222.0.55/volume/v3/f2956f3c90ae4f37acc66bea2103c622/os-quota-sets/01bcf4375cb149e49d35918f742ae1b6 returned with HTTP 200
Aug 30 19:53:33.312166 dv-cinder-777031-3-smb devstack@c-api.service[100686]: INFO cinder.volume.api [req-394518e1-8de9-4ee6-8218-acfacee2f58e req-43f31849-4fe8-49bf-a1ef-be82eb677c61 tempest-DeleteServersTestJSON-1957814649 tempest-DeleteServersTestJSON-1957814649-project] Volume info retrieved successfully.
Aug 30 19:53:33.312918 dv-cinder-777031-3-smb devstack@c-api.service[100687]: [pid: 100687|app: 0|req: 114/247] 10.222.0.55 () {60 vars in 1351 bytes} [Mon Aug 30 19:53:33 2021] PUT /volume/v3/f2956f3c90ae4f37acc66bea2103c622/os-quota-sets/01bcf4375cb149e49d35918f742ae1b6 => generated 319 bytes in 103 msecs (HTTP/1.1 200) 7 headers in 285 bytes (1 switches on core 0)
Aug 30 19:53:33.322463 dv-cinder-777031-3-smb devstack@c-api.service[100687]: INFO cinder.api.openstack.wsgi [None req-610942c1-0874-45ea-bc79-646c5e3e7b3a tempest-SnapshotMetadataTestJSON-141057625 tempest-SnapshotMetadataTestJSON-141057625-project] GET http://10.222.0.55/volume/v3/91a4d62964c34f2a8e0d501bc2cb38e0/volumes/9fcb0008-b0ee-47c5-959d-46c75f7068cf
Aug 30 19:53:33.323067 dv-cinder-777031-3-smb devstack@c-api.service[100687]: DEBUG cinder.api.openstack.wsgi [None req-610942c1-0874-45ea-bc79-646c5e3e7b3a tempest-SnapshotMetadataTestJSON-141057625 tempest-SnapshotMetadataTestJSON-141057625-project] Empty body provided in request {{(pid=100687) get_body /opt/stack/cinder/cinder/api/openstack/wsgi.py:703}}
Aug 30 19:53:33.323544 dv-cinder-777031-3-smb devstack@c-api.service[100687]: DEBUG cinder.api.openstack.wsgi [None req-610942c1-0874-45ea-bc79-646c5e3e7b3a tempest-SnapshotMetadataTestJSON-141057625 tempest-SnapshotMetadataTestJSON-141057625-project] Calling method 'show' {{(pid=100687) _process_stack /opt/stack/cinder/cinder/api/openstack/wsgi.py:856}}
Aug 30 19:53:33.333386 dv-cinder-777031-3-smb devstack@c-api.service[100686]: INFO cinder.api.openstack.wsgi [req-394518e1-8de9-4ee6-8218-acfacee2f58e req-43f31849-4fe8-49bf-a1ef-be82eb677c61 tempest-DeleteServersTestJSON-1957814649 tempest-DeleteServersTestJSON-1957814649-project] http://10.222.0.55/volume/v3/12bdbcdfa0104e3395b005d2b7001ea3/volumes/1d562067-6bc3-4868-a93c-eb438824dad7 returned with HTTP 200
Aug 30 19:53:33.334312 dv-cinder-777031-3-smb devstack@c-api.service[100686]: [pid: 100686|app: 0|req: 134/248] 10.222.0.55 () {60 vars in 1579 bytes} [Mon Aug 30 19:53:33 2021] GET /volume/v3/12bdbcdfa0104e3395b005d2b7001ea3/volumes/1d562067-6bc3-4868-a93c-eb438824dad7 => generated 914 bytes in 85 msecs (HTTP/1.1 200) 7 headers in 285 bytes (1 switches on core 0)
Aug 30 19:53:33.338024 dv-cinder-777031-3-smb devstack@c-api.service[100686]: INFO cinder.api.openstack.wsgi [None req-e815598c-1f2e-4d6e-b29e-603465ede5b8 tempest-AttachVolumeNegativeTest-1046617897 tempest-AttachVolumeNegativeTest-1046617897-project] GET http://10.222.0.55/volume/v3/e0bc7eb668244728b4e9154abcda78db/volumes/3d32801f-a7ef-4d31-95ef-9565da49eb7f
Aug 30 19:53:33.338463 dv-cinder-777031-3-smb devstack@c-api.service[100686]: DEBUG cinder.api.openstack.wsgi [None req-e815598c-1f2e-4d6e-b29e-603465ede5b8 tempest-AttachVolumeNegativeTest-1046617897 tempest-AttachVolumeNegativeTest-1046617897-project] Empty body provided in request {{(pid=100686) get_body /opt/stack/cinder/cinder/api/openstack/wsgi.py:703}}
Aug 30 19:53:33.338633 dv-cinder-777031-3-smb devstack@c-api.service[100686]: /usr/local/lib/python3.8/dist-packages/webob/acceptparse.py:1047: DeprecationWarning: The behavior of AcceptValidHeader.best_match is currently being maintained for backward compatibility, but it will be deprecated in the future, as it does not conform to the RFC.
Aug 30 19:53:33.338633 dv-cinder-777031-3-smb devstack@c-api.service[100686]: warnings.warn(
Aug 30 19:53:33.338947 dv-cinder-777031-3-smb devstack@c-api.service[100686]: DEBUG cinder.api.openstack.wsgi [None req-e815598c-1f2e-4d6e-b29e-603465ede5b8 tempest-AttachVolumeNegativeTest-1046617897 tempest-AttachVolumeNegativeTest-1046617897-project] Calling method 'show' {{(pid=100686) _process_stack /opt/stack/cinder/cinder/api/openstack/wsgi.py:856}}
Aug 30 19:53:33.340356 dv-cinder-777031-3-smb devstack@c-api.service[100687]: /usr/local/lib/python3.8/dist-packages/oslo_context/context.py:105: DeprecationWarning: Policy enforcement is depending on the value of is_admin. This key is deprecated. Please update your policy file to use the standard policy values.
Aug 30 19:53:33.340356 dv-cinder-777031-3-smb devstack@c-api.service[100687]: warnings.warn('Policy enforcement is depending on the value of '
Aug 30 19:53:33.349219 dv-cinder-777031-3-smb devstack@c-api.service[100687]: INFO cinder.volume.api [None req-610942c1-0874-45ea-bc79-646c5e3e7b3a tempest-SnapshotMetadataTestJSON-141057625 tempest-SnapshotMetadataTestJSON-141057625-project] Volume info retrieved successfully.
Aug 30 19:53:33.353753 dv-cinder-777031-3-smb devstack@c-api.service[100686]: /usr/local/lib/python3.8/dist-packages/oslo_context/context.py:105: DeprecationWarning: Policy enforcement is depending on the value of is_admin. This key is deprecated. Please update your policy file to use the standard policy values.
Aug 30 19:53:33.353753 dv-cinder-777031-3-smb devstack@c-api.service[100686]: warnings.warn('Policy enforcement is depending on the value of '
Aug 30 19:53:33.364566 dv-cinder-777031-3-smb devstack@c-api.service[100687]: INFO cinder.api.openstack.wsgi [None req-610942c1-0874-45ea-bc79-646c5e3e7b3a tempest-SnapshotMetadataTestJSON-141057625 tempest-SnapshotMetadataTestJSON-141057625-project] http://10.222.0.55/volume/v3/91a4d62964c34f2a8e0d501bc2cb38e0/volumes/9fcb0008-b0ee-47c5-959d-46c75f7068cf returned with HTTP 200
Aug 30 19:53:33.365457 dv-cinder-777031-3-smb devstack@c-api.service[100687]: [pid: 100687|app: 0|req: 115/249] 10.222.0.55 () {58 vars in 1325 bytes} [Mon Aug 30 19:53:33 2021] GET /volume/v3/91a4d62964c34f2a8e0d501bc2cb38e0/volumes/9fcb0008-b0ee-47c5-959d-46c75f7068cf => generated 915 bytes in 47 msecs (HTTP/1.1 200) 7 headers in 285 bytes (1 switches on core 0)
Aug 30 19:53:33.366967 dv-cinder-777031-3-smb devstack@c-api.service[100686]: INFO cinder.volume.api [None req-e815598c-1f2e-4d6e-b29e-603465ede5b8 tempest-AttachVolumeNegativeTest-1046617897 tempest-AttachVolumeNegativeTest-1046617897-project] Volume info retrieved successfully.
Aug 30 19:53:33.370919 dv-cinder-777031-3-smb devstack@c-api.service[100687]: INFO cinder.api.openstack.wsgi [None req-5eb8906d-12a8-42a0-a8df-6ea9b123462f tempest-VolumeQuotasAdminTestJSON-1673979589 tempest-VolumeQuotasAdminTestJSON-1673979589-project-admin] DELETE http://10.222.0.55/volume/v3/f2956f3c90ae4f37acc66bea2103c622/os-quota-sets/01bcf4375cb149e49d35918f742ae1b6
Aug 30 19:53:33.371844 dv-cinder-777031-3-smb devstack@c-api.service[100687]: DEBUG cinder.api.openstack.wsgi [None req-5eb8906d-12a8-42a0-a8df-6ea9b123462f tempest-VolumeQuotasAdminTestJSON-1673979589 tempest-VolumeQuotasAdminTestJSON-1673979589-project-admin] Empty body provided in request {{(pid=100687) get_body /opt/stack/cinder/cinder/api/openstack/wsgi.py:703}}
Aug 30 19:53:33.372162 dv-cinder-777031-3-smb devstack@c-api.service[100687]: /usr/local/lib/python3.8/dist-packages/webob/acceptparse.py:1047: DeprecationWarning: The behavior of AcceptValidHeader.best_match is currently being maintained for backward compatibility, but it will be deprecated in the future, as it does not conform to the RFC.
Aug 30 19:53:33.372162 dv-cinder-777031-3-smb devstack@c-api.service[100687]: warnings.warn(
Aug 30 19:53:33.372521 dv-cinder-777031-3-smb devstack@c-api.service[100687]: DEBUG cinder.api.openstack.wsgi [None req-5eb8906d-12a8-42a0-a8df-6ea9b123462f tempest-VolumeQuotasAdminTestJSON-1673979589 tempest-VolumeQuotasAdminTestJSON-1673979589-project-admin] Calling method 'delete' {{(pid=100687) _process_stack /opt/stack/cinder/cinder/api/openstack/wsgi.py:856}}
Aug 30 19:53:33.382807 dv-cinder-777031-3-smb devstack@c-api.service[100687]: INFO cinder.api.openstack.wsgi [None req-5eb8906d-12a8-42a0-a8df-6ea9b123462f tempest-VolumeQuotasAdminTestJSON-1673979589 tempest-VolumeQuotasAdminTestJSON-1673979589-project-admin] http://10.222.0.55/volume/v3/f2956f3c90ae4f37acc66bea2103c622/os-quota-sets/01bcf4375cb149e49d35918f742ae1b6 returned with HTTP 200
Aug 30 19:53:33.386614 dv-cinder-777031-3-smb devstack@c-api.service[100687]: [pid: 100687|app: 0|req: 116/250] 10.222.0.55 () {58 vars in 1334 bytes} [Mon Aug 30 19:53:33 2021] DELETE /volume/v3/f2956f3c90ae4f37acc66bea2103c622/os-quota-sets/01bcf4375cb149e49d35918f742ae1b6 => generated 0 bytes in 18 msecs (HTTP/1.1 200) 7 headers in 283 bytes (1 switches on core 0)
Aug 30 19:53:33.386614 dv-cinder-777031-3-smb devstack@c-api.service[100687]: INFO cinder.api.openstack.wsgi [None req-5eb8906d-12a8-42a0-a8df-6ea9b123462f tempest-VolumeQuotasAdminTestJSON-1673979589 tempest-VolumeQuotasAdminTestJSON-1673979589-project-admin] GET http://10.222.0.55/volume//
Aug 30 19:53:33.386614 dv-cinder-777031-3-smb devstack@c-api.service[100687]: DEBUG cinder.api.openstack.wsgi [None req-5eb8906d-12a8-42a0-a8df-6ea9b123462f tempest-VolumeQuotasAdminTestJSON-1673979589 tempest-VolumeQuotasAdminTestJSON-1673979589-project-admin] Empty body provided in request {{(pid=100687) get_body /opt/stack/cinder/cinder/api/openstack/wsgi.py:703}}
Aug 30 19:53:33.386614 dv-cinder-777031-3-smb devstack@c-api.service[100687]: DEBUG cinder.api.openstack.wsgi [None req-5eb8906d-12a8-42a0-a8df-6ea9b123462f tempest-VolumeQuotasAdminTestJSON-1673979589 tempest-VolumeQuotasAdminTestJSON-1673979589-project-admin] Calling method 'all' {{(pid=100687) _process_stack /opt/stack/cinder/cinder/api/openstack/wsgi.py:856}}
Aug 30 19:53:33.387051 dv-cinder-777031-3-smb devstack@c-api.service[100687]: INFO cinder.api.openstack.wsgi [None req-5eb8906d-12a8-42a0-a8df-6ea9b123462f tempest-VolumeQuotasAdminTestJSON-1673979589 tempest-VolumeQuotasAdminTestJSON-1673979589-project-admin] http://10.222.0.55/volume// returned with HTTP 300
Aug 30 19:53:33.387665 dv-cinder-777031-3-smb devstack@c-api.service[100687]: [pid: 100687|app: 0|req: 117/251] 10.222.0.86 () {56 vars in 1099 bytes} [Mon Aug 30 19:53:33 2021] GET /volume/ => generated 386 bytes in 3 msecs (HTTP/1.1 300) 5 headers in 169 bytes (1 switches on core 0)
Aug 30 19:53:33.392431 dv-cinder-777031-3-smb devstack@c-api.service[100687]: INFO cinder.api.openstack.wsgi [None req-9f0f7310-34fe-4554-9d0d-e977a210bcf7 tempest-VolumeQuotasAdminTestJSON-1673979589 tempest-VolumeQuotasAdminTestJSON-1673979589-project-admin] GET http://10.222.0.55/volume/v3/f2956f3c90ae4f37acc66bea2103c622/os-quota-sets/01bcf4375cb149e49d35918f742ae1b6
Aug 30 19:53:33.392725 dv-cinder-777031-3-smb devstack@c-api.service[100686]: /usr/local/lib/python3.8/dist-packages/oslo_context/context.py:105: DeprecationWarning: Policy enforcement is depending on the value of is_admin. This key is deprecated. Please update your policy file to use the standard policy values.
Aug 30 19:53:33.392725 dv-cinder-777031-3-smb devstack@c-api.service[100686]: warnings.warn('Policy enforcement is depending on the value of '
Aug 30 19:53:33.393451 dv-cinder-777031-3-smb devstack@c-api.service[100687]: DEBUG cinder.api.openstack.wsgi [None req-9f0f7310-34fe-4554-9d0d-e977a210bcf7 tempest-VolumeQuotasAdminTestJSON-1673979589 tempest-VolumeQuotasAdminTestJSON-1673979589-project-admin] Empty body provided in request {{(pid=100687) get_body /opt/stack/cinder/cinder/api/openstack/wsgi.py:703}}
Aug 30 19:53:33.393900 dv-cinder-777031-3-smb devstack@c-api.service[100687]: DEBUG cinder.api.openstack.wsgi [None req-9f0f7310-34fe-4554-9d0d-e977a210bcf7 tempest-VolumeQuotasAdminTestJSON-1673979589 tempest-VolumeQuotasAdminTestJSON-1673979589-project-admin] Calling method 'show' {{(pid=100687) _process_stack /opt/stack/cinder/cinder/api/openstack/wsgi.py:856}}
Aug 30 19:53:33.403432 dv-cinder-777031-3-smb devstack@c-api.service[100686]: INFO cinder.api.openstack.wsgi [None req-e815598c-1f2e-4d6e-b29e-603465ede5b8 tempest-AttachVolumeNegativeTest-1046617897 tempest-AttachVolumeNegativeTest-1046617897-project] http://10.222.0.55/volume/v3/e0bc7eb668244728b4e9154abcda78db/volumes/3d32801f-a7ef-4d31-95ef-9565da49eb7f returned with HTTP 200
Aug 30 19:53:33.410471 dv-cinder-777031-3-smb devstack@c-api.service[100686]: [pid: 100686|app: 0|req: 135/252] 10.222.0.55 () {58 vars in 1325 bytes} [Mon Aug 30 19:53:33 2021] GET /volume/v3/e0bc7eb668244728b4e9154abcda78db/volumes/3d32801f-a7ef-4d31-95ef-9565da49eb7f => generated 916 bytes in 75 msecs (HTTP/1.1 200) 7 headers in 285 bytes (1 switches on core 0)
Aug 30 19:53:33.432680 dv-cinder-777031-3-smb devstack@c-api.service[100687]: INFO cinder.api.openstack.wsgi [None req-9f0f7310-34fe-4554-9d0d-e977a210bcf7 tempest-VolumeQuotasAdminTestJSON-1673979589 tempest-VolumeQuotasAdminTestJSON-1673979589-project-admin] http://10.222.0.55/volume/v3/f2956f3c90ae4f37acc66bea2103c622/os-quota-sets/01bcf4375cb149e49d35918f742ae1b6 returned with HTTP 200
Aug 30 19:53:33.436802 dv-cinder-777031-3-smb devstack@c-api.service[100687]: [pid: 100687|app: 0|req: 118/253] 10.222.0.55 () {58 vars in 1331 bytes} [Mon Aug 30 19:53:33 2021] GET /volume/v3/f2956f3c90ae4f37acc66bea2103c622/os-quota-sets/01bcf4375cb149e49d35918f742ae1b6 => generated 361 bytes in 49 msecs (HTTP/1.1 200) 7 headers in 285 bytes (1 switches on core 0)
Aug 30 19:53:33.448116 dv-cinder-777031-3-smb devstack@c-api.service[100686]: INFO cinder.api.openstack.wsgi [None req-16fcd281-8a9e-43ad-9971-44c0f9ee7dc1 tempest-VolumeQuotasAdminTestJSON-1673979589 tempest-VolumeQuotasAdminTestJSON-1673979589-project-admin] PUT http://10.222.0.55/volume/v3/f2956f3c90ae4f37acc66bea2103c622/os-quota-sets/01bcf4375cb149e49d35918f742ae1b6
Aug 30 19:53:33.448462 dv-cinder-777031-3-smb devstack@c-api.service[100686]: /usr/local/lib/python3.8/dist-packages/webob/acceptparse.py:1047: DeprecationWarning: The behavior of AcceptValidHeader.best_match is currently being maintained for backward compatibility, but it will be deprecated in the future, as it does not conform to the RFC.
Aug 30 19:53:33.448462 dv-cinder-777031-3-smb devstack@c-api.service[100686]: warnings.warn(
Aug 30 19:53:33.448822 dv-cinder-777031-3-smb devstack@c-api.service[100686]: DEBUG cinder.api.openstack.wsgi [None req-16fcd281-8a9e-43ad-9971-44c0f9ee7dc1 tempest-VolumeQuotasAdminTestJSON-1673979589 tempest-VolumeQuotasAdminTestJSON-1673979589-project-admin] Action: 'update', calling method: update, body: {"quota_set": {"volumes": 10, "per_volume_gigabytes": -1, "snapshots": 10, "gigabytes": 1000, "backups": 10, "backup_gigabytes": 1000}} {{(pid=100686) _process_stack /opt/stack/cinder/cinder/api/openstack/wsgi.py:854}}
Aug 30 19:53:33.529666 dv-cinder-777031-3-smb devstack@c-api.service[100687]: INFO cinder.api.openstack.wsgi [req-37be3ec1-049d-4dd4-9d83-9cefe9a8e454 req-d41375f7-12f3-4029-8aeb-01c48815b7e2 tempest-AttachVolumeNegativeTest-1046617897 tempest-AttachVolumeNegativeTest-1046617897-project] GET http://10.222.0.55/volume/v3/e0bc7eb668244728b4e9154abcda78db/volumes/3d32801f-a7ef-4d31-95ef-9565da49eb7f
Aug 30 19:53:33.530253 dv-cinder-777031-3-smb devstack@c-api.service[100687]: DEBUG cinder.api.openstack.wsgi [req-37be3ec1-049d-4dd4-9d83-9cefe9a8e454 req-d41375f7-12f3-4029-8aeb-01c48815b7e2 tempest-AttachVolumeNegativeTest-1046617897 tempest-AttachVolumeNegativeTest-1046617897-project] Empty body provided in request {{(pid=100687) get_body /opt/stack/cinder/cinder/api/openstack/wsgi.py:703}}
Aug 30 19:53:33.530644 dv-cinder-777031-3-smb devstack@c-api.service[100687]: DEBUG cinder.api.openstack.wsgi [req-37be3ec1-049d-4dd4-9d83-9cefe9a8e454 req-d41375f7-12f3-4029-8aeb-01c48815b7e2 tempest-AttachVolumeNegativeTest-1046617897 tempest-AttachVolumeNegativeTest-1046617897-project] Calling method 'show' {{(pid=100687) _process_stack /opt/stack/cinder/cinder/api/openstack/wsgi.py:856}}
Aug 30 19:53:33.548539 dv-cinder-777031-3-smb devstack@c-api.service[100687]: /usr/local/lib/python3.8/dist-packages/oslo_context/context.py:105: DeprecationWarning: Policy enforcement is depending on the value of is_admin. This key is deprecated. Please update your policy file to use the standard policy values.
Aug 30 19:53:33.548539 dv-cinder-777031-3-smb devstack@c-api.service[100687]: warnings.warn('Policy enforcement is depending on the value of '
Aug 30 19:53:33.558202 dv-cinder-777031-3-smb devstack@c-api.service[100687]: INFO cinder.volume.api [req-37be3ec1-049d-4dd4-9d83-9cefe9a8e454 req-d41375f7-12f3-4029-8aeb-01c48815b7e2 tempest-AttachVolumeNegativeTest-1046617897 tempest-AttachVolumeNegativeTest-1046617897-project] Volume info retrieved successfully.
Aug 30 19:53:33.579443 dv-cinder-777031-3-smb devstack@c-api.service[100687]: /usr/local/lib/python3.8/dist-packages/oslo_context/context.py:105: DeprecationWarning: Policy enforcement is depending on the value of is_admin. This key is deprecated. Please update your policy file to use the standard policy values.
Aug 30 19:53:33.579443 dv-cinder-777031-3-smb devstack@c-api.service[100687]: warnings.warn('Policy enforcement is depending on the value of '
Aug 30 19:53:33.588704 dv-cinder-777031-3-smb devstack@c-api.service[100687]: INFO cinder.api.openstack.wsgi [req-37be3ec1-049d-4dd4-9d83-9cefe9a8e454 req-d41375f7-12f3-4029-8aeb-01c48815b7e2 tempest-AttachVolumeNegativeTest-1046617897 tempest-AttachVolumeNegativeTest-1046617897-project] http://10.222.0.55/volume/v3/e0bc7eb668244728b4e9154abcda78db/volumes/3d32801f-a7ef-4d31-95ef-9565da49eb7f returned with HTTP 200
Aug 30 19:53:33.589954 dv-cinder-777031-3-smb devstack@c-api.service[100687]: [pid: 100687|app: 0|req: 119/254] 10.222.0.86 () {60 vars in 1413 bytes} [Mon Aug 30 19:53:33 2021] GET /volume/v3/e0bc7eb668244728b4e9154abcda78db/volumes/3d32801f-a7ef-4d31-95ef-9565da49eb7f => generated 1015 bytes in 65 msecs (HTTP/1.1 200) 7 headers in 287 bytes (1 switches on core 0)
Aug 30 19:53:33.590794 dv-cinder-777031-3-smb devstack@c-api.service[100687]: INFO cinder.api.openstack.wsgi [req-37be3ec1-049d-4dd4-9d83-9cefe9a8e454 req-d41375f7-12f3-4029-8aeb-01c48815b7e2 tempest-AttachVolumeNegativeTest-1046617897 tempest-AttachVolumeNegativeTest-1046617897-project] GET http://10.222.0.55/volume//
Aug 30 19:53:33.591183 dv-cinder-777031-3-smb devstack@c-api.service[100687]: DEBUG cinder.api.openstack.wsgi [req-37be3ec1-049d-4dd4-9d83-9cefe9a8e454 req-d41375f7-12f3-4029-8aeb-01c48815b7e2 tempest-AttachVolumeNegativeTest-1046617897 tempest-AttachVolumeNegativeTest-1046617897-project] Empty body provided in request {{(pid=100687) get_body /opt/stack/cinder/cinder/api/openstack/wsgi.py:703}}
Aug 30 19:53:33.591514 dv-cinder-777031-3-smb devstack@c-api.service[100687]: /usr/local/lib/python3.8/dist-packages/webob/acceptparse.py:1047: DeprecationWarning: The behavior of AcceptValidHeader.best_match is currently being maintained for backward compatibility, but it will be deprecated in the future, as it does not conform to the RFC.
Aug 30 19:53:33.591514 dv-cinder-777031-3-smb devstack@c-api.service[100687]: warnings.warn(
Aug 30 19:53:33.592041 dv-cinder-777031-3-smb devstack@c-api.service[100687]: DEBUG cinder.api.openstack.wsgi [req-37be3ec1-049d-4dd4-9d83-9cefe9a8e454 req-d41375f7-12f3-4029-8aeb-01c48815b7e2 tempest-AttachVolumeNegativeTest-1046617897 tempest-AttachVolumeNegativeTest-1046617897-project] Calling method 'all' {{(pid=100687) _process_stack /opt/stack/cinder/cinder/api/openstack/wsgi.py:856}}
Aug 30 19:53:33.592852 dv-cinder-777031-3-smb devstack@c-api.service[100687]: INFO cinder.api.openstack.wsgi [req-37be3ec1-049d-4dd4-9d83-9cefe9a8e454 req-d41375f7-12f3-4029-8aeb-01c48815b7e2 tempest-AttachVolumeNegativeTest-1046617897 tempest-AttachVolumeNegativeTest-1046617897-project] http://10.222.0.55/volume// returned with HTTP 300
Aug 30 19:53:33.593343 dv-cinder-777031-3-smb devstack@c-api.service[100687]: [pid: 100687|app: 0|req: 120/255] 10.222.0.55 () {58 vars in 1300 bytes} [Mon Aug 30 19:53:33 2021] GET /volume/ => generated 386 bytes in 3 msecs (HTTP/1.1 300) 5 headers in 169 bytes (1 switches on core 0)
Aug 30 19:53:33.613186 dv-cinder-777031-3-smb devstack@c-api.service[100686]: INFO cinder.api.openstack.wsgi [None req-16fcd281-8a9e-43ad-9971-44c0f9ee7dc1 tempest-VolumeQuotasAdminTestJSON-1673979589 tempest-VolumeQuotasAdminTestJSON-1673979589-project-admin] http://10.222.0.55/volume/v3/f2956f3c90ae4f37acc66bea2103c622/os-quota-sets/01bcf4375cb149e49d35918f742ae1b6 returned with HTTP 200
Aug 30 19:53:33.614231 dv-cinder-777031-3-smb devstack@c-api.service[100686]: [pid: 100686|app: 0|req: 136/256] 10.222.0.55 () {60 vars in 1352 bytes} [Mon Aug 30 19:53:33 2021] PUT /volume/v3/f2956f3c90ae4f37acc66bea2103c622/os-quota-sets/01bcf4375cb149e49d35918f742ae1b6 => generated 319 bytes in 172 msecs (HTTP/1.1 200) 7 headers in 285 bytes (1 switches on core 0)
Aug 30 19:53:33.620563 dv-cinder-777031-3-smb devstack@c-api.service[100687]: INFO cinder.api.openstack.wsgi [req-394518e1-8de9-4ee6-8218-acfacee2f58e req-2da1c1f5-2a47-482d-b06d-95b7fc865525 tempest-DeleteServersTestJSON-1957814649 tempest-DeleteServersTestJSON-1957814649-project] POST http://10.222.0.55/volume/v3/12bdbcdfa0104e3395b005d2b7001ea3/attachments
Aug 30 19:53:33.621335 dv-cinder-777031-3-smb devstack@c-api.service[100687]: DEBUG cinder.api.openstack.wsgi [req-394518e1-8de9-4ee6-8218-acfacee2f58e req-2da1c1f5-2a47-482d-b06d-95b7fc865525 tempest-DeleteServersTestJSON-1957814649 tempest-DeleteServersTestJSON-1957814649-project] Action: 'create', calling method: version_select, body: {"attachment": {"volume_uuid": "1d562067-6bc3-4868-a93c-eb438824dad7", "connector": null, "instance_uuid": "3f94e882-1a6c-49e8-9f28-b53cbf4e9867"}} {{(pid=100687) _process_stack /opt/stack/cinder/cinder/api/openstack/wsgi.py:854}}
Aug 30 19:53:33.628274 dv-cinder-777031-3-smb devstack@c-api.service[100686]: INFO cinder.api.openstack.wsgi [None req-fa9a5155-619c-4d6b-8614-9d2aab975fc6 tempest-VolumeQuotasAdminTestJSON-1673979589 tempest-VolumeQuotasAdminTestJSON-1673979589-project-admin] GET http://10.222.0.55/volume/v3/f2956f3c90ae4f37acc66bea2103c622/os-quota-sets/01bcf4375cb149e49d35918f742ae1b6/defaults
Aug 30 19:53:33.629139 dv-cinder-777031-3-smb devstack@c-api.service[100686]: DEBUG cinder.api.openstack.wsgi [None req-fa9a5155-619c-4d6b-8614-9d2aab975fc6 tempest-VolumeQuotasAdminTestJSON-1673979589 tempest-VolumeQuotasAdminTestJSON-1673979589-project-admin] Empty body provided in request {{(pid=100686) get_body /opt/stack/cinder/cinder/api/openstack/wsgi.py:703}}
Aug 30 19:53:33.629821 dv-cinder-777031-3-smb devstack@c-api.service[100686]: DEBUG cinder.api.openstack.wsgi [None req-fa9a5155-619c-4d6b-8614-9d2aab975fc6 tempest-VolumeQuotasAdminTestJSON-1673979589 tempest-VolumeQuotasAdminTestJSON-1673979589-project-admin] Calling method 'defaults' {{(pid=100686) _process_stack /opt/stack/cinder/cinder/api/openstack/wsgi.py:856}}
Aug 30 19:53:33.649262 dv-cinder-777031-3-smb devstack@c-api.service[100687]: /usr/local/lib/python3.8/dist-packages/oslo_context/context.py:105: DeprecationWarning: Policy enforcement is depending on the value of is_admin. This key is deprecated. Please update your policy file to use the standard policy values.
Aug 30 19:53:33.649262 dv-cinder-777031-3-smb devstack@c-api.service[100687]: warnings.warn('Policy enforcement is depending on the value of '
Aug 30 19:53:33.662814 dv-cinder-777031-3-smb devstack@c-api.service[100686]: INFO cinder.api.openstack.wsgi [None req-fa9a5155-619c-4d6b-8614-9d2aab975fc6 tempest-VolumeQuotasAdminTestJSON-1673979589 tempest-VolumeQuotasAdminTestJSON-1673979589-project-admin] http://10.222.0.55/volume/v3/f2956f3c90ae4f37acc66bea2103c622/os-quota-sets/01bcf4375cb149e49d35918f742ae1b6/defaults returned with HTTP 200
Aug 30 19:53:33.663327 dv-cinder-777031-3-smb devstack@c-api.service[100686]: [pid: 100686|app: 0|req: 137/257] 10.222.0.55 () {58 vars in 1358 bytes} [Mon Aug 30 19:53:33 2021] GET /volume/v3/f2956f3c90ae4f37acc66bea2103c622/os-quota-sets/01bcf4375cb149e49d35918f742ae1b6/defaults => generated 361 bytes in 41 msecs (HTTP/1.1 200) 7 headers in 285 bytes (2 switches on core 0)
Aug 30 19:53:33.680444 dv-cinder-777031-3-smb devstack@c-api.service[100686]: INFO cinder.api.openstack.wsgi [None req-b91f44c7-8104-4b29-9f3c-835ffd1e13c2 tempest-VolumeQuotasAdminTestJSON-1673979589 tempest-VolumeQuotasAdminTestJSON-1673979589-project-admin] GET http://10.222.0.55/volume/v3/f2956f3c90ae4f37acc66bea2103c622/os-quota-sets/01bcf4375cb149e49d35918f742ae1b6
Aug 30 19:53:33.681294 dv-cinder-777031-3-smb devstack@c-api.service[100686]: DEBUG cinder.api.openstack.wsgi [None req-b91f44c7-8104-4b29-9f3c-835ffd1e13c2 tempest-VolumeQuotasAdminTestJSON-1673979589 tempest-VolumeQuotasAdminTestJSON-1673979589-project-admin] Empty body provided in request {{(pid=100686) get_body /opt/stack/cinder/cinder/api/openstack/wsgi.py:703}}
Aug 30 19:53:33.681822 dv-cinder-777031-3-smb devstack@c-api.service[100686]: DEBUG cinder.api.openstack.wsgi [None req-b91f44c7-8104-4b29-9f3c-835ffd1e13c2 tempest-VolumeQuotasAdminTestJSON-1673979589 tempest-VolumeQuotasAdminTestJSON-1673979589-project-admin] Calling method 'show' {{(pid=100686) _process_stack /opt/stack/cinder/cinder/api/openstack/wsgi.py:856}}
Aug 30 19:53:33.727853 dv-cinder-777031-3-smb devstack@c-api.service[100686]: INFO cinder.api.openstack.wsgi [None req-b91f44c7-8104-4b29-9f3c-835ffd1e13c2 tempest-VolumeQuotasAdminTestJSON-1673979589 tempest-VolumeQuotasAdminTestJSON-1673979589-project-admin] http://10.222.0.55/volume/v3/f2956f3c90ae4f37acc66bea2103c622/os-quota-sets/01bcf4375cb149e49d35918f742ae1b6 returned with HTTP 200
Aug 30 19:53:33.728782 dv-cinder-777031-3-smb devstack@c-api.service[100686]: [pid: 100686|app: 0|req: 138/258] 10.222.0.55 () {58 vars in 1331 bytes} [Mon Aug 30 19:53:33 2021] GET /volume/v3/f2956f3c90ae4f37acc66bea2103c622/os-quota-sets/01bcf4375cb149e49d35918f742ae1b6 => generated 361 bytes in 55 msecs (HTTP/1.1 200) 7 headers in 285 bytes (1 switches on core 0)
Aug 30 19:53:33.741613 dv-cinder-777031-3-smb devstack@c-api.service[100686]: INFO cinder.api.openstack.wsgi [None req-50f79ad9-0050-42d5-bb21-ad0b23da70a9 tempest-VolumeQuotasAdminTestJSON-1673979589 tempest-VolumeQuotasAdminTestJSON-1673979589-project-admin] GET http://10.222.0.55/volume/v3/f2956f3c90ae4f37acc66bea2103c622/os-quota-sets/01bcf4375cb149e49d35918f742ae1b6?usage=True
Aug 30 19:53:33.742322 dv-cinder-777031-3-smb devstack@c-api.service[100686]: DEBUG cinder.api.openstack.wsgi [None req-50f79ad9-0050-42d5-bb21-ad0b23da70a9 tempest-VolumeQuotasAdminTestJSON-1673979589 tempest-VolumeQuotasAdminTestJSON-1673979589-project-admin] Empty body provided in request {{(pid=100686) get_body /opt/stack/cinder/cinder/api/openstack/wsgi.py:703}}
Aug 30 19:53:33.742902 dv-cinder-777031-3-smb devstack@c-api.service[100686]: DEBUG cinder.api.openstack.wsgi [None req-50f79ad9-0050-42d5-bb21-ad0b23da70a9 tempest-VolumeQuotasAdminTestJSON-1673979589 tempest-VolumeQuotasAdminTestJSON-1673979589-project-admin] Calling method 'show' {{(pid=100686) _process_stack /opt/stack/cinder/cinder/api/openstack/wsgi.py:856}}
Aug 30 19:53:33.753745 dv-cinder-777031-3-smb devstack@c-api.service[100687]: INFO cinder.api.openstack.wsgi [req-394518e1-8de9-4ee6-8218-acfacee2f58e req-2da1c1f5-2a47-482d-b06d-95b7fc865525 tempest-DeleteServersTestJSON-1957814649 tempest-DeleteServersTestJSON-1957814649-project] http://10.222.0.55/volume/v3/12bdbcdfa0104e3395b005d2b7001ea3/attachments returned with HTTP 200
Aug 30 19:53:33.758001 dv-cinder-777031-3-smb devstack@c-api.service[100687]: [pid: 100687|app: 0|req: 121/259] 10.222.0.55 () {66 vars in 1575 bytes} [Mon Aug 30 19:53:33 2021] POST /volume/v3/12bdbcdfa0104e3395b005d2b7001ea3/attachments => generated 273 bytes in 146 msecs (HTTP/1.1 200) 7 headers in 286 bytes (2 switches on core 0)
Aug 30 19:53:33.764507 dv-cinder-777031-3-smb devstack@c-api.service[100687]: INFO cinder.api.openstack.wsgi [req-37be3ec1-049d-4dd4-9d83-9cefe9a8e454 req-e0c32d0a-d7f2-40a1-8453-28b3b4ccaf26 tempest-AttachVolumeNegativeTest-1046617897 tempest-AttachVolumeNegativeTest-1046617897-project] PUT http://10.222.0.55/volume/v3/e0bc7eb668244728b4e9154abcda78db/attachments/915d33f8-1b58-4b0b-b944-c34878a2e01c
Aug 30 19:53:33.765301 dv-cinder-777031-3-smb devstack@c-api.service[100687]: /usr/local/lib/python3.8/dist-packages/webob/acceptparse.py:1047: DeprecationWarning: The behavior of AcceptValidHeader.best_match is currently being maintained for backward compatibility, but it will be deprecated in the future, as it does not conform to the RFC.
Aug 30 19:53:33.765301 dv-cinder-777031-3-smb devstack@c-api.service[100687]: warnings.warn(
Aug 30 19:53:33.766034 dv-cinder-777031-3-smb devstack@c-api.service[100687]: DEBUG cinder.api.openstack.wsgi [req-37be3ec1-049d-4dd4-9d83-9cefe9a8e454 req-e0c32d0a-d7f2-40a1-8453-28b3b4ccaf26 tempest-AttachVolumeNegativeTest-1046617897 tempest-AttachVolumeNegativeTest-1046617897-project] Action: 'update', calling method: version_select, body: {"attachment": {"connector": {"platform": "AMD64", "os_type": "win32", "ip": "10.222.0.86", "host": "hv-cinder-77703", "multipath": false, "initiator": "iqn.1991-05.com.microsoft:hv-cinder-77703", "mountpoint": "/dev/sdb"}}} {{(pid=100687) _process_stack /opt/stack/cinder/cinder/api/openstack/wsgi.py:854}}
Aug 30 19:53:33.797194 dv-cinder-777031-3-smb devstack@c-api.service[100687]: /usr/local/lib/python3.8/dist-packages/tenacity/__init__.py:333: DeprecationWarning: "retry" function must accept single "retry_state" parameter, please update tooz._retry.retry..
Aug 30 19:53:33.797194 dv-cinder-777031-3-smb devstack@c-api.service[100687]: return self(f, *args, **kw)
Aug 30 19:53:33.797863 dv-cinder-777031-3-smb devstack@c-api.service[100687]: DEBUG cinder.coordination [req-37be3ec1-049d-4dd4-9d83-9cefe9a8e454 req-e0c32d0a-d7f2-40a1-8453-28b3b4ccaf26 tempest-AttachVolumeNegativeTest-1046617897 tempest-AttachVolumeNegativeTest-1046617897-project] Lock "b'cinder-attachment_update-3d32801f-a7ef-4d31-95ef-9565da49eb7f-hv-cinder-77703'" acquired by "attachment_update" :: waited 0.017s {{(pid=100687) _synchronized /opt/stack/cinder/cinder/coordination.py:181}}
Aug 30 19:53:33.801774 dv-cinder-777031-3-smb devstack@c-api.service[100687]: /usr/local/lib/python3.8/dist-packages/oslo_context/context.py:105: DeprecationWarning: Policy enforcement is depending on the value of is_admin. This key is deprecated. Please update your policy file to use the standard policy values.
Aug 30 19:53:33.801774 dv-cinder-777031-3-smb devstack@c-api.service[100687]: warnings.warn('Policy enforcement is depending on the value of '
Aug 30 19:53:33.815261 dv-cinder-777031-3-smb devstack@c-api.service[100686]: INFO cinder.api.openstack.wsgi [None req-50f79ad9-0050-42d5-bb21-ad0b23da70a9 tempest-VolumeQuotasAdminTestJSON-1673979589 tempest-VolumeQuotasAdminTestJSON-1673979589-project-admin] http://10.222.0.55/volume/v3/f2956f3c90ae4f37acc66bea2103c622/os-quota-sets/01bcf4375cb149e49d35918f742ae1b6?usage=True returned with HTTP 200
Aug 30 19:53:33.816601 dv-cinder-777031-3-smb devstack@c-api.service[100686]: [pid: 100686|app: 0|req: 139/260] 10.222.0.55 () {58 vars in 1352 bytes} [Mon Aug 30 19:53:33 2021] GET /volume/v3/f2956f3c90ae4f37acc66bea2103c622/os-quota-sets/01bcf4375cb149e49d35918f742ae1b6?usage=True => generated 868 bytes in 81 msecs (HTTP/1.1 200) 7 headers in 285 bytes (1 switches on core 0)
Aug 30 19:53:33.833307 dv-cinder-777031-3-smb devstack@c-api.service[100686]: INFO cinder.api.openstack.wsgi [None req-a0b51cf6-882d-42ff-8121-e269a509cf3c tempest-DeleteServersTestJSON-1957814649 tempest-DeleteServersTestJSON-1957814649-project] GET http://10.222.0.55/volume/v3/12bdbcdfa0104e3395b005d2b7001ea3/volumes/1d562067-6bc3-4868-a93c-eb438824dad7
Aug 30 19:53:33.834178 dv-cinder-777031-3-smb devstack@c-api.service[100686]: DEBUG cinder.api.openstack.wsgi [None req-a0b51cf6-882d-42ff-8121-e269a509cf3c tempest-DeleteServersTestJSON-1957814649 tempest-DeleteServersTestJSON-1957814649-project] Empty body provided in request {{(pid=100686) get_body /opt/stack/cinder/cinder/api/openstack/wsgi.py:703}}
Aug 30 19:53:33.834913 dv-cinder-777031-3-smb devstack@c-api.service[100686]: DEBUG cinder.api.openstack.wsgi [None req-a0b51cf6-882d-42ff-8121-e269a509cf3c tempest-DeleteServersTestJSON-1957814649 tempest-DeleteServersTestJSON-1957814649-project] Calling method 'show' {{(pid=100686) _process_stack /opt/stack/cinder/cinder/api/openstack/wsgi.py:856}}
Aug 30 19:53:33.853728 dv-cinder-777031-3-smb devstack@c-api.service[100686]: /usr/local/lib/python3.8/dist-packages/oslo_context/context.py:105: DeprecationWarning: Policy enforcement is depending on the value of is_admin. This key is deprecated. Please update your policy file to use the standard policy values.
Aug 30 19:53:33.853728 dv-cinder-777031-3-smb devstack@c-api.service[100686]: warnings.warn('Policy enforcement is depending on the value of '
Aug 30 19:53:33.862890 dv-cinder-777031-3-smb devstack@c-api.service[100686]: INFO cinder.volume.api [None req-a0b51cf6-882d-42ff-8121-e269a509cf3c tempest-DeleteServersTestJSON-1957814649 tempest-DeleteServersTestJSON-1957814649-project] Volume info retrieved successfully.
Aug 30 19:53:33.877598 dv-cinder-777031-3-smb devstack@c-api.service[100686]: /usr/local/lib/python3.8/dist-packages/oslo_context/context.py:105: DeprecationWarning: Policy enforcement is depending on the value of is_admin. This key is deprecated. Please update your policy file to use the standard policy values.
Aug 30 19:53:33.877598 dv-cinder-777031-3-smb devstack@c-api.service[100686]: warnings.warn('Policy enforcement is depending on the value of '
Aug 30 19:53:33.893181 dv-cinder-777031-3-smb devstack@c-api.service[100686]: INFO cinder.api.openstack.wsgi [None req-a0b51cf6-882d-42ff-8121-e269a509cf3c tempest-DeleteServersTestJSON-1957814649 tempest-DeleteServersTestJSON-1957814649-project] http://10.222.0.55/volume/v3/12bdbcdfa0104e3395b005d2b7001ea3/volumes/1d562067-6bc3-4868-a93c-eb438824dad7 returned with HTTP 200
Aug 30 19:53:33.893181 dv-cinder-777031-3-smb devstack@c-api.service[100686]: [pid: 100686|app: 0|req: 140/261] 10.222.0.55 () {58 vars in 1325 bytes} [Mon Aug 30 19:53:33 2021] GET /volume/v3/12bdbcdfa0104e3395b005d2b7001ea3/volumes/1d562067-6bc3-4868-a93c-eb438824dad7 => generated 913 bytes in 63 msecs (HTTP/1.1 200) 7 headers in 285 bytes (2 switches on core 0)
Aug 30 19:53:34.108526 dv-cinder-777031-3-smb devstack@c-api.service[100687]: DEBUG cinder.coordination [req-37be3ec1-049d-4dd4-9d83-9cefe9a8e454 req-e0c32d0a-d7f2-40a1-8453-28b3b4ccaf26 tempest-AttachVolumeNegativeTest-1046617897 tempest-AttachVolumeNegativeTest-1046617897-project] Lock "b'cinder-attachment_update-3d32801f-a7ef-4d31-95ef-9565da49eb7f-hv-cinder-77703'" released by "attachment_update" :: held 0.311s {{(pid=100687) _synchronized /opt/stack/cinder/cinder/coordination.py:193}}
Aug 30 19:53:34.109720 dv-cinder-777031-3-smb devstack@c-api.service[100687]: INFO cinder.api.openstack.wsgi [req-37be3ec1-049d-4dd4-9d83-9cefe9a8e454 req-e0c32d0a-d7f2-40a1-8453-28b3b4ccaf26 tempest-AttachVolumeNegativeTest-1046617897 tempest-AttachVolumeNegativeTest-1046617897-project] http://10.222.0.55/volume/v3/e0bc7eb668244728b4e9154abcda78db/attachments/915d33f8-1b58-4b0b-b944-c34878a2e01c returned with HTTP 200
Aug 30 19:53:34.111417 dv-cinder-777031-3-smb devstack@c-api.service[100687]: [pid: 100687|app: 0|req: 122/262] 10.222.0.86 () {64 vars in 1478 bytes} [Mon Aug 30 19:53:33 2021] PUT /volume/v3/e0bc7eb668244728b4e9154abcda78db/attachments/915d33f8-1b58-4b0b-b944-c34878a2e01c => generated 652 bytes in 353 msecs (HTTP/1.1 200) 7 headers in 286 bytes (1 switches on core 0)
Aug 30 19:53:34.113977 dv-cinder-777031-3-smb devstack@c-api.service[100687]: INFO cinder.api.openstack.wsgi [req-37be3ec1-049d-4dd4-9d83-9cefe9a8e454 req-e0c32d0a-d7f2-40a1-8453-28b3b4ccaf26 tempest-AttachVolumeNegativeTest-1046617897 tempest-AttachVolumeNegativeTest-1046617897-project] GET http://10.222.0.55/volume//
Aug 30 19:53:34.114710 dv-cinder-777031-3-smb devstack@c-api.service[100687]: DEBUG cinder.api.openstack.wsgi [req-37be3ec1-049d-4dd4-9d83-9cefe9a8e454 req-e0c32d0a-d7f2-40a1-8453-28b3b4ccaf26 tempest-AttachVolumeNegativeTest-1046617897 tempest-AttachVolumeNegativeTest-1046617897-project] Empty body provided in request {{(pid=100687) get_body /opt/stack/cinder/cinder/api/openstack/wsgi.py:703}}
Aug 30 19:53:34.114992 dv-cinder-777031-3-smb devstack@c-api.service[100687]: /usr/local/lib/python3.8/dist-packages/webob/acceptparse.py:1047: DeprecationWarning: The behavior of AcceptValidHeader.best_match is currently being maintained for backward compatibility, but it will be deprecated in the future, as it does not conform to the RFC.
Aug 30 19:53:34.114992 dv-cinder-777031-3-smb devstack@c-api.service[100687]: warnings.warn(
Aug 30 19:53:34.115726 dv-cinder-777031-3-smb devstack@c-api.service[100687]: DEBUG cinder.api.openstack.wsgi [req-37be3ec1-049d-4dd4-9d83-9cefe9a8e454 req-e0c32d0a-d7f2-40a1-8453-28b3b4ccaf26 tempest-AttachVolumeNegativeTest-1046617897 tempest-AttachVolumeNegativeTest-1046617897-project] Calling method 'all' {{(pid=100687) _process_stack /opt/stack/cinder/cinder/api/openstack/wsgi.py:856}}
Aug 30 19:53:34.117792 dv-cinder-777031-3-smb devstack@c-api.service[100687]: INFO cinder.api.openstack.wsgi [req-37be3ec1-049d-4dd4-9d83-9cefe9a8e454 req-e0c32d0a-d7f2-40a1-8453-28b3b4ccaf26 tempest-AttachVolumeNegativeTest-1046617897 tempest-AttachVolumeNegativeTest-1046617897-project] http://10.222.0.55/volume// returned with HTTP 300
Aug 30 19:53:34.119226 dv-cinder-777031-3-smb devstack@c-api.service[100687]: [pid: 100687|app: 0|req: 123/263] 10.222.0.86 () {56 vars in 1099 bytes} [Mon Aug 30 19:53:34 2021] GET /volume/ => generated 386 bytes in 6 msecs (HTTP/1.1 300) 5 headers in 169 bytes (1 switches on core 0)
Aug 30 19:53:34.151781 dv-cinder-777031-3-smb devstack@c-api.service[100687]: INFO cinder.api.openstack.wsgi [req-394518e1-8de9-4ee6-8218-acfacee2f58e req-f7673f55-9b42-45b6-b30f-212af1cb198f tempest-DeleteServersTestJSON-1957814649 tempest-DeleteServersTestJSON-1957814649-project] GET http://10.222.0.55/volume/v3/12bdbcdfa0104e3395b005d2b7001ea3/volumes/1d562067-6bc3-4868-a93c-eb438824dad7
Aug 30 19:53:34.152721 dv-cinder-777031-3-smb devstack@c-api.service[100687]: DEBUG cinder.api.openstack.wsgi [req-394518e1-8de9-4ee6-8218-acfacee2f58e req-f7673f55-9b42-45b6-b30f-212af1cb198f tempest-DeleteServersTestJSON-1957814649 tempest-DeleteServersTestJSON-1957814649-project] Empty body provided in request {{(pid=100687) get_body /opt/stack/cinder/cinder/api/openstack/wsgi.py:703}}
Aug 30 19:53:34.153602 dv-cinder-777031-3-smb devstack@c-api.service[100687]: DEBUG cinder.api.openstack.wsgi [req-394518e1-8de9-4ee6-8218-acfacee2f58e req-f7673f55-9b42-45b6-b30f-212af1cb198f tempest-DeleteServersTestJSON-1957814649 tempest-DeleteServersTestJSON-1957814649-project] Calling method 'show' {{(pid=100687) _process_stack /opt/stack/cinder/cinder/api/openstack/wsgi.py:856}}
Aug 30 19:53:34.192230 dv-cinder-777031-3-smb devstack@c-api.service[100687]: /usr/local/lib/python3.8/dist-packages/oslo_context/context.py:105: DeprecationWarning: Policy enforcement is depending on the value of is_admin. This key is deprecated. Please update your policy file to use the standard policy values.
Aug 30 19:53:34.192230 dv-cinder-777031-3-smb devstack@c-api.service[100687]: warnings.warn('Policy enforcement is depending on the value of '
Aug 30 19:53:34.208772 dv-cinder-777031-3-smb devstack@c-api.service[100686]: INFO cinder.api.openstack.wsgi [None req-2f8b3877-594f-4454-88f8-fdb4466106ec tempest-VolumeQuotasAdminTestJSON-1197376293 tempest-VolumeQuotasAdminTestJSON-1197376293-project] POST http://10.222.0.55/volume/v3/01bcf4375cb149e49d35918f742ae1b6/volumes
Aug 30 19:53:34.209364 dv-cinder-777031-3-smb devstack@c-api.service[100686]: /usr/local/lib/python3.8/dist-packages/webob/acceptparse.py:1047: DeprecationWarning: The behavior of AcceptValidHeader.best_match is currently being maintained for backward compatibility, but it will be deprecated in the future, as it does not conform to the RFC.
Aug 30 19:53:34.209364 dv-cinder-777031-3-smb devstack@c-api.service[100686]: warnings.warn(
Aug 30 19:53:34.209728 dv-cinder-777031-3-smb devstack@c-api.service[100686]: DEBUG cinder.api.openstack.wsgi [None req-2f8b3877-594f-4454-88f8-fdb4466106ec tempest-VolumeQuotasAdminTestJSON-1197376293 tempest-VolumeQuotasAdminTestJSON-1197376293-project] Action: 'create', calling method: create, body: {"volume": {"size": 1, "name": "tempest-VolumeQuotasAdminTestJSON-Volume-490626933"}} {{(pid=100686) _process_stack /opt/stack/cinder/cinder/api/openstack/wsgi.py:854}}
Aug 30 19:53:34.211209 dv-cinder-777031-3-smb devstack@c-api.service[100686]: DEBUG cinder.api.v3.volumes [None req-2f8b3877-594f-4454-88f8-fdb4466106ec tempest-VolumeQuotasAdminTestJSON-1197376293 tempest-VolumeQuotasAdminTestJSON-1197376293-project] Create volume request body: {'volume': {'size': 1, 'name': 'tempest-VolumeQuotasAdminTestJSON-Volume-490626933'}} {{(pid=100686) create /opt/stack/cinder/cinder/api/v3/volumes.py:298}}
Aug 30 19:53:34.211597 dv-cinder-777031-3-smb devstack@c-api.service[100686]: INFO cinder.api.v3.volumes [None req-2f8b3877-594f-4454-88f8-fdb4466106ec tempest-VolumeQuotasAdminTestJSON-1197376293 tempest-VolumeQuotasAdminTestJSON-1197376293-project] Create volume of 1 GB
Aug 30 19:53:34.212111 dv-cinder-777031-3-smb devstack@c-api.service[100687]: INFO cinder.volume.api [req-394518e1-8de9-4ee6-8218-acfacee2f58e req-f7673f55-9b42-45b6-b30f-212af1cb198f tempest-DeleteServersTestJSON-1957814649 tempest-DeleteServersTestJSON-1957814649-project] Volume info retrieved successfully.
Aug 30 19:53:34.222538 dv-cinder-777031-3-smb devstack@c-api.service[100686]: INFO cinder.volume.api [None req-2f8b3877-594f-4454-88f8-fdb4466106ec tempest-VolumeQuotasAdminTestJSON-1197376293 tempest-VolumeQuotasAdminTestJSON-1197376293-project] Availability Zones retrieved successfully.
Aug 30 19:53:34.229274 dv-cinder-777031-3-smb devstack@c-api.service[100687]: /usr/local/lib/python3.8/dist-packages/oslo_context/context.py:105: DeprecationWarning: Policy enforcement is depending on the value of is_admin. This key is deprecated. Please update your policy file to use the standard policy values.
Aug 30 19:53:34.229274 dv-cinder-777031-3-smb devstack@c-api.service[100687]: warnings.warn('Policy enforcement is depending on the value of '
Aug 30 19:53:34.237382 dv-cinder-777031-3-smb devstack@c-api.service[100687]: INFO cinder.api.openstack.wsgi [req-394518e1-8de9-4ee6-8218-acfacee2f58e req-f7673f55-9b42-45b6-b30f-212af1cb198f tempest-DeleteServersTestJSON-1957814649 tempest-DeleteServersTestJSON-1957814649-project] http://10.222.0.55/volume/v3/12bdbcdfa0104e3395b005d2b7001ea3/volumes/1d562067-6bc3-4868-a93c-eb438824dad7 returned with HTTP 200
