May 16 19:54:37.064967 dv-cinder-777031-16-smb devstack@keystone.service[80003]: DEBUG keystone.server.flask.request_processing.req_logging [None req-11c506ab-101c-4f62-b5f8-995a1c9f07bb None admin] REQUEST_METHOD: `PUT` {{(pid=80003) log_request_info /opt/stack/keystone/keystone/server/flask/request_processing/req_logging.py:27}}
May 16 19:54:37.065291 dv-cinder-777031-16-smb devstack@keystone.service[80003]: DEBUG keystone.server.flask.request_processing.req_logging [None req-11c506ab-101c-4f62-b5f8-995a1c9f07bb None admin] SCRIPT_NAME: `/identity` {{(pid=80003) log_request_info /opt/stack/keystone/keystone/server/flask/request_processing/req_logging.py:28}}
May 16 19:54:37.065758 dv-cinder-777031-16-smb devstack@keystone.service[80003]: DEBUG keystone.server.flask.request_processing.req_logging [None req-11c506ab-101c-4f62-b5f8-995a1c9f07bb None admin] PATH_INFO: `/v3/projects/1eda59adda8448e6b1718b51e2ca7c06/users/821e100d29794b188a4b7ef5f8652d79/roles/6a494c4c817b46f3b97602d834b77735` {{(pid=80003) log_request_info /opt/stack/keystone/keystone/server/flask/request_processing/req_logging.py:29}}
May 16 19:54:37.068767 dv-cinder-777031-16-smb devstack@keystone.service[80003]: DEBUG keystone.common.rbac_enforcer.enforcer [None req-11c506ab-101c-4f62-b5f8-995a1c9f07bb None admin] RBAC: Authorizing `identity:create_grant(project_id=1eda59adda8448e6b1718b51e2ca7c06, user_id=821e100d29794b188a4b7ef5f8652d79, role_id=6a494c4c817b46f3b97602d834b77735)` {{(pid=80003) enforce_call /opt/stack/keystone/keystone/common/rbac_enforcer/enforcer.py:449}}
May 16 19:54:37.070232 dv-cinder-777031-16-smb devstack@keystone.service[80003]: DEBUG keystone.common.rbac_enforcer.enforcer [None req-11c506ab-101c-4f62-b5f8-995a1c9f07bb None admin] RBAC: Authorization granted {{(pid=80003) enforce_call /opt/stack/keystone/keystone/common/rbac_enforcer/enforcer.py:457}}
May 16 19:54:37.100835 dv-cinder-777031-16-smb devstack@keystone.service[80002]: DEBUG keystone.server.flask.request_processing.middleware.auth_context [None req-64e8b407-5275-495f-90a4-d15b5dd2b5be None admin] Validating token access rules against request {{(pid=80002) validate_allowed_request /usr/local/lib/python3.8/dist-packages/keystonemiddleware/auth_token/__init__.py:545}}
May 16 19:54:37.102304 dv-cinder-777031-16-smb devstack@keystone.service[80003]: [pid: 80003|app: 0|req: 113/232] 10.222.0.58 () {58 vars in 1439 bytes} [Mon May 16 19:54:36 2022] PUT /identity/v3/projects/1eda59adda8448e6b1718b51e2ca7c06/users/821e100d29794b188a4b7ef5f8652d79/roles/6a494c4c817b46f3b97602d834b77735 => generated 0 bytes in 298 msecs (HTTP/1.1 204) 3 headers in 132 bytes (0 switches on core 0)
May 16 19:54:37.146000 dv-cinder-777031-16-smb devstack@keystone.service[80002]: DEBUG keystone.server.flask.request_processing.middleware.auth_context [None req-dcd7c7da-4852-4031-8a92-a6fd2576cff6 None admin] RBAC: auth_context: {'token': , 'domain_id': None, 'trust_id': None, 'trustor_id': None, 'trustee_id': None, 'domain_name': None, 'group_ids': [], 'user_id': 'c2ac8ac04497420ea2f07f92c01d7e60', 'user_domain_id': 'default', 'system_scope': 'all', 'project_id': None, 'project_domain_id': None, 'roles': ['admin', 'member', 'reader'], 'is_admin_project': True, 'service_user_id': None, 'service_user_domain_id': None, 'service_project_id': None, 'service_project_domain_id': None, 'service_roles': []} {{(pid=80002) fill_context /opt/stack/keystone/keystone/server/flask/request_processing/middleware/auth_context.py:478}}
May 16 19:54:37.146911 dv-cinder-777031-16-smb devstack@keystone.service[80002]: DEBUG keystone.server.flask.request_processing.req_logging [None req-dcd7c7da-4852-4031-8a92-a6fd2576cff6 None admin] REQUEST_METHOD: `GET` {{(pid=80002) log_request_info /opt/stack/keystone/keystone/server/flask/request_processing/req_logging.py:27}}
May 16 19:54:37.147201 dv-cinder-777031-16-smb devstack@keystone.service[80002]: DEBUG keystone.server.flask.request_processing.req_logging [None req-dcd7c7da-4852-4031-8a92-a6fd2576cff6 None admin] SCRIPT_NAME: `/identity` {{(pid=80002) log_request_info /opt/stack/keystone/keystone/server/flask/request_processing/req_logging.py:28}}
May 16 19:54:37.147517 dv-cinder-777031-16-smb devstack@keystone.service[80002]: DEBUG keystone.server.flask.request_processing.req_logging [None req-dcd7c7da-4852-4031-8a92-a6fd2576cff6 None admin] PATH_INFO: `/v3/projects/1eda59adda8448e6b1718b51e2ca7c06` {{(pid=80002) log_request_info /opt/stack/keystone/keystone/server/flask/request_processing/req_logging.py:29}}
May 16 19:54:37.148823 dv-cinder-777031-16-smb devstack@keystone.service[80002]: DEBUG keystone.common.rbac_enforcer.enforcer [None req-dcd7c7da-4852-4031-8a92-a6fd2576cff6 None admin] RBAC: Authorizing `identity:get_project(project_id=1eda59adda8448e6b1718b51e2ca7c06)` {{(pid=80002) enforce_call /opt/stack/keystone/keystone/common/rbac_enforcer/enforcer.py:449}}
May 16 19:54:37.150456 dv-cinder-777031-16-smb devstack@keystone.service[80002]: DEBUG keystone.common.rbac_enforcer.enforcer [None req-dcd7c7da-4852-4031-8a92-a6fd2576cff6 None admin] RBAC: Authorization granted {{(pid=80002) enforce_call /opt/stack/keystone/keystone/common/rbac_enforcer/enforcer.py:457}}
May 16 19:54:37.152334 dv-cinder-777031-16-smb devstack@keystone.service[80002]: [pid: 80002|app: 0|req: 120/233] 10.222.0.58 () {56 vars in 1186 bytes} [Mon May 16 19:54:36 2022] GET /identity/v3/projects/1eda59adda8448e6b1718b51e2ca7c06 => generated 302 bytes in 240 msecs (HTTP/1.1 200) 5 headers in 177 bytes (1 switches on core 0)
May 16 19:54:37.158157 dv-cinder-777031-16-smb devstack@keystone.service[80003]: DEBUG keystone.server.flask.request_processing.middleware.auth_context [None req-11c506ab-101c-4f62-b5f8-995a1c9f07bb None admin] Authenticating user token {{(pid=80003) process_request /usr/local/lib/python3.8/dist-packages/keystonemiddleware/auth_token/__init__.py:407}}
May 16 19:54:37.306825 dv-cinder-777031-16-smb devstack@keystone.service[80003]: DEBUG keystone.server.flask.request_processing.middleware.auth_context [None req-11c506ab-101c-4f62-b5f8-995a1c9f07bb None admin] Validating token access rules against request {{(pid=80003) validate_allowed_request /usr/local/lib/python3.8/dist-packages/keystonemiddleware/auth_token/__init__.py:545}}
May 16 19:54:37.353873 dv-cinder-777031-16-smb devstack@keystone.service[80003]: DEBUG keystone.server.flask.request_processing.middleware.auth_context [None req-c9cbc18f-5b7e-48fa-921d-7b02030dfbfa None admin] RBAC: auth_context: {'token': , 'domain_id': None, 'trust_id': None, 'trustor_id': None, 'trustee_id': None, 'domain_name': None, 'group_ids': [], 'user_id': 'c2ac8ac04497420ea2f07f92c01d7e60', 'user_domain_id': 'default', 'system_scope': 'all', 'project_id': None, 'project_domain_id': None, 'roles': ['admin', 'member', 'reader'], 'is_admin_project': True, 'service_user_id': None, 'service_user_domain_id': None, 'service_project_id': None, 'service_project_domain_id': None, 'service_roles': []} {{(pid=80003) fill_context /opt/stack/keystone/keystone/server/flask/request_processing/middleware/auth_context.py:478}}
May 16 19:54:37.354768 dv-cinder-777031-16-smb devstack@keystone.service[80003]: DEBUG keystone.server.flask.request_processing.req_logging [None req-c9cbc18f-5b7e-48fa-921d-7b02030dfbfa None admin] REQUEST_METHOD: `PUT` {{(pid=80003) log_request_info /opt/stack/keystone/keystone/server/flask/request_processing/req_logging.py:27}}
May 16 19:54:37.355050 dv-cinder-777031-16-smb devstack@keystone.service[80003]: DEBUG keystone.server.flask.request_processing.req_logging [None req-c9cbc18f-5b7e-48fa-921d-7b02030dfbfa None admin] SCRIPT_NAME: `/identity` {{(pid=80003) log_request_info /opt/stack/keystone/keystone/server/flask/request_processing/req_logging.py:28}}
May 16 19:54:37.355323 dv-cinder-777031-16-smb devstack@keystone.service[80003]: DEBUG keystone.server.flask.request_processing.req_logging [None req-c9cbc18f-5b7e-48fa-921d-7b02030dfbfa None admin] PATH_INFO: `/v3/projects/1eda59adda8448e6b1718b51e2ca7c06/users/821e100d29794b188a4b7ef5f8652d79/roles/104af8abab034c67b3bd75daa221b463` {{(pid=80003) log_request_info /opt/stack/keystone/keystone/server/flask/request_processing/req_logging.py:29}}
May 16 19:54:37.361161 dv-cinder-777031-16-smb devstack@keystone.service[80003]: DEBUG keystone.common.rbac_enforcer.enforcer [None req-c9cbc18f-5b7e-48fa-921d-7b02030dfbfa None admin] RBAC: Authorizing `identity:create_grant(project_id=1eda59adda8448e6b1718b51e2ca7c06, user_id=821e100d29794b188a4b7ef5f8652d79, role_id=104af8abab034c67b3bd75daa221b463)` {{(pid=80003) enforce_call /opt/stack/keystone/keystone/common/rbac_enforcer/enforcer.py:449}}
May 16 19:54:37.362757 dv-cinder-777031-16-smb devstack@keystone.service[80003]: DEBUG keystone.common.rbac_enforcer.enforcer [None req-c9cbc18f-5b7e-48fa-921d-7b02030dfbfa None admin] RBAC: Authorization granted {{(pid=80003) enforce_call /opt/stack/keystone/keystone/common/rbac_enforcer/enforcer.py:457}}
May 16 19:54:37.384477 dv-cinder-777031-16-smb devstack@keystone.service[80003]: [pid: 80003|app: 0|req: 114/234] 10.222.0.58 () {58 vars in 1439 bytes} [Mon May 16 19:54:37 2022] PUT /identity/v3/projects/1eda59adda8448e6b1718b51e2ca7c06/users/821e100d29794b188a4b7ef5f8652d79/roles/104af8abab034c67b3bd75daa221b463 => generated 0 bytes in 227 msecs (HTTP/1.1 204) 3 headers in 132 bytes (0 switches on core 0)
May 16 19:54:38.425216 dv-cinder-777031-16-smb devstack@keystone.service[80002]: DEBUG keystone.server.flask.request_processing.req_logging [None req-472c33b5-3b9d-4a42-8bf6-62412598a077 None None] REQUEST_METHOD: `GET` {{(pid=80002) log_request_info /opt/stack/keystone/keystone/server/flask/request_processing/req_logging.py:27}}
May 16 19:54:38.426430 dv-cinder-777031-16-smb devstack@keystone.service[80002]: DEBUG keystone.server.flask.request_processing.req_logging [None req-472c33b5-3b9d-4a42-8bf6-62412598a077 None None] SCRIPT_NAME: `/identity` {{(pid=80002) log_request_info /opt/stack/keystone/keystone/server/flask/request_processing/req_logging.py:28}}
May 16 19:54:38.426944 dv-cinder-777031-16-smb devstack@keystone.service[80002]: DEBUG keystone.server.flask.request_processing.req_logging [None req-472c33b5-3b9d-4a42-8bf6-62412598a077 None None] PATH_INFO: `/` {{(pid=80002) log_request_info /opt/stack/keystone/keystone/server/flask/request_processing/req_logging.py:29}}
May 16 19:54:38.428948 dv-cinder-777031-16-smb devstack@keystone.service[80002]: [pid: 80002|app: 0|req: 121/235] 10.222.0.58 () {54 vars in 926 bytes} [Mon May 16 19:54:38 2022] GET /identity => generated 270 bytes in 5 msecs (HTTP/1.1 300) 6 headers in 234 bytes (1 switches on core 0)
May 16 19:54:38.435159 dv-cinder-777031-16-smb devstack@keystone.service[80003]: DEBUG keystone.server.flask.request_processing.req_logging [None req-9a14b1da-872c-4d77-b6be-dad7758f3c95 None None] REQUEST_METHOD: `POST` {{(pid=80003) log_request_info /opt/stack/keystone/keystone/server/flask/request_processing/req_logging.py:27}}
May 16 19:54:38.436078 dv-cinder-777031-16-smb devstack@keystone.service[80003]: DEBUG keystone.server.flask.request_processing.req_logging [None req-9a14b1da-872c-4d77-b6be-dad7758f3c95 None None] SCRIPT_NAME: `/identity` {{(pid=80003) log_request_info /opt/stack/keystone/keystone/server/flask/request_processing/req_logging.py:28}}
May 16 19:54:38.436556 dv-cinder-777031-16-smb devstack@keystone.service[80003]: DEBUG keystone.server.flask.request_processing.req_logging [None req-9a14b1da-872c-4d77-b6be-dad7758f3c95 None None] PATH_INFO: `/v3/auth/tokens` {{(pid=80003) log_request_info /opt/stack/keystone/keystone/server/flask/request_processing/req_logging.py:29}}
May 16 19:54:38.464616 dv-cinder-777031-16-smb devstack@keystone.service[80003]: DEBUG keystone.auth.core [None req-9a14b1da-872c-4d77-b6be-dad7758f3c95 None None] MFA Rules not processed for user `c2ac8ac04497420ea2f07f92c01d7e60`. Rule list: `[]` (Enabled: `True`). {{(pid=80003) check_auth_methods_against_rules /opt/stack/keystone/keystone/auth/core.py:438}}
May 16 19:54:38.466232 dv-cinder-777031-16-smb devstack@keystone.service[80003]: DEBUG keystone.common.fernet_utils [None req-9a14b1da-872c-4d77-b6be-dad7758f3c95 None None] Loaded 2 Fernet keys from /etc/keystone/fernet-keys/, but `[fernet_tokens] max_active_keys = 3`; perhaps there have not been enough key rotations to reach `max_active_keys` yet? {{(pid=80003) load_keys /opt/stack/keystone/keystone/common/fernet_utils.py:286}}
May 16 19:54:38.553956 dv-cinder-777031-16-smb devstack@keystone.service[80003]: [pid: 80003|app: 0|req: 115/236] 10.222.0.58 () {58 vars in 1023 bytes} [Mon May 16 19:54:38 2022] POST /identity/v3/auth/tokens => generated 799 bytes in 120 msecs (HTTP/1.1 201) 6 headers in 363 bytes (2 switches on core 0)
May 16 19:54:38.578081 dv-cinder-777031-16-smb devstack@keystone.service[80002]: DEBUG keystone.server.flask.request_processing.middleware.auth_context [None req-472c33b5-3b9d-4a42-8bf6-62412598a077 None None] Authenticating user token {{(pid=80002) process_request /usr/local/lib/python3.8/dist-packages/keystonemiddleware/auth_token/__init__.py:407}}
May 16 19:54:38.670126 dv-cinder-777031-16-smb devstack@keystone.service[80003]: DEBUG keystone.server.flask.request_processing.req_logging [None req-f4b1bfd7-ba55-4ef3-a84f-c60dbe64d771 None None] REQUEST_METHOD: `GET` {{(pid=80003) log_request_info /opt/stack/keystone/keystone/server/flask/request_processing/req_logging.py:27}}
May 16 19:54:38.670686 dv-cinder-777031-16-smb devstack@keystone.service[80003]: DEBUG keystone.server.flask.request_processing.req_logging [None req-f4b1bfd7-ba55-4ef3-a84f-c60dbe64d771 None None] SCRIPT_NAME: `/identity` {{(pid=80003) log_request_info /opt/stack/keystone/keystone/server/flask/request_processing/req_logging.py:28}}
May 16 19:54:38.670686 dv-cinder-777031-16-smb devstack@keystone.service[80003]: DEBUG keystone.server.flask.request_processing.req_logging [None req-f4b1bfd7-ba55-4ef3-a84f-c60dbe64d771 None None] PATH_INFO: `/` {{(pid=80003) log_request_info /opt/stack/keystone/keystone/server/flask/request_processing/req_logging.py:29}}
May 16 19:54:38.672348 dv-cinder-777031-16-smb devstack@keystone.service[80003]: [pid: 80003|app: 0|req: 116/237] 10.222.0.58 () {54 vars in 926 bytes} [Mon May 16 19:54:38 2022] GET /identity => generated 270 bytes in 3 msecs (HTTP/1.1 300) 6 headers in 234 bytes (2 switches on core 0)
May 16 19:54:38.678436 dv-cinder-777031-16-smb devstack@keystone.service[80003]: DEBUG keystone.server.flask.request_processing.req_logging [None req-31f7a79a-fe73-4d7d-81bc-99f2cc4eefc7 None None] REQUEST_METHOD: `POST` {{(pid=80003) log_request_info /opt/stack/keystone/keystone/server/flask/request_processing/req_logging.py:27}}
May 16 19:54:38.678436 dv-cinder-777031-16-smb devstack@keystone.service[80003]: DEBUG keystone.server.flask.request_processing.req_logging [None req-31f7a79a-fe73-4d7d-81bc-99f2cc4eefc7 None None] SCRIPT_NAME: `/identity` {{(pid=80003) log_request_info /opt/stack/keystone/keystone/server/flask/request_processing/req_logging.py:28}}
May 16 19:54:38.678743 dv-cinder-777031-16-smb devstack@keystone.service[80003]: DEBUG keystone.server.flask.request_processing.req_logging [None req-31f7a79a-fe73-4d7d-81bc-99f2cc4eefc7 None None] PATH_INFO: `/v3/auth/tokens` {{(pid=80003) log_request_info /opt/stack/keystone/keystone/server/flask/request_processing/req_logging.py:29}}
May 16 19:54:38.688137 dv-cinder-777031-16-smb devstack@keystone.service[80002]: DEBUG keystone.server.flask.request_processing.middleware.auth_context [None req-472c33b5-3b9d-4a42-8bf6-62412598a077 None None] Validating token access rules against request {{(pid=80002) validate_allowed_request /usr/local/lib/python3.8/dist-packages/keystonemiddleware/auth_token/__init__.py:545}}
May 16 19:54:38.697449 dv-cinder-777031-16-smb devstack@keystone.service[80003]: DEBUG keystone.auth.core [None req-31f7a79a-fe73-4d7d-81bc-99f2cc4eefc7 None None] MFA Rules not processed for user `c2ac8ac04497420ea2f07f92c01d7e60`. Rule list: `[]` (Enabled: `True`). {{(pid=80003) check_auth_methods_against_rules /opt/stack/keystone/keystone/auth/core.py:438}}
May 16 19:54:38.698647 dv-cinder-777031-16-smb devstack@keystone.service[80003]: DEBUG keystone.common.fernet_utils [None req-31f7a79a-fe73-4d7d-81bc-99f2cc4eefc7 None None] Loaded 2 Fernet keys from /etc/keystone/fernet-keys/, but `[fernet_tokens] max_active_keys = 3`; perhaps there have not been enough key rotations to reach `max_active_keys` yet? {{(pid=80003) load_keys /opt/stack/keystone/keystone/common/fernet_utils.py:286}}
May 16 19:54:38.749390 dv-cinder-777031-16-smb devstack@keystone.service[80002]: DEBUG keystone.server.flask.request_processing.middleware.auth_context [None req-a79bd7ef-658c-459d-b60a-190fe68f1f13 None admin] RBAC: auth_context: {'token': , 'domain_id': None, 'trust_id': None, 'trustor_id': None, 'trustee_id': None, 'domain_name': None, 'group_ids': [], 'user_id': 'c2ac8ac04497420ea2f07f92c01d7e60', 'user_domain_id': 'default', 'system_scope': 'all', 'project_id': None, 'project_domain_id': None, 'roles': ['admin', 'member', 'reader'], 'is_admin_project': True, 'service_user_id': None, 'service_user_domain_id': None, 'service_project_id': None, 'service_project_domain_id': None, 'service_roles': []} {{(pid=80002) fill_context /opt/stack/keystone/keystone/server/flask/request_processing/middleware/auth_context.py:478}}
May 16 19:54:38.750570 dv-cinder-777031-16-smb devstack@keystone.service[80002]: DEBUG keystone.server.flask.request_processing.req_logging [None req-a79bd7ef-658c-459d-b60a-190fe68f1f13 None admin] REQUEST_METHOD: `GET` {{(pid=80002) log_request_info /opt/stack/keystone/keystone/server/flask/request_processing/req_logging.py:27}}
May 16 19:54:38.751057 dv-cinder-777031-16-smb devstack@keystone.service[80002]: DEBUG keystone.server.flask.request_processing.req_logging [None req-a79bd7ef-658c-459d-b60a-190fe68f1f13 None admin] SCRIPT_NAME: `/identity` {{(pid=80002) log_request_info /opt/stack/keystone/keystone/server/flask/request_processing/req_logging.py:28}}
May 16 19:54:38.751586 dv-cinder-777031-16-smb devstack@keystone.service[80002]: DEBUG keystone.server.flask.request_processing.req_logging [None req-a79bd7ef-658c-459d-b60a-190fe68f1f13 None admin] PATH_INFO: `/v3/roles/reader` {{(pid=80002) log_request_info /opt/stack/keystone/keystone/server/flask/request_processing/req_logging.py:29}}
May 16 19:54:38.772532 dv-cinder-777031-16-smb devstack@keystone.service[80003]: [pid: 80003|app: 0|req: 117/238] 10.222.0.58 () {58 vars in 1023 bytes} [Mon May 16 19:54:38 2022] POST /identity/v3/auth/tokens => generated 799 bytes in 95 msecs (HTTP/1.1 201) 6 headers in 363 bytes (2 switches on core 0)
May 16 19:54:38.780441 dv-cinder-777031-16-smb devstack@keystone.service[80002]: DEBUG keystone.common.rbac_enforcer.enforcer [None req-a79bd7ef-658c-459d-b60a-190fe68f1f13 None admin] Extracting inferred target data resulted in "NOT FOUND (404)". {{(pid=80002) enforce_call /opt/stack/keystone/keystone/common/rbac_enforcer/enforcer.py:409}}
May 16 19:54:38.789272 dv-cinder-777031-16-smb devstack@keystone.service[80002]: ERROR keystone.server.flask.application [None req-a79bd7ef-658c-459d-b60a-190fe68f1f13 None admin] Could not find role: reader.: keystone.exception.RoleNotFound: Could not find role: reader.
May 16 19:54:38.789272 dv-cinder-777031-16-smb devstack@keystone.service[80002]: ERROR keystone.server.flask.application
Traceback (most recent call last):
May 16 19:54:38.789272 dv-cinder-777031-16-smb devstack@keystone.service[80002]: ERROR keystone.server.flask.application
File "/usr/local/lib/python3.8/dist-packages/flask/app.py", line 1523, in full_dispatch_request
May 16 19:54:38.789272 dv-cinder-777031-16-smb devstack@keystone.service[80002]: ERROR keystone.server.flask.application rv = self.dispatch_request()
May 16 19:54:38.789272 dv-cinder-777031-16-smb devstack@keystone.service[80002]: ERROR keystone.server.flask.application
File "/usr/local/lib/python3.8/dist-packages/flask/app.py", line 1509, in dispatch_request
May 16 19:54:38.789272 dv-cinder-777031-16-smb devstack@keystone.service[80002]: ERROR keystone.server.flask.application return self.ensure_sync(self.view_functions[rule.endpoint])(**req.view_args)
May 16 19:54:38.789272 dv-cinder-777031-16-smb devstack@keystone.service[80002]: ERROR keystone.server.flask.application
File "/usr/local/lib/python3.8/dist-packages/flask_restful/__init__.py", line 467, in wrapper
May 16 19:54:38.789272 dv-cinder-777031-16-smb devstack@keystone.service[80002]: ERROR keystone.server.flask.application resp = resource(*args, **kwargs)
May 16 19:54:38.789272 dv-cinder-777031-16-smb devstack@keystone.service[80002]: ERROR keystone.server.flask.application
File "/usr/local/lib/python3.8/dist-packages/flask/views.py", line 84, in view
May 16 19:54:38.789272 dv-cinder-777031-16-smb devstack@keystone.service[80002]: ERROR keystone.server.flask.application return current_app.ensure_sync(self.dispatch_request)(*args, **kwargs)
May 16 19:54:38.789272 dv-cinder-777031-16-smb devstack@keystone.service[80002]: ERROR keystone.server.flask.application
File "/usr/local/lib/python3.8/dist-packages/flask_restful/__init__.py", line 582, in dispatch_request
May 16 19:54:38.789272 dv-cinder-777031-16-smb devstack@keystone.service[80002]: ERROR keystone.server.flask.application resp = meth(*args, **kwargs)
May 16 19:54:38.789272 dv-cinder-777031-16-smb devstack@keystone.service[80002]: ERROR keystone.server.flask.application
File "/opt/stack/keystone/keystone/api/roles.py", line 50, in get
May 16 19:54:38.789272 dv-cinder-777031-16-smb devstack@keystone.service[80002]: ERROR keystone.server.flask.application return self._get_role(role_id)
May 16 19:54:38.789272 dv-cinder-777031-16-smb devstack@keystone.service[80002]: ERROR keystone.server.flask.application
File "/opt/stack/keystone/keystone/api/roles.py", line 70, in _get_role
May 16 19:54:38.789272 dv-cinder-777031-16-smb devstack@keystone.service[80002]: ERROR keystone.server.flask.application ENFORCER.enforce_call(action='identity:get_role')
May 16 19:54:38.790361 dv-cinder-777031-16-smb devstack@keystone.service[80002]: ERROR keystone.server.flask.application
File "/opt/stack/keystone/keystone/common/rbac_enforcer/enforcer.py", line 402, in enforce_call
May 16 19:54:38.790361 dv-cinder-777031-16-smb devstack@keystone.service[80002]: ERROR keystone.server.flask.application policy_dict.update(cls._extract_member_target_data(
May 16 19:54:38.790361 dv-cinder-777031-16-smb devstack@keystone.service[80002]: ERROR keystone.server.flask.application
File "/opt/stack/keystone/keystone/common/rbac_enforcer/enforcer.py", line 234, in _extract_member_target_data
May 16 19:54:38.790361 dv-cinder-777031-16-smb devstack@keystone.service[80002]: ERROR keystone.server.flask.application member_name: func(flask.request.view_args[key])
May 16 19:54:38.790361 dv-cinder-777031-16-smb devstack@keystone.service[80002]: ERROR keystone.server.flask.application
File "/opt/stack/keystone/keystone/common/manager.py", line 115, in wrapped
May 16 19:54:38.790361 dv-cinder-777031-16-smb devstack@keystone.service[80002]: ERROR keystone.server.flask.application __ret_val = __f(*args, **kwargs)
May 16 19:54:38.790361 dv-cinder-777031-16-smb devstack@keystone.service[80002]: ERROR keystone.server.flask.application
File "/usr/local/lib/python3.8/dist-packages/decorator.py", line 232, in fun
May 16 19:54:38.790361 dv-cinder-777031-16-smb devstack@keystone.service[80002]: ERROR keystone.server.flask.application return caller(func, *(extras + args), **kw)
May 16 19:54:38.790361 dv-cinder-777031-16-smb devstack@keystone.service[80002]: ERROR keystone.server.flask.application
File "/usr/local/lib/python3.8/dist-packages/dogpile/cache/region.py", line 1577, in get_or_create_for_user_func
May 16 19:54:38.790361 dv-cinder-777031-16-smb devstack@keystone.service[80002]: ERROR keystone.server.flask.application return self.get_or_create(
May 16 19:54:38.790361 dv-cinder-777031-16-smb devstack@keystone.service[80002]: ERROR keystone.server.flask.application
File "/usr/local/lib/python3.8/dist-packages/dogpile/cache/region.py", line 1042, in get_or_create
May 16 19:54:38.790361 dv-cinder-777031-16-smb devstack@keystone.service[80002]: ERROR keystone.server.flask.application with Lock(
May 16 19:54:38.790361 dv-cinder-777031-16-smb devstack@keystone.service[80002]: ERROR keystone.server.flask.application
File "/usr/local/lib/python3.8/dist-packages/dogpile/lock.py", line 185, in __enter__
May 16 19:54:38.790361 dv-cinder-777031-16-smb devstack@keystone.service[80002]: ERROR keystone.server.flask.application return self._enter()
May 16 19:54:38.790361 dv-cinder-777031-16-smb devstack@keystone.service[80002]: ERROR keystone.server.flask.application
File "/usr/local/lib/python3.8/dist-packages/dogpile/lock.py", line 94, in _enter
May 16 19:54:38.790361 dv-cinder-777031-16-smb devstack@keystone.service[80002]: ERROR keystone.server.flask.application generated = self._enter_create(value, createdtime)
May 16 19:54:38.791197 dv-cinder-777031-16-smb devstack@keystone.service[80002]: ERROR keystone.server.flask.application
File "/usr/local/lib/python3.8/dist-packages/dogpile/lock.py", line 178, in _enter_create
May 16 19:54:38.791197 dv-cinder-777031-16-smb devstack@keystone.service[80002]: ERROR keystone.server.flask.application return self.creator()
May 16 19:54:38.791197 dv-cinder-777031-16-smb devstack@keystone.service[80002]: ERROR keystone.server.flask.application
File "/usr/local/lib/python3.8/dist-packages/dogpile/cache/region.py", line 995, in gen_value
May 16 19:54:38.791197 dv-cinder-777031-16-smb devstack@keystone.service[80002]: ERROR keystone.server.flask.application created_value = creator(
May 16 19:54:38.791197 dv-cinder-777031-16-smb devstack@keystone.service[80002]: ERROR keystone.server.flask.application
File "/opt/stack/keystone/keystone/assignment/core.py", line 1276, in get_role
May 16 19:54:38.791197 dv-cinder-777031-16-smb devstack@keystone.service[80002]: ERROR keystone.server.flask.application return self.driver.get_role(role_id)
May 16 19:54:38.791197 dv-cinder-777031-16-smb devstack@keystone.service[80002]: ERROR keystone.server.flask.application
File "/opt/stack/keystone/keystone/assignment/role_backends/sql.py", line 70, in get_role
May 16 19:54:38.791197 dv-cinder-777031-16-smb devstack@keystone.service[80002]: ERROR keystone.server.flask.application return self._get_role(session, role_id).to_dict()
May 16 19:54:38.791197 dv-cinder-777031-16-smb devstack@keystone.service[80002]: ERROR keystone.server.flask.application
File "/opt/stack/keystone/keystone/assignment/role_backends/sql.py", line 65, in _get_role
May 16 19:54:38.791197 dv-cinder-777031-16-smb devstack@keystone.service[80002]: ERROR keystone.server.flask.application raise exception.RoleNotFound(role_id=role_id)
May 16 19:54:38.791197 dv-cinder-777031-16-smb devstack@keystone.service[80002]: ERROR keystone.server.flask.application keystone.exception.RoleNotFound: Could not find role: reader.
May 16 19:54:38.791197 dv-cinder-777031-16-smb devstack@keystone.service[80002]: ERROR keystone.server.flask.application
May 16 19:54:38.796426 dv-cinder-777031-16-smb devstack@keystone.service[80002]: [pid: 80002|app: 0|req: 122/239] 10.222.0.58 () {56 vars in 1099 bytes} [Mon May 16 19:54:38 2022] GET /identity/v3/roles/reader => generated 84 bytes in 219 msecs (HTTP/1.1 404) 5 headers in 183 bytes (1 switches on core 0)
May 16 19:54:38.800589 dv-cinder-777031-16-smb devstack@keystone.service[80003]: DEBUG keystone.server.flask.request_processing.middleware.auth_context [None req-31f7a79a-fe73-4d7d-81bc-99f2cc4eefc7 None None] Authenticating user token {{(pid=80003) process_request /usr/local/lib/python3.8/dist-packages/keystonemiddleware/auth_token/__init__.py:407}}
May 16 19:54:38.802781 dv-cinder-777031-16-smb devstack@keystone.service[80002]: DEBUG keystone.server.flask.request_processing.middleware.auth_context [None req-a79bd7ef-658c-459d-b60a-190fe68f1f13 None admin] Authenticating user token {{(pid=80002) process_request /usr/local/lib/python3.8/dist-packages/keystonemiddleware/auth_token/__init__.py:407}}
May 16 19:54:38.916099 dv-cinder-777031-16-smb devstack@keystone.service[80002]: DEBUG keystone.server.flask.request_processing.middleware.auth_context [None req-a79bd7ef-658c-459d-b60a-190fe68f1f13 None admin] Validating token access rules against request {{(pid=80002) validate_allowed_request /usr/local/lib/python3.8/dist-packages/keystonemiddleware/auth_token/__init__.py:545}}
May 16 19:54:38.959345 dv-cinder-777031-16-smb devstack@keystone.service[80002]: DEBUG keystone.server.flask.request_processing.middleware.auth_context [None req-8d4318b1-3ab0-46ce-bb60-e13383f9e59e None admin] RBAC: auth_context: {'token': , 'domain_id': None, 'trust_id': None, 'trustor_id': None, 'trustee_id': None, 'domain_name': None, 'group_ids': [], 'user_id': 'c2ac8ac04497420ea2f07f92c01d7e60', 'user_domain_id': 'default', 'system_scope': 'all', 'project_id': None, 'project_domain_id': None, 'roles': ['admin', 'member', 'reader'], 'is_admin_project': True, 'service_user_id': None, 'service_user_domain_id': None, 'service_project_id': None, 'service_project_domain_id': None, 'service_roles': []} {{(pid=80002) fill_context /opt/stack/keystone/keystone/server/flask/request_processing/middleware/auth_context.py:478}}
May 16 19:54:38.959965 dv-cinder-777031-16-smb devstack@keystone.service[80002]: DEBUG keystone.server.flask.request_processing.req_logging [None req-8d4318b1-3ab0-46ce-bb60-e13383f9e59e None admin] REQUEST_METHOD: `GET` {{(pid=80002) log_request_info /opt/stack/keystone/keystone/server/flask/request_processing/req_logging.py:27}}
May 16 19:54:38.960244 dv-cinder-777031-16-smb devstack@keystone.service[80002]: DEBUG keystone.server.flask.request_processing.req_logging [None req-8d4318b1-3ab0-46ce-bb60-e13383f9e59e None admin] SCRIPT_NAME: `/identity` {{(pid=80002) log_request_info /opt/stack/keystone/keystone/server/flask/request_processing/req_logging.py:28}}
May 16 19:54:38.960515 dv-cinder-777031-16-smb devstack@keystone.service[80002]: DEBUG keystone.server.flask.request_processing.req_logging [None req-8d4318b1-3ab0-46ce-bb60-e13383f9e59e None admin] PATH_INFO: `/v3/roles` {{(pid=80002) log_request_info /opt/stack/keystone/keystone/server/flask/request_processing/req_logging.py:29}}
May 16 19:54:38.961275 dv-cinder-777031-16-smb devstack@keystone.service[80002]: DEBUG keystone.common.rbac_enforcer.enforcer [None req-8d4318b1-3ab0-46ce-bb60-e13383f9e59e None admin] RBAC: Adding query filter params (name=reader) {{(pid=80002) _extract_filter_values /opt/stack/keystone/keystone/common/rbac_enforcer/enforcer.py:167}}
May 16 19:54:38.961575 dv-cinder-777031-16-smb devstack@keystone.service[80002]: DEBUG keystone.common.rbac_enforcer.enforcer [None req-8d4318b1-3ab0-46ce-bb60-e13383f9e59e None admin] RBAC: Authorizing `identity:list_roles()` {{(pid=80002) enforce_call /opt/stack/keystone/keystone/common/rbac_enforcer/enforcer.py:449}}
May 16 19:54:38.962948 dv-cinder-777031-16-smb devstack@keystone.service[80002]: DEBUG keystone.common.rbac_enforcer.enforcer [None req-8d4318b1-3ab0-46ce-bb60-e13383f9e59e None admin] RBAC: Authorization granted {{(pid=80002) enforce_call /opt/stack/keystone/keystone/common/rbac_enforcer/enforcer.py:457}}
May 16 19:54:38.983868 dv-cinder-777031-16-smb devstack@keystone.service[80002]: [pid: 80002|app: 0|req: 123/240] 10.222.0.58 () {56 vars in 1101 bytes} [Mon May 16 19:54:38 2022] GET /identity/v3/roles?name=reader => generated 341 bytes in 181 msecs (HTTP/1.1 200) 5 headers in 177 bytes (2 switches on core 0)
May 16 19:54:38.990667 dv-cinder-777031-16-smb devstack@keystone.service[80002]: DEBUG keystone.server.flask.request_processing.middleware.auth_context [None req-8d4318b1-3ab0-46ce-bb60-e13383f9e59e None admin] Authenticating user token {{(pid=80002) process_request /usr/local/lib/python3.8/dist-packages/keystonemiddleware/auth_token/__init__.py:407}}
May 16 19:54:39.042773 dv-cinder-777031-16-smb devstack@keystone.service[80003]: DEBUG keystone.server.flask.request_processing.middleware.auth_context [None req-31f7a79a-fe73-4d7d-81bc-99f2cc4eefc7 None None] Validating token access rules against request {{(pid=80003) validate_allowed_request /usr/local/lib/python3.8/dist-packages/keystonemiddleware/auth_token/__init__.py:545}}
May 16 19:54:39.084276 dv-cinder-777031-16-smb devstack@keystone.service[80003]: DEBUG keystone.server.flask.request_processing.middleware.auth_context [None req-5e7c4320-5866-4056-bd2e-c7e76afd23ee None admin] RBAC: auth_context: {'token': , 'domain_id': None, 'trust_id': None, 'trustor_id': None, 'trustee_id': None, 'domain_name': None, 'group_ids': [], 'user_id': 'c2ac8ac04497420ea2f07f92c01d7e60', 'user_domain_id': 'default', 'system_scope': 'all', 'project_id': None, 'project_domain_id': None, 'roles': ['admin', 'member', 'reader'], 'is_admin_project': True, 'service_user_id': None, 'service_user_domain_id': None, 'service_project_id': None, 'service_project_domain_id': None, 'service_roles': []} {{(pid=80003) fill_context /opt/stack/keystone/keystone/server/flask/request_processing/middleware/auth_context.py:478}}
May 16 19:54:39.085364 dv-cinder-777031-16-smb devstack@keystone.service[80003]: DEBUG keystone.server.flask.request_processing.req_logging [None req-5e7c4320-5866-4056-bd2e-c7e76afd23ee None admin] REQUEST_METHOD: `GET` {{(pid=80003) log_request_info /opt/stack/keystone/keystone/server/flask/request_processing/req_logging.py:27}}
May 16 19:54:39.085644 dv-cinder-777031-16-smb devstack@keystone.service[80003]: DEBUG keystone.server.flask.request_processing.req_logging [None req-5e7c4320-5866-4056-bd2e-c7e76afd23ee None admin] SCRIPT_NAME: `/identity` {{(pid=80003) log_request_info /opt/stack/keystone/keystone/server/flask/request_processing/req_logging.py:28}}
May 16 19:54:39.085916 dv-cinder-777031-16-smb devstack@keystone.service[80003]: DEBUG keystone.server.flask.request_processing.req_logging [None req-5e7c4320-5866-4056-bd2e-c7e76afd23ee None admin] PATH_INFO: `/v3/domains/default` {{(pid=80003) log_request_info /opt/stack/keystone/keystone/server/flask/request_processing/req_logging.py:29}}
May 16 19:54:39.087657 dv-cinder-777031-16-smb devstack@keystone.service[80003]: DEBUG keystone.common.rbac_enforcer.enforcer [None req-5e7c4320-5866-4056-bd2e-c7e76afd23ee None admin] RBAC: Authorizing `identity:get_domain(domain_id=default)` {{(pid=80003) enforce_call /opt/stack/keystone/keystone/common/rbac_enforcer/enforcer.py:449}}
May 16 19:54:39.089581 dv-cinder-777031-16-smb devstack@keystone.service[80003]: DEBUG keystone.common.rbac_enforcer.enforcer [None req-5e7c4320-5866-4056-bd2e-c7e76afd23ee None admin] RBAC: Authorization granted {{(pid=80003) enforce_call /opt/stack/keystone/keystone/common/rbac_enforcer/enforcer.py:457}}
May 16 19:54:39.091960 dv-cinder-777031-16-smb devstack@keystone.service[80003]: [pid: 80003|app: 0|req: 118/241] 10.222.0.58 () {56 vars in 1108 bytes} [Mon May 16 19:54:38 2022] GET /identity/v3/domains/default => generated 199 bytes in 292 msecs (HTTP/1.1 200) 5 headers in 177 bytes (1 switches on core 0)
May 16 19:54:39.094072 dv-cinder-777031-16-smb devstack@keystone.service[80003]: DEBUG keystone.server.flask.request_processing.req_logging [None req-2512cc01-61aa-498c-9c9e-dd4c782e8e3f None None] REQUEST_METHOD: `GET` {{(pid=80003) log_request_info /opt/stack/keystone/keystone/server/flask/request_processing/req_logging.py:27}}
May 16 19:54:39.094512 dv-cinder-777031-16-smb devstack@keystone.service[80003]: DEBUG keystone.server.flask.request_processing.req_logging [None req-2512cc01-61aa-498c-9c9e-dd4c782e8e3f None None] SCRIPT_NAME: `/identity` {{(pid=80003) log_request_info /opt/stack/keystone/keystone/server/flask/request_processing/req_logging.py:28}}
May 16 19:54:39.094924 dv-cinder-777031-16-smb devstack@keystone.service[80003]: DEBUG keystone.server.flask.request_processing.req_logging [None req-2512cc01-61aa-498c-9c9e-dd4c782e8e3f None None] PATH_INFO: `/` {{(pid=80003) log_request_info /opt/stack/keystone/keystone/server/flask/request_processing/req_logging.py:29}}
May 16 19:54:39.097458 dv-cinder-777031-16-smb devstack@keystone.service[80003]: [pid: 80003|app: 0|req: 119/242] 10.222.0.58 () {54 vars in 926 bytes} [Mon May 16 19:54:39 2022] GET /identity => generated 270 bytes in 5 msecs (HTTP/1.1 300) 6 headers in 234 bytes (1 switches on core 0)
May 16 19:54:39.098361 dv-cinder-777031-16-smb devstack@keystone.service[80003]: DEBUG keystone.server.flask.request_processing.middleware.auth_context [None req-2512cc01-61aa-498c-9c9e-dd4c782e8e3f None None] Authenticating user token {{(pid=80003) process_request /usr/local/lib/python3.8/dist-packages/keystonemiddleware/auth_token/__init__.py:407}}
May 16 19:54:39.142426 dv-cinder-777031-16-smb devstack@keystone.service[80002]: DEBUG keystone.server.flask.request_processing.middleware.auth_context [None req-8d4318b1-3ab0-46ce-bb60-e13383f9e59e None admin] Validating token access rules against request {{(pid=80002) validate_allowed_request /usr/local/lib/python3.8/dist-packages/keystonemiddleware/auth_token/__init__.py:545}}
May 16 19:54:39.182189 dv-cinder-777031-16-smb devstack@keystone.service[80002]: DEBUG keystone.server.flask.request_processing.middleware.auth_context [None req-f2413362-f4cb-459f-a468-0a14f7c89fa0 None admin] RBAC: auth_context: {'token': , 'domain_id': None, 'trust_id': None, 'trustor_id': None, 'trustee_id': None, 'domain_name': None, 'group_ids': [], 'user_id': 'c2ac8ac04497420ea2f07f92c01d7e60', 'user_domain_id': 'default', 'system_scope': 'all', 'project_id': None, 'project_domain_id': None, 'roles': ['admin', 'member', 'reader'], 'is_admin_project': True, 'service_user_id': None, 'service_user_domain_id': None, 'service_project_id': None, 'service_project_domain_id': None, 'service_roles': []} {{(pid=80002) fill_context /opt/stack/keystone/keystone/server/flask/request_processing/middleware/auth_context.py:478}}
May 16 19:54:39.183311 dv-cinder-777031-16-smb devstack@keystone.service[80002]: DEBUG keystone.server.flask.request_processing.req_logging [None req-f2413362-f4cb-459f-a468-0a14f7c89fa0 None admin] REQUEST_METHOD: `GET` {{(pid=80002) log_request_info /opt/stack/keystone/keystone/server/flask/request_processing/req_logging.py:27}}
May 16 19:54:39.183822 dv-cinder-777031-16-smb devstack@keystone.service[80002]: DEBUG keystone.server.flask.request_processing.req_logging [None req-f2413362-f4cb-459f-a468-0a14f7c89fa0 None admin] SCRIPT_NAME: `/identity` {{(pid=80002) log_request_info /opt/stack/keystone/keystone/server/flask/request_processing/req_logging.py:28}}
May 16 19:54:39.184422 dv-cinder-777031-16-smb devstack@keystone.service[80002]: DEBUG keystone.server.flask.request_processing.req_logging [None req-f2413362-f4cb-459f-a468-0a14f7c89fa0 None admin] PATH_INFO: `/v3/users/d04258b7618d492caf1569b3d53f26a7` {{(pid=80002) log_request_info /opt/stack/keystone/keystone/server/flask/request_processing/req_logging.py:29}}
May 16 19:54:39.200072 dv-cinder-777031-16-smb devstack@keystone.service[80002]: DEBUG keystone.common.rbac_enforcer.enforcer [None req-f2413362-f4cb-459f-a468-0a14f7c89fa0 None admin] RBAC: Authorizing `identity:get_user(user_id=d04258b7618d492caf1569b3d53f26a7)` {{(pid=80002) enforce_call /opt/stack/keystone/keystone/common/rbac_enforcer/enforcer.py:449}}
May 16 19:54:39.201814 dv-cinder-777031-16-smb devstack@keystone.service[80002]: DEBUG keystone.common.rbac_enforcer.enforcer [None req-f2413362-f4cb-459f-a468-0a14f7c89fa0 None admin] RBAC: Authorization granted {{(pid=80002) enforce_call /opt/stack/keystone/keystone/common/rbac_enforcer/enforcer.py:457}}
May 16 19:54:39.204360 dv-cinder-777031-16-smb devstack@keystone.service[80002]: [pid: 80002|app: 0|req: 124/243] 10.222.0.58 () {56 vars in 1177 bytes} [Mon May 16 19:54:38 2022] GET /identity/v3/users/d04258b7618d492caf1569b3d53f26a7 => generated 297 bytes in 214 msecs (HTTP/1.1 200) 5 headers in 177 bytes (1 switches on core 0)
May 16 19:54:39.206487 dv-cinder-777031-16-smb devstack@keystone.service[80002]: DEBUG keystone.server.flask.request_processing.req_logging [None req-1ff9a859-48cd-4c5b-8fca-9d7e118b135d None None] REQUEST_METHOD: `POST` {{(pid=80002) log_request_info /opt/stack/keystone/keystone/server/flask/request_processing/req_logging.py:27}}
May 16 19:54:39.207106 dv-cinder-777031-16-smb devstack@keystone.service[80002]: DEBUG keystone.server.flask.request_processing.req_logging [None req-1ff9a859-48cd-4c5b-8fca-9d7e118b135d None None] SCRIPT_NAME: `/identity` {{(pid=80002) log_request_info /opt/stack/keystone/keystone/server/flask/request_processing/req_logging.py:28}}
May 16 19:54:39.207610 dv-cinder-777031-16-smb devstack@keystone.service[80002]: DEBUG keystone.server.flask.request_processing.req_logging [None req-1ff9a859-48cd-4c5b-8fca-9d7e118b135d None None] PATH_INFO: `/v3/auth/tokens` {{(pid=80002) log_request_info /opt/stack/keystone/keystone/server/flask/request_processing/req_logging.py:29}}
May 16 19:54:39.214884 dv-cinder-777031-16-smb devstack@keystone.service[80003]: DEBUG keystone.server.flask.request_processing.middleware.auth_context [None req-2512cc01-61aa-498c-9c9e-dd4c782e8e3f None None] Validating token access rules against request {{(pid=80003) validate_allowed_request /usr/local/lib/python3.8/dist-packages/keystonemiddleware/auth_token/__init__.py:545}}
May 16 19:54:39.225839 dv-cinder-777031-16-smb devstack@keystone.service[80002]: DEBUG keystone.auth.core [None req-1ff9a859-48cd-4c5b-8fca-9d7e118b135d None None] MFA Rules not processed for user `c2ac8ac04497420ea2f07f92c01d7e60`. Rule list: `[]` (Enabled: `True`). {{(pid=80002) check_auth_methods_against_rules /opt/stack/keystone/keystone/auth/core.py:438}}
May 16 19:54:39.227559 dv-cinder-777031-16-smb devstack@keystone.service[80002]: DEBUG keystone.common.fernet_utils [None req-1ff9a859-48cd-4c5b-8fca-9d7e118b135d None None] Loaded 2 Fernet keys from /etc/keystone/fernet-keys/, but `[fernet_tokens] max_active_keys = 3`; perhaps there have not been enough key rotations to reach `max_active_keys` yet? {{(pid=80002) load_keys /opt/stack/keystone/keystone/common/fernet_utils.py:286}}
May 16 19:54:39.260124 dv-cinder-777031-16-smb devstack@keystone.service[80003]: DEBUG keystone.server.flask.request_processing.middleware.auth_context [None req-f1cebc33-e8e4-49b9-8eea-86820fdf3a47 None admin] RBAC: auth_context: {'token': , 'domain_id': None, 'trust_id': None, 'trustor_id': None, 'trustee_id': None, 'domain_name': None, 'group_ids': [], 'user_id': 'c2ac8ac04497420ea2f07f92c01d7e60', 'user_domain_id': 'default', 'system_scope': 'all', 'project_id': None, 'project_domain_id': None, 'roles': ['admin', 'member', 'reader'], 'is_admin_project': True, 'service_user_id': None, 'service_user_domain_id': None, 'service_project_id': None, 'service_project_domain_id': None, 'service_roles': []} {{(pid=80003) fill_context /opt/stack/keystone/keystone/server/flask/request_processing/middleware/auth_context.py:478}}
May 16 19:54:39.260802 dv-cinder-777031-16-smb devstack@keystone.service[80003]: DEBUG keystone.server.flask.request_processing.req_logging [None req-f1cebc33-e8e4-49b9-8eea-86820fdf3a47 None admin] REQUEST_METHOD: `POST` {{(pid=80003) log_request_info /opt/stack/keystone/keystone/server/flask/request_processing/req_logging.py:27}}
May 16 19:54:39.261106 dv-cinder-777031-16-smb devstack@keystone.service[80003]: DEBUG keystone.server.flask.request_processing.req_logging [None req-f1cebc33-e8e4-49b9-8eea-86820fdf3a47 None admin] SCRIPT_NAME: `/identity` {{(pid=80003) log_request_info /opt/stack/keystone/keystone/server/flask/request_processing/req_logging.py:28}}
May 16 19:54:39.261665 dv-cinder-777031-16-smb devstack@keystone.service[80003]: DEBUG keystone.server.flask.request_processing.req_logging [None req-f1cebc33-e8e4-49b9-8eea-86820fdf3a47 None admin] PATH_INFO: `/v3/users` {{(pid=80003) log_request_info /opt/stack/keystone/keystone/server/flask/request_processing/req_logging.py:29}}
May 16 19:54:39.262653 dv-cinder-777031-16-smb devstack@keystone.service[80003]: DEBUG keystone.common.rbac_enforcer.enforcer [None req-f1cebc33-e8e4-49b9-8eea-86820fdf3a47 None admin] RBAC: Authorizing `identity:create_user()` {{(pid=80003) enforce_call /opt/stack/keystone/keystone/common/rbac_enforcer/enforcer.py:449}}
May 16 19:54:39.264161 dv-cinder-777031-16-smb devstack@keystone.service[80003]: DEBUG keystone.common.rbac_enforcer.enforcer [None req-f1cebc33-e8e4-49b9-8eea-86820fdf3a47 None admin] RBAC: Authorization granted {{(pid=80003) enforce_call /opt/stack/keystone/keystone/common/rbac_enforcer/enforcer.py:457}}
May 16 19:54:39.289515 dv-cinder-777031-16-smb devstack@keystone.service[80003]: [pid: 80003|app: 0|req: 120/244] 10.222.0.58 () {60 vars in 1132 bytes} [Mon May 16 19:54:39 2022] POST /identity/v3/users => generated 293 bytes in 191 msecs (HTTP/1.1 201) 5 headers in 182 bytes (1 switches on core 0)
May 16 19:54:39.290569 dv-cinder-777031-16-smb devstack@keystone.service[80003]: DEBUG keystone.server.flask.request_processing.middleware.auth_context [None req-f1cebc33-e8e4-49b9-8eea-86820fdf3a47 None admin] Authenticating user token {{(pid=80003) process_request /usr/local/lib/python3.8/dist-packages/keystonemiddleware/auth_token/__init__.py:407}}
May 16 19:54:39.303801 dv-cinder-777031-16-smb devstack@keystone.service[80002]: [pid: 80002|app: 0|req: 125/245] 10.222.0.58 () {58 vars in 1023 bytes} [Mon May 16 19:54:39 2022] POST /identity/v3/auth/tokens => generated 799 bytes in 99 msecs (HTTP/1.1 201) 6 headers in 363 bytes (1 switches on core 0)
May 16 19:54:39.327710 dv-cinder-777031-16-smb devstack@keystone.service[80002]: DEBUG keystone.server.flask.request_processing.middleware.auth_context [None req-1ff9a859-48cd-4c5b-8fca-9d7e118b135d None None] Authenticating user token {{(pid=80002) process_request /usr/local/lib/python3.8/dist-packages/keystonemiddleware/auth_token/__init__.py:407}}
May 16 19:54:39.423101 dv-cinder-777031-16-smb devstack@keystone.service[80003]: DEBUG keystone.server.flask.request_processing.middleware.auth_context [None req-f1cebc33-e8e4-49b9-8eea-86820fdf3a47 None admin] Validating token access rules against request {{(pid=80003) validate_allowed_request /usr/local/lib/python3.8/dist-packages/keystonemiddleware/auth_token/__init__.py:545}}
May 16 19:54:39.451154 dv-cinder-777031-16-smb devstack@keystone.service[80002]: DEBUG keystone.server.flask.request_processing.middleware.auth_context [None req-1ff9a859-48cd-4c5b-8fca-9d7e118b135d None None] Validating token access rules against request {{(pid=80002) validate_allowed_request /usr/local/lib/python3.8/dist-packages/keystonemiddleware/auth_token/__init__.py:545}}
May 16 19:54:39.460834 dv-cinder-777031-16-smb devstack@keystone.service[80003]: DEBUG keystone.server.flask.request_processing.middleware.auth_context [None req-92ddb5ea-8292-4844-8362-37c59505829e None admin] RBAC: auth_context: {'token': , 'domain_id': None, 'trust_id': None, 'trustor_id': None, 'trustee_id': None, 'domain_name': None, 'group_ids': [], 'user_id': 'c2ac8ac04497420ea2f07f92c01d7e60', 'user_domain_id': 'default', 'system_scope': 'all', 'project_id': None, 'project_domain_id': None, 'roles': ['admin', 'member', 'reader'], 'is_admin_project': True, 'service_user_id': None, 'service_user_domain_id': None, 'service_project_id': None, 'service_project_domain_id': None, 'service_roles': []} {{(pid=80003) fill_context /opt/stack/keystone/keystone/server/flask/request_processing/middleware/auth_context.py:478}}
May 16 19:54:39.462207 dv-cinder-777031-16-smb devstack@keystone.service[80003]: DEBUG keystone.server.flask.request_processing.req_logging [None req-92ddb5ea-8292-4844-8362-37c59505829e None admin] REQUEST_METHOD: `GET` {{(pid=80003) log_request_info /opt/stack/keystone/keystone/server/flask/request_processing/req_logging.py:27}}
May 16 19:54:39.462722 dv-cinder-777031-16-smb devstack@keystone.service[80003]: DEBUG keystone.server.flask.request_processing.req_logging [None req-92ddb5ea-8292-4844-8362-37c59505829e None admin] SCRIPT_NAME: `/identity` {{(pid=80003) log_request_info /opt/stack/keystone/keystone/server/flask/request_processing/req_logging.py:28}}
May 16 19:54:39.463200 dv-cinder-777031-16-smb devstack@keystone.service[80003]: DEBUG keystone.server.flask.request_processing.req_logging [None req-92ddb5ea-8292-4844-8362-37c59505829e None admin] PATH_INFO: `/v3/auth/tokens` {{(pid=80003) log_request_info /opt/stack/keystone/keystone/server/flask/request_processing/req_logging.py:29}}
May 16 19:54:39.494909 dv-cinder-777031-16-smb devstack@keystone.service[80002]: DEBUG keystone.server.flask.request_processing.middleware.auth_context [None req-52c3ea6c-a2eb-4a9d-b41b-233afe03cc29 None admin] RBAC: auth_context: {'token': , 'domain_id': None, 'trust_id': None, 'trustor_id': None, 'trustee_id': None, 'domain_name': None, 'group_ids': [], 'user_id': 'c2ac8ac04497420ea2f07f92c01d7e60', 'user_domain_id': 'default', 'system_scope': 'all', 'project_id': None, 'project_domain_id': None, 'roles': ['admin', 'member', 'reader'], 'is_admin_project': True, 'service_user_id': None, 'service_user_domain_id': None, 'service_project_id': None, 'service_project_domain_id': None, 'service_roles': []} {{(pid=80002) fill_context /opt/stack/keystone/keystone/server/flask/request_processing/middleware/auth_context.py:478}}
May 16 19:54:39.496086 dv-cinder-777031-16-smb devstack@keystone.service[80002]: DEBUG keystone.server.flask.request_processing.req_logging [None req-52c3ea6c-a2eb-4a9d-b41b-233afe03cc29 None admin] REQUEST_METHOD: `GET` {{(pid=80002) log_request_info /opt/stack/keystone/keystone/server/flask/request_processing/req_logging.py:27}}
