Sep 09 15:11:42.297087 dv-cinder-776307-9-iscsi devstack@c-api.service[100961]: /usr/local/lib/python3.8/dist-packages/webob/acceptparse.py:1047: DeprecationWarning: The behavior of AcceptValidHeader.best_match is currently being maintained for backward compatibility, but it will be deprecated in the future, as it does not conform to the RFC.
Sep 09 15:11:42.297087 dv-cinder-776307-9-iscsi devstack@c-api.service[100961]: warnings.warn(
Sep 09 15:11:42.297995 dv-cinder-776307-9-iscsi devstack@c-api.service[100961]: DEBUG cinder.api.openstack.wsgi [None req-c7662b26-1188-461b-824e-84060a42be6f tempest-GroupSnapshotsTest-492750361 tempest-GroupSnapshotsTest-492750361-project] Calling method 'detail' {{(pid=100961) _process_stack /opt/stack/cinder/cinder/api/openstack/wsgi.py:856}}
Sep 09 15:11:42.298911 dv-cinder-776307-9-iscsi devstack@c-api.service[100961]: DEBUG cinder.api.api_utils [None req-c7662b26-1188-461b-824e-84060a42be6f tempest-GroupSnapshotsTest-492750361 tempest-GroupSnapshotsTest-492750361-project] Removing options '' from query. {{(pid=100961) remove_invalid_filter_options /opt/stack/cinder/cinder/api/api_utils.py:73}}
Sep 09 15:11:42.309879 dv-cinder-776307-9-iscsi devstack@c-api.service[100961]: /usr/local/lib/python3.8/dist-packages/oslo_context/context.py:105: DeprecationWarning: Policy enforcement is depending on the value of is_admin. This key is deprecated. Please update your policy file to use the standard policy values.
Sep 09 15:11:42.309879 dv-cinder-776307-9-iscsi devstack@c-api.service[100961]: warnings.warn('Policy enforcement is depending on the value of '
Sep 09 15:11:42.312920 dv-cinder-776307-9-iscsi devstack@c-api.service[100961]: DEBUG cinder.volume.api [None req-c7662b26-1188-461b-824e-84060a42be6f tempest-GroupSnapshotsTest-492750361 tempest-GroupSnapshotsTest-492750361-project] Searching by: MultiDict([('no_migration_targets', True)]). {{(pid=100961) get_all /opt/stack/cinder/cinder/volume/api.py:619}}
Sep 09 15:11:42.353328 dv-cinder-776307-9-iscsi devstack@c-api.service[100962]: INFO cinder.api.openstack.wsgi [None req-26c5bc51-fb83-4d36-81af-8d07989f531d tempest-GroupsTest-1984173012 tempest-GroupsTest-1984173012-project-admin] http://10.222.0.18/volume/v3/b66684cb9454498993463ea5b1bb0946/types/ec8415d3-c067-48f4-9db9-5aeb8b90f272 returned with HTTP 202
Sep 09 15:11:42.354289 dv-cinder-776307-9-iscsi devstack@c-api.service[100962]: [pid: 100962|app: 0|req: 61/129] 10.222.0.18 () {58 vars in 1322 bytes} [Thu Sep 9 15:11:42 2021] DELETE /volume/v3/b66684cb9454498993463ea5b1bb0946/types/ec8415d3-c067-48f4-9db9-5aeb8b90f272 => generated 0 bytes in 286 msecs (HTTP/1.1 202) 6 headers in 233 bytes (1 switches on core 0)
Sep 09 15:11:42.374578 dv-cinder-776307-9-iscsi devstack@c-api.service[100962]: INFO cinder.api.openstack.wsgi [None req-0e789663-7042-4e52-9a14-b130079e1e71 tempest-GroupsTest-1984173012 tempest-GroupsTest-1984173012-project-admin] GET http://10.222.0.18/volume/v3/b66684cb9454498993463ea5b1bb0946/types/ec8415d3-c067-48f4-9db9-5aeb8b90f272
Sep 09 15:11:42.375389 dv-cinder-776307-9-iscsi devstack@c-api.service[100962]: DEBUG cinder.api.openstack.wsgi [None req-0e789663-7042-4e52-9a14-b130079e1e71 tempest-GroupsTest-1984173012 tempest-GroupsTest-1984173012-project-admin] Empty body provided in request {{(pid=100962) get_body /opt/stack/cinder/cinder/api/openstack/wsgi.py:703}}
Sep 09 15:11:42.376270 dv-cinder-776307-9-iscsi devstack@c-api.service[100962]: DEBUG cinder.api.openstack.wsgi [None req-0e789663-7042-4e52-9a14-b130079e1e71 tempest-GroupsTest-1984173012 tempest-GroupsTest-1984173012-project-admin] Calling method 'show' {{(pid=100962) _process_stack /opt/stack/cinder/cinder/api/openstack/wsgi.py:856}}
Sep 09 15:11:42.391175 dv-cinder-776307-9-iscsi devstack@c-api.service[100962]: INFO cinder.api.openstack.wsgi [None req-0e789663-7042-4e52-9a14-b130079e1e71 tempest-GroupsTest-1984173012 tempest-GroupsTest-1984173012-project-admin] http://10.222.0.18/volume/v3/b66684cb9454498993463ea5b1bb0946/types/ec8415d3-c067-48f4-9db9-5aeb8b90f272 returned with HTTP 404
Sep 09 15:11:42.393390 dv-cinder-776307-9-iscsi devstack@c-api.service[100962]: [pid: 100962|app: 0|req: 62/130] 10.222.0.18 () {58 vars in 1319 bytes} [Thu Sep 9 15:11:42 2021] GET /volume/v3/b66684cb9454498993463ea5b1bb0946/types/ec8415d3-c067-48f4-9db9-5aeb8b90f272 => generated 114 bytes in 23 msecs (HTTP/1.1 404) 7 headers in 292 bytes (1 switches on core 0)
Sep 09 15:11:42.401693 dv-cinder-776307-9-iscsi devstack@c-api.service[100962]: INFO cinder.api.openstack.wsgi [None req-b2e47c85-0d88-40c5-9378-7db0c8a72a02 tempest-GroupsTest-1984173012 tempest-GroupsTest-1984173012-project-admin] DELETE http://10.222.0.18/volume/v3/b66684cb9454498993463ea5b1bb0946/types/6a72360d-9eae-44e7-bb07-31a09e80602f
Sep 09 15:11:42.402470 dv-cinder-776307-9-iscsi devstack@c-api.service[100962]: DEBUG cinder.api.openstack.wsgi [None req-b2e47c85-0d88-40c5-9378-7db0c8a72a02 tempest-GroupsTest-1984173012 tempest-GroupsTest-1984173012-project-admin] Empty body provided in request {{(pid=100962) get_body /opt/stack/cinder/cinder/api/openstack/wsgi.py:703}}
Sep 09 15:11:42.403925 dv-cinder-776307-9-iscsi devstack@c-api.service[100962]: DEBUG cinder.api.openstack.wsgi [None req-b2e47c85-0d88-40c5-9378-7db0c8a72a02 tempest-GroupsTest-1984173012 tempest-GroupsTest-1984173012-project-admin] Calling method '_delete' {{(pid=100962) _process_stack /opt/stack/cinder/cinder/api/openstack/wsgi.py:856}}
Sep 09 15:11:42.546091 dv-cinder-776307-9-iscsi devstack@c-api.service[100962]: INFO cinder.api.openstack.wsgi [None req-b2e47c85-0d88-40c5-9378-7db0c8a72a02 tempest-GroupsTest-1984173012 tempest-GroupsTest-1984173012-project-admin] http://10.222.0.18/volume/v3/b66684cb9454498993463ea5b1bb0946/types/6a72360d-9eae-44e7-bb07-31a09e80602f returned with HTTP 202
Sep 09 15:11:42.548362 dv-cinder-776307-9-iscsi devstack@c-api.service[100961]: INFO cinder.volume.api [None req-c7662b26-1188-461b-824e-84060a42be6f tempest-GroupSnapshotsTest-492750361 tempest-GroupSnapshotsTest-492750361-project] Get all volumes completed successfully.
Sep 09 15:11:42.553748 dv-cinder-776307-9-iscsi devstack@c-api.service[100962]: [pid: 100962|app: 0|req: 63/131] 10.222.0.18 () {58 vars in 1322 bytes} [Thu Sep 9 15:11:42 2021] DELETE /volume/v3/b66684cb9454498993463ea5b1bb0946/types/6a72360d-9eae-44e7-bb07-31a09e80602f => generated 0 bytes in 157 msecs (HTTP/1.1 202) 6 headers in 233 bytes (2 switches on core 0)
Sep 09 15:11:42.559163 dv-cinder-776307-9-iscsi devstack@c-api.service[100961]: WARNING stevedore.named [None req-c7662b26-1188-461b-824e-84060a42be6f tempest-GroupSnapshotsTest-492750361 tempest-GroupSnapshotsTest-492750361-project] Could not load cinder.keymgr.conf_key_mgr.ConfKeyManager
Sep 09 15:11:42.561310 dv-cinder-776307-9-iscsi devstack@c-api.service[100961]: WARNING castellan.key_manager [None req-c7662b26-1188-461b-824e-84060a42be6f tempest-GroupSnapshotsTest-492750361 tempest-GroupSnapshotsTest-492750361-project] Deprecation Warning : cinder.keymgr.conf_key_mgr.ConfKeyManager is not a stevedore based driver, trying to load it as a class: stevedore.exception.NoMatches: No 'castellan.drivers' driver found, looking for 'cinder.keymgr.conf_key_mgr.ConfKeyManager'
Sep 09 15:11:42.570592 dv-cinder-776307-9-iscsi devstack@c-api.service[100962]: INFO cinder.api.openstack.wsgi [None req-c585eff5-533c-4f28-9c25-ffe82eaf9401 tempest-VolumesActionsTest-859627614 tempest-VolumesActionsTest-859627614-project] GET http://10.222.0.18/volume/v3/88c2de65976745c38aad6749ad27b6b3/volumes/ca594eae-884e-45ee-98b7-b2b4f52b7ed5
Sep 09 15:11:42.572364 dv-cinder-776307-9-iscsi devstack@c-api.service[100962]: DEBUG cinder.api.openstack.wsgi [None req-c585eff5-533c-4f28-9c25-ffe82eaf9401 tempest-VolumesActionsTest-859627614 tempest-VolumesActionsTest-859627614-project] Empty body provided in request {{(pid=100962) get_body /opt/stack/cinder/cinder/api/openstack/wsgi.py:703}}
Sep 09 15:11:42.573785 dv-cinder-776307-9-iscsi devstack@c-api.service[100962]: DEBUG cinder.api.openstack.wsgi [None req-c585eff5-533c-4f28-9c25-ffe82eaf9401 tempest-VolumesActionsTest-859627614 tempest-VolumesActionsTest-859627614-project] Calling method 'show' {{(pid=100962) _process_stack /opt/stack/cinder/cinder/api/openstack/wsgi.py:856}}
Sep 09 15:11:42.589694 dv-cinder-776307-9-iscsi devstack@c-api.service[100961]: DEBUG oslo_db.sqlalchemy.engines [None req-c7662b26-1188-461b-824e-84060a42be6f tempest-GroupSnapshotsTest-492750361 tempest-GroupSnapshotsTest-492750361-project] MySQL server mode set to STRICT_TRANS_TABLES,STRICT_ALL_TABLES,NO_ZERO_IN_DATE,NO_ZERO_DATE,ERROR_FOR_DIVISION_BY_ZERO,TRADITIONAL,NO_ENGINE_SUBSTITUTION {{(pid=100961) _check_effective_sql_mode /usr/local/lib/python3.8/dist-packages/oslo_db/sqlalchemy/engines.py:314}}
Sep 09 15:11:42.611771 dv-cinder-776307-9-iscsi devstack@c-api.service[100961]: /usr/local/lib/python3.8/dist-packages/oslo_context/context.py:105: DeprecationWarning: Policy enforcement is depending on the value of is_admin. This key is deprecated. Please update your policy file to use the standard policy values.
Sep 09 15:11:42.611771 dv-cinder-776307-9-iscsi devstack@c-api.service[100961]: warnings.warn('Policy enforcement is depending on the value of '
Sep 09 15:11:42.641888 dv-cinder-776307-9-iscsi devstack@c-api.service[100962]: /usr/local/lib/python3.8/dist-packages/oslo_context/context.py:105: DeprecationWarning: Policy enforcement is depending on the value of is_admin. This key is deprecated. Please update your policy file to use the standard policy values.
Sep 09 15:11:42.641888 dv-cinder-776307-9-iscsi devstack@c-api.service[100962]: warnings.warn('Policy enforcement is depending on the value of '
Sep 09 15:11:42.671847 dv-cinder-776307-9-iscsi devstack@c-api.service[100962]: INFO cinder.volume.api [None req-c585eff5-533c-4f28-9c25-ffe82eaf9401 tempest-VolumesActionsTest-859627614 tempest-VolumesActionsTest-859627614-project] Volume info retrieved successfully.
Sep 09 15:11:42.689789 dv-cinder-776307-9-iscsi devstack@c-api.service[100961]: INFO cinder.api.openstack.wsgi [None req-c7662b26-1188-461b-824e-84060a42be6f tempest-GroupSnapshotsTest-492750361 tempest-GroupSnapshotsTest-492750361-project] http://10.222.0.18/volume/v3/6d7474632b0c471686173df97b5dd11b/volumes/detail returned with HTTP 200
Sep 09 15:11:42.696650 dv-cinder-776307-9-iscsi devstack@c-api.service[100961]: [pid: 100961|app: 0|req: 69/132] 10.222.0.18 () {60 vars in 1276 bytes} [Thu Sep 9 15:11:42 2021] GET /volume/v3/6d7474632b0c471686173df97b5dd11b/volumes/detail => generated 1004 bytes in 418 msecs (HTTP/1.1 200) 7 headers in 287 bytes (1 switches on core 0)
Sep 09 15:11:42.700204 dv-cinder-776307-9-iscsi devstack@c-api.service[100962]: INFO cinder.api.openstack.wsgi [None req-c585eff5-533c-4f28-9c25-ffe82eaf9401 tempest-VolumesActionsTest-859627614 tempest-VolumesActionsTest-859627614-project] http://10.222.0.18/volume/v3/88c2de65976745c38aad6749ad27b6b3/volumes/ca594eae-884e-45ee-98b7-b2b4f52b7ed5 returned with HTTP 200
Sep 09 15:11:42.701227 dv-cinder-776307-9-iscsi devstack@c-api.service[100962]: [pid: 100962|app: 0|req: 64/133] 10.222.0.18 () {58 vars in 1325 bytes} [Thu Sep 9 15:11:42 2021] GET /volume/v3/88c2de65976745c38aad6749ad27b6b3/volumes/ca594eae-884e-45ee-98b7-b2b4f52b7ed5 => generated 910 bytes in 147 msecs (HTTP/1.1 200) 7 headers in 285 bytes (1 switches on core 0)
Sep 09 15:11:42.705373 dv-cinder-776307-9-iscsi devstack@c-api.service[100961]: INFO cinder.api.openstack.wsgi [None req-3aebf6ae-ac6f-41eb-b92e-d87a616c6f4d tempest-GroupsTest-1984173012 tempest-GroupsTest-1984173012-project-admin] GET http://10.222.0.18/volume/v3/b66684cb9454498993463ea5b1bb0946/types/6a72360d-9eae-44e7-bb07-31a09e80602f
Sep 09 15:11:42.705885 dv-cinder-776307-9-iscsi devstack@c-api.service[100961]: DEBUG cinder.api.openstack.wsgi [None req-3aebf6ae-ac6f-41eb-b92e-d87a616c6f4d tempest-GroupsTest-1984173012 tempest-GroupsTest-1984173012-project-admin] Empty body provided in request {{(pid=100961) get_body /opt/stack/cinder/cinder/api/openstack/wsgi.py:703}}
Sep 09 15:11:42.709268 dv-cinder-776307-9-iscsi devstack@c-api.service[100962]: INFO cinder.api.openstack.wsgi [None req-8a87165a-0f37-4b4b-8d8b-29576cdbe8c9 tempest-GroupSnapshotsTest-492750361 tempest-GroupSnapshotsTest-492750361-project] GET http://10.222.0.18/volume/v3/6d7474632b0c471686173df97b5dd11b/snapshots/detail
Sep 09 15:11:42.709960 dv-cinder-776307-9-iscsi devstack@c-api.service[100962]: DEBUG cinder.api.openstack.wsgi [None req-8a87165a-0f37-4b4b-8d8b-29576cdbe8c9 tempest-GroupSnapshotsTest-492750361 tempest-GroupSnapshotsTest-492750361-project] Empty body provided in request {{(pid=100962) get_body /opt/stack/cinder/cinder/api/openstack/wsgi.py:703}}
Sep 09 15:11:42.710338 dv-cinder-776307-9-iscsi devstack@c-api.service[100962]: /usr/local/lib/python3.8/dist-packages/webob/acceptparse.py:1047: DeprecationWarning: The behavior of AcceptValidHeader.best_match is currently being maintained for backward compatibility, but it will be deprecated in the future, as it does not conform to the RFC.
Sep 09 15:11:42.710338 dv-cinder-776307-9-iscsi devstack@c-api.service[100962]: warnings.warn(
Sep 09 15:11:42.710996 dv-cinder-776307-9-iscsi devstack@c-api.service[100961]: /usr/local/lib/python3.8/dist-packages/webob/acceptparse.py:1047: DeprecationWarning: The behavior of AcceptValidHeader.best_match is currently being maintained for backward compatibility, but it will be deprecated in the future, as it does not conform to the RFC.
Sep 09 15:11:42.710996 dv-cinder-776307-9-iscsi devstack@c-api.service[100961]: warnings.warn(
Sep 09 15:11:42.711343 dv-cinder-776307-9-iscsi devstack@c-api.service[100961]: DEBUG cinder.api.openstack.wsgi [None req-3aebf6ae-ac6f-41eb-b92e-d87a616c6f4d tempest-GroupsTest-1984173012 tempest-GroupsTest-1984173012-project-admin] Calling method 'show' {{(pid=100961) _process_stack /opt/stack/cinder/cinder/api/openstack/wsgi.py:856}}
Sep 09 15:11:42.711844 dv-cinder-776307-9-iscsi devstack@c-api.service[100962]: DEBUG cinder.api.openstack.wsgi [None req-8a87165a-0f37-4b4b-8d8b-29576cdbe8c9 tempest-GroupSnapshotsTest-492750361 tempest-GroupSnapshotsTest-492750361-project] Calling method 'detail' {{(pid=100962) _process_stack /opt/stack/cinder/cinder/api/openstack/wsgi.py:856}}
Sep 09 15:11:42.716271 dv-cinder-776307-9-iscsi devstack@c-api.service[100962]: DEBUG cinder.api.api_utils [None req-8a87165a-0f37-4b4b-8d8b-29576cdbe8c9 tempest-GroupSnapshotsTest-492750361 tempest-GroupSnapshotsTest-492750361-project] Removing options '' from query. {{(pid=100962) remove_invalid_filter_options /opt/stack/cinder/cinder/api/api_utils.py:73}}
Sep 09 15:11:42.718828 dv-cinder-776307-9-iscsi devstack@c-api.service[100962]: DEBUG cinder.db.sqlalchemy.api [None req-8a87165a-0f37-4b4b-8d8b-29576cdbe8c9 tempest-GroupSnapshotsTest-492750361 tempest-GroupSnapshotsTest-492750361-project] Building query based on filter {{(pid=100962) _process_snaps_filters /opt/stack/cinder/cinder/db/sqlalchemy/api.py:3141}}
Sep 09 15:11:42.726917 dv-cinder-776307-9-iscsi devstack@c-api.service[100961]: INFO cinder.api.openstack.wsgi [None req-3aebf6ae-ac6f-41eb-b92e-d87a616c6f4d tempest-GroupsTest-1984173012 tempest-GroupsTest-1984173012-project-admin] http://10.222.0.18/volume/v3/b66684cb9454498993463ea5b1bb0946/types/6a72360d-9eae-44e7-bb07-31a09e80602f returned with HTTP 404
Sep 09 15:11:42.728795 dv-cinder-776307-9-iscsi devstack@c-api.service[100961]: [pid: 100961|app: 0|req: 70/134] 10.222.0.18 () {58 vars in 1319 bytes} [Thu Sep 9 15:11:42 2021] GET /volume/v3/b66684cb9454498993463ea5b1bb0946/types/6a72360d-9eae-44e7-bb07-31a09e80602f => generated 114 bytes in 32 msecs (HTTP/1.1 404) 7 headers in 292 bytes (1 switches on core 0)
Sep 09 15:11:42.732591 dv-cinder-776307-9-iscsi devstack@c-api.service[100961]: INFO cinder.api.openstack.wsgi [None req-db1e788f-d1fe-4178-97f4-dec9d9fb56aa tempest-VolumesActionsTest-1795783465 tempest-VolumesActionsTest-1795783465-project-admin] POST http://10.222.0.18/volume/v3/4e04d481c04c4d68968ba06bfe5155bc/volumes/ca594eae-884e-45ee-98b7-b2b4f52b7ed5/action
Sep 09 15:11:42.738532 dv-cinder-776307-9-iscsi devstack@c-api.service[100961]: DEBUG cinder.api.openstack.wsgi [None req-db1e788f-d1fe-4178-97f4-dec9d9fb56aa tempest-VolumesActionsTest-1795783465 tempest-VolumesActionsTest-1795783465-project-admin] Action body: b'{"os-reset_status": {"status": "creating"}}' {{(pid=100961) get_method /opt/stack/cinder/cinder/api/openstack/wsgi.py:971}}
Sep 09 15:11:42.739082 dv-cinder-776307-9-iscsi devstack@c-api.service[100961]: DEBUG cinder.api.openstack.wsgi [None req-db1e788f-d1fe-4178-97f4-dec9d9fb56aa tempest-VolumesActionsTest-1795783465 tempest-VolumesActionsTest-1795783465-project-admin] Action: 'action', calling method: _reset_status, body: {"os-reset_status": {"status": "creating"}} {{(pid=100961) _process_stack /opt/stack/cinder/cinder/api/openstack/wsgi.py:854}}
Sep 09 15:11:42.746571 dv-cinder-776307-9-iscsi devstack@c-api.service[100962]: INFO cinder.volume.api [None req-8a87165a-0f37-4b4b-8d8b-29576cdbe8c9 tempest-GroupSnapshotsTest-492750361 tempest-GroupSnapshotsTest-492750361-project] Get all snapshots completed successfully.
Sep 09 15:11:42.748157 dv-cinder-776307-9-iscsi devstack@c-api.service[100961]: DEBUG cinder.api.contrib.admin_actions [None req-db1e788f-d1fe-4178-97f4-dec9d9fb56aa tempest-VolumesActionsTest-1795783465 tempest-VolumesActionsTest-1795783465-project-admin] Updating volume 'ca594eae-884e-45ee-98b7-b2b4f52b7ed5' with '{'status': 'creating'}' {{(pid=100961) _reset_status /opt/stack/cinder/cinder/api/contrib/admin_actions.py:100}}
Sep 09 15:11:42.749212 dv-cinder-776307-9-iscsi devstack@c-api.service[100962]: INFO cinder.api.openstack.wsgi [None req-8a87165a-0f37-4b4b-8d8b-29576cdbe8c9 tempest-GroupSnapshotsTest-492750361 tempest-GroupSnapshotsTest-492750361-project] http://10.222.0.18/volume/v3/6d7474632b0c471686173df97b5dd11b/snapshots/detail returned with HTTP 200
Sep 09 15:11:42.750372 dv-cinder-776307-9-iscsi devstack@c-api.service[100962]: [pid: 100962|app: 0|req: 65/135] 10.222.0.18 () {58 vars in 1241 bytes} [Thu Sep 9 15:11:42 2021] GET /volume/v3/6d7474632b0c471686173df97b5dd11b/snapshots/detail => generated 17 bytes in 48 msecs (HTTP/1.1 200) 7 headers in 284 bytes (1 switches on core 0)
Sep 09 15:11:42.764375 dv-cinder-776307-9-iscsi devstack@c-api.service[100962]: INFO cinder.api.openstack.wsgi [None req-f470926e-0719-4a6c-a051-76c2014bc687 tempest-GroupSnapshotsTest-492750361 tempest-GroupSnapshotsTest-492750361-project] GET http://10.222.0.18/volume/v3/6d7474632b0c471686173df97b5dd11b/group_snapshots/4c465b8e-74cd-4b2e-8b05-317d1605452a
Sep 09 15:11:42.771504 dv-cinder-776307-9-iscsi devstack@c-api.service[100962]: DEBUG cinder.api.openstack.wsgi [None req-f470926e-0719-4a6c-a051-76c2014bc687 tempest-GroupSnapshotsTest-492750361 tempest-GroupSnapshotsTest-492750361-project] Empty body provided in request {{(pid=100962) get_body /opt/stack/cinder/cinder/api/openstack/wsgi.py:703}}
Sep 09 15:11:42.774496 dv-cinder-776307-9-iscsi devstack@c-api.service[100962]: DEBUG cinder.api.openstack.wsgi [None req-f470926e-0719-4a6c-a051-76c2014bc687 tempest-GroupSnapshotsTest-492750361 tempest-GroupSnapshotsTest-492750361-project] Calling method 'version_select' {{(pid=100962) _process_stack /opt/stack/cinder/cinder/api/openstack/wsgi.py:856}}
Sep 09 15:11:42.775996 dv-cinder-776307-9-iscsi devstack@c-api.service[100962]: DEBUG cinder.api.v3.group_snapshots [None req-f470926e-0719-4a6c-a051-76c2014bc687 tempest-GroupSnapshotsTest-492750361 tempest-GroupSnapshotsTest-492750361-project] show called for member 4c465b8e-74cd-4b2e-8b05-317d1605452a {{(pid=100962) show /opt/stack/cinder/cinder/api/v3/group_snapshots.py:58}}
Sep 09 15:11:42.788441 dv-cinder-776307-9-iscsi devstack@c-api.service[100962]: INFO cinder.api.openstack.wsgi [None req-f470926e-0719-4a6c-a051-76c2014bc687 tempest-GroupSnapshotsTest-492750361 tempest-GroupSnapshotsTest-492750361-project] http://10.222.0.18/volume/v3/6d7474632b0c471686173df97b5dd11b/group_snapshots/4c465b8e-74cd-4b2e-8b05-317d1605452a returned with HTTP 404
Sep 09 15:11:42.791725 dv-cinder-776307-9-iscsi devstack@c-api.service[100962]: [pid: 100962|app: 0|req: 66/136] 10.222.0.18 () {60 vars in 1390 bytes} [Thu Sep 9 15:11:42 2021] GET /volume/v3/6d7474632b0c471686173df97b5dd11b/group_snapshots/4c465b8e-74cd-4b2e-8b05-317d1605452a => generated 116 bytes in 35 msecs (HTTP/1.1 404) 7 headers in 293 bytes (2 switches on core 0)
Sep 09 15:11:42.803299 dv-cinder-776307-9-iscsi devstack@c-api.service[100962]: INFO cinder.api.openstack.wsgi [None req-16751384-30ba-448b-9a89-6f11983021b5 tempest-GroupSnapshotsTest-492750361 tempest-GroupSnapshotsTest-492750361-project] GET http://10.222.0.18/volume/v3/6d7474632b0c471686173df97b5dd11b/volumes/detail
Sep 09 15:11:42.807590 dv-cinder-776307-9-iscsi devstack@c-api.service[100962]: DEBUG cinder.api.openstack.wsgi [None req-16751384-30ba-448b-9a89-6f11983021b5 tempest-GroupSnapshotsTest-492750361 tempest-GroupSnapshotsTest-492750361-project] Empty body provided in request {{(pid=100962) get_body /opt/stack/cinder/cinder/api/openstack/wsgi.py:703}}
Sep 09 15:11:42.808702 dv-cinder-776307-9-iscsi devstack@c-api.service[100962]: DEBUG cinder.api.openstack.wsgi [None req-16751384-30ba-448b-9a89-6f11983021b5 tempest-GroupSnapshotsTest-492750361 tempest-GroupSnapshotsTest-492750361-project] Calling method 'detail' {{(pid=100962) _process_stack /opt/stack/cinder/cinder/api/openstack/wsgi.py:856}}
Sep 09 15:11:42.811502 dv-cinder-776307-9-iscsi devstack@c-api.service[100962]: DEBUG cinder.api.api_utils [None req-16751384-30ba-448b-9a89-6f11983021b5 tempest-GroupSnapshotsTest-492750361 tempest-GroupSnapshotsTest-492750361-project] Removing options '' from query. {{(pid=100962) remove_invalid_filter_options /opt/stack/cinder/cinder/api/api_utils.py:73}}
Sep 09 15:11:42.813559 dv-cinder-776307-9-iscsi devstack@c-api.service[100962]: DEBUG cinder.volume.api [None req-16751384-30ba-448b-9a89-6f11983021b5 tempest-GroupSnapshotsTest-492750361 tempest-GroupSnapshotsTest-492750361-project] Searching by: MultiDict([('no_migration_targets', True)]). {{(pid=100962) get_all /opt/stack/cinder/cinder/volume/api.py:619}}
Sep 09 15:11:42.826382 dv-cinder-776307-9-iscsi devstack@c-api.service[100961]: /usr/local/lib/python3.8/dist-packages/oslo_context/context.py:105: DeprecationWarning: Policy enforcement is depending on the value of is_admin. This key is deprecated. Please update your policy file to use the standard policy values.
Sep 09 15:11:42.826382 dv-cinder-776307-9-iscsi devstack@c-api.service[100961]: warnings.warn('Policy enforcement is depending on the value of '
Sep 09 15:11:42.881082 dv-cinder-776307-9-iscsi devstack@c-api.service[100961]: INFO cinder.api.openstack.wsgi [None req-db1e788f-d1fe-4178-97f4-dec9d9fb56aa tempest-VolumesActionsTest-1795783465 tempest-VolumesActionsTest-1795783465-project-admin] http://10.222.0.18/volume/v3/4e04d481c04c4d68968ba06bfe5155bc/volumes/ca594eae-884e-45ee-98b7-b2b4f52b7ed5/action returned with HTTP 202
Sep 09 15:11:42.883196 dv-cinder-776307-9-iscsi devstack@c-api.service[100961]: [pid: 100961|app: 0|req: 71/137] 10.222.0.18 () {60 vars in 1367 bytes} [Thu Sep 9 15:11:42 2021] POST /volume/v3/4e04d481c04c4d68968ba06bfe5155bc/volumes/ca594eae-884e-45ee-98b7-b2b4f52b7ed5/action => generated 0 bytes in 154 msecs (HTTP/1.1 202) 7 headers in 289 bytes (1 switches on core 0)
Sep 09 15:11:42.893649 dv-cinder-776307-9-iscsi devstack@c-api.service[100961]: INFO cinder.api.openstack.wsgi [None req-233d56d0-7600-4373-b540-6059dfd46e23 tempest-VolumesActionsTest-859627614 tempest-VolumesActionsTest-859627614-project] GET http://10.222.0.18/volume/v3/88c2de65976745c38aad6749ad27b6b3/volumes/ca594eae-884e-45ee-98b7-b2b4f52b7ed5
Sep 09 15:11:42.894323 dv-cinder-776307-9-iscsi devstack@c-api.service[100961]: DEBUG cinder.api.openstack.wsgi [None req-233d56d0-7600-4373-b540-6059dfd46e23 tempest-VolumesActionsTest-859627614 tempest-VolumesActionsTest-859627614-project] Empty body provided in request {{(pid=100961) get_body /opt/stack/cinder/cinder/api/openstack/wsgi.py:703}}
Sep 09 15:11:42.894640 dv-cinder-776307-9-iscsi devstack@c-api.service[100961]: /usr/local/lib/python3.8/dist-packages/webob/acceptparse.py:1047: DeprecationWarning: The behavior of AcceptValidHeader.best_match is currently being maintained for backward compatibility, but it will be deprecated in the future, as it does not conform to the RFC.
Sep 09 15:11:42.894640 dv-cinder-776307-9-iscsi devstack@c-api.service[100961]: warnings.warn(
Sep 09 15:11:42.895656 dv-cinder-776307-9-iscsi devstack@c-api.service[100961]: DEBUG cinder.api.openstack.wsgi [None req-233d56d0-7600-4373-b540-6059dfd46e23 tempest-VolumesActionsTest-859627614 tempest-VolumesActionsTest-859627614-project] Calling method 'show' {{(pid=100961) _process_stack /opt/stack/cinder/cinder/api/openstack/wsgi.py:856}}
Sep 09 15:11:42.917039 dv-cinder-776307-9-iscsi devstack@c-api.service[100961]: /usr/local/lib/python3.8/dist-packages/oslo_context/context.py:105: DeprecationWarning: Policy enforcement is depending on the value of is_admin. This key is deprecated. Please update your policy file to use the standard policy values.
Sep 09 15:11:42.917039 dv-cinder-776307-9-iscsi devstack@c-api.service[100961]: warnings.warn('Policy enforcement is depending on the value of '
Sep 09 15:11:42.927055 dv-cinder-776307-9-iscsi devstack@c-api.service[100961]: INFO cinder.volume.api [None req-233d56d0-7600-4373-b540-6059dfd46e23 tempest-VolumesActionsTest-859627614 tempest-VolumesActionsTest-859627614-project] Volume info retrieved successfully.
Sep 09 15:11:42.948706 dv-cinder-776307-9-iscsi devstack@c-api.service[100962]: INFO cinder.volume.api [None req-16751384-30ba-448b-9a89-6f11983021b5 tempest-GroupSnapshotsTest-492750361 tempest-GroupSnapshotsTest-492750361-project] Get all volumes completed successfully.
Sep 09 15:11:42.950346 dv-cinder-776307-9-iscsi devstack@c-api.service[100962]: WARNING stevedore.named [None req-16751384-30ba-448b-9a89-6f11983021b5 tempest-GroupSnapshotsTest-492750361 tempest-GroupSnapshotsTest-492750361-project] Could not load cinder.keymgr.conf_key_mgr.ConfKeyManager
Sep 09 15:11:42.951360 dv-cinder-776307-9-iscsi devstack@c-api.service[100961]: INFO cinder.api.openstack.wsgi [None req-233d56d0-7600-4373-b540-6059dfd46e23 tempest-VolumesActionsTest-859627614 tempest-VolumesActionsTest-859627614-project] http://10.222.0.18/volume/v3/88c2de65976745c38aad6749ad27b6b3/volumes/ca594eae-884e-45ee-98b7-b2b4f52b7ed5 returned with HTTP 200
Sep 09 15:11:42.952877 dv-cinder-776307-9-iscsi devstack@c-api.service[100961]: [pid: 100961|app: 0|req: 72/138] 10.222.0.18 () {58 vars in 1325 bytes} [Thu Sep 9 15:11:42 2021] GET /volume/v3/88c2de65976745c38aad6749ad27b6b3/volumes/ca594eae-884e-45ee-98b7-b2b4f52b7ed5 => generated 909 bytes in 65 msecs (HTTP/1.1 200) 7 headers in 285 bytes (1 switches on core 0)
Sep 09 15:11:42.961336 dv-cinder-776307-9-iscsi devstack@c-api.service[100962]: WARNING castellan.key_manager [None req-16751384-30ba-448b-9a89-6f11983021b5 tempest-GroupSnapshotsTest-492750361 tempest-GroupSnapshotsTest-492750361-project] Deprecation Warning : cinder.keymgr.conf_key_mgr.ConfKeyManager is not a stevedore based driver, trying to load it as a class: stevedore.exception.NoMatches: No 'castellan.drivers' driver found, looking for 'cinder.keymgr.conf_key_mgr.ConfKeyManager'
Sep 09 15:11:42.969287 dv-cinder-776307-9-iscsi devstack@c-api.service[100961]: INFO cinder.api.openstack.wsgi [None req-f1d747e0-638d-458c-be10-b44ef3f97fcb tempest-VolumesActionsTest-1795783465 tempest-VolumesActionsTest-1795783465-project-admin] POST http://10.222.0.18/volume/v3/4e04d481c04c4d68968ba06bfe5155bc/volumes/ca594eae-884e-45ee-98b7-b2b4f52b7ed5/action
Sep 09 15:11:42.969675 dv-cinder-776307-9-iscsi devstack@c-api.service[100961]: /usr/local/lib/python3.8/dist-packages/webob/acceptparse.py:1047: DeprecationWarning: The behavior of AcceptValidHeader.best_match is currently being maintained for backward compatibility, but it will be deprecated in the future, as it does not conform to the RFC.
Sep 09 15:11:42.969675 dv-cinder-776307-9-iscsi devstack@c-api.service[100961]: warnings.warn(
Sep 09 15:11:42.970045 dv-cinder-776307-9-iscsi devstack@c-api.service[100961]: DEBUG cinder.api.openstack.wsgi [None req-f1d747e0-638d-458c-be10-b44ef3f97fcb tempest-VolumesActionsTest-1795783465 tempest-VolumesActionsTest-1795783465-project-admin] Action body: b'{"os-force_delete": {}}' {{(pid=100961) get_method /opt/stack/cinder/cinder/api/openstack/wsgi.py:971}}
Sep 09 15:11:42.970645 dv-cinder-776307-9-iscsi devstack@c-api.service[100961]: DEBUG cinder.api.openstack.wsgi [None req-f1d747e0-638d-458c-be10-b44ef3f97fcb tempest-VolumesActionsTest-1795783465 tempest-VolumesActionsTest-1795783465-project-admin] Action: 'action', calling method: _force_delete, body: {"os-force_delete": {}} {{(pid=100961) _process_stack /opt/stack/cinder/cinder/api/openstack/wsgi.py:854}}
Sep 09 15:11:42.974668 dv-cinder-776307-9-iscsi devstack@c-api.service[100962]: DEBUG oslo_db.sqlalchemy.engines [None req-16751384-30ba-448b-9a89-6f11983021b5 tempest-GroupSnapshotsTest-492750361 tempest-GroupSnapshotsTest-492750361-project] MySQL server mode set to STRICT_TRANS_TABLES,STRICT_ALL_TABLES,NO_ZERO_IN_DATE,NO_ZERO_DATE,ERROR_FOR_DIVISION_BY_ZERO,TRADITIONAL,NO_ENGINE_SUBSTITUTION {{(pid=100962) _check_effective_sql_mode /usr/local/lib/python3.8/dist-packages/oslo_db/sqlalchemy/engines.py:314}}
Sep 09 15:11:42.985172 dv-cinder-776307-9-iscsi devstack@c-api.service[100962]: /usr/local/lib/python3.8/dist-packages/oslo_context/context.py:105: DeprecationWarning: Policy enforcement is depending on the value of is_admin. This key is deprecated. Please update your policy file to use the standard policy values.
Sep 09 15:11:42.985172 dv-cinder-776307-9-iscsi devstack@c-api.service[100962]: warnings.warn('Policy enforcement is depending on the value of '
Sep 09 15:11:42.992441 dv-cinder-776307-9-iscsi devstack@c-api.service[100961]: /usr/local/lib/python3.8/dist-packages/oslo_context/context.py:105: DeprecationWarning: Policy enforcement is depending on the value of is_admin. This key is deprecated. Please update your policy file to use the standard policy values.
Sep 09 15:11:42.992441 dv-cinder-776307-9-iscsi devstack@c-api.service[100961]: warnings.warn('Policy enforcement is depending on the value of '
Sep 09 15:11:42.995374 dv-cinder-776307-9-iscsi devstack@c-api.service[100961]: INFO cinder.volume.api [None req-f1d747e0-638d-458c-be10-b44ef3f97fcb tempest-VolumesActionsTest-1795783465 tempest-VolumesActionsTest-1795783465-project-admin] Volume info retrieved successfully.
Sep 09 15:11:43.041583 dv-cinder-776307-9-iscsi devstack@c-api.service[100962]: INFO cinder.api.openstack.wsgi [None req-16751384-30ba-448b-9a89-6f11983021b5 tempest-GroupSnapshotsTest-492750361 tempest-GroupSnapshotsTest-492750361-project] http://10.222.0.18/volume/v3/6d7474632b0c471686173df97b5dd11b/volumes/detail returned with HTTP 200
Sep 09 15:11:43.052209 dv-cinder-776307-9-iscsi devstack@c-api.service[100962]: [pid: 100962|app: 0|req: 67/139] 10.222.0.18 () {60 vars in 1276 bytes} [Thu Sep 9 15:11:42 2021] GET /volume/v3/6d7474632b0c471686173df97b5dd11b/volumes/detail => generated 1004 bytes in 256 msecs (HTTP/1.1 200) 7 headers in 287 bytes (1 switches on core 0)
Sep 09 15:11:43.061373 dv-cinder-776307-9-iscsi devstack@c-api.service[100962]: INFO cinder.api.openstack.wsgi [None req-b61afc91-89f7-4715-969b-066e61e847a2 tempest-GroupSnapshotsTest-492750361 tempest-GroupSnapshotsTest-492750361-project] POST http://10.222.0.18/volume/v3/6d7474632b0c471686173df97b5dd11b/groups/bda5565e-6790-42a7-b644-c10d74eda091/action
Sep 09 15:11:43.062143 dv-cinder-776307-9-iscsi devstack@c-api.service[100962]: /usr/local/lib/python3.8/dist-packages/webob/acceptparse.py:1047: DeprecationWarning: The behavior of AcceptValidHeader.best_match is currently being maintained for backward compatibility, but it will be deprecated in the future, as it does not conform to the RFC.
Sep 09 15:11:43.062143 dv-cinder-776307-9-iscsi devstack@c-api.service[100962]: warnings.warn(
Sep 09 15:11:43.062791 dv-cinder-776307-9-iscsi devstack@c-api.service[100962]: DEBUG cinder.api.openstack.wsgi [None req-b61afc91-89f7-4715-969b-066e61e847a2 tempest-GroupSnapshotsTest-492750361 tempest-GroupSnapshotsTest-492750361-project] Action body: b'{"delete": {"delete-volumes": true}}' {{(pid=100962) get_method /opt/stack/cinder/cinder/api/openstack/wsgi.py:971}}
Sep 09 15:11:43.063263 dv-cinder-776307-9-iscsi devstack@c-api.service[100962]: DEBUG cinder.api.openstack.wsgi [None req-b61afc91-89f7-4715-969b-066e61e847a2 tempest-GroupSnapshotsTest-492750361 tempest-GroupSnapshotsTest-492750361-project] Action: 'action', calling method: delete_group, body: {"delete": {"delete-volumes": true}} {{(pid=100962) _process_stack /opt/stack/cinder/cinder/api/openstack/wsgi.py:854}}
Sep 09 15:11:43.064196 dv-cinder-776307-9-iscsi devstack@c-api.service[100962]: DEBUG cinder.api.v3.groups [None req-b61afc91-89f7-4715-969b-066e61e847a2 tempest-GroupSnapshotsTest-492750361 tempest-GroupSnapshotsTest-492750361-project] delete called for group bda5565e-6790-42a7-b644-c10d74eda091 {{(pid=100962) _delete /opt/stack/cinder/cinder/api/v3/groups.py:117}}
Sep 09 15:11:43.064998 dv-cinder-776307-9-iscsi devstack@c-api.service[100962]: INFO cinder.api.v3.groups [None req-b61afc91-89f7-4715-969b-066e61e847a2 tempest-GroupSnapshotsTest-492750361 tempest-GroupSnapshotsTest-492750361-project] Delete group with id: bda5565e-6790-42a7-b644-c10d74eda091
Sep 09 15:11:43.072481 dv-cinder-776307-9-iscsi devstack@c-api.service[100962]: /usr/local/lib/python3.8/dist-packages/oslo_context/context.py:105: DeprecationWarning: Policy enforcement is depending on the value of is_admin. This key is deprecated. Please update your policy file to use the standard policy values.
Sep 09 15:11:43.072481 dv-cinder-776307-9-iscsi devstack@c-api.service[100962]: warnings.warn('Policy enforcement is depending on the value of '
Sep 09 15:11:43.073566 dv-cinder-776307-9-iscsi devstack@c-api.service[100961]: INFO cinder.volume.api [None req-f1d747e0-638d-458c-be10-b44ef3f97fcb tempest-VolumesActionsTest-1795783465 tempest-VolumesActionsTest-1795783465-project-admin] Delete volume request issued successfully.
Sep 09 15:11:43.074389 dv-cinder-776307-9-iscsi devstack@c-api.service[100961]: INFO cinder.api.openstack.wsgi [None req-f1d747e0-638d-458c-be10-b44ef3f97fcb tempest-VolumesActionsTest-1795783465 tempest-VolumesActionsTest-1795783465-project-admin] http://10.222.0.18/volume/v3/4e04d481c04c4d68968ba06bfe5155bc/volumes/ca594eae-884e-45ee-98b7-b2b4f52b7ed5/action returned with HTTP 202
Sep 09 15:11:43.078791 dv-cinder-776307-9-iscsi devstack@c-api.service[100961]: [pid: 100961|app: 0|req: 73/140] 10.222.0.18 () {60 vars in 1367 bytes} [Thu Sep 9 15:11:42 2021] POST /volume/v3/4e04d481c04c4d68968ba06bfe5155bc/volumes/ca594eae-884e-45ee-98b7-b2b4f52b7ed5/action => generated 0 bytes in 112 msecs (HTTP/1.1 202) 7 headers in 289 bytes (2 switches on core 0)
Sep 09 15:11:43.091350 dv-cinder-776307-9-iscsi devstack@c-api.service[100961]: INFO cinder.api.openstack.wsgi [None req-4d6cbfa5-c41e-40ca-8ffd-fa5311059b40 tempest-VolumesActionsTest-859627614 tempest-VolumesActionsTest-859627614-project] GET http://10.222.0.18/volume/v3/88c2de65976745c38aad6749ad27b6b3/volumes/ca594eae-884e-45ee-98b7-b2b4f52b7ed5
Sep 09 15:11:43.091941 dv-cinder-776307-9-iscsi devstack@c-api.service[100961]: DEBUG cinder.api.openstack.wsgi [None req-4d6cbfa5-c41e-40ca-8ffd-fa5311059b40 tempest-VolumesActionsTest-859627614 tempest-VolumesActionsTest-859627614-project] Empty body provided in request {{(pid=100961) get_body /opt/stack/cinder/cinder/api/openstack/wsgi.py:703}}
Sep 09 15:11:43.092669 dv-cinder-776307-9-iscsi devstack@c-api.service[100961]: /usr/local/lib/python3.8/dist-packages/webob/acceptparse.py:1047: DeprecationWarning: The behavior of AcceptValidHeader.best_match is currently being maintained for backward compatibility, but it will be deprecated in the future, as it does not conform to the RFC.
Sep 09 15:11:43.092669 dv-cinder-776307-9-iscsi devstack@c-api.service[100961]: warnings.warn(
Sep 09 15:11:43.095313 dv-cinder-776307-9-iscsi devstack@c-api.service[100961]: DEBUG cinder.api.openstack.wsgi [None req-4d6cbfa5-c41e-40ca-8ffd-fa5311059b40 tempest-VolumesActionsTest-859627614 tempest-VolumesActionsTest-859627614-project] Calling method 'show' {{(pid=100961) _process_stack /opt/stack/cinder/cinder/api/openstack/wsgi.py:856}}
Sep 09 15:11:43.128765 dv-cinder-776307-9-iscsi devstack@c-api.service[100961]: /usr/local/lib/python3.8/dist-packages/oslo_context/context.py:105: DeprecationWarning: Policy enforcement is depending on the value of is_admin. This key is deprecated. Please update your policy file to use the standard policy values.
Sep 09 15:11:43.128765 dv-cinder-776307-9-iscsi devstack@c-api.service[100961]: warnings.warn('Policy enforcement is depending on the value of '
Sep 09 15:11:43.153813 dv-cinder-776307-9-iscsi devstack@c-api.service[100961]: INFO cinder.volume.api [None req-4d6cbfa5-c41e-40ca-8ffd-fa5311059b40 tempest-VolumesActionsTest-859627614 tempest-VolumesActionsTest-859627614-project] Volume info retrieved successfully.
Sep 09 15:11:43.190787 dv-cinder-776307-9-iscsi devstack@c-api.service[100962]: INFO cinder.api.openstack.wsgi [None req-b61afc91-89f7-4715-969b-066e61e847a2 tempest-GroupSnapshotsTest-492750361 tempest-GroupSnapshotsTest-492750361-project] http://10.222.0.18/volume/v3/6d7474632b0c471686173df97b5dd11b/groups/bda5565e-6790-42a7-b644-c10d74eda091/action returned with HTTP 202
Sep 09 15:11:43.192211 dv-cinder-776307-9-iscsi devstack@c-api.service[100962]: [pid: 100962|app: 0|req: 68/141] 10.222.0.18 () {62 vars in 1405 bytes} [Thu Sep 9 15:11:43 2021] POST /volume/v3/6d7474632b0c471686173df97b5dd11b/groups/bda5565e-6790-42a7-b644-c10d74eda091/action => generated 0 bytes in 136 msecs (HTTP/1.1 202) 6 headers in 234 bytes (1 switches on core 0)
Sep 09 15:11:43.202799 dv-cinder-776307-9-iscsi devstack@c-api.service[100961]: INFO cinder.api.openstack.wsgi [None req-4d6cbfa5-c41e-40ca-8ffd-fa5311059b40 tempest-VolumesActionsTest-859627614 tempest-VolumesActionsTest-859627614-project] http://10.222.0.18/volume/v3/88c2de65976745c38aad6749ad27b6b3/volumes/ca594eae-884e-45ee-98b7-b2b4f52b7ed5 returned with HTTP 200
Sep 09 15:11:43.204596 dv-cinder-776307-9-iscsi devstack@c-api.service[100962]: INFO cinder.api.openstack.wsgi [None req-64ab5309-5ff3-480b-ae17-776daede5c41 tempest-GroupSnapshotsTest-492750361 tempest-GroupSnapshotsTest-492750361-project] GET http://10.222.0.18/volume/v3/6d7474632b0c471686173df97b5dd11b/volumes/f4cc55f6-2263-4694-b8ac-47fcbf0012f2
Sep 09 15:11:43.206994 dv-cinder-776307-9-iscsi devstack@c-api.service[100962]: DEBUG cinder.api.openstack.wsgi [None req-64ab5309-5ff3-480b-ae17-776daede5c41 tempest-GroupSnapshotsTest-492750361 tempest-GroupSnapshotsTest-492750361-project] Empty body provided in request {{(pid=100962) get_body /opt/stack/cinder/cinder/api/openstack/wsgi.py:703}}
Sep 09 15:11:43.207400 dv-cinder-776307-9-iscsi devstack@c-api.service[100962]: /usr/local/lib/python3.8/dist-packages/webob/acceptparse.py:1047: DeprecationWarning: The behavior of AcceptValidHeader.best_match is currently being maintained for backward compatibility, but it will be deprecated in the future, as it does not conform to the RFC.
Sep 09 15:11:43.207400 dv-cinder-776307-9-iscsi devstack@c-api.service[100962]: warnings.warn(
Sep 09 15:11:43.207906 dv-cinder-776307-9-iscsi devstack@c-api.service[100962]: DEBUG cinder.api.openstack.wsgi [None req-64ab5309-5ff3-480b-ae17-776daede5c41 tempest-GroupSnapshotsTest-492750361 tempest-GroupSnapshotsTest-492750361-project] Calling method 'show' {{(pid=100962) _process_stack /opt/stack/cinder/cinder/api/openstack/wsgi.py:856}}
Sep 09 15:11:43.219145 dv-cinder-776307-9-iscsi devstack@c-api.service[100961]: [pid: 100961|app: 0|req: 74/142] 10.222.0.18 () {58 vars in 1325 bytes} [Thu Sep 9 15:11:43 2021] GET /volume/v3/88c2de65976745c38aad6749ad27b6b3/volumes/ca594eae-884e-45ee-98b7-b2b4f52b7ed5 => generated 909 bytes in 138 msecs (HTTP/1.1 200) 7 headers in 285 bytes (2 switches on core 0)
Sep 09 15:11:43.224730 dv-cinder-776307-9-iscsi devstack@c-api.service[100962]: /usr/local/lib/python3.8/dist-packages/oslo_context/context.py:105: DeprecationWarning: Policy enforcement is depending on the value of is_admin. This key is deprecated. Please update your policy file to use the standard policy values.
Sep 09 15:11:43.224730 dv-cinder-776307-9-iscsi devstack@c-api.service[100962]: warnings.warn('Policy enforcement is depending on the value of '
Sep 09 15:11:43.243960 dv-cinder-776307-9-iscsi devstack@c-api.service[100962]: INFO cinder.volume.api [None req-64ab5309-5ff3-480b-ae17-776daede5c41 tempest-GroupSnapshotsTest-492750361 tempest-GroupSnapshotsTest-492750361-project] Volume info retrieved successfully.
Sep 09 15:11:43.262441 dv-cinder-776307-9-iscsi devstack@c-api.service[100962]: WARNING stevedore.named [None req-64ab5309-5ff3-480b-ae17-776daede5c41 tempest-GroupSnapshotsTest-492750361 tempest-GroupSnapshotsTest-492750361-project] Could not load cinder.keymgr.conf_key_mgr.ConfKeyManager
Sep 09 15:11:43.263659 dv-cinder-776307-9-iscsi devstack@c-api.service[100962]: WARNING castellan.key_manager [None req-64ab5309-5ff3-480b-ae17-776daede5c41 tempest-GroupSnapshotsTest-492750361 tempest-GroupSnapshotsTest-492750361-project] Deprecation Warning : cinder.keymgr.conf_key_mgr.ConfKeyManager is not a stevedore based driver, trying to load it as a class: stevedore.exception.NoMatches: No 'castellan.drivers' driver found, looking for 'cinder.keymgr.conf_key_mgr.ConfKeyManager'
Sep 09 15:11:43.286847 dv-cinder-776307-9-iscsi devstack@c-api.service[100962]: DEBUG oslo_db.sqlalchemy.engines [None req-64ab5309-5ff3-480b-ae17-776daede5c41 tempest-GroupSnapshotsTest-492750361 tempest-GroupSnapshotsTest-492750361-project] MySQL server mode set to STRICT_TRANS_TABLES,STRICT_ALL_TABLES,NO_ZERO_IN_DATE,NO_ZERO_DATE,ERROR_FOR_DIVISION_BY_ZERO,TRADITIONAL,NO_ENGINE_SUBSTITUTION {{(pid=100962) _check_effective_sql_mode /usr/local/lib/python3.8/dist-packages/oslo_db/sqlalchemy/engines.py:314}}
Sep 09 15:11:43.299274 dv-cinder-776307-9-iscsi devstack@c-api.service[100962]: /usr/local/lib/python3.8/dist-packages/oslo_context/context.py:105: DeprecationWarning: Policy enforcement is depending on the value of is_admin. This key is deprecated. Please update your policy file to use the standard policy values.
Sep 09 15:11:43.299274 dv-cinder-776307-9-iscsi devstack@c-api.service[100962]: warnings.warn('Policy enforcement is depending on the value of '
Sep 09 15:11:43.341791 dv-cinder-776307-9-iscsi devstack@c-api.service[100962]: INFO cinder.api.openstack.wsgi [None req-64ab5309-5ff3-480b-ae17-776daede5c41 tempest-GroupSnapshotsTest-492750361 tempest-GroupSnapshotsTest-492750361-project] http://10.222.0.18/volume/v3/6d7474632b0c471686173df97b5dd11b/volumes/f4cc55f6-2263-4694-b8ac-47fcbf0012f2 returned with HTTP 200
Sep 09 15:11:43.343742 dv-cinder-776307-9-iscsi devstack@c-api.service[100962]: [pid: 100962|app: 0|req: 69/143] 10.222.0.18 () {60 vars in 1366 bytes} [Thu Sep 9 15:11:43 2021] GET /volume/v3/6d7474632b0c471686173df97b5dd11b/volumes/f4cc55f6-2263-4694-b8ac-47fcbf0012f2 => generated 1000 bytes in 148 msecs (HTTP/1.1 200) 7 headers in 287 bytes (1 switches on core 0)
Sep 09 15:11:44.226289 dv-cinder-776307-9-iscsi devstack@c-api.service[100961]: INFO cinder.api.openstack.wsgi [None req-5f887b0a-653b-4091-b513-97b5b8bd1ac0 tempest-VolumesActionsTest-859627614 tempest-VolumesActionsTest-859627614-project] GET http://10.222.0.18/volume/v3/88c2de65976745c38aad6749ad27b6b3/volumes/ca594eae-884e-45ee-98b7-b2b4f52b7ed5
Sep 09 15:11:44.227645 dv-cinder-776307-9-iscsi devstack@c-api.service[100961]: DEBUG cinder.api.openstack.wsgi [None req-5f887b0a-653b-4091-b513-97b5b8bd1ac0 tempest-VolumesActionsTest-859627614 tempest-VolumesActionsTest-859627614-project] Empty body provided in request {{(pid=100961) get_body /opt/stack/cinder/cinder/api/openstack/wsgi.py:703}}
Sep 09 15:11:44.227825 dv-cinder-776307-9-iscsi devstack@c-api.service[100961]: /usr/local/lib/python3.8/dist-packages/webob/acceptparse.py:1047: DeprecationWarning: The behavior of AcceptValidHeader.best_match is currently being maintained for backward compatibility, but it will be deprecated in the future, as it does not conform to the RFC.
Sep 09 15:11:44.227825 dv-cinder-776307-9-iscsi devstack@c-api.service[100961]: warnings.warn(
Sep 09 15:11:44.228724 dv-cinder-776307-9-iscsi devstack@c-api.service[100961]: DEBUG cinder.api.openstack.wsgi [None req-5f887b0a-653b-4091-b513-97b5b8bd1ac0 tempest-VolumesActionsTest-859627614 tempest-VolumesActionsTest-859627614-project] Calling method 'show' {{(pid=100961) _process_stack /opt/stack/cinder/cinder/api/openstack/wsgi.py:856}}
Sep 09 15:11:44.240585 dv-cinder-776307-9-iscsi devstack@c-api.service[100961]: INFO cinder.api.openstack.wsgi [None req-5f887b0a-653b-4091-b513-97b5b8bd1ac0 tempest-VolumesActionsTest-859627614 tempest-VolumesActionsTest-859627614-project] http://10.222.0.18/volume/v3/88c2de65976745c38aad6749ad27b6b3/volumes/ca594eae-884e-45ee-98b7-b2b4f52b7ed5 returned with HTTP 404
Sep 09 15:11:44.247142 dv-cinder-776307-9-iscsi devstack@c-api.service[100961]: [pid: 100961|app: 0|req: 75/144] 10.222.0.18 () {58 vars in 1325 bytes} [Thu Sep 9 15:11:44 2021] GET /volume/v3/88c2de65976745c38aad6749ad27b6b3/volumes/ca594eae-884e-45ee-98b7-b2b4f52b7ed5 => generated 109 bytes in 20 msecs (HTTP/1.1 404) 7 headers in 292 bytes (1 switches on core 0)
Sep 09 15:11:44.250894 dv-cinder-776307-9-iscsi devstack@c-api.service[100962]: INFO cinder.api.openstack.wsgi [None req-5a2b8895-c91f-4aa3-96e0-d7d1678d645f tempest-VolumesActionsTest-859627614 tempest-VolumesActionsTest-859627614-project] POST http://10.222.0.18/volume/v3/88c2de65976745c38aad6749ad27b6b3/volumes
Sep 09 15:11:44.251526 dv-cinder-776307-9-iscsi devstack@c-api.service[100962]: /usr/local/lib/python3.8/dist-packages/webob/acceptparse.py:1047: DeprecationWarning: The behavior of AcceptValidHeader.best_match is currently being maintained for backward compatibility, but it will be deprecated in the future, as it does not conform to the RFC.
Sep 09 15:11:44.251526 dv-cinder-776307-9-iscsi devstack@c-api.service[100962]: warnings.warn(
Sep 09 15:11:44.252501 dv-cinder-776307-9-iscsi devstack@c-api.service[100962]: DEBUG cinder.api.openstack.wsgi [None req-5a2b8895-c91f-4aa3-96e0-d7d1678d645f tempest-VolumesActionsTest-859627614 tempest-VolumesActionsTest-859627614-project] Action: 'create', calling method: create, body: {"volume": {"size": 1, "name": "tempest-VolumesActionsTest-Volume-429008263"}} {{(pid=100962) _process_stack /opt/stack/cinder/cinder/api/openstack/wsgi.py:854}}
Sep 09 15:11:44.253570 dv-cinder-776307-9-iscsi devstack@c-api.service[100962]: DEBUG cinder.api.v3.volumes [None req-5a2b8895-c91f-4aa3-96e0-d7d1678d645f tempest-VolumesActionsTest-859627614 tempest-VolumesActionsTest-859627614-project] Create volume request body: {'volume': {'size': 1, 'name': 'tempest-VolumesActionsTest-Volume-429008263'}} {{(pid=100962) create /opt/stack/cinder/cinder/api/v3/volumes.py:298}}
Sep 09 15:11:44.253925 dv-cinder-776307-9-iscsi devstack@c-api.service[100962]: INFO cinder.api.v3.volumes [None req-5a2b8895-c91f-4aa3-96e0-d7d1678d645f tempest-VolumesActionsTest-859627614 tempest-VolumesActionsTest-859627614-project] Create volume of 1 GB
Sep 09 15:11:44.260708 dv-cinder-776307-9-iscsi devstack@c-api.service[100962]: INFO cinder.volume.api [None req-5a2b8895-c91f-4aa3-96e0-d7d1678d645f tempest-VolumesActionsTest-859627614 tempest-VolumesActionsTest-859627614-project] Availability Zones retrieved successfully.
Sep 09 15:11:44.278376 dv-cinder-776307-9-iscsi devstack@c-api.service[100962]: DEBUG cinder.volume.api [None req-5a2b8895-c91f-4aa3-96e0-d7d1678d645f tempest-VolumesActionsTest-859627614 tempest-VolumesActionsTest-859627614-project] Flow 'volume_create_api' (205dd3d7-7625-4c7f-832e-fd5faf899654) transitioned into state 'RUNNING' from state 'PENDING' {{(pid=100962) _flow_receiver /usr/local/lib/python3.8/dist-packages/taskflow/listeners/logging.py:141}}
Sep 09 15:11:44.281100 dv-cinder-776307-9-iscsi devstack@c-api.service[100962]: DEBUG cinder.volume.api [None req-5a2b8895-c91f-4aa3-96e0-d7d1678d645f tempest-VolumesActionsTest-859627614 tempest-VolumesActionsTest-859627614-project] Task 'cinder.volume.flows.api.create_volume.ExtractVolumeRequestTask;volume:create' (bf50edb1-8ff9-4fd9-bf96-ca3f88b55ae2) transitioned into state 'RUNNING' from state 'PENDING' {{(pid=100962) _task_receiver /usr/local/lib/python3.8/dist-packages/taskflow/listeners/logging.py:190}}
Sep 09 15:11:44.283171 dv-cinder-776307-9-iscsi devstack@c-api.service[100962]: DEBUG cinder.volume.flows.api.create_volume [None req-5a2b8895-c91f-4aa3-96e0-d7d1678d645f tempest-VolumesActionsTest-859627614 tempest-VolumesActionsTest-859627614-project] Validating volume size '1' using validate_int {{(pid=100962) _extract_size /opt/stack/cinder/cinder/volume/flows/api/create_volume.py:225}}
