Sep 09 15:12:01.858525 dv-cinder-776307-9-iscsi devstack@c-api.service[100961]: DEBUG cinder.volume.api [None req-85876418-de9d-4b54-9a8e-94b5eb073795 tempest-VolumeTypesTest-1629727377 tempest-VolumeTypesTest-1629727377-project] Task 'cinder.volume.flows.api.create_volume.VolumeCastTask;volume:create' (b31814dc-770d-42ec-81b5-e0465fe59d69) transitioned into state 'SUCCESS' from state 'RUNNING' with result 'None' {{(pid=100961) _task_receiver /usr/local/lib/python3.8/dist-packages/taskflow/listeners/logging.py:178}}
Sep 09 15:12:01.862934 dv-cinder-776307-9-iscsi devstack@c-api.service[100961]: DEBUG cinder.volume.api [None req-85876418-de9d-4b54-9a8e-94b5eb073795 tempest-VolumeTypesTest-1629727377 tempest-VolumeTypesTest-1629727377-project] Flow 'volume_create_api' (e34bd8a8-4e25-4441-b000-cee3faf81afd) transitioned into state 'SUCCESS' from state 'RUNNING' {{(pid=100961) _flow_receiver /usr/local/lib/python3.8/dist-packages/taskflow/listeners/logging.py:141}}
Sep 09 15:12:01.863539 dv-cinder-776307-9-iscsi devstack@c-api.service[100961]: INFO cinder.volume.api [None req-85876418-de9d-4b54-9a8e-94b5eb073795 tempest-VolumeTypesTest-1629727377 tempest-VolumeTypesTest-1629727377-project] Create volume request issued successfully.
Sep 09 15:12:01.881588 dv-cinder-776307-9-iscsi devstack@c-api.service[100961]: INFO cinder.api.openstack.wsgi [None req-85876418-de9d-4b54-9a8e-94b5eb073795 tempest-VolumeTypesTest-1629727377 tempest-VolumeTypesTest-1629727377-project] http://10.222.0.18/volume/v3/3afe6209cce245e1a51a1e2704450c76/volumes returned with HTTP 202
Sep 09 15:12:01.884142 dv-cinder-776307-9-iscsi devstack@c-api.service[100961]: [pid: 100961|app: 0|req: 138/260] 10.222.0.18 () {60 vars in 1236 bytes} [Thu Sep 9 15:12:00 2021] POST /volume/v3/3afe6209cce245e1a51a1e2704450c76/volumes => generated 849 bytes in 1320 msecs (HTTP/1.1 202) 7 headers in 291 bytes (1 switches on core 0)
Sep 09 15:12:01.899872 dv-cinder-776307-9-iscsi devstack@c-api.service[100961]: INFO cinder.api.openstack.wsgi [None req-6853e94b-123a-4c4f-8324-e243b918f068 tempest-GroupSnapshotsTest-492750361 tempest-GroupSnapshotsTest-492750361-project] DELETE http://10.222.0.18/volume/v3/6d7474632b0c471686173df97b5dd11b/group_snapshots/f6857c98-17f1-429b-8099-6c038c3ae8fb
Sep 09 15:12:01.900884 dv-cinder-776307-9-iscsi devstack@c-api.service[100961]: DEBUG cinder.api.openstack.wsgi [None req-6853e94b-123a-4c4f-8324-e243b918f068 tempest-GroupSnapshotsTest-492750361 tempest-GroupSnapshotsTest-492750361-project] Empty body provided in request {{(pid=100961) get_body /opt/stack/cinder/cinder/api/openstack/wsgi.py:703}}
Sep 09 15:12:01.901165 dv-cinder-776307-9-iscsi devstack@c-api.service[100961]: /usr/local/lib/python3.8/dist-packages/webob/acceptparse.py:1047: DeprecationWarning: The behavior of AcceptValidHeader.best_match is currently being maintained for backward compatibility, but it will be deprecated in the future, as it does not conform to the RFC.
Sep 09 15:12:01.901165 dv-cinder-776307-9-iscsi devstack@c-api.service[100961]: warnings.warn(
Sep 09 15:12:01.901683 dv-cinder-776307-9-iscsi devstack@c-api.service[100961]: DEBUG cinder.api.openstack.wsgi [None req-6853e94b-123a-4c4f-8324-e243b918f068 tempest-GroupSnapshotsTest-492750361 tempest-GroupSnapshotsTest-492750361-project] Calling method 'version_select' {{(pid=100961) _process_stack /opt/stack/cinder/cinder/api/openstack/wsgi.py:856}}
Sep 09 15:12:01.902299 dv-cinder-776307-9-iscsi devstack@c-api.service[100961]: DEBUG cinder.api.v3.group_snapshots [None req-6853e94b-123a-4c4f-8324-e243b918f068 tempest-GroupSnapshotsTest-492750361 tempest-GroupSnapshotsTest-492750361-project] delete called for member f6857c98-17f1-429b-8099-6c038c3ae8fb {{(pid=100961) delete /opt/stack/cinder/cinder/api/v3/group_snapshots.py:72}}
Sep 09 15:12:01.902843 dv-cinder-776307-9-iscsi devstack@c-api.service[100961]: INFO cinder.api.v3.group_snapshots [None req-6853e94b-123a-4c4f-8324-e243b918f068 tempest-GroupSnapshotsTest-492750361 tempest-GroupSnapshotsTest-492750361-project] Delete group_snapshot with id: f6857c98-17f1-429b-8099-6c038c3ae8fb
Sep 09 15:12:01.912701 dv-cinder-776307-9-iscsi devstack@c-api.service[100961]: /usr/local/lib/python3.8/dist-packages/oslo_context/context.py:105: DeprecationWarning: Policy enforcement is depending on the value of is_admin. This key is deprecated. Please update your policy file to use the standard policy values.
Sep 09 15:12:01.912701 dv-cinder-776307-9-iscsi devstack@c-api.service[100961]: warnings.warn('Policy enforcement is depending on the value of '
Sep 09 15:12:02.003291 dv-cinder-776307-9-iscsi devstack@c-api.service[100961]: INFO cinder.api.openstack.wsgi [None req-6853e94b-123a-4c4f-8324-e243b918f068 tempest-GroupSnapshotsTest-492750361 tempest-GroupSnapshotsTest-492750361-project] http://10.222.0.18/volume/v3/6d7474632b0c471686173df97b5dd11b/group_snapshots/f6857c98-17f1-429b-8099-6c038c3ae8fb returned with HTTP 202
Sep 09 15:12:02.005271 dv-cinder-776307-9-iscsi devstack@c-api.service[100961]: [pid: 100961|app: 0|req: 139/261] 10.222.0.18 () {60 vars in 1393 bytes} [Thu Sep 9 15:12:01 2021] DELETE /volume/v3/6d7474632b0c471686173df97b5dd11b/group_snapshots/f6857c98-17f1-429b-8099-6c038c3ae8fb => generated 0 bytes in 120 msecs (HTTP/1.1 202) 6 headers in 234 bytes (1 switches on core 0)
Sep 09 15:12:02.012702 dv-cinder-776307-9-iscsi devstack@c-api.service[100961]: INFO cinder.api.openstack.wsgi [None req-180a31ed-2e44-4b79-bd8a-7d533fb35abc tempest-VolumeQuotasNegativeTestJSON-1343974657 tempest-VolumeQuotasNegativeTestJSON-1343974657-project-admin] PUT http://10.222.0.18/volume/v3/446bd1275d4a4f2081c00e18d086934e/os-quota-sets/6614d50668574c178e17eece0c13d637
Sep 09 15:12:02.013258 dv-cinder-776307-9-iscsi devstack@c-api.service[100961]: /usr/local/lib/python3.8/dist-packages/webob/acceptparse.py:1047: DeprecationWarning: The behavior of AcceptValidHeader.best_match is currently being maintained for backward compatibility, but it will be deprecated in the future, as it does not conform to the RFC.
Sep 09 15:12:02.013258 dv-cinder-776307-9-iscsi devstack@c-api.service[100961]: warnings.warn(
Sep 09 15:12:02.013741 dv-cinder-776307-9-iscsi devstack@c-api.service[100961]: DEBUG cinder.api.openstack.wsgi [None req-180a31ed-2e44-4b79-bd8a-7d533fb35abc tempest-VolumeQuotasNegativeTestJSON-1343974657 tempest-VolumeQuotasNegativeTestJSON-1343974657-project-admin] Action: 'update', calling method: update, body: {"quota_set": {"gigabytes": 1, "volumes": -1}} {{(pid=100961) _process_stack /opt/stack/cinder/cinder/api/openstack/wsgi.py:854}}
Sep 09 15:12:02.030872 dv-cinder-776307-9-iscsi devstack@c-api.service[100961]: /usr/local/lib/python3.8/dist-packages/oslo_context/context.py:105: DeprecationWarning: Policy enforcement is depending on the value of is_admin. This key is deprecated. Please update your policy file to use the standard policy values.
Sep 09 15:12:02.030872 dv-cinder-776307-9-iscsi devstack@c-api.service[100961]: warnings.warn('Policy enforcement is depending on the value of '
Sep 09 15:12:02.107344 dv-cinder-776307-9-iscsi devstack@c-api.service[100961]: WARNING cinder.quota [None req-180a31ed-2e44-4b79-bd8a-7d533fb35abc tempest-VolumeQuotasNegativeTestJSON-1343974657 tempest-VolumeQuotasNegativeTestJSON-1343974657-project-admin] Deprecated: Default quota for resource: volumes_tempest-VolumeTypesTest-volume-type-909920627 is set by the default quota flag: quota_volumes_tempest-VolumeTypesTest-volume-type-909920627, it is now deprecated. Please use the default quota class for default quota.
Sep 09 15:12:02.108576 dv-cinder-776307-9-iscsi devstack@c-api.service[100961]: WARNING cinder.quota [None req-180a31ed-2e44-4b79-bd8a-7d533fb35abc tempest-VolumeQuotasNegativeTestJSON-1343974657 tempest-VolumeQuotasNegativeTestJSON-1343974657-project-admin] Deprecated: Default quota for resource: gigabytes_tempest-VolumeTypesTest-volume-type-909920627 is set by the default quota flag: quota_gigabytes_tempest-VolumeTypesTest-volume-type-909920627, it is now deprecated. Please use the default quota class for default quota.
Sep 09 15:12:02.109438 dv-cinder-776307-9-iscsi devstack@c-api.service[100961]: WARNING cinder.quota [None req-180a31ed-2e44-4b79-bd8a-7d533fb35abc tempest-VolumeQuotasNegativeTestJSON-1343974657 tempest-VolumeQuotasNegativeTestJSON-1343974657-project-admin] Deprecated: Default quota for resource: snapshots_tempest-VolumeTypesTest-volume-type-909920627 is set by the default quota flag: quota_snapshots_tempest-VolumeTypesTest-volume-type-909920627, it is now deprecated. Please use the default quota class for default quota.
Sep 09 15:12:02.111462 dv-cinder-776307-9-iscsi devstack@c-api.service[100961]: WARNING cinder.quota [None req-180a31ed-2e44-4b79-bd8a-7d533fb35abc tempest-VolumeQuotasNegativeTestJSON-1343974657 tempest-VolumeQuotasNegativeTestJSON-1343974657-project-admin] Deprecated: Default quota for resource: snapshots_tempest-VolumeTypesTest-volume-type-1956161203 is set by the default quota flag: quota_snapshots_tempest-VolumeTypesTest-volume-type-1956161203, it is now deprecated. Please use the default quota class for default quota.
Sep 09 15:12:02.126138 dv-cinder-776307-9-iscsi devstack@c-api.service[100961]: INFO cinder.api.openstack.wsgi [None req-180a31ed-2e44-4b79-bd8a-7d533fb35abc tempest-VolumeQuotasNegativeTestJSON-1343974657 tempest-VolumeQuotasNegativeTestJSON-1343974657-project-admin] http://10.222.0.18/volume/v3/446bd1275d4a4f2081c00e18d086934e/os-quota-sets/6614d50668574c178e17eece0c13d637 returned with HTTP 200
Sep 09 15:12:02.126949 dv-cinder-776307-9-iscsi devstack@c-api.service[100961]: [pid: 100961|app: 0|req: 140/262] 10.222.0.18 () {60 vars in 1351 bytes} [Thu Sep 9 15:12:02 2021] PUT /volume/v3/446bd1275d4a4f2081c00e18d086934e/os-quota-sets/6614d50668574c178e17eece0c13d637 => generated 1091 bytes in 121 msecs (HTTP/1.1 200) 7 headers in 286 bytes (1 switches on core 0)
Sep 09 15:12:02.131379 dv-cinder-776307-9-iscsi devstack@c-api.service[100961]: INFO cinder.api.openstack.wsgi [None req-6d1e6749-ded5-4bec-8976-79098700fa64 tempest-VolumesActionsTest-859627614 tempest-VolumesActionsTest-859627614-project] DELETE http://10.222.0.18/volume/v3/88c2de65976745c38aad6749ad27b6b3/volumes/ca594eae-884e-45ee-98b7-b2b4f52b7ed5
Sep 09 15:12:02.131918 dv-cinder-776307-9-iscsi devstack@c-api.service[100961]: DEBUG cinder.api.openstack.wsgi [None req-6d1e6749-ded5-4bec-8976-79098700fa64 tempest-VolumesActionsTest-859627614 tempest-VolumesActionsTest-859627614-project] Empty body provided in request {{(pid=100961) get_body /opt/stack/cinder/cinder/api/openstack/wsgi.py:703}}
Sep 09 15:12:02.132952 dv-cinder-776307-9-iscsi devstack@c-api.service[100961]: DEBUG cinder.api.openstack.wsgi [None req-6d1e6749-ded5-4bec-8976-79098700fa64 tempest-VolumesActionsTest-859627614 tempest-VolumesActionsTest-859627614-project] Calling method 'delete' {{(pid=100961) _process_stack /opt/stack/cinder/cinder/api/openstack/wsgi.py:856}}
Sep 09 15:12:02.133337 dv-cinder-776307-9-iscsi devstack@c-api.service[100961]: INFO cinder.api.v3.volumes [None req-6d1e6749-ded5-4bec-8976-79098700fa64 tempest-VolumesActionsTest-859627614 tempest-VolumesActionsTest-859627614-project] Delete volume with id: ca594eae-884e-45ee-98b7-b2b4f52b7ed5
Sep 09 15:12:02.145049 dv-cinder-776307-9-iscsi devstack@c-api.service[100961]: INFO cinder.api.openstack.wsgi [None req-6d1e6749-ded5-4bec-8976-79098700fa64 tempest-VolumesActionsTest-859627614 tempest-VolumesActionsTest-859627614-project] http://10.222.0.18/volume/v3/88c2de65976745c38aad6749ad27b6b3/volumes/ca594eae-884e-45ee-98b7-b2b4f52b7ed5 returned with HTTP 404
Sep 09 15:12:02.146055 dv-cinder-776307-9-iscsi devstack@c-api.service[100961]: [pid: 100961|app: 0|req: 141/263] 10.222.0.18 () {58 vars in 1328 bytes} [Thu Sep 9 15:12:02 2021] DELETE /volume/v3/88c2de65976745c38aad6749ad27b6b3/volumes/ca594eae-884e-45ee-98b7-b2b4f52b7ed5 => generated 109 bytes in 19 msecs (HTTP/1.1 404) 7 headers in 292 bytes (1 switches on core 0)
Sep 09 15:12:02.154326 dv-cinder-776307-9-iscsi devstack@c-api.service[100961]: INFO cinder.api.openstack.wsgi [None req-fd90c27b-9a87-48da-af16-1f50fb476c59 tempest-VolumeTypesTest-1629727377 tempest-VolumeTypesTest-1629727377-project] GET http://10.222.0.18/volume/v3/3afe6209cce245e1a51a1e2704450c76/volumes/5ddf7a6a-1d33-4921-ac30-513dd6ef20bd
Sep 09 15:12:02.154813 dv-cinder-776307-9-iscsi devstack@c-api.service[100961]: DEBUG cinder.api.openstack.wsgi [None req-fd90c27b-9a87-48da-af16-1f50fb476c59 tempest-VolumeTypesTest-1629727377 tempest-VolumeTypesTest-1629727377-project] Empty body provided in request {{(pid=100961) get_body /opt/stack/cinder/cinder/api/openstack/wsgi.py:703}}
Sep 09 15:12:02.155228 dv-cinder-776307-9-iscsi devstack@c-api.service[100961]: DEBUG cinder.api.openstack.wsgi [None req-fd90c27b-9a87-48da-af16-1f50fb476c59 tempest-VolumeTypesTest-1629727377 tempest-VolumeTypesTest-1629727377-project] Calling method 'show' {{(pid=100961) _process_stack /opt/stack/cinder/cinder/api/openstack/wsgi.py:856}}
Sep 09 15:12:02.170831 dv-cinder-776307-9-iscsi devstack@c-api.service[100961]: /usr/local/lib/python3.8/dist-packages/oslo_context/context.py:105: DeprecationWarning: Policy enforcement is depending on the value of is_admin. This key is deprecated. Please update your policy file to use the standard policy values.
Sep 09 15:12:02.170831 dv-cinder-776307-9-iscsi devstack@c-api.service[100961]: warnings.warn('Policy enforcement is depending on the value of '
Sep 09 15:12:02.179443 dv-cinder-776307-9-iscsi devstack@c-api.service[100961]: INFO cinder.volume.api [None req-fd90c27b-9a87-48da-af16-1f50fb476c59 tempest-VolumeTypesTest-1629727377 tempest-VolumeTypesTest-1629727377-project] Volume info retrieved successfully.
Sep 09 15:12:02.208493 dv-cinder-776307-9-iscsi devstack@c-api.service[100961]: INFO cinder.api.openstack.wsgi [None req-fd90c27b-9a87-48da-af16-1f50fb476c59 tempest-VolumeTypesTest-1629727377 tempest-VolumeTypesTest-1629727377-project] http://10.222.0.18/volume/v3/3afe6209cce245e1a51a1e2704450c76/volumes/5ddf7a6a-1d33-4921-ac30-513dd6ef20bd returned with HTTP 200
Sep 09 15:12:02.212583 dv-cinder-776307-9-iscsi devstack@c-api.service[100962]: DEBUG cinder.coordination [req-6587585f-01e7-4f66-a521-be555570097c req-5e068104-ec21-4303-b7e6-20b91bbe8d3b tempest-DeleteServersTestJSON-1856285899 tempest-DeleteServersTestJSON-1856285899-project] Lock "b'cinder-attachment_update-3c9eff3f-4585-47bc-8e3c-17764b6be193-hv-cinder-77630'" released by "attachment_update" :: held 0.486s {{(pid=100962) _synchronized /opt/stack/cinder/cinder/coordination.py:193}}
Sep 09 15:12:02.213717 dv-cinder-776307-9-iscsi devstack@c-api.service[100962]: INFO cinder.api.openstack.wsgi [req-6587585f-01e7-4f66-a521-be555570097c req-5e068104-ec21-4303-b7e6-20b91bbe8d3b tempest-DeleteServersTestJSON-1856285899 tempest-DeleteServersTestJSON-1856285899-project] http://10.222.0.18/volume/v3/a31d8717c5034c3fb3b7441331905157/attachments/54db1c8c-8674-4085-bd74-20a62885f3dc returned with HTTP 200
Sep 09 15:12:02.214928 dv-cinder-776307-9-iscsi devstack@c-api.service[100961]: [pid: 100961|app: 0|req: 142/264] 10.222.0.18 () {58 vars in 1325 bytes} [Thu Sep 9 15:12:02 2021] GET /volume/v3/3afe6209cce245e1a51a1e2704450c76/volumes/5ddf7a6a-1d33-4921-ac30-513dd6ef20bd => generated 941 bytes in 68 msecs (HTTP/1.1 200) 7 headers in 285 bytes (1 switches on core 0)
Sep 09 15:12:02.215555 dv-cinder-776307-9-iscsi devstack@c-api.service[100962]: [pid: 100962|app: 0|req: 123/265] 10.222.0.39 () {64 vars in 1478 bytes} [Thu Sep 9 15:12:01 2021] PUT /volume/v3/a31d8717c5034c3fb3b7441331905157/attachments/54db1c8c-8674-4085-bd74-20a62885f3dc => generated 747 bytes in 569 msecs (HTTP/1.1 200) 7 headers in 286 bytes (1 switches on core 0)
Sep 09 15:12:02.223031 dv-cinder-776307-9-iscsi devstack@c-api.service[100961]: INFO cinder.api.openstack.wsgi [None req-0d1486cb-be0a-4bf4-b63a-c4939665e940 tempest-GroupSnapshotsTest-492750361 tempest-GroupSnapshotsTest-492750361-project] GET http://10.222.0.18/volume/v3/6d7474632b0c471686173df97b5dd11b/volumes/detail
Sep 09 15:12:02.223875 dv-cinder-776307-9-iscsi devstack@c-api.service[100962]: INFO cinder.api.openstack.wsgi [None req-60ff6e6d-c985-48f9-ae9e-47599cafe75e tempest-DeleteServersTestJSON-1856285899 tempest-DeleteServersTestJSON-1856285899-project] GET http://10.222.0.18/volume/v3/a31d8717c5034c3fb3b7441331905157/volumes/3c9eff3f-4585-47bc-8e3c-17764b6be193
Sep 09 15:12:02.224040 dv-cinder-776307-9-iscsi devstack@c-api.service[100961]: DEBUG cinder.api.openstack.wsgi [None req-0d1486cb-be0a-4bf4-b63a-c4939665e940 tempest-GroupSnapshotsTest-492750361 tempest-GroupSnapshotsTest-492750361-project] Empty body provided in request {{(pid=100961) get_body /opt/stack/cinder/cinder/api/openstack/wsgi.py:703}}
Sep 09 15:12:02.225061 dv-cinder-776307-9-iscsi devstack@c-api.service[100961]: /usr/local/lib/python3.8/dist-packages/webob/acceptparse.py:1047: DeprecationWarning: The behavior of AcceptValidHeader.best_match is currently being maintained for backward compatibility, but it will be deprecated in the future, as it does not conform to the RFC.
Sep 09 15:12:02.225061 dv-cinder-776307-9-iscsi devstack@c-api.service[100961]: warnings.warn(
Sep 09 15:12:02.225666 dv-cinder-776307-9-iscsi devstack@c-api.service[100961]: DEBUG cinder.api.openstack.wsgi [None req-0d1486cb-be0a-4bf4-b63a-c4939665e940 tempest-GroupSnapshotsTest-492750361 tempest-GroupSnapshotsTest-492750361-project] Calling method 'detail' {{(pid=100961) _process_stack /opt/stack/cinder/cinder/api/openstack/wsgi.py:856}}
Sep 09 15:12:02.225821 dv-cinder-776307-9-iscsi devstack@c-api.service[100962]: DEBUG cinder.api.openstack.wsgi [None req-60ff6e6d-c985-48f9-ae9e-47599cafe75e tempest-DeleteServersTestJSON-1856285899 tempest-DeleteServersTestJSON-1856285899-project] Empty body provided in request {{(pid=100962) get_body /opt/stack/cinder/cinder/api/openstack/wsgi.py:703}}
Sep 09 15:12:02.227123 dv-cinder-776307-9-iscsi devstack@c-api.service[100962]: /usr/local/lib/python3.8/dist-packages/webob/acceptparse.py:1047: DeprecationWarning: The behavior of AcceptValidHeader.best_match is currently being maintained for backward compatibility, but it will be deprecated in the future, as it does not conform to the RFC.
Sep 09 15:12:02.227123 dv-cinder-776307-9-iscsi devstack@c-api.service[100962]: warnings.warn(
Sep 09 15:12:02.228387 dv-cinder-776307-9-iscsi devstack@c-api.service[100962]: DEBUG cinder.api.openstack.wsgi [None req-60ff6e6d-c985-48f9-ae9e-47599cafe75e tempest-DeleteServersTestJSON-1856285899 tempest-DeleteServersTestJSON-1856285899-project] Calling method 'show' {{(pid=100962) _process_stack /opt/stack/cinder/cinder/api/openstack/wsgi.py:856}}
Sep 09 15:12:02.228736 dv-cinder-776307-9-iscsi devstack@c-api.service[100961]: DEBUG cinder.api.api_utils [None req-0d1486cb-be0a-4bf4-b63a-c4939665e940 tempest-GroupSnapshotsTest-492750361 tempest-GroupSnapshotsTest-492750361-project] Removing options '' from query. {{(pid=100961) remove_invalid_filter_options /opt/stack/cinder/cinder/api/api_utils.py:73}}
Sep 09 15:12:02.232059 dv-cinder-776307-9-iscsi devstack@c-api.service[100961]: DEBUG cinder.volume.api [None req-0d1486cb-be0a-4bf4-b63a-c4939665e940 tempest-GroupSnapshotsTest-492750361 tempest-GroupSnapshotsTest-492750361-project] Searching by: MultiDict([('no_migration_targets', True)]). {{(pid=100961) get_all /opt/stack/cinder/cinder/volume/api.py:619}}
Sep 09 15:12:02.256416 dv-cinder-776307-9-iscsi devstack@c-api.service[100962]: /usr/local/lib/python3.8/dist-packages/oslo_context/context.py:105: DeprecationWarning: Policy enforcement is depending on the value of is_admin. This key is deprecated. Please update your policy file to use the standard policy values.
Sep 09 15:12:02.256416 dv-cinder-776307-9-iscsi devstack@c-api.service[100962]: warnings.warn('Policy enforcement is depending on the value of '
Sep 09 15:12:02.267486 dv-cinder-776307-9-iscsi devstack@c-api.service[100962]: INFO cinder.volume.api [None req-60ff6e6d-c985-48f9-ae9e-47599cafe75e tempest-DeleteServersTestJSON-1856285899 tempest-DeleteServersTestJSON-1856285899-project] Volume info retrieved successfully.
Sep 09 15:12:02.283456 dv-cinder-776307-9-iscsi devstack@c-api.service[100962]: /usr/local/lib/python3.8/dist-packages/oslo_context/context.py:105: DeprecationWarning: Policy enforcement is depending on the value of is_admin. This key is deprecated. Please update your policy file to use the standard policy values.
Sep 09 15:12:02.283456 dv-cinder-776307-9-iscsi devstack@c-api.service[100962]: warnings.warn('Policy enforcement is depending on the value of '
Sep 09 15:12:02.301196 dv-cinder-776307-9-iscsi devstack@c-api.service[100962]: INFO cinder.api.openstack.wsgi [None req-60ff6e6d-c985-48f9-ae9e-47599cafe75e tempest-DeleteServersTestJSON-1856285899 tempest-DeleteServersTestJSON-1856285899-project] http://10.222.0.18/volume/v3/a31d8717c5034c3fb3b7441331905157/volumes/3c9eff3f-4585-47bc-8e3c-17764b6be193 returned with HTTP 200
Sep 09 15:12:02.302590 dv-cinder-776307-9-iscsi devstack@c-api.service[100962]: [pid: 100962|app: 0|req: 124/266] 10.222.0.18 () {58 vars in 1325 bytes} [Thu Sep 9 15:12:02 2021] GET /volume/v3/a31d8717c5034c3fb3b7441331905157/volumes/3c9eff3f-4585-47bc-8e3c-17764b6be193 => generated 914 bytes in 86 msecs (HTTP/1.1 200) 7 headers in 285 bytes (1 switches on core 0)
Sep 09 15:12:02.311769 dv-cinder-776307-9-iscsi devstack@c-api.service[100962]: INFO cinder.api.openstack.wsgi [None req-d258a323-185d-424d-83f1-e47816cce46d tempest-VolumeQuotasNegativeTestJSON-2064694599 tempest-VolumeQuotasNegativeTestJSON-2064694599-project] POST http://10.222.0.18/volume/v3/6614d50668574c178e17eece0c13d637/volumes
Sep 09 15:12:02.313916 dv-cinder-776307-9-iscsi devstack@c-api.service[100962]: /usr/local/lib/python3.8/dist-packages/webob/acceptparse.py:1047: DeprecationWarning: The behavior of AcceptValidHeader.best_match is currently being maintained for backward compatibility, but it will be deprecated in the future, as it does not conform to the RFC.
Sep 09 15:12:02.313916 dv-cinder-776307-9-iscsi devstack@c-api.service[100962]: warnings.warn(
Sep 09 15:12:02.315141 dv-cinder-776307-9-iscsi devstack@c-api.service[100962]: DEBUG cinder.api.openstack.wsgi [None req-d258a323-185d-424d-83f1-e47816cce46d tempest-VolumeQuotasNegativeTestJSON-2064694599 tempest-VolumeQuotasNegativeTestJSON-2064694599-project] Action: 'create', calling method: create, body: {"volume": {"size": 2}} {{(pid=100962) _process_stack /opt/stack/cinder/cinder/api/openstack/wsgi.py:854}}
Sep 09 15:12:02.316838 dv-cinder-776307-9-iscsi devstack@c-api.service[100962]: DEBUG cinder.api.v3.volumes [None req-d258a323-185d-424d-83f1-e47816cce46d tempest-VolumeQuotasNegativeTestJSON-2064694599 tempest-VolumeQuotasNegativeTestJSON-2064694599-project] Create volume request body: {'volume': {'size': 2}} {{(pid=100962) create /opt/stack/cinder/cinder/api/v3/volumes.py:298}}
Sep 09 15:12:02.317460 dv-cinder-776307-9-iscsi devstack@c-api.service[100962]: INFO cinder.api.v3.volumes [None req-d258a323-185d-424d-83f1-e47816cce46d tempest-VolumeQuotasNegativeTestJSON-2064694599 tempest-VolumeQuotasNegativeTestJSON-2064694599-project] Create volume of 2 GB
Sep 09 15:12:02.318150 dv-cinder-776307-9-iscsi devstack@c-api.service[100961]: INFO cinder.volume.api [None req-0d1486cb-be0a-4bf4-b63a-c4939665e940 tempest-GroupSnapshotsTest-492750361 tempest-GroupSnapshotsTest-492750361-project] Get all volumes completed successfully.
Sep 09 15:12:02.319744 dv-cinder-776307-9-iscsi devstack@c-api.service[100961]: WARNING stevedore.named [None req-0d1486cb-be0a-4bf4-b63a-c4939665e940 tempest-GroupSnapshotsTest-492750361 tempest-GroupSnapshotsTest-492750361-project] Could not load cinder.keymgr.conf_key_mgr.ConfKeyManager
Sep 09 15:12:02.320885 dv-cinder-776307-9-iscsi devstack@c-api.service[100961]: WARNING castellan.key_manager [None req-0d1486cb-be0a-4bf4-b63a-c4939665e940 tempest-GroupSnapshotsTest-492750361 tempest-GroupSnapshotsTest-492750361-project] Deprecation Warning : cinder.keymgr.conf_key_mgr.ConfKeyManager is not a stevedore based driver, trying to load it as a class: stevedore.exception.NoMatches: No 'castellan.drivers' driver found, looking for 'cinder.keymgr.conf_key_mgr.ConfKeyManager'
Sep 09 15:12:02.329203 dv-cinder-776307-9-iscsi devstack@c-api.service[100961]: DEBUG oslo_db.sqlalchemy.engines [None req-0d1486cb-be0a-4bf4-b63a-c4939665e940 tempest-GroupSnapshotsTest-492750361 tempest-GroupSnapshotsTest-492750361-project] MySQL server mode set to STRICT_TRANS_TABLES,STRICT_ALL_TABLES,NO_ZERO_IN_DATE,NO_ZERO_DATE,ERROR_FOR_DIVISION_BY_ZERO,TRADITIONAL,NO_ENGINE_SUBSTITUTION {{(pid=100961) _check_effective_sql_mode /usr/local/lib/python3.8/dist-packages/oslo_db/sqlalchemy/engines.py:314}}
Sep 09 15:12:02.329467 dv-cinder-776307-9-iscsi devstack@c-api.service[100962]: INFO cinder.volume.api [None req-d258a323-185d-424d-83f1-e47816cce46d tempest-VolumeQuotasNegativeTestJSON-2064694599 tempest-VolumeQuotasNegativeTestJSON-2064694599-project] Availability Zones retrieved successfully.
Sep 09 15:12:02.336983 dv-cinder-776307-9-iscsi devstack@c-api.service[100961]: /usr/local/lib/python3.8/dist-packages/oslo_context/context.py:105: DeprecationWarning: Policy enforcement is depending on the value of is_admin. This key is deprecated. Please update your policy file to use the standard policy values.
Sep 09 15:12:02.336983 dv-cinder-776307-9-iscsi devstack@c-api.service[100961]: warnings.warn('Policy enforcement is depending on the value of '
Sep 09 15:12:02.346334 dv-cinder-776307-9-iscsi devstack@c-api.service[100961]: WARNING stevedore.named [None req-0d1486cb-be0a-4bf4-b63a-c4939665e940 tempest-GroupSnapshotsTest-492750361 tempest-GroupSnapshotsTest-492750361-project] Could not load cinder.keymgr.conf_key_mgr.ConfKeyManager
Sep 09 15:12:02.346837 dv-cinder-776307-9-iscsi devstack@c-api.service[100961]: WARNING castellan.key_manager [None req-0d1486cb-be0a-4bf4-b63a-c4939665e940 tempest-GroupSnapshotsTest-492750361 tempest-GroupSnapshotsTest-492750361-project] Deprecation Warning : cinder.keymgr.conf_key_mgr.ConfKeyManager is not a stevedore based driver, trying to load it as a class: stevedore.exception.NoMatches: No 'castellan.drivers' driver found, looking for 'cinder.keymgr.conf_key_mgr.ConfKeyManager'
Sep 09 15:12:02.358956 dv-cinder-776307-9-iscsi devstack@c-api.service[100961]: DEBUG oslo_db.sqlalchemy.engines [None req-0d1486cb-be0a-4bf4-b63a-c4939665e940 tempest-GroupSnapshotsTest-492750361 tempest-GroupSnapshotsTest-492750361-project] MySQL server mode set to STRICT_TRANS_TABLES,STRICT_ALL_TABLES,NO_ZERO_IN_DATE,NO_ZERO_DATE,ERROR_FOR_DIVISION_BY_ZERO,TRADITIONAL,NO_ENGINE_SUBSTITUTION {{(pid=100961) _check_effective_sql_mode /usr/local/lib/python3.8/dist-packages/oslo_db/sqlalchemy/engines.py:314}}
Sep 09 15:12:02.363317 dv-cinder-776307-9-iscsi devstack@c-api.service[100962]: DEBUG cinder.volume.api [None req-d258a323-185d-424d-83f1-e47816cce46d tempest-VolumeQuotasNegativeTestJSON-2064694599 tempest-VolumeQuotasNegativeTestJSON-2064694599-project] Flow 'volume_create_api' (bfa8b666-e473-4a22-b4c8-861d33ac97de) transitioned into state 'RUNNING' from state 'PENDING' {{(pid=100962) _flow_receiver /usr/local/lib/python3.8/dist-packages/taskflow/listeners/logging.py:141}}
Sep 09 15:12:02.366144 dv-cinder-776307-9-iscsi devstack@c-api.service[100961]: /usr/local/lib/python3.8/dist-packages/oslo_context/context.py:105: DeprecationWarning: Policy enforcement is depending on the value of is_admin. This key is deprecated. Please update your policy file to use the standard policy values.
Sep 09 15:12:02.366144 dv-cinder-776307-9-iscsi devstack@c-api.service[100961]: warnings.warn('Policy enforcement is depending on the value of '
Sep 09 15:12:02.369047 dv-cinder-776307-9-iscsi devstack@c-api.service[100962]: DEBUG cinder.volume.api [None req-d258a323-185d-424d-83f1-e47816cce46d tempest-VolumeQuotasNegativeTestJSON-2064694599 tempest-VolumeQuotasNegativeTestJSON-2064694599-project] Task 'cinder.volume.flows.api.create_volume.ExtractVolumeRequestTask;volume:create' (85cc4a19-36f0-4d8b-a7bf-57421c4dbe1d) transitioned into state 'RUNNING' from state 'PENDING' {{(pid=100962) _task_receiver /usr/local/lib/python3.8/dist-packages/taskflow/listeners/logging.py:190}}
Sep 09 15:12:02.371672 dv-cinder-776307-9-iscsi devstack@c-api.service[100962]: DEBUG cinder.volume.flows.api.create_volume [None req-d258a323-185d-424d-83f1-e47816cce46d tempest-VolumeQuotasNegativeTestJSON-2064694599 tempest-VolumeQuotasNegativeTestJSON-2064694599-project] Validating volume size '2' using validate_int {{(pid=100962) _extract_size /opt/stack/cinder/cinder/volume/flows/api/create_volume.py:225}}
Sep 09 15:12:02.402823 dv-cinder-776307-9-iscsi devstack@c-api.service[100961]: INFO cinder.api.openstack.wsgi [None req-0d1486cb-be0a-4bf4-b63a-c4939665e940 tempest-GroupSnapshotsTest-492750361 tempest-GroupSnapshotsTest-492750361-project] http://10.222.0.18/volume/v3/6d7474632b0c471686173df97b5dd11b/volumes/detail returned with HTTP 200
Sep 09 15:12:02.402823 dv-cinder-776307-9-iscsi devstack@c-api.service[100961]: [pid: 100961|app: 0|req: 143/267] 10.222.0.18 () {60 vars in 1276 bytes} [Thu Sep 9 15:12:02 2021] GET /volume/v3/6d7474632b0c471686173df97b5dd11b/volumes/detail => generated 1994 bytes in 172 msecs (HTTP/1.1 200) 7 headers in 287 bytes (1 switches on core 0)
Sep 09 15:12:02.402823 dv-cinder-776307-9-iscsi devstack@c-api.service[100961]: INFO cinder.api.openstack.wsgi [None req-4c273e42-db2d-483a-9ee7-86af315547d3 tempest-VolumesActionsTest-859627614 tempest-VolumesActionsTest-859627614-project] DELETE http://10.222.0.18/volume/v3/88c2de65976745c38aad6749ad27b6b3/volumes/7409c207-49b3-499c-afb5-a51c3a5b3215
Sep 09 15:12:02.402823 dv-cinder-776307-9-iscsi devstack@c-api.service[100961]: DEBUG cinder.api.openstack.wsgi [None req-4c273e42-db2d-483a-9ee7-86af315547d3 tempest-VolumesActionsTest-859627614 tempest-VolumesActionsTest-859627614-project] Empty body provided in request {{(pid=100961) get_body /opt/stack/cinder/cinder/api/openstack/wsgi.py:703}}
Sep 09 15:12:02.402823 dv-cinder-776307-9-iscsi devstack@c-api.service[100961]: /usr/local/lib/python3.8/dist-packages/webob/acceptparse.py:1047: DeprecationWarning: The behavior of AcceptValidHeader.best_match is currently being maintained for backward compatibility, but it will be deprecated in the future, as it does not conform to the RFC.
Sep 09 15:12:02.402823 dv-cinder-776307-9-iscsi devstack@c-api.service[100961]: warnings.warn(
Sep 09 15:12:02.402823 dv-cinder-776307-9-iscsi devstack@c-api.service[100961]: DEBUG cinder.api.openstack.wsgi [None req-4c273e42-db2d-483a-9ee7-86af315547d3 tempest-VolumesActionsTest-859627614 tempest-VolumesActionsTest-859627614-project] Calling method 'delete' {{(pid=100961) _process_stack /opt/stack/cinder/cinder/api/openstack/wsgi.py:856}}
Sep 09 15:12:02.402823 dv-cinder-776307-9-iscsi devstack@c-api.service[100961]: INFO cinder.api.v3.volumes [None req-4c273e42-db2d-483a-9ee7-86af315547d3 tempest-VolumesActionsTest-859627614 tempest-VolumesActionsTest-859627614-project] Delete volume with id: 7409c207-49b3-499c-afb5-a51c3a5b3215
Sep 09 15:12:02.409815 dv-cinder-776307-9-iscsi devstack@c-api.service[100961]: INFO cinder.api.openstack.wsgi [None req-4c273e42-db2d-483a-9ee7-86af315547d3 tempest-VolumesActionsTest-859627614 tempest-VolumesActionsTest-859627614-project] http://10.222.0.18/volume/v3/88c2de65976745c38aad6749ad27b6b3/volumes/7409c207-49b3-499c-afb5-a51c3a5b3215 returned with HTTP 404
Sep 09 15:12:02.412071 dv-cinder-776307-9-iscsi devstack@c-api.service[100961]: [pid: 100961|app: 0|req: 144/268] 10.222.0.18 () {58 vars in 1328 bytes} [Thu Sep 9 15:12:02 2021] DELETE /volume/v3/88c2de65976745c38aad6749ad27b6b3/volumes/7409c207-49b3-499c-afb5-a51c3a5b3215 => generated 109 bytes in 23 msecs (HTTP/1.1 404) 7 headers in 292 bytes (1 switches on core 0)
Sep 09 15:12:02.418283 dv-cinder-776307-9-iscsi devstack@c-api.service[100961]: INFO cinder.api.openstack.wsgi [None req-cf68b3a4-a9df-438e-b67e-664fa1983f1f tempest-GroupSnapshotsTest-492750361 tempest-GroupSnapshotsTest-492750361-project] GET http://10.222.0.18/volume/v3/6d7474632b0c471686173df97b5dd11b/snapshots/detail
Sep 09 15:12:02.418944 dv-cinder-776307-9-iscsi devstack@c-api.service[100961]: DEBUG cinder.api.openstack.wsgi [None req-cf68b3a4-a9df-438e-b67e-664fa1983f1f tempest-GroupSnapshotsTest-492750361 tempest-GroupSnapshotsTest-492750361-project] Empty body provided in request {{(pid=100961) get_body /opt/stack/cinder/cinder/api/openstack/wsgi.py:703}}
Sep 09 15:12:02.419495 dv-cinder-776307-9-iscsi devstack@c-api.service[100961]: DEBUG cinder.api.openstack.wsgi [None req-cf68b3a4-a9df-438e-b67e-664fa1983f1f tempest-GroupSnapshotsTest-492750361 tempest-GroupSnapshotsTest-492750361-project] Calling method 'detail' {{(pid=100961) _process_stack /opt/stack/cinder/cinder/api/openstack/wsgi.py:856}}
Sep 09 15:12:02.420093 dv-cinder-776307-9-iscsi devstack@c-api.service[100961]: DEBUG cinder.api.api_utils [None req-cf68b3a4-a9df-438e-b67e-664fa1983f1f tempest-GroupSnapshotsTest-492750361 tempest-GroupSnapshotsTest-492750361-project] Removing options '' from query. {{(pid=100961) remove_invalid_filter_options /opt/stack/cinder/cinder/api/api_utils.py:73}}
Sep 09 15:12:02.423027 dv-cinder-776307-9-iscsi devstack@c-api.service[100961]: DEBUG cinder.db.sqlalchemy.api [None req-cf68b3a4-a9df-438e-b67e-664fa1983f1f tempest-GroupSnapshotsTest-492750361 tempest-GroupSnapshotsTest-492750361-project] Building query based on filter {{(pid=100961) _process_snaps_filters /opt/stack/cinder/cinder/db/sqlalchemy/api.py:3141}}
Sep 09 15:12:02.444212 dv-cinder-776307-9-iscsi devstack@c-api.service[100961]: INFO cinder.volume.api [None req-cf68b3a4-a9df-438e-b67e-664fa1983f1f tempest-GroupSnapshotsTest-492750361 tempest-GroupSnapshotsTest-492750361-project] Get all snapshots completed successfully.
Sep 09 15:12:02.446547 dv-cinder-776307-9-iscsi devstack@c-api.service[100961]: /usr/local/lib/python3.8/dist-packages/oslo_context/context.py:105: DeprecationWarning: Policy enforcement is depending on the value of is_admin. This key is deprecated. Please update your policy file to use the standard policy values.
Sep 09 15:12:02.446547 dv-cinder-776307-9-iscsi devstack@c-api.service[100961]: warnings.warn('Policy enforcement is depending on the value of '
Sep 09 15:12:02.448139 dv-cinder-776307-9-iscsi devstack@c-api.service[100961]: INFO cinder.api.openstack.wsgi [None req-cf68b3a4-a9df-438e-b67e-664fa1983f1f tempest-GroupSnapshotsTest-492750361 tempest-GroupSnapshotsTest-492750361-project] http://10.222.0.18/volume/v3/6d7474632b0c471686173df97b5dd11b/snapshots/detail returned with HTTP 200
Sep 09 15:12:02.449403 dv-cinder-776307-9-iscsi devstack@c-api.service[100961]: [pid: 100961|app: 0|req: 145/269] 10.222.0.18 () {58 vars in 1241 bytes} [Thu Sep 9 15:12:02 2021] GET /volume/v3/6d7474632b0c471686173df97b5dd11b/snapshots/detail => generated 925 bytes in 38 msecs (HTTP/1.1 200) 7 headers in 285 bytes (1 switches on core 0)
Sep 09 15:12:02.464884 dv-cinder-776307-9-iscsi devstack@c-api.service[100961]: INFO cinder.api.openstack.wsgi [None req-7c9499a0-291e-43f2-8d08-b40661571476 tempest-GroupSnapshotsTest-492750361 tempest-GroupSnapshotsTest-492750361-project] GET http://10.222.0.18/volume/v3/6d7474632b0c471686173df97b5dd11b/snapshots/4f9ea33f-0794-473e-aaeb-9d3614237139
Sep 09 15:12:02.466789 dv-cinder-776307-9-iscsi devstack@c-api.service[100961]: DEBUG cinder.api.openstack.wsgi [None req-7c9499a0-291e-43f2-8d08-b40661571476 tempest-GroupSnapshotsTest-492750361 tempest-GroupSnapshotsTest-492750361-project] Empty body provided in request {{(pid=100961) get_body /opt/stack/cinder/cinder/api/openstack/wsgi.py:703}}
Sep 09 15:12:02.467592 dv-cinder-776307-9-iscsi devstack@c-api.service[100961]: /usr/local/lib/python3.8/dist-packages/webob/acceptparse.py:1047: DeprecationWarning: The behavior of AcceptValidHeader.best_match is currently being maintained for backward compatibility, but it will be deprecated in the future, as it does not conform to the RFC.
Sep 09 15:12:02.467592 dv-cinder-776307-9-iscsi devstack@c-api.service[100961]: warnings.warn(
Sep 09 15:12:02.469028 dv-cinder-776307-9-iscsi devstack@c-api.service[100961]: DEBUG cinder.api.openstack.wsgi [None req-7c9499a0-291e-43f2-8d08-b40661571476 tempest-GroupSnapshotsTest-492750361 tempest-GroupSnapshotsTest-492750361-project] Calling method 'show' {{(pid=100961) _process_stack /opt/stack/cinder/cinder/api/openstack/wsgi.py:856}}
Sep 09 15:12:02.481428 dv-cinder-776307-9-iscsi devstack@c-api.service[100961]: INFO cinder.api.openstack.wsgi [None req-7c9499a0-291e-43f2-8d08-b40661571476 tempest-GroupSnapshotsTest-492750361 tempest-GroupSnapshotsTest-492750361-project] http://10.222.0.18/volume/v3/6d7474632b0c471686173df97b5dd11b/snapshots/4f9ea33f-0794-473e-aaeb-9d3614237139 returned with HTTP 404
Sep 09 15:12:02.483539 dv-cinder-776307-9-iscsi devstack@c-api.service[100961]: [pid: 100961|app: 0|req: 146/270] 10.222.0.18 () {58 vars in 1331 bytes} [Thu Sep 9 15:12:02 2021] GET /volume/v3/6d7474632b0c471686173df97b5dd11b/snapshots/4f9ea33f-0794-473e-aaeb-9d3614237139 => generated 111 bytes in 27 msecs (HTTP/1.1 404) 7 headers in 292 bytes (1 switches on core 0)
Sep 09 15:12:02.493563 dv-cinder-776307-9-iscsi devstack@c-api.service[100961]: INFO cinder.api.openstack.wsgi [None req-84b88b14-b8af-4a56-a57a-6754065fc947 tempest-GroupSnapshotsTest-492750361 tempest-GroupSnapshotsTest-492750361-project] GET http://10.222.0.18/volume/v3/6d7474632b0c471686173df97b5dd11b/snapshots/d08f606f-6337-4f51-9501-21c25044e6c9
Sep 09 15:12:02.494571 dv-cinder-776307-9-iscsi devstack@c-api.service[100961]: DEBUG cinder.api.openstack.wsgi [None req-84b88b14-b8af-4a56-a57a-6754065fc947 tempest-GroupSnapshotsTest-492750361 tempest-GroupSnapshotsTest-492750361-project] Empty body provided in request {{(pid=100961) get_body /opt/stack/cinder/cinder/api/openstack/wsgi.py:703}}
Sep 09 15:12:02.495333 dv-cinder-776307-9-iscsi devstack@c-api.service[100961]: DEBUG cinder.api.openstack.wsgi [None req-84b88b14-b8af-4a56-a57a-6754065fc947 tempest-GroupSnapshotsTest-492750361 tempest-GroupSnapshotsTest-492750361-project] Calling method 'show' {{(pid=100961) _process_stack /opt/stack/cinder/cinder/api/openstack/wsgi.py:856}}
Sep 09 15:12:02.503797 dv-cinder-776307-9-iscsi devstack@c-api.service[100962]: DEBUG cinder.volume.api [None req-d258a323-185d-424d-83f1-e47816cce46d tempest-VolumeQuotasNegativeTestJSON-2064694599 tempest-VolumeQuotasNegativeTestJSON-2064694599-project] Task 'cinder.volume.flows.api.create_volume.ExtractVolumeRequestTask;volume:create' (85cc4a19-36f0-4d8b-a7bf-57421c4dbe1d) transitioned into state 'SUCCESS' from state 'RUNNING' with result '{'size': 2, 'snapshot_id': None, 'source_volid': None, 'volume_type': VolumeType(created_at=2021-09-09T15:01:46Z,deleted=False,deleted_at=None,description='Default Volume Type',extra_specs={},id=0fb63347-168e-47dd-8b45-2db29f4ca546,is_public=True,name='__DEFAULT__',projects=[],qos_specs=,qos_specs_id=None,updated_at=2021-09-09T15:01:46Z), 'volume_type_id': '0fb63347-168e-47dd-8b45-2db29f4ca546', 'encryption_key_id': None, 'qos_specs': None, 'consistencygroup_id': None, 'cgsnapshot_id': None, 'group_id': None, 'replication_status': 'disabled', 'refresh_az': False, 'backup_id': None, 'multiattach': False, 'availability_zones': ['nova']}' {{(pid=100962) _task_receiver /usr/local/lib/python3.8/dist-packages/taskflow/listeners/logging.py:178}}
Sep 09 15:12:02.507205 dv-cinder-776307-9-iscsi devstack@c-api.service[100961]: /usr/local/lib/python3.8/dist-packages/oslo_context/context.py:105: DeprecationWarning: Policy enforcement is depending on the value of is_admin. This key is deprecated. Please update your policy file to use the standard policy values.
Sep 09 15:12:02.507205 dv-cinder-776307-9-iscsi devstack@c-api.service[100961]: warnings.warn('Policy enforcement is depending on the value of '
Sep 09 15:12:02.509007 dv-cinder-776307-9-iscsi devstack@c-api.service[100961]: INFO cinder.volume.api [None req-84b88b14-b8af-4a56-a57a-6754065fc947 tempest-GroupSnapshotsTest-492750361 tempest-GroupSnapshotsTest-492750361-project] Snapshot retrieved successfully.
Sep 09 15:12:02.509669 dv-cinder-776307-9-iscsi devstack@c-api.service[100962]: DEBUG cinder.volume.api [None req-d258a323-185d-424d-83f1-e47816cce46d tempest-VolumeQuotasNegativeTestJSON-2064694599 tempest-VolumeQuotasNegativeTestJSON-2064694599-project] Task 'cinder.volume.flows.api.create_volume.QuotaReserveTask;volume:create' (d96eaf31-a3ec-4374-b645-abc2d1cfbcda) transitioned into state 'RUNNING' from state 'PENDING' {{(pid=100962) _task_receiver /usr/local/lib/python3.8/dist-packages/taskflow/listeners/logging.py:190}}
Sep 09 15:12:02.512678 dv-cinder-776307-9-iscsi devstack@c-api.service[100961]: INFO cinder.api.openstack.wsgi [None req-84b88b14-b8af-4a56-a57a-6754065fc947 tempest-GroupSnapshotsTest-492750361 tempest-GroupSnapshotsTest-492750361-project] http://10.222.0.18/volume/v3/6d7474632b0c471686173df97b5dd11b/snapshots/d08f606f-6337-4f51-9501-21c25044e6c9 returned with HTTP 200
Sep 09 15:12:02.514039 dv-cinder-776307-9-iscsi devstack@c-api.service[100961]: [pid: 100961|app: 0|req: 147/271] 10.222.0.18 () {58 vars in 1331 bytes} [Thu Sep 9 15:12:02 2021] GET /volume/v3/6d7474632b0c471686173df97b5dd11b/snapshots/d08f606f-6337-4f51-9501-21c25044e6c9 => generated 467 bytes in 27 msecs (HTTP/1.1 200) 7 headers in 285 bytes (1 switches on core 0)
Sep 09 15:12:02.646876 dv-cinder-776307-9-iscsi devstack@c-api.service[100962]: WARNING cinder.quota_utils [None req-d258a323-185d-424d-83f1-e47816cce46d tempest-VolumeQuotasNegativeTestJSON-2064694599 tempest-VolumeQuotasNegativeTestJSON-2064694599-project] Quota exceeded for 6614d50668574c178e17eece0c13d637, tried to create 2G volume (1G of 1G already consumed).: cinder.exception.OverQuota: Quota exceeded for resources: ['gigabytes']
Sep 09 15:12:02.684401 dv-cinder-776307-9-iscsi devstack@c-api.service[100962]: WARNING cinder.volume.api [None req-d258a323-185d-424d-83f1-e47816cce46d tempest-VolumeQuotasNegativeTestJSON-2064694599 tempest-VolumeQuotasNegativeTestJSON-2064694599-project] Task 'cinder.volume.flows.api.create_volume.QuotaReserveTask;volume:create' (d96eaf31-a3ec-4374-b645-abc2d1cfbcda) transitioned into state 'FAILURE' from state 'RUNNING'
Sep 09 15:12:02.684401 dv-cinder-776307-9-iscsi devstack@c-api.service[100962]: Failure: cinder.exception.VolumeSizeExceedsAvailableQuota: Requested volume or snapshot exceeds allowed gigabytes quota. Requested 2G, quota is 1G and 1G has been consumed.
Sep 09 15:12:02.696445 dv-cinder-776307-9-iscsi devstack@c-api.service[100962]: DEBUG cinder.volume.api [None req-d258a323-185d-424d-83f1-e47816cce46d tempest-VolumeQuotasNegativeTestJSON-2064694599 tempest-VolumeQuotasNegativeTestJSON-2064694599-project] Task 'cinder.volume.flows.api.create_volume.QuotaReserveTask;volume:create' (d96eaf31-a3ec-4374-b645-abc2d1cfbcda) transitioned into state 'REVERTING' from state 'FAILURE' {{(pid=100962) _task_receiver /usr/local/lib/python3.8/dist-packages/taskflow/listeners/logging.py:190}}
Sep 09 15:12:02.700932 dv-cinder-776307-9-iscsi devstack@c-api.service[100962]: WARNING cinder.volume.api [None req-d258a323-185d-424d-83f1-e47816cce46d tempest-VolumeQuotasNegativeTestJSON-2064694599 tempest-VolumeQuotasNegativeTestJSON-2064694599-project] Task 'cinder.volume.flows.api.create_volume.QuotaReserveTask;volume:create' (d96eaf31-a3ec-4374-b645-abc2d1cfbcda) transitioned into state 'REVERTED' from state 'REVERTING' with result 'None'
Sep 09 15:12:02.704852 dv-cinder-776307-9-iscsi devstack@c-api.service[100962]: DEBUG cinder.volume.api [None req-d258a323-185d-424d-83f1-e47816cce46d tempest-VolumeQuotasNegativeTestJSON-2064694599 tempest-VolumeQuotasNegativeTestJSON-2064694599-project] Task 'cinder.volume.flows.api.create_volume.ExtractVolumeRequestTask;volume:create' (85cc4a19-36f0-4d8b-a7bf-57421c4dbe1d) transitioned into state 'REVERTING' from state 'SUCCESS' {{(pid=100962) _task_receiver /usr/local/lib/python3.8/dist-packages/taskflow/listeners/logging.py:190}}
Sep 09 15:12:02.708839 dv-cinder-776307-9-iscsi devstack@c-api.service[100962]: WARNING cinder.volume.api [None req-d258a323-185d-424d-83f1-e47816cce46d tempest-VolumeQuotasNegativeTestJSON-2064694599 tempest-VolumeQuotasNegativeTestJSON-2064694599-project] Task 'cinder.volume.flows.api.create_volume.ExtractVolumeRequestTask;volume:create' (85cc4a19-36f0-4d8b-a7bf-57421c4dbe1d) transitioned into state 'REVERTED' from state 'REVERTING' with result 'None'
Sep 09 15:12:02.714343 dv-cinder-776307-9-iscsi devstack@c-api.service[100962]: WARNING cinder.volume.api [None req-d258a323-185d-424d-83f1-e47816cce46d tempest-VolumeQuotasNegativeTestJSON-2064694599 tempest-VolumeQuotasNegativeTestJSON-2064694599-project] Flow 'volume_create_api' (bfa8b666-e473-4a22-b4c8-861d33ac97de) transitioned into state 'REVERTED' from state 'RUNNING'
Sep 09 15:12:02.715724 dv-cinder-776307-9-iscsi devstack@c-api.service[100962]: INFO cinder.api.middleware.fault [None req-d258a323-185d-424d-83f1-e47816cce46d tempest-VolumeQuotasNegativeTestJSON-2064694599 tempest-VolumeQuotasNegativeTestJSON-2064694599-project] http://10.222.0.18/volume/v3/6614d50668574c178e17eece0c13d637/volumes returned with HTTP 413
Sep 09 15:12:02.719126 dv-cinder-776307-9-iscsi devstack@c-api.service[100962]: [pid: 100962|app: 0|req: 125/272] 10.222.0.18 () {60 vars in 1235 bytes} [Thu Sep 9 15:12:02 2021] POST /volume/v3/6614d50668574c178e17eece0c13d637/volumes => generated 208 bytes in 415 msecs (HTTP/1.1 413) 8 headers in 323 bytes (1 switches on core 0)
Sep 09 15:12:02.734586 dv-cinder-776307-9-iscsi devstack@c-api.service[100961]: INFO cinder.api.openstack.wsgi [None req-a3a7d6dd-21b9-48bf-9fb3-c70e4ba3f1fa tempest-VolumeQuotasNegativeTestJSON-1343974657 tempest-VolumeQuotasNegativeTestJSON-1343974657-project-admin] PUT http://10.222.0.18/volume/v3/446bd1275d4a4f2081c00e18d086934e/os-quota-sets/6614d50668574c178e17eece0c13d637
Sep 09 15:12:02.735310 dv-cinder-776307-9-iscsi devstack@c-api.service[100961]: /usr/local/lib/python3.8/dist-packages/webob/acceptparse.py:1047: DeprecationWarning: The behavior of AcceptValidHeader.best_match is currently being maintained for backward compatibility, but it will be deprecated in the future, as it does not conform to the RFC.
Sep 09 15:12:02.735310 dv-cinder-776307-9-iscsi devstack@c-api.service[100961]: warnings.warn(
Sep 09 15:12:02.736048 dv-cinder-776307-9-iscsi devstack@c-api.service[100961]: DEBUG cinder.api.openstack.wsgi [None req-a3a7d6dd-21b9-48bf-9fb3-c70e4ba3f1fa tempest-VolumeQuotasNegativeTestJSON-1343974657 tempest-VolumeQuotasNegativeTestJSON-1343974657-project-admin] Action: 'update', calling method: update, body: {"quota_set": {"volumes": 1, "gigabytes": -1}} {{(pid=100961) _process_stack /opt/stack/cinder/cinder/api/openstack/wsgi.py:854}}
Sep 09 15:12:02.908571 dv-cinder-776307-9-iscsi devstack@c-api.service[100961]: INFO cinder.api.openstack.wsgi [None req-a3a7d6dd-21b9-48bf-9fb3-c70e4ba3f1fa tempest-VolumeQuotasNegativeTestJSON-1343974657 tempest-VolumeQuotasNegativeTestJSON-1343974657-project-admin] http://10.222.0.18/volume/v3/446bd1275d4a4f2081c00e18d086934e/os-quota-sets/6614d50668574c178e17eece0c13d637 returned with HTTP 200
Sep 09 15:12:02.909762 dv-cinder-776307-9-iscsi devstack@c-api.service[100961]: [pid: 100961|app: 0|req: 148/273] 10.222.0.18 () {60 vars in 1351 bytes} [Thu Sep 9 15:12:02 2021] PUT /volume/v3/446bd1275d4a4f2081c00e18d086934e/os-quota-sets/6614d50668574c178e17eece0c13d637 => generated 1091 bytes in 185 msecs (HTTP/1.1 200) 7 headers in 286 bytes (2 switches on core 0)
Sep 09 15:12:02.927151 dv-cinder-776307-9-iscsi devstack@c-api.service[100962]: INFO cinder.api.openstack.wsgi [None req-b17a6864-5c94-4c72-8b3b-07f5c0ca99e0 tempest-VolumeQuotasNegativeTestJSON-2064694599 tempest-VolumeQuotasNegativeTestJSON-2064694599-project] POST http://10.222.0.18/volume/v3/6614d50668574c178e17eece0c13d637/volumes
Sep 09 15:12:02.928121 dv-cinder-776307-9-iscsi devstack@c-api.service[100962]: /usr/local/lib/python3.8/dist-packages/webob/acceptparse.py:1047: DeprecationWarning: The behavior of AcceptValidHeader.best_match is currently being maintained for backward compatibility, but it will be deprecated in the future, as it does not conform to the RFC.
Sep 09 15:12:02.928121 dv-cinder-776307-9-iscsi devstack@c-api.service[100962]: warnings.warn(
Sep 09 15:12:02.928841 dv-cinder-776307-9-iscsi devstack@c-api.service[100962]: DEBUG cinder.api.openstack.wsgi [None req-b17a6864-5c94-4c72-8b3b-07f5c0ca99e0 tempest-VolumeQuotasNegativeTestJSON-2064694599 tempest-VolumeQuotasNegativeTestJSON-2064694599-project] Action: 'create', calling method: create, body: {"volume": {"size": 1}} {{(pid=100962) _process_stack /opt/stack/cinder/cinder/api/openstack/wsgi.py:854}}
Sep 09 15:12:02.930953 dv-cinder-776307-9-iscsi devstack@c-api.service[100962]: DEBUG cinder.api.v3.volumes [None req-b17a6864-5c94-4c72-8b3b-07f5c0ca99e0 tempest-VolumeQuotasNegativeTestJSON-2064694599 tempest-VolumeQuotasNegativeTestJSON-2064694599-project] Create volume request body: {'volume': {'size': 1}} {{(pid=100962) create /opt/stack/cinder/cinder/api/v3/volumes.py:298}}
Sep 09 15:12:02.931879 dv-cinder-776307-9-iscsi devstack@c-api.service[100962]: INFO cinder.api.v3.volumes [None req-b17a6864-5c94-4c72-8b3b-07f5c0ca99e0 tempest-VolumeQuotasNegativeTestJSON-2064694599 tempest-VolumeQuotasNegativeTestJSON-2064694599-project] Create volume of 1 GB
