Feb 02 15:40:00.447943 dv-cinder-775008-8-smb devstack@c-api.service[116428]: INFO cinder.api.openstack.wsgi [None req-7ef55de0-b1dc-4201-ae0c-59291c9c1094 tempest-GroupSnapshotsV319Test-441415774 tempest-GroupSnapshotsV319Test-441415774-project-admin] POST http://10.222.0.95/volume/v3/912da292d0624c76888250e75f03df0c/group_snapshots/fa43de68-df0e-42f2-bea1-d968bd1b3be4/action
Feb 02 15:40:00.450766 dv-cinder-775008-8-smb devstack@c-api.service[116428]: DEBUG cinder.api.openstack.wsgi [None req-7ef55de0-b1dc-4201-ae0c-59291c9c1094 tempest-GroupSnapshotsV319Test-441415774 tempest-GroupSnapshotsV319Test-441415774-project-admin] Action body: b'{"reset_status": {"status": "available"}}' {{(pid=116428) get_method /opt/stack/cinder/cinder/api/openstack/wsgi.py:983}}
Feb 02 15:40:00.450766 dv-cinder-775008-8-smb devstack@c-api.service[116428]: DEBUG cinder.api.openstack.wsgi [None req-7ef55de0-b1dc-4201-ae0c-59291c9c1094 tempest-GroupSnapshotsV319Test-441415774 tempest-GroupSnapshotsV319Test-441415774-project-admin] Action: 'action', calling method: reset_status, body: {"reset_status": {"status": "available"}} {{(pid=116428) _process_stack /opt/stack/cinder/cinder/api/openstack/wsgi.py:866}}
Feb 02 15:40:00.450958 dv-cinder-775008-8-smb devstack@c-api.service[116427]: INFO cinder.api.openstack.wsgi [None req-77cafb2e-41b6-411f-aa53-c64448f9830b tempest-GroupsV314Test-1570271860 tempest-GroupsV314Test-1570271860-project] http://10.222.0.95/volume/v3/5783991f800a438d923dd7dff94d800a/volumes/detail returned with HTTP 200
Feb 02 15:40:00.451048 dv-cinder-775008-8-smb devstack@c-api.service[116428]: DEBUG cinder.api.v3.group_snapshots [None req-7ef55de0-b1dc-4201-ae0c-59291c9c1094 tempest-GroupSnapshotsV319Test-441415774 tempest-GroupSnapshotsV319Test-441415774-project-admin] Updating group 'fa43de68-df0e-42f2-bea1-d968bd1b3be4' with 'available' {{(pid=116428) _reset_status /opt/stack/cinder/cinder/api/v3/group_snapshots.py:194}}
Feb 02 15:40:00.451143 dv-cinder-775008-8-smb devstack@c-api.service[116427]: [pid: 116427|app: 0|req: 33/70] 10.222.0.95 () {60 vars in 1275 bytes} [Wed Feb  2 15:40:00 2022] GET /volume/v3/5783991f800a438d923dd7dff94d800a/volumes/detail => generated 1974 bytes in 178 msecs (HTTP/1.1 200) 7 headers in 287 bytes (1 switches on core 0)
Feb 02 15:40:00.469385 dv-cinder-775008-8-smb devstack@c-api.service[116428]: /usr/local/lib/python3.8/dist-packages/oslo_context/context.py:105: DeprecationWarning: Policy enforcement is depending on the value of is_admin. This key is deprecated. Please update your policy file to use the standard policy values.
Feb 02 15:40:00.469385 dv-cinder-775008-8-smb devstack@c-api.service[116428]:   warnings.warn('Policy enforcement is depending on the value of '
Feb 02 15:40:00.475806 dv-cinder-775008-8-smb devstack@c-api.service[116427]: INFO cinder.api.openstack.wsgi [None req-3b995ffc-b9b1-4695-b86a-9e50caafad9d tempest-GroupsV314Test-1570271860 tempest-GroupsV314Test-1570271860-project] POST http://10.222.0.95/volume/v3/5783991f800a438d923dd7dff94d800a/groups/49d56bb1-c3f1-4d51-bbd4-cc708971be56/action
Feb 02 15:40:00.478351 dv-cinder-775008-8-smb devstack@c-api.service[116427]: DEBUG cinder.api.openstack.wsgi [None req-3b995ffc-b9b1-4695-b86a-9e50caafad9d tempest-GroupsV314Test-1570271860 tempest-GroupsV314Test-1570271860-project] Action body: b'{"delete": {"delete-volumes": true}}' {{(pid=116427) get_method /opt/stack/cinder/cinder/api/openstack/wsgi.py:983}}
Feb 02 15:40:00.478686 dv-cinder-775008-8-smb devstack@c-api.service[116427]: DEBUG cinder.api.openstack.wsgi [None req-3b995ffc-b9b1-4695-b86a-9e50caafad9d tempest-GroupsV314Test-1570271860 tempest-GroupsV314Test-1570271860-project] Action: 'action', calling method: version_select, body: {"delete": {"delete-volumes": true}} {{(pid=116427) _process_stack /opt/stack/cinder/cinder/api/openstack/wsgi.py:866}}
Feb 02 15:40:00.479499 dv-cinder-775008-8-smb devstack@c-api.service[116427]: DEBUG cinder.api.v3.groups [None req-3b995ffc-b9b1-4695-b86a-9e50caafad9d tempest-GroupsV314Test-1570271860 tempest-GroupsV314Test-1570271860-project] delete called for group 49d56bb1-c3f1-4d51-bbd4-cc708971be56 {{(pid=116427) _delete /opt/stack/cinder/cinder/api/v3/groups.py:117}}
Feb 02 15:40:00.479789 dv-cinder-775008-8-smb devstack@c-api.service[116427]: INFO cinder.api.v3.groups [None req-3b995ffc-b9b1-4695-b86a-9e50caafad9d tempest-GroupsV314Test-1570271860 tempest-GroupsV314Test-1570271860-project] Delete group with id: 49d56bb1-c3f1-4d51-bbd4-cc708971be56
Feb 02 15:40:00.503575 dv-cinder-775008-8-smb devstack@c-api.service[116427]: /usr/local/lib/python3.8/dist-packages/oslo_context/context.py:105: DeprecationWarning: Policy enforcement is depending on the value of is_admin. This key is deprecated. Please update your policy file to use the standard policy values.
Feb 02 15:40:00.503575 dv-cinder-775008-8-smb devstack@c-api.service[116427]:   warnings.warn('Policy enforcement is depending on the value of '
Feb 02 15:40:00.520317 dv-cinder-775008-8-smb devstack@c-api.service[116428]: INFO cinder.api.openstack.wsgi [None req-7ef55de0-b1dc-4201-ae0c-59291c9c1094 tempest-GroupSnapshotsV319Test-441415774 tempest-GroupSnapshotsV319Test-441415774-project-admin] http://10.222.0.95/volume/v3/912da292d0624c76888250e75f03df0c/group_snapshots/fa43de68-df0e-42f2-bea1-d968bd1b3be4/action returned with HTTP 202
Feb 02 15:40:00.524631 dv-cinder-775008-8-smb devstack@c-api.service[116428]: [pid: 116428|app: 0|req: 38/71] 10.222.0.95 () {62 vars in 1431 bytes} [Wed Feb  2 15:40:00 2022] POST /volume/v3/912da292d0624c76888250e75f03df0c/group_snapshots/fa43de68-df0e-42f2-bea1-d968bd1b3be4/action => generated 0 bytes in 79 msecs (HTTP/1.1 202) 6 headers in 234 bytes (1 switches on core 0)
Feb 02 15:40:00.525720 dv-cinder-775008-8-smb devstack@c-api.service[116428]: INFO cinder.api.openstack.wsgi [req-f23e1050-085e-4df4-a6cb-e19d62517da3 req-4083a5ed-7c8c-4972-9b3d-b0db577542a3 tempest-VolumesTestJSON-1368293498 tempest-VolumesTestJSON-1368293498-project] GET http://10.222.0.95/volume/v3/74df031babea4cdd836e415e657fa13b/volumes/detail
Feb 02 15:40:00.526179 dv-cinder-775008-8-smb devstack@c-api.service[116428]: DEBUG cinder.api.openstack.wsgi [req-f23e1050-085e-4df4-a6cb-e19d62517da3 req-4083a5ed-7c8c-4972-9b3d-b0db577542a3 tempest-VolumesTestJSON-1368293498 tempest-VolumesTestJSON-1368293498-project] Empty body provided in request {{(pid=116428) get_body /opt/stack/cinder/cinder/api/openstack/wsgi.py:715}}
Feb 02 15:40:00.526650 dv-cinder-775008-8-smb devstack@c-api.service[116428]: DEBUG cinder.api.openstack.wsgi [req-f23e1050-085e-4df4-a6cb-e19d62517da3 req-4083a5ed-7c8c-4972-9b3d-b0db577542a3 tempest-VolumesTestJSON-1368293498 tempest-VolumesTestJSON-1368293498-project] Calling method 'detail' {{(pid=116428) _process_stack /opt/stack/cinder/cinder/api/openstack/wsgi.py:868}}
Feb 02 15:40:00.527221 dv-cinder-775008-8-smb devstack@c-api.service[116428]: DEBUG cinder.api.api_utils [req-f23e1050-085e-4df4-a6cb-e19d62517da3 req-4083a5ed-7c8c-4972-9b3d-b0db577542a3 tempest-VolumesTestJSON-1368293498 tempest-VolumesTestJSON-1368293498-project] Removing options '' from query. {{(pid=116428) remove_invalid_filter_options /opt/stack/cinder/cinder/api/api_utils.py:73}}
Feb 02 15:40:00.528978 dv-cinder-775008-8-smb devstack@c-api.service[116428]: DEBUG cinder.volume.api [req-f23e1050-085e-4df4-a6cb-e19d62517da3 req-4083a5ed-7c8c-4972-9b3d-b0db577542a3 tempest-VolumesTestJSON-1368293498 tempest-VolumesTestJSON-1368293498-project] Searching by: MultiDict([('no_migration_targets', True)]). {{(pid=116428) get_all /opt/stack/cinder/cinder/volume/api.py:661}}
Feb 02 15:40:00.609876 dv-cinder-775008-8-smb devstack@c-api.service[116428]: INFO cinder.volume.api [req-f23e1050-085e-4df4-a6cb-e19d62517da3 req-4083a5ed-7c8c-4972-9b3d-b0db577542a3 tempest-VolumesTestJSON-1368293498 tempest-VolumesTestJSON-1368293498-project] Get all volumes completed successfully.
Feb 02 15:40:00.613182 dv-cinder-775008-8-smb devstack@c-api.service[116428]: /usr/local/lib/python3.8/dist-packages/oslo_context/context.py:105: DeprecationWarning: Policy enforcement is depending on the value of is_admin. This key is deprecated. Please update your policy file to use the standard policy values.
Feb 02 15:40:00.613182 dv-cinder-775008-8-smb devstack@c-api.service[116428]:   warnings.warn('Policy enforcement is depending on the value of '
Feb 02 15:40:00.625803 dv-cinder-775008-8-smb devstack@c-api.service[116428]: INFO cinder.api.openstack.wsgi [req-f23e1050-085e-4df4-a6cb-e19d62517da3 req-4083a5ed-7c8c-4972-9b3d-b0db577542a3 tempest-VolumesTestJSON-1368293498 tempest-VolumesTestJSON-1368293498-project] http://10.222.0.95/volume/v3/74df031babea4cdd836e415e657fa13b/volumes/detail returned with HTTP 200
Feb 02 15:40:00.626594 dv-cinder-775008-8-smb devstack@c-api.service[116428]: [pid: 116428|app: 0|req: 39/72] 10.222.0.95 () {60 vars in 1488 bytes} [Wed Feb  2 15:40:00 2022] GET /volume/v3/74df031babea4cdd836e415e657fa13b/volumes/detail => generated 2748 bytes in 105 msecs (HTTP/1.1 200) 7 headers in 286 bytes (1 switches on core 0)
Feb 02 15:40:00.635111 dv-cinder-775008-8-smb devstack@c-api.service[116428]: INFO cinder.api.openstack.wsgi [None req-7ff0d13f-a5f7-4344-8425-2e3e847b0aff tempest-GroupSnapshotsV319Test-566586565 tempest-GroupSnapshotsV319Test-566586565-project] GET http://10.222.0.95/volume/v3/bb2b51edcfe249b9ab9fb80ab410501a/group_snapshots/fa43de68-df0e-42f2-bea1-d968bd1b3be4
Feb 02 15:40:00.635634 dv-cinder-775008-8-smb devstack@c-api.service[116428]: DEBUG cinder.api.openstack.wsgi [None req-7ff0d13f-a5f7-4344-8425-2e3e847b0aff tempest-GroupSnapshotsV319Test-566586565 tempest-GroupSnapshotsV319Test-566586565-project] Empty body provided in request {{(pid=116428) get_body /opt/stack/cinder/cinder/api/openstack/wsgi.py:715}}
Feb 02 15:40:00.636042 dv-cinder-775008-8-smb devstack@c-api.service[116428]: DEBUG cinder.api.openstack.wsgi [None req-7ff0d13f-a5f7-4344-8425-2e3e847b0aff tempest-GroupSnapshotsV319Test-566586565 tempest-GroupSnapshotsV319Test-566586565-project] Calling method 'version_select' {{(pid=116428) _process_stack /opt/stack/cinder/cinder/api/openstack/wsgi.py:868}}
Feb 02 15:40:00.636389 dv-cinder-775008-8-smb devstack@c-api.service[116428]: DEBUG cinder.api.v3.group_snapshots [None req-7ff0d13f-a5f7-4344-8425-2e3e847b0aff tempest-GroupSnapshotsV319Test-566586565 tempest-GroupSnapshotsV319Test-566586565-project] show called for member fa43de68-df0e-42f2-bea1-d968bd1b3be4 {{(pid=116428) show /opt/stack/cinder/cinder/api/v3/group_snapshots.py:58}}
Feb 02 15:40:00.642396 dv-cinder-775008-8-smb devstack@c-api.service[116428]: /usr/local/lib/python3.8/dist-packages/oslo_context/context.py:105: DeprecationWarning: Policy enforcement is depending on the value of is_admin. This key is deprecated. Please update your policy file to use the standard policy values.
Feb 02 15:40:00.642396 dv-cinder-775008-8-smb devstack@c-api.service[116428]:   warnings.warn('Policy enforcement is depending on the value of '
Feb 02 15:40:00.651141 dv-cinder-775008-8-smb devstack@c-api.service[116428]: INFO cinder.api.openstack.wsgi [None req-7ff0d13f-a5f7-4344-8425-2e3e847b0aff tempest-GroupSnapshotsV319Test-566586565 tempest-GroupSnapshotsV319Test-566586565-project] http://10.222.0.95/volume/v3/bb2b51edcfe249b9ab9fb80ab410501a/group_snapshots/fa43de68-df0e-42f2-bea1-d968bd1b3be4 returned with HTTP 200
Feb 02 15:40:00.652211 dv-cinder-775008-8-smb devstack@c-api.service[116428]: [pid: 116428|app: 0|req: 40/73] 10.222.0.95 () {60 vars in 1389 bytes} [Wed Feb  2 15:40:00 2022] GET /volume/v3/bb2b51edcfe249b9ab9fb80ab410501a/group_snapshots/fa43de68-df0e-42f2-bea1-d968bd1b3be4 => generated 329 bytes in 24 msecs (HTTP/1.1 200) 7 headers in 286 bytes (1 switches on core 0)
Feb 02 15:40:00.660089 dv-cinder-775008-8-smb devstack@c-api.service[116428]: INFO cinder.api.openstack.wsgi [req-01be183d-ca82-4df6-bcf5-d9f5edabbb8f req-9720deb8-e490-4cd9-87e4-54292d601744 tempest-VolumesSnapshotsTestJSON-2060721817 tempest-VolumesSnapshotsTestJSON-2060721817-project] GET http://10.222.0.95/volume/v3/adc6c2054c9e46d29a790e19f56627de/snapshots/ea7734c0-1c9d-4d48-aa16-8d0abd15a53b
Feb 02 15:40:00.660560 dv-cinder-775008-8-smb devstack@c-api.service[116428]: DEBUG cinder.api.openstack.wsgi [req-01be183d-ca82-4df6-bcf5-d9f5edabbb8f req-9720deb8-e490-4cd9-87e4-54292d601744 tempest-VolumesSnapshotsTestJSON-2060721817 tempest-VolumesSnapshotsTestJSON-2060721817-project] Empty body provided in request {{(pid=116428) get_body /opt/stack/cinder/cinder/api/openstack/wsgi.py:715}}
Feb 02 15:40:00.661043 dv-cinder-775008-8-smb devstack@c-api.service[116428]: DEBUG cinder.api.openstack.wsgi [req-01be183d-ca82-4df6-bcf5-d9f5edabbb8f req-9720deb8-e490-4cd9-87e4-54292d601744 tempest-VolumesSnapshotsTestJSON-2060721817 tempest-VolumesSnapshotsTestJSON-2060721817-project] Calling method 'show' {{(pid=116428) _process_stack /opt/stack/cinder/cinder/api/openstack/wsgi.py:868}}
Feb 02 15:40:00.683096 dv-cinder-775008-8-smb devstack@c-api.service[116428]: INFO cinder.api.openstack.wsgi [req-01be183d-ca82-4df6-bcf5-d9f5edabbb8f req-9720deb8-e490-4cd9-87e4-54292d601744 tempest-VolumesSnapshotsTestJSON-2060721817 tempest-VolumesSnapshotsTestJSON-2060721817-project] http://10.222.0.95/volume/v3/adc6c2054c9e46d29a790e19f56627de/snapshots/ea7734c0-1c9d-4d48-aa16-8d0abd15a53b returned with HTTP 404
Feb 02 15:40:00.684309 dv-cinder-775008-8-smb devstack@c-api.service[116428]: [pid: 116428|app: 0|req: 41/74] 10.222.0.95 () {60 vars in 1584 bytes} [Wed Feb  2 15:40:00 2022] GET /volume/v3/adc6c2054c9e46d29a790e19f56627de/snapshots/ea7734c0-1c9d-4d48-aa16-8d0abd15a53b => generated 111 bytes in 31 msecs (HTTP/1.1 404) 7 headers in 292 bytes (1 switches on core 0)
Feb 02 15:40:00.688487 dv-cinder-775008-8-smb devstack@c-api.service[116428]: INFO cinder.api.openstack.wsgi [None req-dc864ff6-4bb8-4e3b-8840-e52df71db447 tempest-GroupSnapshotsV319Test-566586565 tempest-GroupSnapshotsV319Test-566586565-project] DELETE http://10.222.0.95/volume/v3/bb2b51edcfe249b9ab9fb80ab410501a/group_snapshots/fa43de68-df0e-42f2-bea1-d968bd1b3be4
Feb 02 15:40:00.688977 dv-cinder-775008-8-smb devstack@c-api.service[116428]: DEBUG cinder.api.openstack.wsgi [None req-dc864ff6-4bb8-4e3b-8840-e52df71db447 tempest-GroupSnapshotsV319Test-566586565 tempest-GroupSnapshotsV319Test-566586565-project] Empty body provided in request {{(pid=116428) get_body /opt/stack/cinder/cinder/api/openstack/wsgi.py:715}}
Feb 02 15:40:00.690174 dv-cinder-775008-8-smb devstack@c-api.service[116428]: DEBUG cinder.api.openstack.wsgi [None req-dc864ff6-4bb8-4e3b-8840-e52df71db447 tempest-GroupSnapshotsV319Test-566586565 tempest-GroupSnapshotsV319Test-566586565-project] Calling method 'version_select' {{(pid=116428) _process_stack /opt/stack/cinder/cinder/api/openstack/wsgi.py:868}}
Feb 02 15:40:00.690620 dv-cinder-775008-8-smb devstack@c-api.service[116428]: DEBUG cinder.api.v3.group_snapshots [None req-dc864ff6-4bb8-4e3b-8840-e52df71db447 tempest-GroupSnapshotsV319Test-566586565 tempest-GroupSnapshotsV319Test-566586565-project] delete called for member fa43de68-df0e-42f2-bea1-d968bd1b3be4 {{(pid=116428) delete /opt/stack/cinder/cinder/api/v3/group_snapshots.py:72}}
Feb 02 15:40:00.691004 dv-cinder-775008-8-smb devstack@c-api.service[116428]: INFO cinder.api.v3.group_snapshots [None req-dc864ff6-4bb8-4e3b-8840-e52df71db447 tempest-GroupSnapshotsV319Test-566586565 tempest-GroupSnapshotsV319Test-566586565-project] Delete group_snapshot with id: fa43de68-df0e-42f2-bea1-d968bd1b3be4
Feb 02 15:40:00.712030 dv-cinder-775008-8-smb devstack@c-api.service[116427]: INFO cinder.api.openstack.wsgi [None req-3b995ffc-b9b1-4695-b86a-9e50caafad9d tempest-GroupsV314Test-1570271860 tempest-GroupsV314Test-1570271860-project] http://10.222.0.95/volume/v3/5783991f800a438d923dd7dff94d800a/groups/49d56bb1-c3f1-4d51-bbd4-cc708971be56/action returned with HTTP 202
Feb 02 15:40:00.715246 dv-cinder-775008-8-smb devstack@c-api.service[116427]: [pid: 116427|app: 0|req: 34/75] 10.222.0.95 () {62 vars in 1404 bytes} [Wed Feb  2 15:40:00 2022] POST /volume/v3/5783991f800a438d923dd7dff94d800a/groups/49d56bb1-c3f1-4d51-bbd4-cc708971be56/action => generated 0 bytes in 247 msecs (HTTP/1.1 202) 6 headers in 234 bytes (1 switches on core 0)
Feb 02 15:40:00.718575 dv-cinder-775008-8-smb devstack@c-api.service[116428]: /usr/local/lib/python3.8/dist-packages/oslo_context/context.py:105: DeprecationWarning: Policy enforcement is depending on the value of is_admin. This key is deprecated. Please update your policy file to use the standard policy values.
Feb 02 15:40:00.718575 dv-cinder-775008-8-smb devstack@c-api.service[116428]:   warnings.warn('Policy enforcement is depending on the value of '
Feb 02 15:40:00.724481 dv-cinder-775008-8-smb devstack@c-api.service[116427]: INFO cinder.api.openstack.wsgi [None req-19b87d9d-6aa3-47b1-a8b9-8bb7621b5a9a tempest-GroupsV314Test-1570271860 tempest-GroupsV314Test-1570271860-project] GET http://10.222.0.95/volume/v3/5783991f800a438d923dd7dff94d800a/volumes/8a2c084d-c4c2-440c-9640-4f7af124dc67
Feb 02 15:40:00.726750 dv-cinder-775008-8-smb devstack@c-api.service[116427]: DEBUG cinder.api.openstack.wsgi [None req-19b87d9d-6aa3-47b1-a8b9-8bb7621b5a9a tempest-GroupsV314Test-1570271860 tempest-GroupsV314Test-1570271860-project] Empty body provided in request {{(pid=116427) get_body /opt/stack/cinder/cinder/api/openstack/wsgi.py:715}}
Feb 02 15:40:00.727770 dv-cinder-775008-8-smb devstack@c-api.service[116427]: DEBUG cinder.api.openstack.wsgi [None req-19b87d9d-6aa3-47b1-a8b9-8bb7621b5a9a tempest-GroupsV314Test-1570271860 tempest-GroupsV314Test-1570271860-project] Calling method 'show' {{(pid=116427) _process_stack /opt/stack/cinder/cinder/api/openstack/wsgi.py:868}}
Feb 02 15:40:00.749610 dv-cinder-775008-8-smb devstack@c-api.service[116427]: /usr/local/lib/python3.8/dist-packages/oslo_context/context.py:105: DeprecationWarning: Policy enforcement is depending on the value of is_admin. This key is deprecated. Please update your policy file to use the standard policy values.
Feb 02 15:40:00.749610 dv-cinder-775008-8-smb devstack@c-api.service[116427]:   warnings.warn('Policy enforcement is depending on the value of '
Feb 02 15:40:00.763009 dv-cinder-775008-8-smb devstack@c-api.service[116427]: INFO cinder.volume.api [None req-19b87d9d-6aa3-47b1-a8b9-8bb7621b5a9a tempest-GroupsV314Test-1570271860 tempest-GroupsV314Test-1570271860-project] Volume info retrieved successfully.
Feb 02 15:40:00.764694 dv-cinder-775008-8-smb devstack@c-api.service[116427]: WARNING stevedore.named [None req-19b87d9d-6aa3-47b1-a8b9-8bb7621b5a9a tempest-GroupsV314Test-1570271860 tempest-GroupsV314Test-1570271860-project] Could not load cinder.keymgr.conf_key_mgr.ConfKeyManager
Feb 02 15:40:00.765954 dv-cinder-775008-8-smb devstack@c-api.service[116427]: WARNING castellan.key_manager [None req-19b87d9d-6aa3-47b1-a8b9-8bb7621b5a9a tempest-GroupsV314Test-1570271860 tempest-GroupsV314Test-1570271860-project] Deprecation Warning : cinder.keymgr.conf_key_mgr.ConfKeyManager is not a stevedore based driver, trying to load it as a class: stevedore.exception.NoMatches: No 'castellan.drivers' driver found, looking for 'cinder.keymgr.conf_key_mgr.ConfKeyManager'
Feb 02 15:40:00.778687 dv-cinder-775008-8-smb devstack@c-api.service[116427]: DEBUG oslo_db.sqlalchemy.engines [None req-19b87d9d-6aa3-47b1-a8b9-8bb7621b5a9a tempest-GroupsV314Test-1570271860 tempest-GroupsV314Test-1570271860-project] MySQL server mode set to STRICT_TRANS_TABLES,STRICT_ALL_TABLES,NO_ZERO_IN_DATE,NO_ZERO_DATE,ERROR_FOR_DIVISION_BY_ZERO,TRADITIONAL,NO_ENGINE_SUBSTITUTION {{(pid=116427) _check_effective_sql_mode /usr/local/lib/python3.8/dist-packages/oslo_db/sqlalchemy/engines.py:314}}
Feb 02 15:40:00.788947 dv-cinder-775008-8-smb devstack@c-api.service[116427]: /usr/local/lib/python3.8/dist-packages/oslo_context/context.py:105: DeprecationWarning: Policy enforcement is depending on the value of is_admin. This key is deprecated. Please update your policy file to use the standard policy values.
Feb 02 15:40:00.788947 dv-cinder-775008-8-smb devstack@c-api.service[116427]:   warnings.warn('Policy enforcement is depending on the value of '
Feb 02 15:40:00.829530 dv-cinder-775008-8-smb devstack@c-api.service[116427]: INFO cinder.api.openstack.wsgi [None req-19b87d9d-6aa3-47b1-a8b9-8bb7621b5a9a tempest-GroupsV314Test-1570271860 tempest-GroupsV314Test-1570271860-project] http://10.222.0.95/volume/v3/5783991f800a438d923dd7dff94d800a/volumes/8a2c084d-c4c2-440c-9640-4f7af124dc67 returned with HTTP 200
Feb 02 15:40:00.842007 dv-cinder-775008-8-smb devstack@c-api.service[116427]: [pid: 116427|app: 0|req: 35/76] 10.222.0.95 () {60 vars in 1365 bytes} [Wed Feb  2 15:40:00 2022] GET /volume/v3/5783991f800a438d923dd7dff94d800a/volumes/8a2c084d-c4c2-440c-9640-4f7af124dc67 => generated 988 bytes in 113 msecs (HTTP/1.1 200) 7 headers in 286 bytes (1 switches on core 0)
Feb 02 15:40:00.848188 dv-cinder-775008-8-smb devstack@c-api.service[116427]: INFO cinder.api.openstack.wsgi [req-aaabc546-316b-4c7e-9b52-d18ffe4fcde0 req-8fc8cf80-7926-4ac9-8367-689aa42e9dfb tempest-VolumesTestJSON-1368293498 tempest-VolumesTestJSON-1368293498-project] GET http://10.222.0.95/volume/v3/74df031babea4cdd836e415e657fa13b/volumes/detail
Feb 02 15:40:00.848652 dv-cinder-775008-8-smb devstack@c-api.service[116427]: DEBUG cinder.api.openstack.wsgi [req-aaabc546-316b-4c7e-9b52-d18ffe4fcde0 req-8fc8cf80-7926-4ac9-8367-689aa42e9dfb tempest-VolumesTestJSON-1368293498 tempest-VolumesTestJSON-1368293498-project] Empty body provided in request {{(pid=116427) get_body /opt/stack/cinder/cinder/api/openstack/wsgi.py:715}}
Feb 02 15:40:00.850325 dv-cinder-775008-8-smb devstack@c-api.service[116427]: DEBUG cinder.api.openstack.wsgi [req-aaabc546-316b-4c7e-9b52-d18ffe4fcde0 req-8fc8cf80-7926-4ac9-8367-689aa42e9dfb tempest-VolumesTestJSON-1368293498 tempest-VolumesTestJSON-1368293498-project] Calling method 'detail' {{(pid=116427) _process_stack /opt/stack/cinder/cinder/api/openstack/wsgi.py:868}}
Feb 02 15:40:00.851111 dv-cinder-775008-8-smb devstack@c-api.service[116427]: DEBUG cinder.api.api_utils [req-aaabc546-316b-4c7e-9b52-d18ffe4fcde0 req-8fc8cf80-7926-4ac9-8367-689aa42e9dfb tempest-VolumesTestJSON-1368293498 tempest-VolumesTestJSON-1368293498-project] Removing options '' from query. {{(pid=116427) remove_invalid_filter_options /opt/stack/cinder/cinder/api/api_utils.py:73}}
Feb 02 15:40:00.852846 dv-cinder-775008-8-smb devstack@c-api.service[116427]: DEBUG cinder.volume.api [req-aaabc546-316b-4c7e-9b52-d18ffe4fcde0 req-8fc8cf80-7926-4ac9-8367-689aa42e9dfb tempest-VolumesTestJSON-1368293498 tempest-VolumesTestJSON-1368293498-project] Searching by: MultiDict([('no_migration_targets', True)]). {{(pid=116427) get_all /opt/stack/cinder/cinder/volume/api.py:661}}
Feb 02 15:40:00.857208 dv-cinder-775008-8-smb devstack@c-api.service[116428]: INFO cinder.api.openstack.wsgi [None req-dc864ff6-4bb8-4e3b-8840-e52df71db447 tempest-GroupSnapshotsV319Test-566586565 tempest-GroupSnapshotsV319Test-566586565-project] http://10.222.0.95/volume/v3/bb2b51edcfe249b9ab9fb80ab410501a/group_snapshots/fa43de68-df0e-42f2-bea1-d968bd1b3be4 returned with HTTP 202
Feb 02 15:40:00.860879 dv-cinder-775008-8-smb devstack@c-api.service[116428]: [pid: 116428|app: 0|req: 42/77] 10.222.0.95 () {60 vars in 1392 bytes} [Wed Feb  2 15:40:00 2022] DELETE /volume/v3/bb2b51edcfe249b9ab9fb80ab410501a/group_snapshots/fa43de68-df0e-42f2-bea1-d968bd1b3be4 => generated 0 bytes in 176 msecs (HTTP/1.1 202) 6 headers in 234 bytes (1 switches on core 0)
Feb 02 15:40:00.872140 dv-cinder-775008-8-smb devstack@c-api.service[116428]: INFO cinder.api.openstack.wsgi [None req-aa0eb8e5-f1b4-4003-941c-b24b49843768 tempest-GroupSnapshotsV319Test-566586565 tempest-GroupSnapshotsV319Test-566586565-project] GET http://10.222.0.95/volume/v3/bb2b51edcfe249b9ab9fb80ab410501a/volumes/detail
Feb 02 15:40:00.874287 dv-cinder-775008-8-smb devstack@c-api.service[116428]: DEBUG cinder.api.openstack.wsgi [None req-aa0eb8e5-f1b4-4003-941c-b24b49843768 tempest-GroupSnapshotsV319Test-566586565 tempest-GroupSnapshotsV319Test-566586565-project] Empty body provided in request {{(pid=116428) get_body /opt/stack/cinder/cinder/api/openstack/wsgi.py:715}}
Feb 02 15:40:00.875912 dv-cinder-775008-8-smb devstack@c-api.service[116428]: DEBUG cinder.api.openstack.wsgi [None req-aa0eb8e5-f1b4-4003-941c-b24b49843768 tempest-GroupSnapshotsV319Test-566586565 tempest-GroupSnapshotsV319Test-566586565-project] Calling method 'detail' {{(pid=116428) _process_stack /opt/stack/cinder/cinder/api/openstack/wsgi.py:868}}
Feb 02 15:40:00.879225 dv-cinder-775008-8-smb devstack@c-api.service[116428]: DEBUG cinder.api.api_utils [None req-aa0eb8e5-f1b4-4003-941c-b24b49843768 tempest-GroupSnapshotsV319Test-566586565 tempest-GroupSnapshotsV319Test-566586565-project] Removing options '' from query. {{(pid=116428) remove_invalid_filter_options /opt/stack/cinder/cinder/api/api_utils.py:73}}
Feb 02 15:40:00.888855 dv-cinder-775008-8-smb devstack@c-api.service[116428]: /usr/local/lib/python3.8/dist-packages/oslo_context/context.py:105: DeprecationWarning: Policy enforcement is depending on the value of is_admin. This key is deprecated. Please update your policy file to use the standard policy values.
Feb 02 15:40:00.888855 dv-cinder-775008-8-smb devstack@c-api.service[116428]:   warnings.warn('Policy enforcement is depending on the value of '
Feb 02 15:40:00.888855 dv-cinder-775008-8-smb devstack@c-api.service[116428]: DEBUG cinder.volume.api [None req-aa0eb8e5-f1b4-4003-941c-b24b49843768 tempest-GroupSnapshotsV319Test-566586565 tempest-GroupSnapshotsV319Test-566586565-project] Searching by: MultiDict([('no_migration_targets', True)]). {{(pid=116428) get_all /opt/stack/cinder/cinder/volume/api.py:661}}
Feb 02 15:40:00.976943 dv-cinder-775008-8-smb devstack@c-api.service[116427]: INFO cinder.volume.api [req-aaabc546-316b-4c7e-9b52-d18ffe4fcde0 req-8fc8cf80-7926-4ac9-8367-689aa42e9dfb tempest-VolumesTestJSON-1368293498 tempest-VolumesTestJSON-1368293498-project] Get all volumes completed successfully.
Feb 02 15:40:00.979540 dv-cinder-775008-8-smb devstack@c-api.service[116427]: /usr/local/lib/python3.8/dist-packages/oslo_context/context.py:105: DeprecationWarning: Policy enforcement is depending on the value of is_admin. This key is deprecated. Please update your policy file to use the standard policy values.
Feb 02 15:40:00.979540 dv-cinder-775008-8-smb devstack@c-api.service[116427]:   warnings.warn('Policy enforcement is depending on the value of '
Feb 02 15:40:00.990856 dv-cinder-775008-8-smb devstack@c-api.service[116427]: INFO cinder.api.openstack.wsgi [req-aaabc546-316b-4c7e-9b52-d18ffe4fcde0 req-8fc8cf80-7926-4ac9-8367-689aa42e9dfb tempest-VolumesTestJSON-1368293498 tempest-VolumesTestJSON-1368293498-project] http://10.222.0.95/volume/v3/74df031babea4cdd836e415e657fa13b/volumes/detail returned with HTTP 200
Feb 02 15:40:01.003194 dv-cinder-775008-8-smb devstack@c-api.service[116427]: [pid: 116427|app: 0|req: 36/78] 10.222.0.95 () {60 vars in 1488 bytes} [Wed Feb  2 15:40:00 2022] GET /volume/v3/74df031babea4cdd836e415e657fa13b/volumes/detail => generated 2748 bytes in 171 msecs (HTTP/1.1 200) 7 headers in 286 bytes (1 switches on core 0)
Feb 02 15:40:01.015269 dv-cinder-775008-8-smb devstack@c-api.service[116427]: INFO cinder.api.openstack.wsgi [req-c6ec4153-ce18-4052-a5ac-08eeab56b572 req-dd5ca4d5-7f51-4735-8ed5-b7e99553e9a0 tempest-VolumesSnapshotsTestJSON-2060721817 tempest-VolumesSnapshotsTestJSON-2060721817-project] DELETE http://10.222.0.95/volume/v3/adc6c2054c9e46d29a790e19f56627de/volumes/21be34c6-9d85-4952-9dbe-ed5e3e1d77b3
Feb 02 15:40:01.016009 dv-cinder-775008-8-smb devstack@c-api.service[116427]: DEBUG cinder.api.openstack.wsgi [req-c6ec4153-ce18-4052-a5ac-08eeab56b572 req-dd5ca4d5-7f51-4735-8ed5-b7e99553e9a0 tempest-VolumesSnapshotsTestJSON-2060721817 tempest-VolumesSnapshotsTestJSON-2060721817-project] Empty body provided in request {{(pid=116427) get_body /opt/stack/cinder/cinder/api/openstack/wsgi.py:715}}
Feb 02 15:40:01.016956 dv-cinder-775008-8-smb devstack@c-api.service[116427]: DEBUG cinder.api.openstack.wsgi [req-c6ec4153-ce18-4052-a5ac-08eeab56b572 req-dd5ca4d5-7f51-4735-8ed5-b7e99553e9a0 tempest-VolumesSnapshotsTestJSON-2060721817 tempest-VolumesSnapshotsTestJSON-2060721817-project] Calling method 'delete' {{(pid=116427) _process_stack /opt/stack/cinder/cinder/api/openstack/wsgi.py:868}}
Feb 02 15:40:01.018644 dv-cinder-775008-8-smb devstack@c-api.service[116427]: INFO cinder.api.v3.volumes [req-c6ec4153-ce18-4052-a5ac-08eeab56b572 req-dd5ca4d5-7f51-4735-8ed5-b7e99553e9a0 tempest-VolumesSnapshotsTestJSON-2060721817 tempest-VolumesSnapshotsTestJSON-2060721817-project] Delete volume with id: 21be34c6-9d85-4952-9dbe-ed5e3e1d77b3 
Feb 02 15:40:01.039676 dv-cinder-775008-8-smb devstack@c-api.service[116428]: INFO cinder.volume.api [None req-aa0eb8e5-f1b4-4003-941c-b24b49843768 tempest-GroupSnapshotsV319Test-566586565 tempest-GroupSnapshotsV319Test-566586565-project] Get all volumes completed successfully.
Feb 02 15:40:01.043041 dv-cinder-775008-8-smb devstack@c-api.service[116428]: WARNING stevedore.named [None req-aa0eb8e5-f1b4-4003-941c-b24b49843768 tempest-GroupSnapshotsV319Test-566586565 tempest-GroupSnapshotsV319Test-566586565-project] Could not load cinder.keymgr.conf_key_mgr.ConfKeyManager
Feb 02 15:40:01.044417 dv-cinder-775008-8-smb devstack@c-api.service[116428]: WARNING castellan.key_manager [None req-aa0eb8e5-f1b4-4003-941c-b24b49843768 tempest-GroupSnapshotsV319Test-566586565 tempest-GroupSnapshotsV319Test-566586565-project] Deprecation Warning : cinder.keymgr.conf_key_mgr.ConfKeyManager is not a stevedore based driver, trying to load it as a class: stevedore.exception.NoMatches: No 'castellan.drivers' driver found, looking for 'cinder.keymgr.conf_key_mgr.ConfKeyManager'
Feb 02 15:40:01.057905 dv-cinder-775008-8-smb devstack@c-api.service[116427]: /usr/local/lib/python3.8/dist-packages/oslo_context/context.py:105: DeprecationWarning: Policy enforcement is depending on the value of is_admin. This key is deprecated. Please update your policy file to use the standard policy values.
Feb 02 15:40:01.057905 dv-cinder-775008-8-smb devstack@c-api.service[116427]:   warnings.warn('Policy enforcement is depending on the value of '
Feb 02 15:40:01.060872 dv-cinder-775008-8-smb devstack@c-api.service[116428]: DEBUG oslo_db.sqlalchemy.engines [None req-aa0eb8e5-f1b4-4003-941c-b24b49843768 tempest-GroupSnapshotsV319Test-566586565 tempest-GroupSnapshotsV319Test-566586565-project] MySQL server mode set to STRICT_TRANS_TABLES,STRICT_ALL_TABLES,NO_ZERO_IN_DATE,NO_ZERO_DATE,ERROR_FOR_DIVISION_BY_ZERO,TRADITIONAL,NO_ENGINE_SUBSTITUTION {{(pid=116428) _check_effective_sql_mode /usr/local/lib/python3.8/dist-packages/oslo_db/sqlalchemy/engines.py:314}}
Feb 02 15:40:01.062963 dv-cinder-775008-8-smb devstack@c-api.service[116427]: INFO cinder.volume.api [req-c6ec4153-ce18-4052-a5ac-08eeab56b572 req-dd5ca4d5-7f51-4735-8ed5-b7e99553e9a0 tempest-VolumesSnapshotsTestJSON-2060721817 tempest-VolumesSnapshotsTestJSON-2060721817-project] Volume info retrieved successfully.
Feb 02 15:40:01.074633 dv-cinder-775008-8-smb devstack@c-api.service[116428]: /usr/local/lib/python3.8/dist-packages/oslo_context/context.py:105: DeprecationWarning: Policy enforcement is depending on the value of is_admin. This key is deprecated. Please update your policy file to use the standard policy values.
Feb 02 15:40:01.074633 dv-cinder-775008-8-smb devstack@c-api.service[116428]:   warnings.warn('Policy enforcement is depending on the value of '
Feb 02 15:40:01.139224 dv-cinder-775008-8-smb devstack@c-api.service[116428]: INFO cinder.api.openstack.wsgi [None req-aa0eb8e5-f1b4-4003-941c-b24b49843768 tempest-GroupSnapshotsV319Test-566586565 tempest-GroupSnapshotsV319Test-566586565-project] http://10.222.0.95/volume/v3/bb2b51edcfe249b9ab9fb80ab410501a/volumes/detail returned with HTTP 200
Feb 02 15:40:01.141793 dv-cinder-775008-8-smb devstack@c-api.service[116428]: [pid: 116428|app: 0|req: 43/79] 10.222.0.95 () {60 vars in 1275 bytes} [Wed Feb  2 15:40:00 2022] GET /volume/v3/bb2b51edcfe249b9ab9fb80ab410501a/volumes/detail => generated 1011 bytes in 275 msecs (HTTP/1.1 200) 7 headers in 287 bytes (1 switches on core 0)
Feb 02 15:40:01.161182 dv-cinder-775008-8-smb devstack@c-api.service[116428]: INFO cinder.api.openstack.wsgi [None req-64c968b3-e18b-4000-a7d3-0bf0a7b211aa tempest-GroupSnapshotsV319Test-566586565 tempest-GroupSnapshotsV319Test-566586565-project] GET http://10.222.0.95/volume/v3/bb2b51edcfe249b9ab9fb80ab410501a/snapshots/detail
Feb 02 15:40:01.161680 dv-cinder-775008-8-smb devstack@c-api.service[116428]: DEBUG cinder.api.openstack.wsgi [None req-64c968b3-e18b-4000-a7d3-0bf0a7b211aa tempest-GroupSnapshotsV319Test-566586565 tempest-GroupSnapshotsV319Test-566586565-project] Empty body provided in request {{(pid=116428) get_body /opt/stack/cinder/cinder/api/openstack/wsgi.py:715}}
Feb 02 15:40:01.162536 dv-cinder-775008-8-smb devstack@c-api.service[116428]: DEBUG cinder.api.openstack.wsgi [None req-64c968b3-e18b-4000-a7d3-0bf0a7b211aa tempest-GroupSnapshotsV319Test-566586565 tempest-GroupSnapshotsV319Test-566586565-project] Calling method 'detail' {{(pid=116428) _process_stack /opt/stack/cinder/cinder/api/openstack/wsgi.py:868}}
Feb 02 15:40:01.163133 dv-cinder-775008-8-smb devstack@c-api.service[116428]: DEBUG cinder.api.api_utils [None req-64c968b3-e18b-4000-a7d3-0bf0a7b211aa tempest-GroupSnapshotsV319Test-566586565 tempest-GroupSnapshotsV319Test-566586565-project] Removing options '' from query. {{(pid=116428) remove_invalid_filter_options /opt/stack/cinder/cinder/api/api_utils.py:73}}
Feb 02 15:40:01.165694 dv-cinder-775008-8-smb devstack@c-api.service[116428]: DEBUG cinder.db.sqlalchemy.api [None req-64c968b3-e18b-4000-a7d3-0bf0a7b211aa tempest-GroupSnapshotsV319Test-566586565 tempest-GroupSnapshotsV319Test-566586565-project] Building query based on filter {{(pid=116428) _process_snaps_filters /opt/stack/cinder/cinder/db/sqlalchemy/api.py:3156}}
Feb 02 15:40:01.171554 dv-cinder-775008-8-smb devstack@c-api.service[116427]: INFO cinder.volume.api [req-c6ec4153-ce18-4052-a5ac-08eeab56b572 req-dd5ca4d5-7f51-4735-8ed5-b7e99553e9a0 tempest-VolumesSnapshotsTestJSON-2060721817 tempest-VolumesSnapshotsTestJSON-2060721817-project] Delete volume request issued successfully.
Feb 02 15:40:01.173100 dv-cinder-775008-8-smb devstack@c-api.service[116427]: INFO cinder.api.openstack.wsgi [req-c6ec4153-ce18-4052-a5ac-08eeab56b572 req-dd5ca4d5-7f51-4735-8ed5-b7e99553e9a0 tempest-VolumesSnapshotsTestJSON-2060721817 tempest-VolumesSnapshotsTestJSON-2060721817-project] http://10.222.0.95/volume/v3/adc6c2054c9e46d29a790e19f56627de/volumes/21be34c6-9d85-4952-9dbe-ed5e3e1d77b3 returned with HTTP 202
Feb 02 15:40:01.186310 dv-cinder-775008-8-smb devstack@c-api.service[116428]: INFO cinder.volume.api [None req-64c968b3-e18b-4000-a7d3-0bf0a7b211aa tempest-GroupSnapshotsV319Test-566586565 tempest-GroupSnapshotsV319Test-566586565-project] Get all snapshots completed successfully.
Feb 02 15:40:01.189433 dv-cinder-775008-8-smb devstack@c-api.service[116428]: /usr/local/lib/python3.8/dist-packages/oslo_context/context.py:105: DeprecationWarning: Policy enforcement is depending on the value of is_admin. This key is deprecated. Please update your policy file to use the standard policy values.
Feb 02 15:40:01.189433 dv-cinder-775008-8-smb devstack@c-api.service[116428]:   warnings.warn('Policy enforcement is depending on the value of '
Feb 02 15:40:01.191253 dv-cinder-775008-8-smb devstack@c-api.service[116427]: [pid: 116427|app: 0|req: 37/80] 10.222.0.95 () {62 vars in 1600 bytes} [Wed Feb  2 15:40:01 2022] DELETE /volume/v3/adc6c2054c9e46d29a790e19f56627de/volumes/21be34c6-9d85-4952-9dbe-ed5e3e1d77b3 => generated 0 bytes in 173 msecs (HTTP/1.1 202) 6 headers in 233 bytes (1 switches on core 0)
Feb 02 15:40:01.194933 dv-cinder-775008-8-smb devstack@c-api.service[116428]: INFO cinder.api.openstack.wsgi [None req-64c968b3-e18b-4000-a7d3-0bf0a7b211aa tempest-GroupSnapshotsV319Test-566586565 tempest-GroupSnapshotsV319Test-566586565-project] http://10.222.0.95/volume/v3/bb2b51edcfe249b9ab9fb80ab410501a/snapshots/detail returned with HTTP 200
Feb 02 15:40:01.197092 dv-cinder-775008-8-smb devstack@c-api.service[116428]: [pid: 116428|app: 0|req: 44/81] 10.222.0.95 () {58 vars in 1240 bytes} [Wed Feb  2 15:40:01 2022] GET /volume/v3/bb2b51edcfe249b9ab9fb80ab410501a/snapshots/detail => generated 539 bytes in 42 msecs (HTTP/1.1 200) 7 headers in 285 bytes (2 switches on core 0)
Feb 02 15:40:01.209037 dv-cinder-775008-8-smb devstack@c-api.service[116427]: INFO cinder.api.openstack.wsgi [None req-ebacf502-b446-4de8-9344-98b7958ec0d5 tempest-GroupSnapshotsV319Test-566586565 tempest-GroupSnapshotsV319Test-566586565-project] GET http://10.222.0.95/volume/v3/bb2b51edcfe249b9ab9fb80ab410501a/snapshots/6051ef6f-3777-4d76-a900-8a9567f336e7
Feb 02 15:40:01.212628 dv-cinder-775008-8-smb devstack@c-api.service[116427]: DEBUG cinder.api.openstack.wsgi [None req-ebacf502-b446-4de8-9344-98b7958ec0d5 tempest-GroupSnapshotsV319Test-566586565 tempest-GroupSnapshotsV319Test-566586565-project] Empty body provided in request {{(pid=116427) get_body /opt/stack/cinder/cinder/api/openstack/wsgi.py:715}}
Feb 02 15:40:01.213472 dv-cinder-775008-8-smb devstack@c-api.service[116427]: DEBUG cinder.api.openstack.wsgi [None req-ebacf502-b446-4de8-9344-98b7958ec0d5 tempest-GroupSnapshotsV319Test-566586565 tempest-GroupSnapshotsV319Test-566586565-project] Calling method 'show' {{(pid=116427) _process_stack /opt/stack/cinder/cinder/api/openstack/wsgi.py:868}}
Feb 02 15:40:01.241685 dv-cinder-775008-8-smb devstack@c-api.service[116427]: /usr/local/lib/python3.8/dist-packages/oslo_context/context.py:105: DeprecationWarning: Policy enforcement is depending on the value of is_admin. This key is deprecated. Please update your policy file to use the standard policy values.
Feb 02 15:40:01.241685 dv-cinder-775008-8-smb devstack@c-api.service[116427]:   warnings.warn('Policy enforcement is depending on the value of '
Feb 02 15:40:01.246210 dv-cinder-775008-8-smb devstack@c-api.service[116427]: INFO cinder.volume.api [None req-ebacf502-b446-4de8-9344-98b7958ec0d5 tempest-GroupSnapshotsV319Test-566586565 tempest-GroupSnapshotsV319Test-566586565-project] Snapshot retrieved successfully.
Feb 02 15:40:01.249439 dv-cinder-775008-8-smb devstack@c-api.service[116427]: INFO cinder.api.openstack.wsgi [None req-ebacf502-b446-4de8-9344-98b7958ec0d5 tempest-GroupSnapshotsV319Test-566586565 tempest-GroupSnapshotsV319Test-566586565-project] http://10.222.0.95/volume/v3/bb2b51edcfe249b9ab9fb80ab410501a/snapshots/6051ef6f-3777-4d76-a900-8a9567f336e7 returned with HTTP 200
Feb 02 15:40:01.258674 dv-cinder-775008-8-smb devstack@c-api.service[116427]: [pid: 116427|app: 0|req: 38/82] 10.222.0.95 () {58 vars in 1330 bytes} [Wed Feb  2 15:40:01 2022] GET /volume/v3/bb2b51edcfe249b9ab9fb80ab410501a/snapshots/6051ef6f-3777-4d76-a900-8a9567f336e7 => generated 536 bytes in 55 msecs (HTTP/1.1 200) 7 headers in 285 bytes (1 switches on core 0)
Feb 02 15:40:01.665522 dv-cinder-775008-8-smb devstack@c-api.service[116428]: INFO cinder.api.openstack.wsgi [req-ad638398-fea6-4fef-ad98-f06b89701365 req-012139b7-d378-4c93-8004-efc79fb29e07 tempest-VolumesTestJSON-1368293498 tempest-VolumesTestJSON-1368293498-project] GET http://10.222.0.95/volume/v3/74df031babea4cdd836e415e657fa13b/volumes/detail
Feb 02 15:40:01.666633 dv-cinder-775008-8-smb devstack@c-api.service[116428]: DEBUG cinder.api.openstack.wsgi [req-ad638398-fea6-4fef-ad98-f06b89701365 req-012139b7-d378-4c93-8004-efc79fb29e07 tempest-VolumesTestJSON-1368293498 tempest-VolumesTestJSON-1368293498-project] Empty body provided in request {{(pid=116428) get_body /opt/stack/cinder/cinder/api/openstack/wsgi.py:715}}
Feb 02 15:40:01.667161 dv-cinder-775008-8-smb devstack@c-api.service[116428]: DEBUG cinder.api.openstack.wsgi [req-ad638398-fea6-4fef-ad98-f06b89701365 req-012139b7-d378-4c93-8004-efc79fb29e07 tempest-VolumesTestJSON-1368293498 tempest-VolumesTestJSON-1368293498-project] Calling method 'detail' {{(pid=116428) _process_stack /opt/stack/cinder/cinder/api/openstack/wsgi.py:868}}
Feb 02 15:40:01.667815 dv-cinder-775008-8-smb devstack@c-api.service[116428]: DEBUG cinder.api.api_utils [req-ad638398-fea6-4fef-ad98-f06b89701365 req-012139b7-d378-4c93-8004-efc79fb29e07 tempest-VolumesTestJSON-1368293498 tempest-VolumesTestJSON-1368293498-project] Removing options '' from query. {{(pid=116428) remove_invalid_filter_options /opt/stack/cinder/cinder/api/api_utils.py:73}}
Feb 02 15:40:01.670253 dv-cinder-775008-8-smb devstack@c-api.service[116428]: DEBUG cinder.volume.api [req-ad638398-fea6-4fef-ad98-f06b89701365 req-012139b7-d378-4c93-8004-efc79fb29e07 tempest-VolumesTestJSON-1368293498 tempest-VolumesTestJSON-1368293498-project] Searching by: MultiDict([('no_migration_targets', True)]). {{(pid=116428) get_all /opt/stack/cinder/cinder/volume/api.py:661}}
Feb 02 15:40:01.802375 dv-cinder-775008-8-smb devstack@c-api.service[116428]: INFO cinder.volume.api [req-ad638398-fea6-4fef-ad98-f06b89701365 req-012139b7-d378-4c93-8004-efc79fb29e07 tempest-VolumesTestJSON-1368293498 tempest-VolumesTestJSON-1368293498-project] Get all volumes completed successfully.
Feb 02 15:40:01.802858 dv-cinder-775008-8-smb devstack@c-api.service[116427]: INFO cinder.api.openstack.wsgi [req-dea80ee2-bf8d-445b-9b5c-52102677e121 req-c478e758-7d4d-44ea-8712-abba5f4511bc tempest-VolumesSnapshotsTestJSON-2060721817 tempest-VolumesSnapshotsTestJSON-2060721817-project] GET http://10.222.0.95/volume/v3/adc6c2054c9e46d29a790e19f56627de/volumes/21be34c6-9d85-4952-9dbe-ed5e3e1d77b3
Feb 02 15:40:01.808185 dv-cinder-775008-8-smb devstack@c-api.service[116428]: /usr/local/lib/python3.8/dist-packages/oslo_context/context.py:105: DeprecationWarning: Policy enforcement is depending on the value of is_admin. This key is deprecated. Please update your policy file to use the standard policy values.
Feb 02 15:40:01.808185 dv-cinder-775008-8-smb devstack@c-api.service[116428]:   warnings.warn('Policy enforcement is depending on the value of '
Feb 02 15:40:01.811526 dv-cinder-775008-8-smb devstack@c-api.service[116427]: DEBUG cinder.api.openstack.wsgi [req-dea80ee2-bf8d-445b-9b5c-52102677e121 req-c478e758-7d4d-44ea-8712-abba5f4511bc tempest-VolumesSnapshotsTestJSON-2060721817 tempest-VolumesSnapshotsTestJSON-2060721817-project] Empty body provided in request {{(pid=116427) get_body /opt/stack/cinder/cinder/api/openstack/wsgi.py:715}}
Feb 02 15:40:01.812264 dv-cinder-775008-8-smb devstack@c-api.service[116427]: DEBUG cinder.api.openstack.wsgi [req-dea80ee2-bf8d-445b-9b5c-52102677e121 req-c478e758-7d4d-44ea-8712-abba5f4511bc tempest-VolumesSnapshotsTestJSON-2060721817 tempest-VolumesSnapshotsTestJSON-2060721817-project] Calling method 'show' {{(pid=116427) _process_stack /opt/stack/cinder/cinder/api/openstack/wsgi.py:868}}
Feb 02 15:40:01.824268 dv-cinder-775008-8-smb devstack@c-api.service[116428]: INFO cinder.api.openstack.wsgi [req-ad638398-fea6-4fef-ad98-f06b89701365 req-012139b7-d378-4c93-8004-efc79fb29e07 tempest-VolumesTestJSON-1368293498 tempest-VolumesTestJSON-1368293498-project] http://10.222.0.95/volume/v3/74df031babea4cdd836e415e657fa13b/volumes/detail returned with HTTP 200
Feb 02 15:40:01.838713 dv-cinder-775008-8-smb devstack@c-api.service[116428]: [pid: 116428|app: 0|req: 45/83] 10.222.0.95 () {60 vars in 1488 bytes} [Wed Feb  2 15:40:01 2022] GET /volume/v3/74df031babea4cdd836e415e657fa13b/volumes/detail => generated 2748 bytes in 177 msecs (HTTP/1.1 200) 7 headers in 286 bytes (1 switches on core 0)
Feb 02 15:40:01.849316 dv-cinder-775008-8-smb devstack@c-api.service[116428]: INFO cinder.api.openstack.wsgi [None req-861bf9d1-f4da-4b89-bc9b-e617f79c1bbe tempest-GroupsV314Test-1570271860 tempest-GroupsV314Test-1570271860-project] GET http://10.222.0.95/volume/v3/5783991f800a438d923dd7dff94d800a/volumes/8a2c084d-c4c2-440c-9640-4f7af124dc67
Feb 02 15:40:01.850116 dv-cinder-775008-8-smb devstack@c-api.service[116428]: DEBUG cinder.api.openstack.wsgi [None req-861bf9d1-f4da-4b89-bc9b-e617f79c1bbe tempest-GroupsV314Test-1570271860 tempest-GroupsV314Test-1570271860-project] Empty body provided in request {{(pid=116428) get_body /opt/stack/cinder/cinder/api/openstack/wsgi.py:715}}
Feb 02 15:40:01.850458 dv-cinder-775008-8-smb devstack@c-api.service[116427]: INFO cinder.api.openstack.wsgi [req-dea80ee2-bf8d-445b-9b5c-52102677e121 req-c478e758-7d4d-44ea-8712-abba5f4511bc tempest-VolumesSnapshotsTestJSON-2060721817 tempest-VolumesSnapshotsTestJSON-2060721817-project] http://10.222.0.95/volume/v3/adc6c2054c9e46d29a790e19f56627de/volumes/21be34c6-9d85-4952-9dbe-ed5e3e1d77b3 returned with HTTP 404
Feb 02 15:40:01.850993 dv-cinder-775008-8-smb devstack@c-api.service[116428]: DEBUG cinder.api.openstack.wsgi [None req-861bf9d1-f4da-4b89-bc9b-e617f79c1bbe tempest-GroupsV314Test-1570271860 tempest-GroupsV314Test-1570271860-project] Calling method 'show' {{(pid=116428) _process_stack /opt/stack/cinder/cinder/api/openstack/wsgi.py:868}}
Feb 02 15:40:01.868232 dv-cinder-775008-8-smb devstack@c-api.service[116427]: [pid: 116427|app: 0|req: 39/84] 10.222.0.95 () {60 vars in 1578 bytes} [Wed Feb  2 15:40:01 2022] GET /volume/v3/adc6c2054c9e46d29a790e19f56627de/volumes/21be34c6-9d85-4952-9dbe-ed5e3e1d77b3 => generated 109 bytes in 74 msecs (HTTP/1.1 404) 7 headers in 292 bytes (2 switches on core 0)
Feb 02 15:40:01.873440 dv-cinder-775008-8-smb devstack@c-api.service[116428]: INFO cinder.api.openstack.wsgi [None req-861bf9d1-f4da-4b89-bc9b-e617f79c1bbe tempest-GroupsV314Test-1570271860 tempest-GroupsV314Test-1570271860-project] http://10.222.0.95/volume/v3/5783991f800a438d923dd7dff94d800a/volumes/8a2c084d-c4c2-440c-9640-4f7af124dc67 returned with HTTP 404
Feb 02 15:40:01.874607 dv-cinder-775008-8-smb devstack@c-api.service[116428]: [pid: 116428|app: 0|req: 46/85] 10.222.0.95 () {60 vars in 1365 bytes} [Wed Feb  2 15:40:01 2022] GET /volume/v3/5783991f800a438d923dd7dff94d800a/volumes/8a2c084d-c4c2-440c-9640-4f7af124dc67 => generated 109 bytes in 29 msecs (HTTP/1.1 404) 7 headers in 293 bytes (2 switches on core 0)
Feb 02 15:40:01.886423 dv-cinder-775008-8-smb devstack@c-api.service[116427]: INFO cinder.api.openstack.wsgi [None req-69dfd156-6c73-4434-a224-b392f23fac23 tempest-GroupsV314Test-1570271860 tempest-GroupsV314Test-1570271860-project] GET http://10.222.0.95/volume/v3/5783991f800a438d923dd7dff94d800a/groups/49d56bb1-c3f1-4d51-bbd4-cc708971be56
Feb 02 15:40:01.888208 dv-cinder-775008-8-smb devstack@c-api.service[116427]: DEBUG cinder.api.openstack.wsgi [None req-69dfd156-6c73-4434-a224-b392f23fac23 tempest-GroupsV314Test-1570271860 tempest-GroupsV314Test-1570271860-project] Empty body provided in request {{(pid=116427) get_body /opt/stack/cinder/cinder/api/openstack/wsgi.py:715}}
Feb 02 15:40:01.888678 dv-cinder-775008-8-smb devstack@c-api.service[116427]: DEBUG cinder.api.openstack.wsgi [None req-69dfd156-6c73-4434-a224-b392f23fac23 tempest-GroupsV314Test-1570271860 tempest-GroupsV314Test-1570271860-project] Calling method 'version_select' {{(pid=116427) _process_stack /opt/stack/cinder/cinder/api/openstack/wsgi.py:868}}
Feb 02 15:40:01.889029 dv-cinder-775008-8-smb devstack@c-api.service[116427]: DEBUG cinder.api.v3.groups [None req-69dfd156-6c73-4434-a224-b392f23fac23 tempest-GroupsV314Test-1570271860 tempest-GroupsV314Test-1570271860-project] show called for member 49d56bb1-c3f1-4d51-bbd4-cc708971be56 {{(pid=116427) show /opt/stack/cinder/cinder/api/v3/groups.py:58}}
Feb 02 15:40:01.904907 dv-cinder-775008-8-smb devstack@c-api.service[116427]: INFO cinder.api.openstack.wsgi [None req-69dfd156-6c73-4434-a224-b392f23fac23 tempest-GroupsV314Test-1570271860 tempest-GroupsV314Test-1570271860-project] http://10.222.0.95/volume/v3/5783991f800a438d923dd7dff94d800a/groups/49d56bb1-c3f1-4d51-bbd4-cc708971be56 returned with HTTP 404
Feb 02 15:40:01.913993 dv-cinder-775008-8-smb devstack@c-api.service[116427]: [pid: 116427|app: 0|req: 40/86] 10.222.0.95 () {60 vars in 1362 bytes} [Wed Feb  2 15:40:01 2022] GET /volume/v3/5783991f800a438d923dd7dff94d800a/groups/49d56bb1-c3f1-4d51-bbd4-cc708971be56 => generated 108 bytes in 33 msecs (HTTP/1.1 404) 7 headers in 293 bytes (1 switches on core 0)
Feb 02 15:40:01.917718 dv-cinder-775008-8-smb devstack@c-api.service[116428]: INFO cinder.api.openstack.wsgi [None req-8db852d5-38f7-4126-b0ea-6e964dff45a5 tempest-GroupsV314Test-1570271860 tempest-GroupsV314Test-1570271860-project] GET http://10.222.0.95/volume/v3/5783991f800a438d923dd7dff94d800a/volumes/detail
Feb 02 15:40:01.919834 dv-cinder-775008-8-smb devstack@c-api.service[116428]: DEBUG cinder.api.openstack.wsgi [None req-8db852d5-38f7-4126-b0ea-6e964dff45a5 tempest-GroupsV314Test-1570271860 tempest-GroupsV314Test-1570271860-project] Empty body provided in request {{(pid=116428) get_body /opt/stack/cinder/cinder/api/openstack/wsgi.py:715}}
Feb 02 15:40:01.920501 dv-cinder-775008-8-smb devstack@c-api.service[116428]: DEBUG cinder.api.openstack.wsgi [None req-8db852d5-38f7-4126-b0ea-6e964dff45a5 tempest-GroupsV314Test-1570271860 tempest-GroupsV314Test-1570271860-project] Calling method 'detail' {{(pid=116428) _process_stack /opt/stack/cinder/cinder/api/openstack/wsgi.py:868}}
Feb 02 15:40:01.921263 dv-cinder-775008-8-smb devstack@c-api.service[116428]: DEBUG cinder.api.api_utils [None req-8db852d5-38f7-4126-b0ea-6e964dff45a5 tempest-GroupsV314Test-1570271860 tempest-GroupsV314Test-1570271860-project] Removing options '' from query. {{(pid=116428) remove_invalid_filter_options /opt/stack/cinder/cinder/api/api_utils.py:73}}
