Jan 18 16:07:14.444229 dv-cinder-775008-7-iscsi devstack@n-api.service[116941]: DEBUG nova.api.openstack.wsgi [None req-05a15ae4-7b5a-4ecd-b115-4b49fe91b8f4 tempest-VolumesTestJSON-185597377 tempest-VolumesTestJSON-185597377-project] Calling method '.version_select at 0x7fd7d18e7c10>' {{(pid=116941) _process_stack /opt/stack/nova/nova/api/openstack/wsgi.py:513}}
Jan 18 16:07:14.894400 dv-cinder-775008-7-iscsi devstack@n-api.service[116942]: DEBUG nova.virt.hardware [None req-2ba76779-688b-4dba-96f9-ede3613b6670 tempest-ServerRescueNegativeTestJSON-1385009418 tempest-ServerRescueNegativeTestJSON-1385009418-project] Flavor limits 0:0:0 {{(pid=116942) get_cpu_topology_constraints /opt/stack/nova/nova/virt/hardware.py:343}}
Jan 18 16:07:14.894400 dv-cinder-775008-7-iscsi devstack@n-api.service[116942]: DEBUG nova.virt.hardware [None req-2ba76779-688b-4dba-96f9-ede3613b6670 tempest-ServerRescueNegativeTestJSON-1385009418 tempest-ServerRescueNegativeTestJSON-1385009418-project] Image limits 0:0:0 {{(pid=116942) get_cpu_topology_constraints /opt/stack/nova/nova/virt/hardware.py:347}}
Jan 18 16:07:14.894400 dv-cinder-775008-7-iscsi devstack@n-api.service[116942]: DEBUG nova.virt.hardware [None req-2ba76779-688b-4dba-96f9-ede3613b6670 tempest-ServerRescueNegativeTestJSON-1385009418 tempest-ServerRescueNegativeTestJSON-1385009418-project] Flavor pref 0:0:0 {{(pid=116942) get_cpu_topology_constraints /opt/stack/nova/nova/virt/hardware.py:383}}
Jan 18 16:07:14.894400 dv-cinder-775008-7-iscsi devstack@n-api.service[116942]: DEBUG nova.virt.hardware [None req-2ba76779-688b-4dba-96f9-ede3613b6670 tempest-ServerRescueNegativeTestJSON-1385009418 tempest-ServerRescueNegativeTestJSON-1385009418-project] Image pref 0:0:0 {{(pid=116942) get_cpu_topology_constraints /opt/stack/nova/nova/virt/hardware.py:387}}
Jan 18 16:07:14.894400 dv-cinder-775008-7-iscsi devstack@n-api.service[116942]: DEBUG nova.virt.hardware [None req-2ba76779-688b-4dba-96f9-ede3613b6670 tempest-ServerRescueNegativeTestJSON-1385009418 tempest-ServerRescueNegativeTestJSON-1385009418-project] Chose sockets=0, cores=0, threads=0; limits were sockets=65536, cores=65536, threads=65536 {{(pid=116942) get_cpu_topology_constraints /opt/stack/nova/nova/virt/hardware.py:425}}
Jan 18 16:07:14.902884 dv-cinder-775008-7-iscsi devstack@n-api.service[116942]: DEBUG oslo_concurrency.lockutils [None req-2ba76779-688b-4dba-96f9-ede3613b6670 tempest-ServerRescueNegativeTestJSON-1385009418 tempest-ServerRescueNegativeTestJSON-1385009418-project] Lock "00000000-0000-0000-0000-000000000000" acquired by "nova.context.set_target_cell..get_or_set_cached_cell_and_set_connections" :: waited 0.000s {{(pid=116942) inner /usr/local/lib/python3.8/dist-packages/oslo_concurrency/lockutils.py:386}}
Jan 18 16:07:14.904312 dv-cinder-775008-7-iscsi devstack@n-api.service[116942]: DEBUG oslo_concurrency.lockutils [None req-2ba76779-688b-4dba-96f9-ede3613b6670 tempest-ServerRescueNegativeTestJSON-1385009418 tempest-ServerRescueNegativeTestJSON-1385009418-project] Lock "00000000-0000-0000-0000-000000000000" "released" by "nova.context.set_target_cell..get_or_set_cached_cell_and_set_connections" :: held 0.002s {{(pid=116942) inner /usr/local/lib/python3.8/dist-packages/oslo_concurrency/lockutils.py:400}}
Jan 18 16:07:14.907602 dv-cinder-775008-7-iscsi devstack@n-api.service[116942]: DEBUG oslo_concurrency.lockutils [None req-2ba76779-688b-4dba-96f9-ede3613b6670 tempest-ServerRescueNegativeTestJSON-1385009418 tempest-ServerRescueNegativeTestJSON-1385009418-project] Lock "897e8247-000e-43c8-8d12-400d4a836ca8" acquired by "nova.context.set_target_cell..get_or_set_cached_cell_and_set_connections" :: waited 0.000s {{(pid=116942) inner /usr/local/lib/python3.8/dist-packages/oslo_concurrency/lockutils.py:386}}
Jan 18 16:07:14.908210 dv-cinder-775008-7-iscsi devstack@n-api.service[116942]: DEBUG oslo_concurrency.lockutils [None req-2ba76779-688b-4dba-96f9-ede3613b6670 tempest-ServerRescueNegativeTestJSON-1385009418 tempest-ServerRescueNegativeTestJSON-1385009418-project] Lock "897e8247-000e-43c8-8d12-400d4a836ca8" "released" by "nova.context.set_target_cell..get_or_set_cached_cell_and_set_connections" :: held 0.002s {{(pid=116942) inner /usr/local/lib/python3.8/dist-packages/oslo_concurrency/lockutils.py:400}}
Jan 18 16:07:15.008658 dv-cinder-775008-7-iscsi devstack@n-api.service[116942]: DEBUG nova.quota [None req-2ba76779-688b-4dba-96f9-ede3613b6670 tempest-ServerRescueNegativeTestJSON-1385009418 tempest-ServerRescueNegativeTestJSON-1385009418-project] Getting quotas for project ccbd9f9dcf2147c78855ea9c0666fcc3. Resources: {'cores', 'instances', 'ram'} {{(pid=116942) _get_quotas /opt/stack/nova/nova/quota.py:387}}
Jan 18 16:07:15.022054 dv-cinder-775008-7-iscsi devstack@n-api.service[116942]: DEBUG nova.quota [None req-2ba76779-688b-4dba-96f9-ede3613b6670 tempest-ServerRescueNegativeTestJSON-1385009418 tempest-ServerRescueNegativeTestJSON-1385009418-project] Getting quotas for user 4fc9b0a0d2294cf8a058dba49368684a and project ccbd9f9dcf2147c78855ea9c0666fcc3. Resources: {'cores', 'instances', 'ram'} {{(pid=116942) _get_quotas /opt/stack/nova/nova/quota.py:377}}
Jan 18 16:07:15.051864 dv-cinder-775008-7-iscsi devstack@n-api.service[116942]: DEBUG nova.compute.api [None req-2ba76779-688b-4dba-96f9-ede3613b6670 tempest-ServerRescueNegativeTestJSON-1385009418 tempest-ServerRescueNegativeTestJSON-1385009418-project] Going to run 1 instances... {{(pid=116942) _provision_instances /opt/stack/nova/nova/compute/api.py:1350}}
Jan 18 16:07:15.056512 dv-cinder-775008-7-iscsi devstack@n-api.service[116942]: DEBUG nova.compute.api [None req-2ba76779-688b-4dba-96f9-ede3613b6670 tempest-ServerRescueNegativeTestJSON-1385009418 tempest-ServerRescueNegativeTestJSON-1385009418-project] [instance: 48381060-c75c-4f96-96f7-cbac493902fc] block_device_mapping [BlockDeviceMapping(attachment_id=,boot_index=0,connection_info=None,created_at=,delete_on_termination=True,deleted=,deleted_at=,destination_type='local',device_name=None,device_type='disk',disk_bus=None,guest_format=None,id=,image_id='6522715e-a154-47c1-a8b3-5b80cd70bc0c',instance=,instance_uuid=,no_device=False,snapshot_id=None,source_type='image',tag=None,updated_at=,uuid=,volume_id=None,volume_size=None,volume_type=None)] {{(pid=116942) _bdm_validate_set_size_and_instance /opt/stack/nova/nova/compute/api.py:1757}}
Jan 18 16:07:15.121480 dv-cinder-775008-7-iscsi devstack@n-api.service[116941]: INFO nova.api.openstack.requestlog [None req-05a15ae4-7b5a-4ecd-b115-4b49fe91b8f4 tempest-VolumesTestJSON-185597377 tempest-VolumesTestJSON-185597377-project] 10.222.0.73 "GET /compute/v2.1/os-volumes/detail" status: 200 len: 1034 microversion: 2.1 time: 0.697178
Jan 18 16:07:15.122354 dv-cinder-775008-7-iscsi devstack@n-api.service[116941]: [pid: 116941|app: 0|req: 29/46] 10.222.0.73 () {58 vars in 1154 bytes} [Tue Jan 18 16:07:14 2022] GET /compute/v2.1/os-volumes/detail => generated 1034 bytes in 699 msecs (HTTP/1.1 200) 9 headers in 358 bytes (1 switches on core 0)
Jan 18 16:07:15.134771 dv-cinder-775008-7-iscsi devstack@n-api.service[116941]: DEBUG nova.api.openstack.wsgi [None req-ea4ad3c3-7d9b-458f-abfc-65c954d36f44 tempest-DeleteServersTestJSON-999955772 tempest-DeleteServersTestJSON-999955772-project] Calling method '>' {{(pid=116941) _process_stack /opt/stack/nova/nova/api/openstack/wsgi.py:513}}
Jan 18 16:07:15.136584 dv-cinder-775008-7-iscsi devstack@n-api.service[116941]: DEBUG nova.compute.api [None req-ea4ad3c3-7d9b-458f-abfc-65c954d36f44 tempest-DeleteServersTestJSON-999955772 tempest-DeleteServersTestJSON-999955772-project] [instance: eb252bca-504d-4316-9f18-f81cc9492b6b] Fetching instance by UUID {{(pid=116941) get /opt/stack/nova/nova/compute/api.py:2865}}
Jan 18 16:07:15.147216 dv-cinder-775008-7-iscsi devstack@n-api.service[116941]: DEBUG oslo_concurrency.lockutils [None req-ea4ad3c3-7d9b-458f-abfc-65c954d36f44 tempest-DeleteServersTestJSON-999955772 tempest-DeleteServersTestJSON-999955772-project] Lock "897e8247-000e-43c8-8d12-400d4a836ca8" acquired by "nova.context.set_target_cell..get_or_set_cached_cell_and_set_connections" :: waited 0.000s {{(pid=116941) inner /usr/local/lib/python3.8/dist-packages/oslo_concurrency/lockutils.py:386}}
Jan 18 16:07:15.147683 dv-cinder-775008-7-iscsi devstack@n-api.service[116941]: DEBUG oslo_concurrency.lockutils [None req-ea4ad3c3-7d9b-458f-abfc-65c954d36f44 tempest-DeleteServersTestJSON-999955772 tempest-DeleteServersTestJSON-999955772-project] Lock "897e8247-000e-43c8-8d12-400d4a836ca8" "released" by "nova.context.set_target_cell..get_or_set_cached_cell_and_set_connections" :: held 0.001s {{(pid=116941) inner /usr/local/lib/python3.8/dist-packages/oslo_concurrency/lockutils.py:400}}
Jan 18 16:07:15.148914 dv-cinder-775008-7-iscsi devstack@n-api.service[116941]: DEBUG oslo_concurrency.lockutils [None req-ea4ad3c3-7d9b-458f-abfc-65c954d36f44 tempest-DeleteServersTestJSON-999955772 tempest-DeleteServersTestJSON-999955772-project] Lock "897e8247-000e-43c8-8d12-400d4a836ca8" acquired by "nova.context.set_target_cell..get_or_set_cached_cell_and_set_connections" :: waited 0.000s {{(pid=116941) inner /usr/local/lib/python3.8/dist-packages/oslo_concurrency/lockutils.py:386}}
Jan 18 16:07:15.149906 dv-cinder-775008-7-iscsi devstack@n-api.service[116941]: DEBUG oslo_concurrency.lockutils [None req-ea4ad3c3-7d9b-458f-abfc-65c954d36f44 tempest-DeleteServersTestJSON-999955772 tempest-DeleteServersTestJSON-999955772-project] Lock "897e8247-000e-43c8-8d12-400d4a836ca8" "released" by "nova.context.set_target_cell..get_or_set_cached_cell_and_set_connections" :: held 0.000s {{(pid=116941) inner /usr/local/lib/python3.8/dist-packages/oslo_concurrency/lockutils.py:400}}
Jan 18 16:07:15.306543 dv-cinder-775008-7-iscsi devstack@n-api.service[116942]: INFO nova.api.openstack.requestlog [None req-2ba76779-688b-4dba-96f9-ede3613b6670 tempest-ServerRescueNegativeTestJSON-1385009418 tempest-ServerRescueNegativeTestJSON-1385009418-project] 10.222.0.73 "POST /compute/v2.1/servers" status: 202 len: 383 microversion: 2.1 time: 2.144283
Jan 18 16:07:15.310246 dv-cinder-775008-7-iscsi devstack@n-api.service[116942]: [pid: 116942|app: 0|req: 18/47] 10.222.0.73 () {60 vars in 1146 bytes} [Tue Jan 18 16:07:13 2022] POST /compute/v2.1/servers => generated 383 bytes in 2150 msecs (HTTP/1.1 202) 10 headers in 451 bytes (1 switches on core 0)
Jan 18 16:07:15.324363 dv-cinder-775008-7-iscsi devstack@n-api.service[116942]: DEBUG nova.api.openstack.wsgi [None req-9793f196-69e1-4f6a-b90a-3545aa85d3f2 tempest-VolumesSnapshotsTestJSON-11769843 tempest-VolumesSnapshotsTestJSON-11769843-project] Calling method '.version_select at 0x7fd7d194b430>' {{(pid=116942) _process_stack /opt/stack/nova/nova/api/openstack/wsgi.py:513}}
Jan 18 16:07:15.600567 dv-cinder-775008-7-iscsi devstack@n-api.service[116942]: INFO nova.api.openstack.wsgi [None req-9793f196-69e1-4f6a-b90a-3545aa85d3f2 tempest-VolumesSnapshotsTestJSON-11769843 tempest-VolumesSnapshotsTestJSON-11769843-project] HTTP exception thrown: Snapshot f1a1dce3-7bb6-4e63-824b-4067c2dc3ad7 could not be found.
Jan 18 16:07:15.601366 dv-cinder-775008-7-iscsi devstack@n-api.service[116942]: DEBUG nova.api.openstack.wsgi [None req-9793f196-69e1-4f6a-b90a-3545aa85d3f2 tempest-VolumesSnapshotsTestJSON-11769843 tempest-VolumesSnapshotsTestJSON-11769843-project] Returning 404 to user: Snapshot f1a1dce3-7bb6-4e63-824b-4067c2dc3ad7 could not be found. {{(pid=116942) __call__ /opt/stack/nova/nova/api/openstack/wsgi.py:936}}
Jan 18 16:07:15.602420 dv-cinder-775008-7-iscsi devstack@n-api.service[116942]: INFO nova.api.openstack.requestlog [None req-9793f196-69e1-4f6a-b90a-3545aa85d3f2 tempest-VolumesSnapshotsTestJSON-11769843 tempest-VolumesSnapshotsTestJSON-11769843-project] 10.222.0.73 "GET /compute/v2.1/os-snapshots/f1a1dce3-7bb6-4e63-824b-4067c2dc3ad7" status: 404 len: 111 microversion: 2.1 time: 0.289603
Jan 18 16:07:15.603161 dv-cinder-775008-7-iscsi devstack@n-api.service[116942]: [pid: 116942|app: 0|req: 19/48] 10.222.0.73 () {58 vars in 1250 bytes} [Tue Jan 18 16:07:15 2022] GET /compute/v2.1/os-snapshots/f1a1dce3-7bb6-4e63-824b-4067c2dc3ad7 => generated 111 bytes in 292 msecs (HTTP/1.1 404) 9 headers in 379 bytes (1 switches on core 0)
Jan 18 16:07:15.620204 dv-cinder-775008-7-iscsi devstack@n-api.service[116942]: DEBUG nova.api.openstack.wsgi [None req-6917ccd6-19f7-4130-822b-5d55dc4a8cd4 tempest-VolumesTestJSON-185597377 tempest-VolumesTestJSON-185597377-project] Calling method '.version_select at 0x7fd7d194bee0>' {{(pid=116942) _process_stack /opt/stack/nova/nova/api/openstack/wsgi.py:513}}
Jan 18 16:07:15.690382 dv-cinder-775008-7-iscsi devstack@n-api.service[116941]: DEBUG nova.policy [None req-ea4ad3c3-7d9b-458f-abfc-65c954d36f44 tempest-DeleteServersTestJSON-999955772 tempest-DeleteServersTestJSON-999955772-project] Policy check for os_compute_api:os-extended-server-attributes failed with credentials {'is_admin': False, 'user_id': '05cdcfaee79144d18635ccb8af3a9a24', 'user_domain_id': 'default', 'system_scope': None, 'domain_id': None, 'project_id': 'c033b3cebfe447848b2463af16b1ad68', 'project_domain_id': 'default', 'roles': ['reader', 'member'], 'is_admin_project': True, 'service_user_id': None, 'service_user_domain_id': None, 'service_project_id': None, 'service_project_domain_id': None, 'service_roles': []} {{(pid=116941) authorize /opt/stack/nova/nova/policy.py:199}}
Jan 18 16:07:15.703543 dv-cinder-775008-7-iscsi devstack@n-api.service[116941]: INFO nova.api.openstack.requestlog [None req-ea4ad3c3-7d9b-458f-abfc-65c954d36f44 tempest-DeleteServersTestJSON-999955772 tempest-DeleteServersTestJSON-999955772-project] 10.222.0.73 "GET /compute/v2.1/servers/eb252bca-504d-4316-9f18-f81cc9492b6b" status: 200 len: 1313 microversion: 2.1 time: 0.580038
Jan 18 16:07:15.708070 dv-cinder-775008-7-iscsi devstack@n-api.service[116941]: [pid: 116941|app: 0|req: 30/49] 10.222.0.73 () {58 vars in 1235 bytes} [Tue Jan 18 16:07:15 2022] GET /compute/v2.1/servers/eb252bca-504d-4316-9f18-f81cc9492b6b => generated 1313 bytes in 585 msecs (HTTP/1.1 200) 9 headers in 358 bytes (1 switches on core 0)
Jan 18 16:07:15.717492 dv-cinder-775008-7-iscsi devstack@n-api.service[116941]: DEBUG nova.api.openstack.wsgi [None req-c224692c-8173-40a8-9708-524842d30043 tempest-ServerRescueNegativeTestJSON-1385009418 tempest-ServerRescueNegativeTestJSON-1385009418-project] Calling method '>' {{(pid=116941) _process_stack /opt/stack/nova/nova/api/openstack/wsgi.py:513}}
Jan 18 16:07:15.718501 dv-cinder-775008-7-iscsi devstack@n-api.service[116941]: DEBUG nova.compute.api [None req-c224692c-8173-40a8-9708-524842d30043 tempest-ServerRescueNegativeTestJSON-1385009418 tempest-ServerRescueNegativeTestJSON-1385009418-project] [instance: 48381060-c75c-4f96-96f7-cbac493902fc] Fetching instance by UUID {{(pid=116941) get /opt/stack/nova/nova/compute/api.py:2865}}
Jan 18 16:07:15.870312 dv-cinder-775008-7-iscsi devstack@n-api.service[116941]: DEBUG nova.policy [None req-c224692c-8173-40a8-9708-524842d30043 tempest-ServerRescueNegativeTestJSON-1385009418 tempest-ServerRescueNegativeTestJSON-1385009418-project] Policy check for os_compute_api:os-extended-server-attributes failed with credentials {'is_admin': False, 'user_id': '4fc9b0a0d2294cf8a058dba49368684a', 'user_domain_id': 'default', 'system_scope': None, 'domain_id': None, 'project_id': 'ccbd9f9dcf2147c78855ea9c0666fcc3', 'project_domain_id': 'default', 'roles': ['reader', 'member'], 'is_admin_project': True, 'service_user_id': None, 'service_user_domain_id': None, 'service_project_id': None, 'service_project_domain_id': None, 'service_roles': []} {{(pid=116941) authorize /opt/stack/nova/nova/policy.py:199}}
Jan 18 16:07:15.877971 dv-cinder-775008-7-iscsi devstack@n-api.service[116941]: INFO nova.api.openstack.requestlog [None req-c224692c-8173-40a8-9708-524842d30043 tempest-ServerRescueNegativeTestJSON-1385009418 tempest-ServerRescueNegativeTestJSON-1385009418-project] 10.222.0.73 "GET /compute/v2.1/servers/48381060-c75c-4f96-96f7-cbac493902fc" status: 200 len: 1221 microversion: 2.1 time: 0.165555
Jan 18 16:07:15.888451 dv-cinder-775008-7-iscsi devstack@n-api.service[116941]: [pid: 116941|app: 0|req: 31/50] 10.222.0.73 () {58 vars in 1235 bytes} [Tue Jan 18 16:07:15 2022] GET /compute/v2.1/servers/48381060-c75c-4f96-96f7-cbac493902fc => generated 1221 bytes in 179 msecs (HTTP/1.1 200) 9 headers in 358 bytes (1 switches on core 0)
Jan 18 16:07:15.905064 dv-cinder-775008-7-iscsi devstack@n-api.service[116941]: DEBUG nova.api.openstack.wsgi [None req-c1cd3993-391e-40ba-a1fd-91e106ebe35f tempest-AttachVolumeNegativeTest-177938125 tempest-AttachVolumeNegativeTest-177938125-project] Calling method '>' {{(pid=116941) _process_stack /opt/stack/nova/nova/api/openstack/wsgi.py:513}}
Jan 18 16:07:15.905698 dv-cinder-775008-7-iscsi devstack@n-api.service[116941]: DEBUG nova.compute.api [None req-c1cd3993-391e-40ba-a1fd-91e106ebe35f tempest-AttachVolumeNegativeTest-177938125 tempest-AttachVolumeNegativeTest-177938125-project] [instance: 79f1c7ee-9555-4cb0-9c11-c2c16016a141] Fetching instance by UUID {{(pid=116941) get /opt/stack/nova/nova/compute/api.py:2865}}
Jan 18 16:07:15.929580 dv-cinder-775008-7-iscsi devstack@n-api.service[116941]: DEBUG oslo_concurrency.lockutils [None req-c1cd3993-391e-40ba-a1fd-91e106ebe35f tempest-AttachVolumeNegativeTest-177938125 tempest-AttachVolumeNegativeTest-177938125-project] Lock "897e8247-000e-43c8-8d12-400d4a836ca8" acquired by "nova.context.set_target_cell..get_or_set_cached_cell_and_set_connections" :: waited 0.000s {{(pid=116941) inner /usr/local/lib/python3.8/dist-packages/oslo_concurrency/lockutils.py:386}}
Jan 18 16:07:15.940875 dv-cinder-775008-7-iscsi devstack@n-api.service[116941]: DEBUG oslo_concurrency.lockutils [None req-c1cd3993-391e-40ba-a1fd-91e106ebe35f tempest-AttachVolumeNegativeTest-177938125 tempest-AttachVolumeNegativeTest-177938125-project] Lock "897e8247-000e-43c8-8d12-400d4a836ca8" "released" by "nova.context.set_target_cell..get_or_set_cached_cell_and_set_connections" :: held 0.007s {{(pid=116941) inner /usr/local/lib/python3.8/dist-packages/oslo_concurrency/lockutils.py:400}}
Jan 18 16:07:15.945253 dv-cinder-775008-7-iscsi devstack@n-api.service[116941]: DEBUG oslo_concurrency.lockutils [None req-c1cd3993-391e-40ba-a1fd-91e106ebe35f tempest-AttachVolumeNegativeTest-177938125 tempest-AttachVolumeNegativeTest-177938125-project] Lock "897e8247-000e-43c8-8d12-400d4a836ca8" acquired by "nova.context.set_target_cell..get_or_set_cached_cell_and_set_connections" :: waited 0.000s {{(pid=116941) inner /usr/local/lib/python3.8/dist-packages/oslo_concurrency/lockutils.py:386}}
Jan 18 16:07:15.946316 dv-cinder-775008-7-iscsi devstack@n-api.service[116941]: DEBUG oslo_concurrency.lockutils [None req-c1cd3993-391e-40ba-a1fd-91e106ebe35f tempest-AttachVolumeNegativeTest-177938125 tempest-AttachVolumeNegativeTest-177938125-project] Lock "897e8247-000e-43c8-8d12-400d4a836ca8" "released" by "nova.context.set_target_cell..get_or_set_cached_cell_and_set_connections" :: held 0.004s {{(pid=116941) inner /usr/local/lib/python3.8/dist-packages/oslo_concurrency/lockutils.py:400}}
Jan 18 16:07:16.101243 dv-cinder-775008-7-iscsi devstack@n-api.service[116942]: INFO nova.api.openstack.requestlog [None req-6917ccd6-19f7-4130-822b-5d55dc4a8cd4 tempest-VolumesTestJSON-185597377 tempest-VolumesTestJSON-185597377-project] 10.222.0.73 "GET /compute/v2.1/os-volumes/detail?offset=1&limit=1" status: 200 len: 353 microversion: 2.1 time: 0.496687
Jan 18 16:07:16.103848 dv-cinder-775008-7-iscsi devstack@n-api.service[116942]: [pid: 116942|app: 0|req: 20/51] 10.222.0.73 () {58 vars in 1187 bytes} [Tue Jan 18 16:07:15 2022] GET /compute/v2.1/os-volumes/detail?offset=1&limit=1 => generated 353 bytes in 500 msecs (HTTP/1.1 200) 9 headers in 357 bytes (1 switches on core 0)
Jan 18 16:07:16.109187 dv-cinder-775008-7-iscsi devstack@n-api.service[116942]: DEBUG nova.api.openstack.wsgi [None req-f47850a6-4542-4490-9974-c8c76599565a tempest-VolumesSnapshotsTestJSON-11769843 tempest-VolumesSnapshotsTestJSON-11769843-project] Calling method '.version_select at 0x7fd7d193f9d0>' {{(pid=116942) _process_stack /opt/stack/nova/nova/api/openstack/wsgi.py:513}}
Jan 18 16:07:16.515897 dv-cinder-775008-7-iscsi devstack@n-api.service[116941]: DEBUG nova.policy [None req-c1cd3993-391e-40ba-a1fd-91e106ebe35f tempest-AttachVolumeNegativeTest-177938125 tempest-AttachVolumeNegativeTest-177938125-project] Policy check for os_compute_api:os-extended-server-attributes failed with credentials {'is_admin': False, 'user_id': '0d50a26f92e84977a4a7766d47572d97', 'user_domain_id': 'default', 'system_scope': None, 'domain_id': None, 'project_id': '12fb3afa99374361aaaae85b3916ebf9', 'project_domain_id': 'default', 'roles': ['reader', 'member'], 'is_admin_project': True, 'service_user_id': None, 'service_user_domain_id': None, 'service_project_id': None, 'service_project_domain_id': None, 'service_roles': []} {{(pid=116941) authorize /opt/stack/nova/nova/policy.py:199}}
Jan 18 16:07:16.537677 dv-cinder-775008-7-iscsi devstack@n-api.service[116941]: INFO nova.api.openstack.requestlog [None req-c1cd3993-391e-40ba-a1fd-91e106ebe35f tempest-AttachVolumeNegativeTest-177938125 tempest-AttachVolumeNegativeTest-177938125-project] 10.222.0.73 "GET /compute/v2.1/servers/79f1c7ee-9555-4cb0-9c11-c2c16016a141" status: 200 len: 1317 microversion: 2.1 time: 0.646942
Jan 18 16:07:16.553730 dv-cinder-775008-7-iscsi devstack@n-api.service[116941]: [pid: 116941|app: 0|req: 32/52] 10.222.0.73 () {58 vars in 1235 bytes} [Tue Jan 18 16:07:15 2022] GET /compute/v2.1/servers/79f1c7ee-9555-4cb0-9c11-c2c16016a141 => generated 1317 bytes in 664 msecs (HTTP/1.1 200) 9 headers in 358 bytes (1 switches on core 0)
Jan 18 16:07:16.563611 dv-cinder-775008-7-iscsi devstack@n-api.service[116941]: DEBUG nova.api.openstack.wsgi [None req-d7c55b22-ab25-4a3a-96c7-aa415ac40f2f tempest-VolumesTestJSON-185597377 tempest-VolumesTestJSON-185597377-project] Calling method '.version_select at 0x7fd7d18f33a0>' {{(pid=116941) _process_stack /opt/stack/nova/nova/api/openstack/wsgi.py:513}}
Jan 18 16:07:16.603084 dv-cinder-775008-7-iscsi devstack@n-api.service[116942]: INFO nova.api.openstack.requestlog [None req-f47850a6-4542-4490-9974-c8c76599565a tempest-VolumesSnapshotsTestJSON-11769843 tempest-VolumesSnapshotsTestJSON-11769843-project] 10.222.0.73 "DELETE /compute/v2.1/os-volumes/fc8943b8-3011-416a-a708-b5008003260c" status: 202 len: 0 microversion: 2.1 time: 0.497224
Jan 18 16:07:16.604438 dv-cinder-775008-7-iscsi devstack@n-api.service[116942]: [pid: 116942|app: 0|req: 21/53] 10.222.0.73 () {58 vars in 1247 bytes} [Tue Jan 18 16:07:16 2022] DELETE /compute/v2.1/os-volumes/fc8943b8-3011-416a-a708-b5008003260c => generated 0 bytes in 500 msecs (HTTP/1.1 202) 9 headers in 361 bytes (1 switches on core 0)
Jan 18 16:07:16.612624 dv-cinder-775008-7-iscsi devstack@n-api.service[116942]: DEBUG nova.api.openstack.wsgi [None req-b8808d4d-f814-4795-9c10-257f928f016d tempest-VolumesSnapshotsTestJSON-11769843 tempest-VolumesSnapshotsTestJSON-11769843-project] Calling method '.version_select at 0x7fd7d193fca0>' {{(pid=116942) _process_stack /opt/stack/nova/nova/api/openstack/wsgi.py:513}}
Jan 18 16:07:16.815966 dv-cinder-775008-7-iscsi devstack@n-api.service[116941]: INFO nova.api.openstack.requestlog [None req-d7c55b22-ab25-4a3a-96c7-aa415ac40f2f tempest-VolumesTestJSON-185597377 tempest-VolumesTestJSON-185597377-project] 10.222.0.73 "GET /compute/v2.1/os-volumes/detail" status: 200 len: 1034 microversion: 2.1 time: 0.254327
Jan 18 16:07:16.815966 dv-cinder-775008-7-iscsi devstack@n-api.service[116941]: [pid: 116941|app: 0|req: 33/54] 10.222.0.73 () {58 vars in 1154 bytes} [Tue Jan 18 16:07:16 2022] GET /compute/v2.1/os-volumes/detail => generated 1034 bytes in 259 msecs (HTTP/1.1 200) 9 headers in 358 bytes (1 switches on core 0)
Jan 18 16:07:16.820125 dv-cinder-775008-7-iscsi devstack@n-api.service[116941]: DEBUG nova.api.openstack.wsgi [None req-50201cb4-fa39-4c3b-8496-c25fdeece11b tempest-DeleteServersTestJSON-999955772 tempest-DeleteServersTestJSON-999955772-project] Calling method '>' {{(pid=116941) _process_stack /opt/stack/nova/nova/api/openstack/wsgi.py:513}}
Jan 18 16:07:16.821893 dv-cinder-775008-7-iscsi devstack@n-api.service[116941]: DEBUG nova.compute.api [None req-50201cb4-fa39-4c3b-8496-c25fdeece11b tempest-DeleteServersTestJSON-999955772 tempest-DeleteServersTestJSON-999955772-project] [instance: eb252bca-504d-4316-9f18-f81cc9492b6b] Fetching instance by UUID {{(pid=116941) get /opt/stack/nova/nova/compute/api.py:2865}}
Jan 18 16:07:16.832919 dv-cinder-775008-7-iscsi devstack@n-api.service[116941]: DEBUG oslo_concurrency.lockutils [None req-50201cb4-fa39-4c3b-8496-c25fdeece11b tempest-DeleteServersTestJSON-999955772 tempest-DeleteServersTestJSON-999955772-project] Lock "897e8247-000e-43c8-8d12-400d4a836ca8" acquired by "nova.context.set_target_cell..get_or_set_cached_cell_and_set_connections" :: waited 0.000s {{(pid=116941) inner /usr/local/lib/python3.8/dist-packages/oslo_concurrency/lockutils.py:386}}
Jan 18 16:07:16.833861 dv-cinder-775008-7-iscsi devstack@n-api.service[116941]: DEBUG oslo_concurrency.lockutils [None req-50201cb4-fa39-4c3b-8496-c25fdeece11b tempest-DeleteServersTestJSON-999955772 tempest-DeleteServersTestJSON-999955772-project] Lock "897e8247-000e-43c8-8d12-400d4a836ca8" "released" by "nova.context.set_target_cell..get_or_set_cached_cell_and_set_connections" :: held 0.002s {{(pid=116941) inner /usr/local/lib/python3.8/dist-packages/oslo_concurrency/lockutils.py:400}}
Jan 18 16:07:16.834997 dv-cinder-775008-7-iscsi devstack@n-api.service[116941]: DEBUG oslo_concurrency.lockutils [None req-50201cb4-fa39-4c3b-8496-c25fdeece11b tempest-DeleteServersTestJSON-999955772 tempest-DeleteServersTestJSON-999955772-project] Lock "897e8247-000e-43c8-8d12-400d4a836ca8" acquired by "nova.context.set_target_cell..get_or_set_cached_cell_and_set_connections" :: waited 0.000s {{(pid=116941) inner /usr/local/lib/python3.8/dist-packages/oslo_concurrency/lockutils.py:386}}
Jan 18 16:07:16.835877 dv-cinder-775008-7-iscsi devstack@n-api.service[116941]: DEBUG oslo_concurrency.lockutils [None req-50201cb4-fa39-4c3b-8496-c25fdeece11b tempest-DeleteServersTestJSON-999955772 tempest-DeleteServersTestJSON-999955772-project] Lock "897e8247-000e-43c8-8d12-400d4a836ca8" "released" by "nova.context.set_target_cell..get_or_set_cached_cell_and_set_connections" :: held 0.001s {{(pid=116941) inner /usr/local/lib/python3.8/dist-packages/oslo_concurrency/lockutils.py:400}}
Jan 18 16:07:16.975825 dv-cinder-775008-7-iscsi devstack@n-api.service[116942]: INFO nova.api.openstack.requestlog [None req-b8808d4d-f814-4795-9c10-257f928f016d tempest-VolumesSnapshotsTestJSON-11769843 tempest-VolumesSnapshotsTestJSON-11769843-project] 10.222.0.73 "GET /compute/v2.1/os-volumes/fc8943b8-3011-416a-a708-b5008003260c" status: 200 len: 345 microversion: 2.1 time: 0.364751
Jan 18 16:07:16.977081 dv-cinder-775008-7-iscsi devstack@n-api.service[116942]: [pid: 116942|app: 0|req: 22/55] 10.222.0.73 () {58 vars in 1244 bytes} [Tue Jan 18 16:07:16 2022] GET /compute/v2.1/os-volumes/fc8943b8-3011-416a-a708-b5008003260c => generated 345 bytes in 369 msecs (HTTP/1.1 200) 9 headers in 357 bytes (1 switches on core 0)
Jan 18 16:07:17.009576 dv-cinder-775008-7-iscsi devstack@n-api.service[116942]: DEBUG nova.api.openstack.wsgi [None req-e2a70b6c-8be6-4d93-8212-3ea11f45d918 tempest-ServerRescueNegativeTestJSON-1385009418 tempest-ServerRescueNegativeTestJSON-1385009418-project] Calling method '>' {{(pid=116942) _process_stack /opt/stack/nova/nova/api/openstack/wsgi.py:513}}
Jan 18 16:07:17.009576 dv-cinder-775008-7-iscsi devstack@n-api.service[116942]: DEBUG nova.compute.api [None req-e2a70b6c-8be6-4d93-8212-3ea11f45d918 tempest-ServerRescueNegativeTestJSON-1385009418 tempest-ServerRescueNegativeTestJSON-1385009418-project] [instance: 48381060-c75c-4f96-96f7-cbac493902fc] Fetching instance by UUID {{(pid=116942) get /opt/stack/nova/nova/compute/api.py:2865}}
Jan 18 16:07:17.050018 dv-cinder-775008-7-iscsi devstack@n-api.service[116942]: DEBUG oslo_concurrency.lockutils [None req-e2a70b6c-8be6-4d93-8212-3ea11f45d918 tempest-ServerRescueNegativeTestJSON-1385009418 tempest-ServerRescueNegativeTestJSON-1385009418-project] Lock "897e8247-000e-43c8-8d12-400d4a836ca8" acquired by "nova.context.set_target_cell..get_or_set_cached_cell_and_set_connections" :: waited 0.000s {{(pid=116942) inner /usr/local/lib/python3.8/dist-packages/oslo_concurrency/lockutils.py:386}}
Jan 18 16:07:17.055441 dv-cinder-775008-7-iscsi devstack@n-api.service[116942]: DEBUG oslo_concurrency.lockutils [None req-e2a70b6c-8be6-4d93-8212-3ea11f45d918 tempest-ServerRescueNegativeTestJSON-1385009418 tempest-ServerRescueNegativeTestJSON-1385009418-project] Lock "897e8247-000e-43c8-8d12-400d4a836ca8" "released" by "nova.context.set_target_cell..get_or_set_cached_cell_and_set_connections" :: held 0.005s {{(pid=116942) inner /usr/local/lib/python3.8/dist-packages/oslo_concurrency/lockutils.py:400}}
Jan 18 16:07:17.063621 dv-cinder-775008-7-iscsi devstack@n-api.service[116942]: DEBUG oslo_concurrency.lockutils [None req-e2a70b6c-8be6-4d93-8212-3ea11f45d918 tempest-ServerRescueNegativeTestJSON-1385009418 tempest-ServerRescueNegativeTestJSON-1385009418-project] Lock "897e8247-000e-43c8-8d12-400d4a836ca8" acquired by "nova.context.set_target_cell..get_or_set_cached_cell_and_set_connections" :: waited 0.000s {{(pid=116942) inner /usr/local/lib/python3.8/dist-packages/oslo_concurrency/lockutils.py:386}}
Jan 18 16:07:17.068144 dv-cinder-775008-7-iscsi devstack@n-api.service[116942]: DEBUG oslo_concurrency.lockutils [None req-e2a70b6c-8be6-4d93-8212-3ea11f45d918 tempest-ServerRescueNegativeTestJSON-1385009418 tempest-ServerRescueNegativeTestJSON-1385009418-project] Lock "897e8247-000e-43c8-8d12-400d4a836ca8" "released" by "nova.context.set_target_cell..get_or_set_cached_cell_and_set_connections" :: held 0.002s {{(pid=116942) inner /usr/local/lib/python3.8/dist-packages/oslo_concurrency/lockutils.py:400}}
Jan 18 16:07:17.360375 dv-cinder-775008-7-iscsi devstack@n-api.service[116941]: DEBUG nova.policy [None req-50201cb4-fa39-4c3b-8496-c25fdeece11b tempest-DeleteServersTestJSON-999955772 tempest-DeleteServersTestJSON-999955772-project] Policy check for os_compute_api:os-extended-server-attributes failed with credentials {'is_admin': False, 'user_id': '05cdcfaee79144d18635ccb8af3a9a24', 'user_domain_id': 'default', 'system_scope': None, 'domain_id': None, 'project_id': 'c033b3cebfe447848b2463af16b1ad68', 'project_domain_id': 'default', 'roles': ['reader', 'member'], 'is_admin_project': True, 'service_user_id': None, 'service_user_domain_id': None, 'service_project_id': None, 'service_project_domain_id': None, 'service_roles': []} {{(pid=116941) authorize /opt/stack/nova/nova/policy.py:199}}
Jan 18 16:07:17.380425 dv-cinder-775008-7-iscsi devstack@n-api.service[116942]: DEBUG nova.policy [None req-e2a70b6c-8be6-4d93-8212-3ea11f45d918 tempest-ServerRescueNegativeTestJSON-1385009418 tempest-ServerRescueNegativeTestJSON-1385009418-project] Policy check for os_compute_api:os-extended-server-attributes failed with credentials {'is_admin': False, 'user_id': '4fc9b0a0d2294cf8a058dba49368684a', 'user_domain_id': 'default', 'system_scope': None, 'domain_id': None, 'project_id': 'ccbd9f9dcf2147c78855ea9c0666fcc3', 'project_domain_id': 'default', 'roles': ['reader', 'member'], 'is_admin_project': True, 'service_user_id': None, 'service_user_domain_id': None, 'service_project_id': None, 'service_project_domain_id': None, 'service_roles': []} {{(pid=116942) authorize /opt/stack/nova/nova/policy.py:199}}
Jan 18 16:07:17.395117 dv-cinder-775008-7-iscsi devstack@n-api.service[116941]: INFO nova.api.openstack.requestlog [None req-50201cb4-fa39-4c3b-8496-c25fdeece11b tempest-DeleteServersTestJSON-999955772 tempest-DeleteServersTestJSON-999955772-project] 10.222.0.73 "GET /compute/v2.1/servers/eb252bca-504d-4316-9f18-f81cc9492b6b" status: 200 len: 1313 microversion: 2.1 time: 0.579759
Jan 18 16:07:17.402132 dv-cinder-775008-7-iscsi devstack@n-api.service[116941]: [pid: 116941|app: 0|req: 34/56] 10.222.0.73 () {58 vars in 1235 bytes} [Tue Jan 18 16:07:16 2022] GET /compute/v2.1/servers/eb252bca-504d-4316-9f18-f81cc9492b6b => generated 1313 bytes in 588 msecs (HTTP/1.1 200) 9 headers in 358 bytes (1 switches on core 0)
Jan 18 16:07:17.410839 dv-cinder-775008-7-iscsi devstack@n-api.service[116942]: INFO nova.api.openstack.requestlog [None req-e2a70b6c-8be6-4d93-8212-3ea11f45d918 tempest-ServerRescueNegativeTestJSON-1385009418 tempest-ServerRescueNegativeTestJSON-1385009418-project] 10.222.0.73 "GET /compute/v2.1/servers/48381060-c75c-4f96-96f7-cbac493902fc" status: 200 len: 1225 microversion: 2.1 time: 0.426927
Jan 18 16:07:17.410839 dv-cinder-775008-7-iscsi devstack@n-api.service[116942]: [pid: 116942|app: 0|req: 23/57] 10.222.0.73 () {58 vars in 1235 bytes} [Tue Jan 18 16:07:16 2022] GET /compute/v2.1/servers/48381060-c75c-4f96-96f7-cbac493902fc => generated 1225 bytes in 430 msecs (HTTP/1.1 200) 9 headers in 358 bytes (1 switches on core 0)
Jan 18 16:07:17.568891 dv-cinder-775008-7-iscsi devstack@n-api.service[116942]: DEBUG nova.api.openstack.wsgi [None req-4110a4d0-97f7-4774-a956-80cc43a34b01 tempest-AttachVolumeNegativeTest-177938125 tempest-AttachVolumeNegativeTest-177938125-project] Calling method '>' {{(pid=116942) _process_stack /opt/stack/nova/nova/api/openstack/wsgi.py:513}}
Jan 18 16:07:17.570067 dv-cinder-775008-7-iscsi devstack@n-api.service[116942]: DEBUG nova.compute.api [None req-4110a4d0-97f7-4774-a956-80cc43a34b01 tempest-AttachVolumeNegativeTest-177938125 tempest-AttachVolumeNegativeTest-177938125-project] [instance: 79f1c7ee-9555-4cb0-9c11-c2c16016a141] Fetching instance by UUID {{(pid=116942) get /opt/stack/nova/nova/compute/api.py:2865}}
Jan 18 16:07:17.581641 dv-cinder-775008-7-iscsi devstack@n-api.service[116942]: DEBUG oslo_concurrency.lockutils [None req-4110a4d0-97f7-4774-a956-80cc43a34b01 tempest-AttachVolumeNegativeTest-177938125 tempest-AttachVolumeNegativeTest-177938125-project] Lock "897e8247-000e-43c8-8d12-400d4a836ca8" acquired by "nova.context.set_target_cell..get_or_set_cached_cell_and_set_connections" :: waited 0.000s {{(pid=116942) inner /usr/local/lib/python3.8/dist-packages/oslo_concurrency/lockutils.py:386}}
Jan 18 16:07:17.585211 dv-cinder-775008-7-iscsi devstack@n-api.service[116942]: DEBUG oslo_concurrency.lockutils [None req-4110a4d0-97f7-4774-a956-80cc43a34b01 tempest-AttachVolumeNegativeTest-177938125 tempest-AttachVolumeNegativeTest-177938125-project] Lock "897e8247-000e-43c8-8d12-400d4a836ca8" "released" by "nova.context.set_target_cell..get_or_set_cached_cell_and_set_connections" :: held 0.004s {{(pid=116942) inner /usr/local/lib/python3.8/dist-packages/oslo_concurrency/lockutils.py:400}}
Jan 18 16:07:17.586355 dv-cinder-775008-7-iscsi devstack@n-api.service[116942]: DEBUG oslo_concurrency.lockutils [None req-4110a4d0-97f7-4774-a956-80cc43a34b01 tempest-AttachVolumeNegativeTest-177938125 tempest-AttachVolumeNegativeTest-177938125-project] Lock "897e8247-000e-43c8-8d12-400d4a836ca8" acquired by "nova.context.set_target_cell..get_or_set_cached_cell_and_set_connections" :: waited 0.000s {{(pid=116942) inner /usr/local/lib/python3.8/dist-packages/oslo_concurrency/lockutils.py:386}}
Jan 18 16:07:17.587018 dv-cinder-775008-7-iscsi devstack@n-api.service[116942]: DEBUG oslo_concurrency.lockutils [None req-4110a4d0-97f7-4774-a956-80cc43a34b01 tempest-AttachVolumeNegativeTest-177938125 tempest-AttachVolumeNegativeTest-177938125-project] Lock "897e8247-000e-43c8-8d12-400d4a836ca8" "released" by "nova.context.set_target_cell..get_or_set_cached_cell_and_set_connections" :: held 0.001s {{(pid=116942) inner /usr/local/lib/python3.8/dist-packages/oslo_concurrency/lockutils.py:400}}
Jan 18 16:07:17.781606 dv-cinder-775008-7-iscsi devstack@n-api.service[116942]: DEBUG nova.policy [None req-4110a4d0-97f7-4774-a956-80cc43a34b01 tempest-AttachVolumeNegativeTest-177938125 tempest-AttachVolumeNegativeTest-177938125-project] Policy check for os_compute_api:os-extended-server-attributes failed with credentials {'is_admin': False, 'user_id': '0d50a26f92e84977a4a7766d47572d97', 'user_domain_id': 'default', 'system_scope': None, 'domain_id': None, 'project_id': '12fb3afa99374361aaaae85b3916ebf9', 'project_domain_id': 'default', 'roles': ['reader', 'member'], 'is_admin_project': True, 'service_user_id': None, 'service_user_domain_id': None, 'service_project_id': None, 'service_project_domain_id': None, 'service_roles': []} {{(pid=116942) authorize /opt/stack/nova/nova/policy.py:199}}
Jan 18 16:07:17.792133 dv-cinder-775008-7-iscsi devstack@n-api.service[116942]: INFO nova.api.openstack.requestlog [None req-4110a4d0-97f7-4774-a956-80cc43a34b01 tempest-AttachVolumeNegativeTest-177938125 tempest-AttachVolumeNegativeTest-177938125-project] 10.222.0.73 "GET /compute/v2.1/servers/79f1c7ee-9555-4cb0-9c11-c2c16016a141" status: 200 len: 1317 microversion: 2.1 time: 0.227401
Jan 18 16:07:17.792729 dv-cinder-775008-7-iscsi devstack@n-api.service[116942]: [pid: 116942|app: 0|req: 24/58] 10.222.0.73 () {58 vars in 1235 bytes} [Tue Jan 18 16:07:17 2022] GET /compute/v2.1/servers/79f1c7ee-9555-4cb0-9c11-c2c16016a141 => generated 1317 bytes in 229 msecs (HTTP/1.1 200) 9 headers in 358 bytes (2 switches on core 0)
Jan 18 16:07:17.990703 dv-cinder-775008-7-iscsi devstack@n-api.service[116941]: DEBUG nova.api.openstack.wsgi [None req-f1d7ec5a-174c-48c7-aeea-aadf66ab578a tempest-VolumesSnapshotsTestJSON-11769843 tempest-VolumesSnapshotsTestJSON-11769843-project] Calling method '.version_select at 0x7fd7d1939ca0>' {{(pid=116941) _process_stack /opt/stack/nova/nova/api/openstack/wsgi.py:513}}
Jan 18 16:07:18.163653 dv-cinder-775008-7-iscsi devstack@n-api.service[116941]: INFO nova.api.openstack.wsgi [None req-f1d7ec5a-174c-48c7-aeea-aadf66ab578a tempest-VolumesSnapshotsTestJSON-11769843 tempest-VolumesSnapshotsTestJSON-11769843-project] HTTP exception thrown: Volume fc8943b8-3011-416a-a708-b5008003260c could not be found.
Jan 18 16:07:18.163653 dv-cinder-775008-7-iscsi devstack@n-api.service[116941]: DEBUG nova.api.openstack.wsgi [None req-f1d7ec5a-174c-48c7-aeea-aadf66ab578a tempest-VolumesSnapshotsTestJSON-11769843 tempest-VolumesSnapshotsTestJSON-11769843-project] Returning 404 to user: Volume fc8943b8-3011-416a-a708-b5008003260c could not be found. {{(pid=116941) __call__ /opt/stack/nova/nova/api/openstack/wsgi.py:936}}
Jan 18 16:07:18.163653 dv-cinder-775008-7-iscsi devstack@n-api.service[116941]: INFO nova.api.openstack.requestlog [None req-f1d7ec5a-174c-48c7-aeea-aadf66ab578a tempest-VolumesSnapshotsTestJSON-11769843 tempest-VolumesSnapshotsTestJSON-11769843-project] 10.222.0.73 "GET /compute/v2.1/os-volumes/fc8943b8-3011-416a-a708-b5008003260c" status: 404 len: 109 microversion: 2.1 time: 0.155449
Jan 18 16:07:18.163653 dv-cinder-775008-7-iscsi devstack@n-api.service[116941]: [pid: 116941|app: 0|req: 35/59] 10.222.0.73 () {58 vars in 1244 bytes} [Tue Jan 18 16:07:17 2022] GET /compute/v2.1/os-volumes/fc8943b8-3011-416a-a708-b5008003260c => generated 109 bytes in 172 msecs (HTTP/1.1 404) 9 headers in 379 bytes (1 switches on core 0)
Jan 18 16:07:18.188588 dv-cinder-775008-7-iscsi devstack@n-api.service[116942]: DEBUG nova.api.openstack.wsgi [None req-7b5a280f-79e2-4e33-864b-d15797ad9d03 tempest-VolumesSnapshotsTestJSON-11769843 tempest-VolumesSnapshotsTestJSON-11769843-project] Calling method '.version_select at 0x7fd7d194be50>' {{(pid=116942) _process_stack /opt/stack/nova/nova/api/openstack/wsgi.py:513}}
Jan 18 16:07:18.435155 dv-cinder-775008-7-iscsi devstack@n-api.service[116942]: INFO nova.api.openstack.wsgi [None req-7b5a280f-79e2-4e33-864b-d15797ad9d03 tempest-VolumesSnapshotsTestJSON-11769843 tempest-VolumesSnapshotsTestJSON-11769843-project] HTTP exception thrown: Volume fc8943b8-3011-416a-a708-b5008003260c could not be found.
Jan 18 16:07:18.437231 dv-cinder-775008-7-iscsi devstack@n-api.service[116942]: DEBUG nova.api.openstack.wsgi [None req-7b5a280f-79e2-4e33-864b-d15797ad9d03 tempest-VolumesSnapshotsTestJSON-11769843 tempest-VolumesSnapshotsTestJSON-11769843-project] Returning 404 to user: Volume fc8943b8-3011-416a-a708-b5008003260c could not be found. {{(pid=116942) __call__ /opt/stack/nova/nova/api/openstack/wsgi.py:936}}
Jan 18 16:07:18.438977 dv-cinder-775008-7-iscsi devstack@n-api.service[116942]: INFO nova.api.openstack.requestlog [None req-7b5a280f-79e2-4e33-864b-d15797ad9d03 tempest-VolumesSnapshotsTestJSON-11769843 tempest-VolumesSnapshotsTestJSON-11769843-project] 10.222.0.73 "DELETE /compute/v2.1/os-volumes/fc8943b8-3011-416a-a708-b5008003260c" status: 404 len: 109 microversion: 2.1 time: 0.262923
Jan 18 16:07:18.439829 dv-cinder-775008-7-iscsi devstack@n-api.service[116941]: DEBUG nova.api.openstack.wsgi [None req-c37028f3-e004-4a22-a951-48293dc30895 tempest-DeleteServersTestJSON-999955772 tempest-DeleteServersTestJSON-999955772-project] Calling method '>' {{(pid=116941) _process_stack /opt/stack/nova/nova/api/openstack/wsgi.py:513}}
Jan 18 16:07:18.441046 dv-cinder-775008-7-iscsi devstack@n-api.service[116941]: DEBUG nova.compute.api [None req-c37028f3-e004-4a22-a951-48293dc30895 tempest-DeleteServersTestJSON-999955772 tempest-DeleteServersTestJSON-999955772-project] [instance: eb252bca-504d-4316-9f18-f81cc9492b6b] Fetching instance by UUID {{(pid=116941) get /opt/stack/nova/nova/compute/api.py:2865}}
Jan 18 16:07:18.456199 dv-cinder-775008-7-iscsi devstack@n-api.service[116942]: [pid: 116942|app: 0|req: 25/60] 10.222.0.73 () {58 vars in 1247 bytes} [Tue Jan 18 16:07:18 2022] DELETE /compute/v2.1/os-volumes/fc8943b8-3011-416a-a708-b5008003260c => generated 109 bytes in 270 msecs (HTTP/1.1 404) 9 headers in 379 bytes (1 switches on core 0)
Jan 18 16:07:18.460781 dv-cinder-775008-7-iscsi devstack@n-api.service[116941]: DEBUG oslo_concurrency.lockutils [None req-c37028f3-e004-4a22-a951-48293dc30895 tempest-DeleteServersTestJSON-999955772 tempest-DeleteServersTestJSON-999955772-project] Lock "897e8247-000e-43c8-8d12-400d4a836ca8" acquired by "nova.context.set_target_cell..get_or_set_cached_cell_and_set_connections" :: waited 0.000s {{(pid=116941) inner /usr/local/lib/python3.8/dist-packages/oslo_concurrency/lockutils.py:386}}
Jan 18 16:07:18.462087 dv-cinder-775008-7-iscsi devstack@n-api.service[116941]: DEBUG oslo_concurrency.lockutils [None req-c37028f3-e004-4a22-a951-48293dc30895 tempest-DeleteServersTestJSON-999955772 tempest-DeleteServersTestJSON-999955772-project] Lock "897e8247-000e-43c8-8d12-400d4a836ca8" "released" by "nova.context.set_target_cell..get_or_set_cached_cell_and_set_connections" :: held 0.001s {{(pid=116941) inner /usr/local/lib/python3.8/dist-packages/oslo_concurrency/lockutils.py:400}}
Jan 18 16:07:18.467923 dv-cinder-775008-7-iscsi devstack@n-api.service[116941]: DEBUG oslo_concurrency.lockutils [None req-c37028f3-e004-4a22-a951-48293dc30895 tempest-DeleteServersTestJSON-999955772 tempest-DeleteServersTestJSON-999955772-project] Lock "897e8247-000e-43c8-8d12-400d4a836ca8" acquired by "nova.context.set_target_cell..get_or_set_cached_cell_and_set_connections" :: waited 0.000s {{(pid=116941) inner /usr/local/lib/python3.8/dist-packages/oslo_concurrency/lockutils.py:386}}
Jan 18 16:07:18.468506 dv-cinder-775008-7-iscsi devstack@n-api.service[116941]: DEBUG oslo_concurrency.lockutils [None req-c37028f3-e004-4a22-a951-48293dc30895 tempest-DeleteServersTestJSON-999955772 tempest-DeleteServersTestJSON-999955772-project] Lock "897e8247-000e-43c8-8d12-400d4a836ca8" "released" by "nova.context.set_target_cell..get_or_set_cached_cell_and_set_connections" :: held 0.005s {{(pid=116941) inner /usr/local/lib/python3.8/dist-packages/oslo_concurrency/lockutils.py:400}}
Jan 18 16:07:18.480224 dv-cinder-775008-7-iscsi devstack@n-api.service[116942]: DEBUG nova.api.openstack.wsgi [None req-12f615a4-1548-4601-928f-dc5884087746 tempest-ServerRescueNegativeTestJSON-1385009418 tempest-ServerRescueNegativeTestJSON-1385009418-project] Calling method '>' {{(pid=116942) _process_stack /opt/stack/nova/nova/api/openstack/wsgi.py:513}}
Jan 18 16:07:18.481268 dv-cinder-775008-7-iscsi devstack@n-api.service[116942]: DEBUG nova.compute.api [None req-12f615a4-1548-4601-928f-dc5884087746 tempest-ServerRescueNegativeTestJSON-1385009418 tempest-ServerRescueNegativeTestJSON-1385009418-project] [instance: 48381060-c75c-4f96-96f7-cbac493902fc] Fetching instance by UUID {{(pid=116942) get /opt/stack/nova/nova/compute/api.py:2865}}
Jan 18 16:07:18.512583 dv-cinder-775008-7-iscsi devstack@n-api.service[116942]: DEBUG oslo_concurrency.lockutils [None req-12f615a4-1548-4601-928f-dc5884087746 tempest-ServerRescueNegativeTestJSON-1385009418 tempest-ServerRescueNegativeTestJSON-1385009418-project] Lock "897e8247-000e-43c8-8d12-400d4a836ca8" acquired by "nova.context.set_target_cell..get_or_set_cached_cell_and_set_connections" :: waited 0.000s {{(pid=116942) inner /usr/local/lib/python3.8/dist-packages/oslo_concurrency/lockutils.py:386}}
Jan 18 16:07:18.522444 dv-cinder-775008-7-iscsi devstack@n-api.service[116942]: DEBUG oslo_concurrency.lockutils [None req-12f615a4-1548-4601-928f-dc5884087746 tempest-ServerRescueNegativeTestJSON-1385009418 tempest-ServerRescueNegativeTestJSON-1385009418-project] Lock "897e8247-000e-43c8-8d12-400d4a836ca8" "released" by "nova.context.set_target_cell..get_or_set_cached_cell_and_set_connections" :: held 0.010s {{(pid=116942) inner /usr/local/lib/python3.8/dist-packages/oslo_concurrency/lockutils.py:400}}
Jan 18 16:07:18.523922 dv-cinder-775008-7-iscsi devstack@n-api.service[116942]: DEBUG oslo_concurrency.lockutils [None req-12f615a4-1548-4601-928f-dc5884087746 tempest-ServerRescueNegativeTestJSON-1385009418 tempest-ServerRescueNegativeTestJSON-1385009418-project] Lock "897e8247-000e-43c8-8d12-400d4a836ca8" acquired by "nova.context.set_target_cell..get_or_set_cached_cell_and_set_connections" :: waited 0.000s {{(pid=116942) inner /usr/local/lib/python3.8/dist-packages/oslo_concurrency/lockutils.py:386}}
Jan 18 16:07:18.525225 dv-cinder-775008-7-iscsi devstack@n-api.service[116942]: DEBUG oslo_concurrency.lockutils [None req-12f615a4-1548-4601-928f-dc5884087746 tempest-ServerRescueNegativeTestJSON-1385009418 tempest-ServerRescueNegativeTestJSON-1385009418-project] Lock "897e8247-000e-43c8-8d12-400d4a836ca8" "released" by "nova.context.set_target_cell..get_or_set_cached_cell_and_set_connections" :: held 0.001s {{(pid=116942) inner /usr/local/lib/python3.8/dist-packages/oslo_concurrency/lockutils.py:400}}
Jan 18 16:07:18.818264 dv-cinder-775008-7-iscsi devstack@n-api.service[116942]: DEBUG nova.policy [None req-12f615a4-1548-4601-928f-dc5884087746 tempest-ServerRescueNegativeTestJSON-1385009418 tempest-ServerRescueNegativeTestJSON-1385009418-project] Policy check for os_compute_api:os-extended-server-attributes failed with credentials {'is_admin': False, 'user_id': '4fc9b0a0d2294cf8a058dba49368684a', 'user_domain_id': 'default', 'system_scope': None, 'domain_id': None, 'project_id': 'ccbd9f9dcf2147c78855ea9c0666fcc3', 'project_domain_id': 'default', 'roles': ['reader', 'member'], 'is_admin_project': True, 'service_user_id': None, 'service_user_domain_id': None, 'service_project_id': None, 'service_project_domain_id': None, 'service_roles': []} {{(pid=116942) authorize /opt/stack/nova/nova/policy.py:199}}
Jan 18 16:07:18.823248 dv-cinder-775008-7-iscsi devstack@n-api.service[116942]: INFO nova.api.openstack.requestlog [None req-12f615a4-1548-4601-928f-dc5884087746 tempest-ServerRescueNegativeTestJSON-1385009418 tempest-ServerRescueNegativeTestJSON-1385009418-project] 10.222.0.73 "GET /compute/v2.1/servers/48381060-c75c-4f96-96f7-cbac493902fc" status: 200 len: 1217 microversion: 2.1 time: 0.372130
Jan 18 16:07:18.827389 dv-cinder-775008-7-iscsi devstack@n-api.service[116942]: [pid: 116942|app: 0|req: 26/61] 10.222.0.73 () {58 vars in 1235 bytes} [Tue Jan 18 16:07:18 2022] GET /compute/v2.1/servers/48381060-c75c-4f96-96f7-cbac493902fc => generated 1217 bytes in 382 msecs (HTTP/1.1 200) 9 headers in 358 bytes (1 switches on core 0)
Jan 18 16:07:18.837757 dv-cinder-775008-7-iscsi devstack@n-api.service[116942]: DEBUG nova.api.openstack.wsgi [None req-6dd4fcac-93a9-4fe5-9b16-5abfba05bf7c tempest-VolumesSnapshotsTestJSON-11769843 tempest-VolumesSnapshotsTestJSON-11769843-project] Calling method '.version_select at 0x7fd7d194baf0>' {{(pid=116942) _process_stack /opt/stack/nova/nova/api/openstack/wsgi.py:513}}
Jan 18 16:07:18.905199 dv-cinder-775008-7-iscsi devstack@n-api.service[116942]: INFO nova.api.openstack.wsgi [None req-6dd4fcac-93a9-4fe5-9b16-5abfba05bf7c tempest-VolumesSnapshotsTestJSON-11769843 tempest-VolumesSnapshotsTestJSON-11769843-project] HTTP exception thrown: Volume fc8943b8-3011-416a-a708-b5008003260c could not be found.
Jan 18 16:07:18.906019 dv-cinder-775008-7-iscsi devstack@n-api.service[116942]: DEBUG nova.api.openstack.wsgi [None req-6dd4fcac-93a9-4fe5-9b16-5abfba05bf7c tempest-VolumesSnapshotsTestJSON-11769843 tempest-VolumesSnapshotsTestJSON-11769843-project] Returning 404 to user: Volume fc8943b8-3011-416a-a708-b5008003260c could not be found. {{(pid=116942) __call__ /opt/stack/nova/nova/api/openstack/wsgi.py:936}}
Jan 18 16:07:18.907338 dv-cinder-775008-7-iscsi devstack@n-api.service[116942]: INFO nova.api.openstack.requestlog [None req-6dd4fcac-93a9-4fe5-9b16-5abfba05bf7c tempest-VolumesSnapshotsTestJSON-11769843 tempest-VolumesSnapshotsTestJSON-11769843-project] 10.222.0.73 "GET /compute/v2.1/os-volumes/fc8943b8-3011-416a-a708-b5008003260c" status: 404 len: 109 microversion: 2.1 time: 0.078179
