Jan 18 16:07:02.984367 dv-cinder-775008-7-iscsi devstack@n-api.service[116941]: INFO nova.api.openstack.requestlog [None req-34fd6e84-f628-46c7-9373-a667e81ecb5d tempest-VolumesNegativeTest-513496479 tempest-VolumesNegativeTest-513496479-project] 10.222.0.73 "POST /compute/v2.1/os-volumes" status: 400 len: 125 microversion: 2.1 time: 0.009248
Jan 18 16:07:02.985950 dv-cinder-775008-7-iscsi devstack@n-api.service[116941]: [pid: 116941|app: 0|req: 2/2] 10.222.0.73 () {60 vars in 1155 bytes} [Tue Jan 18 16:07:02 2022] POST /compute/v2.1/os-volumes => generated 125 bytes in 12 msecs (HTTP/1.1 400) 9 headers in 381 bytes (1 switches on core 0)
Jan 18 16:07:03.003055 dv-cinder-775008-7-iscsi devstack@n-api.service[116941]: DEBUG nova.api.openstack.wsgi [None req-eef5710f-9823-4220-b925-b28479d5e061 tempest-VolumesNegativeTest-513496479 tempest-VolumesNegativeTest-513496479-project] Action: 'create', calling method: .version_select at 0x7fd7d2c548b0>, body: {"volume": {"size": "", "display_name": "tempest-VolumesNegativeTest-Volume-1526254007", "metadata": {"Type": "work"}}} {{(pid=116941) _process_stack /opt/stack/nova/nova/api/openstack/wsgi.py:511}}
Jan 18 16:07:03.008692 dv-cinder-775008-7-iscsi devstack@n-api.service[116941]: DEBUG nova.api.openstack.wsgi [None req-eef5710f-9823-4220-b925-b28479d5e061 tempest-VolumesNegativeTest-513496479 tempest-VolumesNegativeTest-513496479-project] Returning 400 to user: Invalid input for field/attribute size. Value: . '' does not match '^[0-9]+$' {{(pid=116941) __call__ /opt/stack/nova/nova/api/openstack/wsgi.py:936}}
Jan 18 16:07:03.012017 dv-cinder-775008-7-iscsi devstack@n-api.service[116941]: INFO nova.api.openstack.requestlog [None req-eef5710f-9823-4220-b925-b28479d5e061 tempest-VolumesNegativeTest-513496479 tempest-VolumesNegativeTest-513496479-project] 10.222.0.73 "POST /compute/v2.1/os-volumes" status: 400 len: 121 microversion: 2.1 time: 0.017683
Jan 18 16:07:03.012017 dv-cinder-775008-7-iscsi devstack@n-api.service[116941]: [pid: 116941|app: 0|req: 3/3] 10.222.0.73 () {60 vars in 1155 bytes} [Tue Jan 18 16:07:02 2022] POST /compute/v2.1/os-volumes => generated 121 bytes in 21 msecs (HTTP/1.1 400) 9 headers in 381 bytes (1 switches on core 0)
Jan 18 16:07:03.026544 dv-cinder-775008-7-iscsi devstack@n-api.service[116941]: DEBUG nova.api.openstack.wsgi [None req-f6439892-a06b-4d5a-9fd1-861e8a64be81 tempest-VolumesNegativeTest-513496479 tempest-VolumesNegativeTest-513496479-project] Calling method '.version_select at 0x7fd7d2b88430>' {{(pid=116941) _process_stack /opt/stack/nova/nova/api/openstack/wsgi.py:513}}
Jan 18 16:07:03.789039 dv-cinder-775008-7-iscsi devstack@n-api.service[116941]: INFO nova.api.openstack.wsgi [None req-f6439892-a06b-4d5a-9fd1-861e8a64be81 tempest-VolumesNegativeTest-513496479 tempest-VolumesNegativeTest-513496479-project] HTTP exception thrown: Volume tempest-invalid-1989051074 could not be found.
Jan 18 16:07:03.790986 dv-cinder-775008-7-iscsi devstack@n-api.service[116941]: DEBUG nova.api.openstack.wsgi [None req-f6439892-a06b-4d5a-9fd1-861e8a64be81 tempest-VolumesNegativeTest-513496479 tempest-VolumesNegativeTest-513496479-project] Returning 404 to user: Volume tempest-invalid-1989051074 could not be found. {{(pid=116941) __call__ /opt/stack/nova/nova/api/openstack/wsgi.py:936}}
Jan 18 16:07:03.793231 dv-cinder-775008-7-iscsi devstack@n-api.service[116941]: INFO nova.api.openstack.requestlog [None req-f6439892-a06b-4d5a-9fd1-861e8a64be81 tempest-VolumesNegativeTest-513496479 tempest-VolumesNegativeTest-513496479-project] 10.222.0.73 "DELETE /compute/v2.1/os-volumes/tempest-invalid-1989051074" status: 404 len: 99 microversion: 2.1 time: 0.773340
Jan 18 16:07:03.794278 dv-cinder-775008-7-iscsi devstack@n-api.service[116941]: [pid: 116941|app: 0|req: 4/4] 10.222.0.73 () {58 vars in 1217 bytes} [Tue Jan 18 16:07:03 2022] DELETE /compute/v2.1/os-volumes/tempest-invalid-1989051074 => generated 99 bytes in 775 msecs (HTTP/1.1 404) 9 headers in 378 bytes (1 switches on core 0)
Jan 18 16:07:03.803982 dv-cinder-775008-7-iscsi devstack@n-api.service[116941]: INFO nova.api.openstack.requestlog [None req-ff41ebe8-1b72-4955-bd7e-2aa4d2710b67 tempest-VolumesNegativeTest-513496479 tempest-VolumesNegativeTest-513496479-project] 10.222.0.73 "DELETE /compute/v2.1/os-volumes/" status: 404 len: 112 microversion: - time: 0.004332
Jan 18 16:07:03.804430 dv-cinder-775008-7-iscsi devstack@n-api.service[116941]: [pid: 116941|app: 0|req: 5/5] 10.222.0.73 () {58 vars in 1139 bytes} [Tue Jan 18 16:07:03 2022] DELETE /compute/v2.1/os-volumes/ => generated 112 bytes in 6 msecs (HTTP/1.1 404) 5 headers in 228 bytes (1 switches on core 0)
Jan 18 16:07:03.815401 dv-cinder-775008-7-iscsi devstack@n-api.service[116941]: INFO nova.api.openstack.requestlog [None req-ec53cf2c-fdc9-4721-bdd7-1395c4ca5671 tempest-VolumesNegativeTest-513496479 tempest-VolumesNegativeTest-513496479-project] 10.222.0.73 "GET /compute/v2.1/os-volumes/" status: 404 len: 112 microversion: - time: 0.003509
Jan 18 16:07:03.821401 dv-cinder-775008-7-iscsi devstack@n-api.service[116941]: [pid: 116941|app: 0|req: 6/6] 10.222.0.73 () {58 vars in 1136 bytes} [Tue Jan 18 16:07:03 2022] GET /compute/v2.1/os-volumes/ => generated 112 bytes in 10 msecs (HTTP/1.1 404) 5 headers in 228 bytes (1 switches on core 0)
Jan 18 16:07:03.827137 dv-cinder-775008-7-iscsi devstack@n-api.service[116941]: DEBUG nova.api.openstack.wsgi [None req-f3f4b8c9-820a-4830-bc92-d577080dd2d3 tempest-VolumesNegativeTest-513496479 tempest-VolumesNegativeTest-513496479-project] Calling method '.version_select at 0x7fd7d2b88310>' {{(pid=116941) _process_stack /opt/stack/nova/nova/api/openstack/wsgi.py:513}}
Jan 18 16:07:04.419578 dv-cinder-775008-7-iscsi devstack@n-api.service[116941]: INFO nova.api.openstack.wsgi [None req-f3f4b8c9-820a-4830-bc92-d577080dd2d3 tempest-VolumesNegativeTest-513496479 tempest-VolumesNegativeTest-513496479-project] HTTP exception thrown: Volume 7c1e1702-672b-4484-a6ab-c7f7abe70751 could not be found.
Jan 18 16:07:04.420438 dv-cinder-775008-7-iscsi devstack@n-api.service[116941]: DEBUG nova.api.openstack.wsgi [None req-f3f4b8c9-820a-4830-bc92-d577080dd2d3 tempest-VolumesNegativeTest-513496479 tempest-VolumesNegativeTest-513496479-project] Returning 404 to user: Volume 7c1e1702-672b-4484-a6ab-c7f7abe70751 could not be found. {{(pid=116941) __call__ /opt/stack/nova/nova/api/openstack/wsgi.py:936}}
Jan 18 16:07:04.421345 dv-cinder-775008-7-iscsi devstack@n-api.service[116941]: INFO nova.api.openstack.requestlog [None req-f3f4b8c9-820a-4830-bc92-d577080dd2d3 tempest-VolumesNegativeTest-513496479 tempest-VolumesNegativeTest-513496479-project] 10.222.0.73 "DELETE /compute/v2.1/os-volumes/7c1e1702-672b-4484-a6ab-c7f7abe70751" status: 404 len: 109 microversion: 2.1 time: 0.598467
Jan 18 16:07:04.421972 dv-cinder-775008-7-iscsi devstack@n-api.service[116941]: [pid: 116941|app: 0|req: 7/7] 10.222.0.73 () {58 vars in 1247 bytes} [Tue Jan 18 16:07:03 2022] DELETE /compute/v2.1/os-volumes/7c1e1702-672b-4484-a6ab-c7f7abe70751 => generated 109 bytes in 600 msecs (HTTP/1.1 404) 9 headers in 379 bytes (1 switches on core 0)
Jan 18 16:07:04.504292 dv-cinder-775008-7-iscsi devstack@n-api.service[116941]: DEBUG nova.api.openstack.wsgi [None req-f743ef70-af7b-46c4-b7b0-83cdc96e8106 tempest-AttachVolumeNegativeTest-177938125 tempest-AttachVolumeNegativeTest-177938125-project] Action: 'create', calling method: >, body: {"server": {"name": "tempest-AttachVolumeNegativeTest-server-777081998", "imageRef": "6522715e-a154-47c1-a8b3-5b80cd70bc0c", "flavorRef": "452", "networks": [{"uuid": "1b53e390-3be1-43a1-8f5e-a6c9c8fc7997"}]}} {{(pid=116941) _process_stack /opt/stack/nova/nova/api/openstack/wsgi.py:511}}
Jan 18 16:07:04.593366 dv-cinder-775008-7-iscsi devstack@n-api.service[116942]: INFO nova.api.openstack.requestlog [None req-35d33409-933c-4f23-af35-682f5ea5ae28 tempest-VolumesSnapshotsTestJSON-11769843 tempest-VolumesSnapshotsTestJSON-11769843-project] 10.222.0.73 "POST /compute/v2.1/os-volumes" status: 200 len: 345 microversion: 2.1 time: 3.868320
Jan 18 16:07:04.594174 dv-cinder-775008-7-iscsi devstack@n-api.service[116942]: [pid: 116942|app: 0|req: 1/8] 10.222.0.73 () {60 vars in 1154 bytes} [Tue Jan 18 16:07:00 2022] POST /compute/v2.1/os-volumes => generated 345 bytes in 3871 msecs (HTTP/1.1 200) 10 headers in 448 bytes (2 switches on core 0)
Jan 18 16:07:04.624036 dv-cinder-775008-7-iscsi devstack@n-api.service[116941]: DEBUG nova.network.neutron [None req-f743ef70-af7b-46c4-b7b0-83cdc96e8106 tempest-AttachVolumeNegativeTest-177938125 tempest-AttachVolumeNegativeTest-177938125-project] validate_networks() for [('1b53e390-3be1-43a1-8f5e-a6c9c8fc7997', None, None, None, None, None)] {{(pid=116941) validate_networks /opt/stack/nova/nova/network/neutron.py:2482}}
Jan 18 16:07:04.663048 dv-cinder-775008-7-iscsi devstack@n-api.service[116942]: DEBUG nova.api.openstack.wsgi [None req-c04e4829-31d1-4789-bdda-d4318176a16a tempest-DeleteServersTestJSON-999955772 tempest-DeleteServersTestJSON-999955772-project] Action: 'create', calling method: >, body: {"server": {"name": "tempest-DeleteServersTestJSON-server-57966628", "imageRef": "6522715e-a154-47c1-a8b3-5b80cd70bc0c", "flavorRef": "452", "networks": [{"uuid": "98791c66-0365-41f6-aab0-8ecd27b68f10"}]}} {{(pid=116942) _process_stack /opt/stack/nova/nova/api/openstack/wsgi.py:511}}
Jan 18 16:07:04.810076 dv-cinder-775008-7-iscsi devstack@n-api.service[116942]: DEBUG nova.network.neutron [None req-c04e4829-31d1-4789-bdda-d4318176a16a tempest-DeleteServersTestJSON-999955772 tempest-DeleteServersTestJSON-999955772-project] validate_networks() for [('98791c66-0365-41f6-aab0-8ecd27b68f10', None, None, None, None, None)] {{(pid=116942) validate_networks /opt/stack/nova/nova/network/neutron.py:2482}}
Jan 18 16:07:06.170810 dv-cinder-775008-7-iscsi devstack@n-api.service[116941]: DEBUG nova.virt.hardware [None req-f743ef70-af7b-46c4-b7b0-83cdc96e8106 tempest-AttachVolumeNegativeTest-177938125 tempest-AttachVolumeNegativeTest-177938125-project] Flavor limits 0:0:0 {{(pid=116941) get_cpu_topology_constraints /opt/stack/nova/nova/virt/hardware.py:343}}
Jan 18 16:07:06.172706 dv-cinder-775008-7-iscsi devstack@n-api.service[116941]: DEBUG nova.virt.hardware [None req-f743ef70-af7b-46c4-b7b0-83cdc96e8106 tempest-AttachVolumeNegativeTest-177938125 tempest-AttachVolumeNegativeTest-177938125-project] Image limits 0:0:0 {{(pid=116941) get_cpu_topology_constraints /opt/stack/nova/nova/virt/hardware.py:347}}
Jan 18 16:07:06.173580 dv-cinder-775008-7-iscsi devstack@n-api.service[116941]: DEBUG nova.virt.hardware [None req-f743ef70-af7b-46c4-b7b0-83cdc96e8106 tempest-AttachVolumeNegativeTest-177938125 tempest-AttachVolumeNegativeTest-177938125-project] Flavor pref 0:0:0 {{(pid=116941) get_cpu_topology_constraints /opt/stack/nova/nova/virt/hardware.py:383}}
Jan 18 16:07:06.174091 dv-cinder-775008-7-iscsi devstack@n-api.service[116941]: DEBUG nova.virt.hardware [None req-f743ef70-af7b-46c4-b7b0-83cdc96e8106 tempest-AttachVolumeNegativeTest-177938125 tempest-AttachVolumeNegativeTest-177938125-project] Image pref 0:0:0 {{(pid=116941) get_cpu_topology_constraints /opt/stack/nova/nova/virt/hardware.py:387}}
Jan 18 16:07:06.174721 dv-cinder-775008-7-iscsi devstack@n-api.service[116941]: DEBUG nova.virt.hardware [None req-f743ef70-af7b-46c4-b7b0-83cdc96e8106 tempest-AttachVolumeNegativeTest-177938125 tempest-AttachVolumeNegativeTest-177938125-project] Chose sockets=0, cores=0, threads=0; limits were sockets=65536, cores=65536, threads=65536 {{(pid=116941) get_cpu_topology_constraints /opt/stack/nova/nova/virt/hardware.py:425}}
Jan 18 16:07:06.193069 dv-cinder-775008-7-iscsi devstack@n-api.service[116942]: DEBUG nova.virt.hardware [None req-c04e4829-31d1-4789-bdda-d4318176a16a tempest-DeleteServersTestJSON-999955772 tempest-DeleteServersTestJSON-999955772-project] Flavor limits 0:0:0 {{(pid=116942) get_cpu_topology_constraints /opt/stack/nova/nova/virt/hardware.py:343}}
Jan 18 16:07:06.193989 dv-cinder-775008-7-iscsi devstack@n-api.service[116942]: DEBUG nova.virt.hardware [None req-c04e4829-31d1-4789-bdda-d4318176a16a tempest-DeleteServersTestJSON-999955772 tempest-DeleteServersTestJSON-999955772-project] Image limits 0:0:0 {{(pid=116942) get_cpu_topology_constraints /opt/stack/nova/nova/virt/hardware.py:347}}
Jan 18 16:07:06.193989 dv-cinder-775008-7-iscsi devstack@n-api.service[116942]: DEBUG nova.virt.hardware [None req-c04e4829-31d1-4789-bdda-d4318176a16a tempest-DeleteServersTestJSON-999955772 tempest-DeleteServersTestJSON-999955772-project] Flavor pref 0:0:0 {{(pid=116942) get_cpu_topology_constraints /opt/stack/nova/nova/virt/hardware.py:383}}
Jan 18 16:07:06.194373 dv-cinder-775008-7-iscsi devstack@n-api.service[116942]: DEBUG nova.virt.hardware [None req-c04e4829-31d1-4789-bdda-d4318176a16a tempest-DeleteServersTestJSON-999955772 tempest-DeleteServersTestJSON-999955772-project] Image pref 0:0:0 {{(pid=116942) get_cpu_topology_constraints /opt/stack/nova/nova/virt/hardware.py:387}}
Jan 18 16:07:06.194853 dv-cinder-775008-7-iscsi devstack@n-api.service[116942]: DEBUG nova.virt.hardware [None req-c04e4829-31d1-4789-bdda-d4318176a16a tempest-DeleteServersTestJSON-999955772 tempest-DeleteServersTestJSON-999955772-project] Chose sockets=0, cores=0, threads=0; limits were sockets=65536, cores=65536, threads=65536 {{(pid=116942) get_cpu_topology_constraints /opt/stack/nova/nova/virt/hardware.py:425}}
Jan 18 16:07:06.204202 dv-cinder-775008-7-iscsi devstack@n-api.service[116941]: DEBUG oslo_concurrency.lockutils [None req-f743ef70-af7b-46c4-b7b0-83cdc96e8106 tempest-AttachVolumeNegativeTest-177938125 tempest-AttachVolumeNegativeTest-177938125-project] Lock "00000000-0000-0000-0000-000000000000" acquired by "nova.context.set_target_cell..get_or_set_cached_cell_and_set_connections" :: waited 0.000s {{(pid=116941) inner /usr/local/lib/python3.8/dist-packages/oslo_concurrency/lockutils.py:386}}
Jan 18 16:07:06.205564 dv-cinder-775008-7-iscsi devstack@n-api.service[116941]: DEBUG oslo_concurrency.lockutils [None req-f743ef70-af7b-46c4-b7b0-83cdc96e8106 tempest-AttachVolumeNegativeTest-177938125 tempest-AttachVolumeNegativeTest-177938125-project] Lock "00000000-0000-0000-0000-000000000000" "released" by "nova.context.set_target_cell..get_or_set_cached_cell_and_set_connections" :: held 0.001s {{(pid=116941) inner /usr/local/lib/python3.8/dist-packages/oslo_concurrency/lockutils.py:400}}
Jan 18 16:07:06.207658 dv-cinder-775008-7-iscsi devstack@n-api.service[116941]: DEBUG oslo_concurrency.lockutils [None req-f743ef70-af7b-46c4-b7b0-83cdc96e8106 tempest-AttachVolumeNegativeTest-177938125 tempest-AttachVolumeNegativeTest-177938125-project] Lock "897e8247-000e-43c8-8d12-400d4a836ca8" acquired by "nova.context.set_target_cell..get_or_set_cached_cell_and_set_connections" :: waited 0.000s {{(pid=116941) inner /usr/local/lib/python3.8/dist-packages/oslo_concurrency/lockutils.py:386}}
Jan 18 16:07:06.208403 dv-cinder-775008-7-iscsi devstack@n-api.service[116941]: DEBUG oslo_concurrency.lockutils [None req-f743ef70-af7b-46c4-b7b0-83cdc96e8106 tempest-AttachVolumeNegativeTest-177938125 tempest-AttachVolumeNegativeTest-177938125-project] Lock "897e8247-000e-43c8-8d12-400d4a836ca8" "released" by "nova.context.set_target_cell..get_or_set_cached_cell_and_set_connections" :: held 0.003s {{(pid=116941) inner /usr/local/lib/python3.8/dist-packages/oslo_concurrency/lockutils.py:400}}
Jan 18 16:07:06.225050 dv-cinder-775008-7-iscsi devstack@n-api.service[116942]: DEBUG oslo_concurrency.lockutils [None req-c04e4829-31d1-4789-bdda-d4318176a16a tempest-DeleteServersTestJSON-999955772 tempest-DeleteServersTestJSON-999955772-project] Lock "00000000-0000-0000-0000-000000000000" acquired by "nova.context.set_target_cell..get_or_set_cached_cell_and_set_connections" :: waited 0.000s {{(pid=116942) inner /usr/local/lib/python3.8/dist-packages/oslo_concurrency/lockutils.py:386}}
Jan 18 16:07:06.225813 dv-cinder-775008-7-iscsi devstack@n-api.service[116942]: DEBUG oslo_concurrency.lockutils [None req-c04e4829-31d1-4789-bdda-d4318176a16a tempest-DeleteServersTestJSON-999955772 tempest-DeleteServersTestJSON-999955772-project] Lock "00000000-0000-0000-0000-000000000000" "released" by "nova.context.set_target_cell..get_or_set_cached_cell_and_set_connections" :: held 0.001s {{(pid=116942) inner /usr/local/lib/python3.8/dist-packages/oslo_concurrency/lockutils.py:400}}
Jan 18 16:07:06.226876 dv-cinder-775008-7-iscsi devstack@n-api.service[116942]: DEBUG oslo_concurrency.lockutils [None req-c04e4829-31d1-4789-bdda-d4318176a16a tempest-DeleteServersTestJSON-999955772 tempest-DeleteServersTestJSON-999955772-project] Lock "897e8247-000e-43c8-8d12-400d4a836ca8" acquired by "nova.context.set_target_cell..get_or_set_cached_cell_and_set_connections" :: waited 0.000s {{(pid=116942) inner /usr/local/lib/python3.8/dist-packages/oslo_concurrency/lockutils.py:386}}
Jan 18 16:07:06.227498 dv-cinder-775008-7-iscsi devstack@n-api.service[116942]: DEBUG oslo_concurrency.lockutils [None req-c04e4829-31d1-4789-bdda-d4318176a16a tempest-DeleteServersTestJSON-999955772 tempest-DeleteServersTestJSON-999955772-project] Lock "897e8247-000e-43c8-8d12-400d4a836ca8" "released" by "nova.context.set_target_cell..get_or_set_cached_cell_and_set_connections" :: held 0.001s {{(pid=116942) inner /usr/local/lib/python3.8/dist-packages/oslo_concurrency/lockutils.py:400}}
Jan 18 16:07:06.286093 dv-cinder-775008-7-iscsi devstack@n-api.service[116942]: DEBUG nova.quota [None req-c04e4829-31d1-4789-bdda-d4318176a16a tempest-DeleteServersTestJSON-999955772 tempest-DeleteServersTestJSON-999955772-project] Getting quotas for project c033b3cebfe447848b2463af16b1ad68. Resources: {'cores', 'instances', 'ram'} {{(pid=116942) _get_quotas /opt/stack/nova/nova/quota.py:387}}
Jan 18 16:07:06.287797 dv-cinder-775008-7-iscsi devstack@n-api.service[116941]: DEBUG nova.quota [None req-f743ef70-af7b-46c4-b7b0-83cdc96e8106 tempest-AttachVolumeNegativeTest-177938125 tempest-AttachVolumeNegativeTest-177938125-project] Getting quotas for project 12fb3afa99374361aaaae85b3916ebf9. Resources: {'cores', 'instances', 'ram'} {{(pid=116941) _get_quotas /opt/stack/nova/nova/quota.py:387}}
Jan 18 16:07:06.296761 dv-cinder-775008-7-iscsi devstack@n-api.service[116942]: DEBUG nova.quota [None req-c04e4829-31d1-4789-bdda-d4318176a16a tempest-DeleteServersTestJSON-999955772 tempest-DeleteServersTestJSON-999955772-project] Getting quotas for user 05cdcfaee79144d18635ccb8af3a9a24 and project c033b3cebfe447848b2463af16b1ad68. Resources: {'cores', 'instances', 'ram'} {{(pid=116942) _get_quotas /opt/stack/nova/nova/quota.py:377}}
Jan 18 16:07:06.300088 dv-cinder-775008-7-iscsi devstack@n-api.service[116941]: DEBUG nova.quota [None req-f743ef70-af7b-46c4-b7b0-83cdc96e8106 tempest-AttachVolumeNegativeTest-177938125 tempest-AttachVolumeNegativeTest-177938125-project] Getting quotas for user 0d50a26f92e84977a4a7766d47572d97 and project 12fb3afa99374361aaaae85b3916ebf9. Resources: {'cores', 'instances', 'ram'} {{(pid=116941) _get_quotas /opt/stack/nova/nova/quota.py:377}}
Jan 18 16:07:06.311095 dv-cinder-775008-7-iscsi devstack@n-api.service[116942]: DEBUG nova.compute.api [None req-c04e4829-31d1-4789-bdda-d4318176a16a tempest-DeleteServersTestJSON-999955772 tempest-DeleteServersTestJSON-999955772-project] Going to run 1 instances... {{(pid=116942) _provision_instances /opt/stack/nova/nova/compute/api.py:1350}}
Jan 18 16:07:06.314421 dv-cinder-775008-7-iscsi devstack@n-api.service[116942]: DEBUG nova.compute.api [None req-c04e4829-31d1-4789-bdda-d4318176a16a tempest-DeleteServersTestJSON-999955772 tempest-DeleteServersTestJSON-999955772-project] [instance: eb252bca-504d-4316-9f18-f81cc9492b6b] block_device_mapping [BlockDeviceMapping(attachment_id=,boot_index=0,connection_info=None,created_at=,delete_on_termination=True,deleted=,deleted_at=,destination_type='local',device_name=None,device_type='disk',disk_bus=None,guest_format=None,id=,image_id='6522715e-a154-47c1-a8b3-5b80cd70bc0c',instance=,instance_uuid=,no_device=False,snapshot_id=None,source_type='image',tag=None,updated_at=,uuid=,volume_id=None,volume_size=None,volume_type=None)] {{(pid=116942) _bdm_validate_set_size_and_instance /opt/stack/nova/nova/compute/api.py:1757}}
Jan 18 16:07:06.330633 dv-cinder-775008-7-iscsi devstack@n-api.service[116941]: DEBUG nova.compute.api [None req-f743ef70-af7b-46c4-b7b0-83cdc96e8106 tempest-AttachVolumeNegativeTest-177938125 tempest-AttachVolumeNegativeTest-177938125-project] Going to run 1 instances... {{(pid=116941) _provision_instances /opt/stack/nova/nova/compute/api.py:1350}}
Jan 18 16:07:06.342751 dv-cinder-775008-7-iscsi devstack@n-api.service[116941]: DEBUG nova.compute.api [None req-f743ef70-af7b-46c4-b7b0-83cdc96e8106 tempest-AttachVolumeNegativeTest-177938125 tempest-AttachVolumeNegativeTest-177938125-project] [instance: 79f1c7ee-9555-4cb0-9c11-c2c16016a141] block_device_mapping [BlockDeviceMapping(attachment_id=,boot_index=0,connection_info=None,created_at=,delete_on_termination=True,deleted=,deleted_at=,destination_type='local',device_name=None,device_type='disk',disk_bus=None,guest_format=None,id=,image_id='6522715e-a154-47c1-a8b3-5b80cd70bc0c',instance=,instance_uuid=,no_device=False,snapshot_id=None,source_type='image',tag=None,updated_at=,uuid=,volume_id=None,volume_size=None,volume_type=None)] {{(pid=116941) _bdm_validate_set_size_and_instance /opt/stack/nova/nova/compute/api.py:1757}}
Jan 18 16:07:06.489338 dv-cinder-775008-7-iscsi devstack@n-api.service[116942]: INFO nova.api.openstack.requestlog [None req-c04e4829-31d1-4789-bdda-d4318176a16a tempest-DeleteServersTestJSON-999955772 tempest-DeleteServersTestJSON-999955772-project] 10.222.0.73 "POST /compute/v2.1/servers" status: 202 len: 380 microversion: 2.1 time: 1.893641
Jan 18 16:07:06.490006 dv-cinder-775008-7-iscsi devstack@n-api.service[116942]: [pid: 116942|app: 0|req: 2/9] 10.222.0.73 () {60 vars in 1146 bytes} [Tue Jan 18 16:07:04 2022] POST /compute/v2.1/servers => generated 380 bytes in 1895 msecs (HTTP/1.1 202) 10 headers in 451 bytes (1 switches on core 0)
Jan 18 16:07:06.503401 dv-cinder-775008-7-iscsi devstack@n-api.service[116942]: DEBUG nova.api.openstack.wsgi [None req-c9a0ac48-f8b8-46b0-bea4-9418bce6bccb tempest-VolumesNegativeTest-513496479 tempest-VolumesNegativeTest-513496479-project] Calling method '.version_select at 0x7fd7d2a0d5e0>' {{(pid=116942) _process_stack /opt/stack/nova/nova/api/openstack/wsgi.py:513}}
Jan 18 16:07:06.557821 dv-cinder-775008-7-iscsi devstack@n-api.service[116942]: INFO nova.api.openstack.wsgi [None req-c9a0ac48-f8b8-46b0-bea4-9418bce6bccb tempest-VolumesNegativeTest-513496479 tempest-VolumesNegativeTest-513496479-project] HTTP exception thrown: Volume 59cbe31f-ea93-450f-9cc6-933f29025704 could not be found.
Jan 18 16:07:06.558456 dv-cinder-775008-7-iscsi devstack@n-api.service[116942]: DEBUG nova.api.openstack.wsgi [None req-c9a0ac48-f8b8-46b0-bea4-9418bce6bccb tempest-VolumesNegativeTest-513496479 tempest-VolumesNegativeTest-513496479-project] Returning 404 to user: Volume 59cbe31f-ea93-450f-9cc6-933f29025704 could not be found. {{(pid=116942) __call__ /opt/stack/nova/nova/api/openstack/wsgi.py:936}}
Jan 18 16:07:06.559330 dv-cinder-775008-7-iscsi devstack@n-api.service[116942]: INFO nova.api.openstack.requestlog [None req-c9a0ac48-f8b8-46b0-bea4-9418bce6bccb tempest-VolumesNegativeTest-513496479 tempest-VolumesNegativeTest-513496479-project] 10.222.0.73 "GET /compute/v2.1/os-volumes/59cbe31f-ea93-450f-9cc6-933f29025704" status: 404 len: 109 microversion: 2.1 time: 0.068241
Jan 18 16:07:06.559877 dv-cinder-775008-7-iscsi devstack@n-api.service[116942]: [pid: 116942|app: 0|req: 3/10] 10.222.0.73 () {58 vars in 1244 bytes} [Tue Jan 18 16:07:06 2022] GET /compute/v2.1/os-volumes/59cbe31f-ea93-450f-9cc6-933f29025704 => generated 109 bytes in 69 msecs (HTTP/1.1 404) 9 headers in 379 bytes (1 switches on core 0)
Jan 18 16:07:06.560855 dv-cinder-775008-7-iscsi devstack@n-api.service[116941]: INFO nova.api.openstack.requestlog [None req-f743ef70-af7b-46c4-b7b0-83cdc96e8106 tempest-AttachVolumeNegativeTest-177938125 tempest-AttachVolumeNegativeTest-177938125-project] 10.222.0.73 "POST /compute/v2.1/servers" status: 202 len: 380 microversion: 2.1 time: 2.137310
Jan 18 16:07:06.561969 dv-cinder-775008-7-iscsi devstack@n-api.service[116941]: [pid: 116941|app: 0|req: 8/11] 10.222.0.73 () {60 vars in 1146 bytes} [Tue Jan 18 16:07:04 2022] POST /compute/v2.1/servers => generated 380 bytes in 2139 msecs (HTTP/1.1 202) 10 headers in 451 bytes (1 switches on core 0)
Jan 18 16:07:06.569847 dv-cinder-775008-7-iscsi devstack@n-api.service[116942]: DEBUG nova.api.openstack.wsgi [None req-143316aa-b62d-4c8a-a4a5-b516963f840d tempest-VolumesSnapshotsTestJSON-11769843 tempest-VolumesSnapshotsTestJSON-11769843-project] Calling method '.version_select at 0x7fd7d2a0daf0>' {{(pid=116942) _process_stack /opt/stack/nova/nova/api/openstack/wsgi.py:513}}
Jan 18 16:07:06.572631 dv-cinder-775008-7-iscsi devstack@n-api.service[116941]: DEBUG nova.api.openstack.wsgi [None req-1961ab47-6913-4438-88b2-6a1e7f4389f7 tempest-VolumesTestJSON-185597377 tempest-VolumesTestJSON-185597377-project] Calling method '.version_select at 0x7fd7d2a86f70>' {{(pid=116941) _process_stack /opt/stack/nova/nova/api/openstack/wsgi.py:513}}
Jan 18 16:07:06.680040 dv-cinder-775008-7-iscsi devstack@n-api.service[116942]: INFO nova.api.openstack.requestlog [None req-143316aa-b62d-4c8a-a4a5-b516963f840d tempest-VolumesSnapshotsTestJSON-11769843 tempest-VolumesSnapshotsTestJSON-11769843-project] 10.222.0.73 "GET /compute/v2.1/os-volumes/fc8943b8-3011-416a-a708-b5008003260c" status: 200 len: 346 microversion: 2.1 time: 0.118928
Jan 18 16:07:06.680581 dv-cinder-775008-7-iscsi devstack@n-api.service[116942]: [pid: 116942|app: 0|req: 4/12] 10.222.0.73 () {58 vars in 1244 bytes} [Tue Jan 18 16:07:06 2022] GET /compute/v2.1/os-volumes/fc8943b8-3011-416a-a708-b5008003260c => generated 346 bytes in 120 msecs (HTTP/1.1 200) 9 headers in 357 bytes (1 switches on core 0)
Jan 18 16:07:06.693553 dv-cinder-775008-7-iscsi devstack@n-api.service[116942]: DEBUG nova.api.openstack.wsgi [None req-a93ef7e0-6cc5-4589-94bd-bc9f4b1fe469 tempest-DeleteServersTestJSON-999955772 tempest-DeleteServersTestJSON-999955772-project] Calling method '>' {{(pid=116942) _process_stack /opt/stack/nova/nova/api/openstack/wsgi.py:513}}
Jan 18 16:07:06.694662 dv-cinder-775008-7-iscsi devstack@n-api.service[116942]: DEBUG nova.compute.api [None req-a93ef7e0-6cc5-4589-94bd-bc9f4b1fe469 tempest-DeleteServersTestJSON-999955772 tempest-DeleteServersTestJSON-999955772-project] [instance: eb252bca-504d-4316-9f18-f81cc9492b6b] Fetching instance by UUID {{(pid=116942) get /opt/stack/nova/nova/compute/api.py:2865}}
Jan 18 16:07:06.754055 dv-cinder-775008-7-iscsi devstack@n-api.service[116941]: INFO nova.api.openstack.requestlog [None req-1961ab47-6913-4438-88b2-6a1e7f4389f7 tempest-VolumesTestJSON-185597377 tempest-VolumesTestJSON-185597377-project] 10.222.0.73 "GET /compute/v2.1/os-volumes/28afc07d-d3c0-4da4-80a4-99060d796814" status: 200 len: 350 microversion: 2.1 time: 0.190432
Jan 18 16:07:06.755070 dv-cinder-775008-7-iscsi devstack@n-api.service[116941]: [pid: 116941|app: 0|req: 9/13] 10.222.0.73 () {58 vars in 1244 bytes} [Tue Jan 18 16:07:06 2022] GET /compute/v2.1/os-volumes/28afc07d-d3c0-4da4-80a4-99060d796814 => generated 350 bytes in 192 msecs (HTTP/1.1 200) 9 headers in 357 bytes (1 switches on core 0)
Jan 18 16:07:06.772055 dv-cinder-775008-7-iscsi devstack@n-api.service[116941]: DEBUG nova.api.openstack.wsgi [None req-2e3f000e-f127-46ff-9297-199a79692844 tempest-AttachVolumeNegativeTest-177938125 tempest-AttachVolumeNegativeTest-177938125-project] Calling method '>' {{(pid=116941) _process_stack /opt/stack/nova/nova/api/openstack/wsgi.py:513}}
Jan 18 16:07:06.775349 dv-cinder-775008-7-iscsi devstack@n-api.service[116941]: DEBUG nova.compute.api [None req-2e3f000e-f127-46ff-9297-199a79692844 tempest-AttachVolumeNegativeTest-177938125 tempest-AttachVolumeNegativeTest-177938125-project] [instance: 79f1c7ee-9555-4cb0-9c11-c2c16016a141] Fetching instance by UUID {{(pid=116941) get /opt/stack/nova/nova/compute/api.py:2865}}
Jan 18 16:07:06.956190 dv-cinder-775008-7-iscsi devstack@n-api.service[116942]: DEBUG nova.policy [None req-a93ef7e0-6cc5-4589-94bd-bc9f4b1fe469 tempest-DeleteServersTestJSON-999955772 tempest-DeleteServersTestJSON-999955772-project] Policy check for os_compute_api:os-extended-server-attributes failed with credentials {'is_admin': False, 'user_id': '05cdcfaee79144d18635ccb8af3a9a24', 'user_domain_id': 'default', 'system_scope': None, 'domain_id': None, 'project_id': 'c033b3cebfe447848b2463af16b1ad68', 'project_domain_id': 'default', 'roles': ['reader', 'member'], 'is_admin_project': True, 'service_user_id': None, 'service_user_domain_id': None, 'service_project_id': None, 'service_project_domain_id': None, 'service_roles': []} {{(pid=116942) authorize /opt/stack/nova/nova/policy.py:199}}
Jan 18 16:07:06.978663 dv-cinder-775008-7-iscsi devstack@n-api.service[116942]: INFO nova.api.openstack.requestlog [None req-a93ef7e0-6cc5-4589-94bd-bc9f4b1fe469 tempest-DeleteServersTestJSON-999955772 tempest-DeleteServersTestJSON-999955772-project] 10.222.0.73 "GET /compute/v2.1/servers/eb252bca-504d-4316-9f18-f81cc9492b6b" status: 200 len: 1213 microversion: 2.1 time: 0.294301
Jan 18 16:07:06.980619 dv-cinder-775008-7-iscsi devstack@n-api.service[116942]: [pid: 116942|app: 0|req: 5/14] 10.222.0.73 () {58 vars in 1235 bytes} [Tue Jan 18 16:07:06 2022] GET /compute/v2.1/servers/eb252bca-504d-4316-9f18-f81cc9492b6b => generated 1213 bytes in 299 msecs (HTTP/1.1 200) 9 headers in 358 bytes (1 switches on core 0)
Jan 18 16:07:06.992975 dv-cinder-775008-7-iscsi devstack@n-api.service[116942]: DEBUG nova.api.openstack.wsgi [None req-863dd3ad-0a48-4495-8662-24b26bf3a641 tempest-VolumesSnapshotsTestJSON-11769843 tempest-VolumesSnapshotsTestJSON-11769843-project] Action: 'create', calling method: .version_select at 0x7fd7d19a28b0>, body: {"snapshot": {"volume_id": "fc8943b8-3011-416a-a708-b5008003260c", "display_name": "tempest-VolumesSnapshotsTestJSON-Snapshot-1903699030"}} {{(pid=116942) _process_stack /opt/stack/nova/nova/api/openstack/wsgi.py:511}}
Jan 18 16:07:06.993180 dv-cinder-775008-7-iscsi devstack@n-api.service[116941]: DEBUG nova.policy [None req-2e3f000e-f127-46ff-9297-199a79692844 tempest-AttachVolumeNegativeTest-177938125 tempest-AttachVolumeNegativeTest-177938125-project] Policy check for os_compute_api:os-extended-server-attributes failed with credentials {'is_admin': False, 'user_id': '0d50a26f92e84977a4a7766d47572d97', 'user_domain_id': 'default', 'system_scope': None, 'domain_id': None, 'project_id': '12fb3afa99374361aaaae85b3916ebf9', 'project_domain_id': 'default', 'roles': ['reader', 'member'], 'is_admin_project': True, 'service_user_id': None, 'service_user_domain_id': None, 'service_project_id': None, 'service_project_domain_id': None, 'service_roles': []} {{(pid=116941) authorize /opt/stack/nova/nova/policy.py:199}}
Jan 18 16:07:07.143219 dv-cinder-775008-7-iscsi devstack@n-api.service[116941]: INFO nova.api.openstack.requestlog [None req-2e3f000e-f127-46ff-9297-199a79692844 tempest-AttachVolumeNegativeTest-177938125 tempest-AttachVolumeNegativeTest-177938125-project] 10.222.0.73 "GET /compute/v2.1/servers/79f1c7ee-9555-4cb0-9c11-c2c16016a141" status: 200 len: 1217 microversion: 2.1 time: 0.314504
Jan 18 16:07:07.143219 dv-cinder-775008-7-iscsi devstack@n-api.service[116941]: [pid: 116941|app: 0|req: 10/15] 10.222.0.73 () {58 vars in 1235 bytes} [Tue Jan 18 16:07:06 2022] GET /compute/v2.1/servers/79f1c7ee-9555-4cb0-9c11-c2c16016a141 => generated 1217 bytes in 329 msecs (HTTP/1.1 200) 9 headers in 358 bytes (1 switches on core 0)
Jan 18 16:07:07.995096 dv-cinder-775008-7-iscsi devstack@n-api.service[116942]: INFO nova.api.openstack.requestlog [None req-863dd3ad-0a48-4495-8662-24b26bf3a641 tempest-VolumesSnapshotsTestJSON-11769843 tempest-VolumesSnapshotsTestJSON-11769843-project] 10.222.0.73 "POST /compute/v2.1/os-snapshots" status: 200 len: 287 microversion: 2.1 time: 1.012165
Jan 18 16:07:07.997816 dv-cinder-775008-7-iscsi devstack@n-api.service[116941]: DEBUG nova.api.openstack.wsgi [None req-650908e7-0350-41ef-a040-68efa8ba8d97 tempest-DeleteServersTestJSON-999955772 tempest-DeleteServersTestJSON-999955772-project] Calling method '>' {{(pid=116941) _process_stack /opt/stack/nova/nova/api/openstack/wsgi.py:513}}
Jan 18 16:07:07.998817 dv-cinder-775008-7-iscsi devstack@n-api.service[116941]: DEBUG nova.compute.api [None req-650908e7-0350-41ef-a040-68efa8ba8d97 tempest-DeleteServersTestJSON-999955772 tempest-DeleteServersTestJSON-999955772-project] [instance: eb252bca-504d-4316-9f18-f81cc9492b6b] Fetching instance by UUID {{(pid=116941) get /opt/stack/nova/nova/compute/api.py:2865}}
Jan 18 16:07:08.000905 dv-cinder-775008-7-iscsi devstack@n-api.service[116942]: [pid: 116942|app: 0|req: 6/16] 10.222.0.73 () {60 vars in 1161 bytes} [Tue Jan 18 16:07:06 2022] POST /compute/v2.1/os-snapshots => generated 287 bytes in 1019 msecs (HTTP/1.1 200) 9 headers in 357 bytes (1 switches on core 0)
Jan 18 16:07:08.006711 dv-cinder-775008-7-iscsi devstack@n-api.service[116942]: DEBUG nova.api.openstack.wsgi [None req-13c0bc21-05c9-41df-81f3-22153b597332 tempest-VolumesSnapshotsTestJSON-11769843 tempest-VolumesSnapshotsTestJSON-11769843-project] Calling method '.version_select at 0x7fd7d19a21f0>' {{(pid=116942) _process_stack /opt/stack/nova/nova/api/openstack/wsgi.py:513}}
Jan 18 16:07:08.161414 dv-cinder-775008-7-iscsi devstack@n-api.service[116942]: INFO nova.api.openstack.requestlog [None req-13c0bc21-05c9-41df-81f3-22153b597332 tempest-VolumesSnapshotsTestJSON-11769843 tempest-VolumesSnapshotsTestJSON-11769843-project] 10.222.0.73 "GET /compute/v2.1/os-snapshots/f1a1dce3-7bb6-4e63-824b-4067c2dc3ad7" status: 200 len: 287 microversion: 2.1 time: 0.158713
Jan 18 16:07:08.162315 dv-cinder-775008-7-iscsi devstack@n-api.service[116942]: [pid: 116942|app: 0|req: 7/17] 10.222.0.73 () {58 vars in 1250 bytes} [Tue Jan 18 16:07:08 2022] GET /compute/v2.1/os-snapshots/f1a1dce3-7bb6-4e63-824b-4067c2dc3ad7 => generated 287 bytes in 161 msecs (HTTP/1.1 200) 9 headers in 357 bytes (1 switches on core 0)
Jan 18 16:07:08.168828 dv-cinder-775008-7-iscsi devstack@n-api.service[116942]: DEBUG nova.api.openstack.wsgi [None req-7db3053c-bb11-4384-b37c-822ed688f333 tempest-AttachVolumeNegativeTest-177938125 tempest-AttachVolumeNegativeTest-177938125-project] Calling method '>' {{(pid=116942) _process_stack /opt/stack/nova/nova/api/openstack/wsgi.py:513}}
Jan 18 16:07:08.170001 dv-cinder-775008-7-iscsi devstack@n-api.service[116942]: DEBUG nova.compute.api [None req-7db3053c-bb11-4384-b37c-822ed688f333 tempest-AttachVolumeNegativeTest-177938125 tempest-AttachVolumeNegativeTest-177938125-project] [instance: 79f1c7ee-9555-4cb0-9c11-c2c16016a141] Fetching instance by UUID {{(pid=116942) get /opt/stack/nova/nova/compute/api.py:2865}}
Jan 18 16:07:08.297874 dv-cinder-775008-7-iscsi devstack@n-api.service[116942]: DEBUG nova.policy [None req-7db3053c-bb11-4384-b37c-822ed688f333 tempest-AttachVolumeNegativeTest-177938125 tempest-AttachVolumeNegativeTest-177938125-project] Policy check for os_compute_api:os-extended-server-attributes failed with credentials {'is_admin': False, 'user_id': '0d50a26f92e84977a4a7766d47572d97', 'user_domain_id': 'default', 'system_scope': None, 'domain_id': None, 'project_id': '12fb3afa99374361aaaae85b3916ebf9', 'project_domain_id': 'default', 'roles': ['reader', 'member'], 'is_admin_project': True, 'service_user_id': None, 'service_user_domain_id': None, 'service_project_id': None, 'service_project_domain_id': None, 'service_roles': []} {{(pid=116942) authorize /opt/stack/nova/nova/policy.py:199}}
Jan 18 16:07:08.306985 dv-cinder-775008-7-iscsi devstack@n-api.service[116942]: INFO nova.api.openstack.requestlog [None req-7db3053c-bb11-4384-b37c-822ed688f333 tempest-AttachVolumeNegativeTest-177938125 tempest-AttachVolumeNegativeTest-177938125-project] 10.222.0.73 "GET /compute/v2.1/servers/79f1c7ee-9555-4cb0-9c11-c2c16016a141" status: 200 len: 1217 microversion: 2.1 time: 0.142766
Jan 18 16:07:08.308040 dv-cinder-775008-7-iscsi devstack@n-api.service[116942]: [pid: 116942|app: 0|req: 8/18] 10.222.0.73 () {58 vars in 1235 bytes} [Tue Jan 18 16:07:08 2022] GET /compute/v2.1/servers/79f1c7ee-9555-4cb0-9c11-c2c16016a141 => generated 1217 bytes in 145 msecs (HTTP/1.1 200) 9 headers in 358 bytes (1 switches on core 0)
Jan 18 16:07:08.315112 dv-cinder-775008-7-iscsi devstack@n-api.service[116942]: DEBUG nova.api.openstack.wsgi [None req-c2bbc2f8-a3eb-42c4-b529-b1779408ebe2 tempest-VolumesSnapshotsTestJSON-11769843 tempest-VolumesSnapshotsTestJSON-11769843-project] Calling method '.version_select at 0x7fd7d2a0df70>' {{(pid=116942) _process_stack /opt/stack/nova/nova/api/openstack/wsgi.py:513}}
Jan 18 16:07:08.388890 dv-cinder-775008-7-iscsi devstack@n-api.service[116941]: DEBUG nova.policy [None req-650908e7-0350-41ef-a040-68efa8ba8d97 tempest-DeleteServersTestJSON-999955772 tempest-DeleteServersTestJSON-999955772-project] Policy check for os_compute_api:os-extended-server-attributes failed with credentials {'is_admin': False, 'user_id': '05cdcfaee79144d18635ccb8af3a9a24', 'user_domain_id': 'default', 'system_scope': None, 'domain_id': None, 'project_id': 'c033b3cebfe447848b2463af16b1ad68', 'project_domain_id': 'default', 'roles': ['reader', 'member'], 'is_admin_project': True, 'service_user_id': None, 'service_user_domain_id': None, 'service_project_id': None, 'service_project_domain_id': None, 'service_roles': []} {{(pid=116941) authorize /opt/stack/nova/nova/policy.py:199}}
Jan 18 16:07:08.407561 dv-cinder-775008-7-iscsi devstack@n-api.service[116942]: INFO nova.api.openstack.requestlog [None req-c2bbc2f8-a3eb-42c4-b529-b1779408ebe2 tempest-VolumesSnapshotsTestJSON-11769843 tempest-VolumesSnapshotsTestJSON-11769843-project] 10.222.0.73 "GET /compute/v2.1/os-snapshots" status: 200 len: 290 microversion: 2.1 time: 0.096919
Jan 18 16:07:08.407561 dv-cinder-775008-7-iscsi devstack@n-api.service[116942]: [pid: 116942|app: 0|req: 9/19] 10.222.0.73 () {58 vars in 1139 bytes} [Tue Jan 18 16:07:08 2022] GET /compute/v2.1/os-snapshots => generated 290 bytes in 98 msecs (HTTP/1.1 200) 9 headers in 357 bytes (1 switches on core 0)
Jan 18 16:07:08.408804 dv-cinder-775008-7-iscsi devstack@n-api.service[116941]: INFO nova.api.openstack.requestlog [None req-650908e7-0350-41ef-a040-68efa8ba8d97 tempest-DeleteServersTestJSON-999955772 tempest-DeleteServersTestJSON-999955772-project] 10.222.0.73 "GET /compute/v2.1/servers/eb252bca-504d-4316-9f18-f81cc9492b6b" status: 200 len: 1213 microversion: 2.1 time: 0.415869
Jan 18 16:07:08.409503 dv-cinder-775008-7-iscsi devstack@n-api.service[116941]: [pid: 116941|app: 0|req: 11/20] 10.222.0.73 () {58 vars in 1235 bytes} [Tue Jan 18 16:07:07 2022] GET /compute/v2.1/servers/eb252bca-504d-4316-9f18-f81cc9492b6b => generated 1213 bytes in 417 msecs (HTTP/1.1 200) 9 headers in 358 bytes (1 switches on core 0)
Jan 18 16:07:08.417832 dv-cinder-775008-7-iscsi devstack@n-api.service[116942]: DEBUG nova.api.openstack.wsgi [None req-9849e410-dc19-44cb-aca1-7373af50ee34 tempest-VolumesSnapshotsTestJSON-11769843 tempest-VolumesSnapshotsTestJSON-11769843-project] Calling method '.version_select at 0x7fd7d19d0280>' {{(pid=116942) _process_stack /opt/stack/nova/nova/api/openstack/wsgi.py:513}}
Jan 18 16:07:08.485967 dv-cinder-775008-7-iscsi devstack@n-api.service[116942]: INFO nova.api.openstack.requestlog [None req-9849e410-dc19-44cb-aca1-7373af50ee34 tempest-VolumesSnapshotsTestJSON-11769843 tempest-VolumesSnapshotsTestJSON-11769843-project] 10.222.0.73 "GET /compute/v2.1/os-snapshots/f1a1dce3-7bb6-4e63-824b-4067c2dc3ad7" status: 200 len: 287 microversion: 2.1 time: 0.071641
Jan 18 16:07:08.491284 dv-cinder-775008-7-iscsi devstack@n-api.service[116942]: [pid: 116942|app: 0|req: 10/21] 10.222.0.73 () {58 vars in 1250 bytes} [Tue Jan 18 16:07:08 2022] GET /compute/v2.1/os-snapshots/f1a1dce3-7bb6-4e63-824b-4067c2dc3ad7 => generated 287 bytes in 78 msecs (HTTP/1.1 200) 9 headers in 357 bytes (1 switches on core 0)
Jan 18 16:07:08.769597 dv-cinder-775008-7-iscsi devstack@n-api.service[116941]: DEBUG nova.api.openstack.wsgi [None req-24cad136-047b-4959-b2d7-4cb961a7555b tempest-VolumesTestJSON-185597377 tempest-VolumesTestJSON-185597377-project] Calling method '.version_select at 0x7fd7d19cd1f0>' {{(pid=116941) _process_stack /opt/stack/nova/nova/api/openstack/wsgi.py:513}}
Jan 18 16:07:08.844751 dv-cinder-775008-7-iscsi devstack@n-api.service[116941]: INFO nova.api.openstack.requestlog [None req-24cad136-047b-4959-b2d7-4cb961a7555b tempest-VolumesTestJSON-185597377 tempest-VolumesTestJSON-185597377-project] 10.222.0.73 "GET /compute/v2.1/os-volumes/237500b0-0156-49c4-9f92-9651e7a59367" status: 200 len: 350 microversion: 2.1 time: 0.078591
Jan 18 16:07:08.845465 dv-cinder-775008-7-iscsi devstack@n-api.service[116941]: [pid: 116941|app: 0|req: 12/22] 10.222.0.73 () {58 vars in 1244 bytes} [Tue Jan 18 16:07:08 2022] GET /compute/v2.1/os-volumes/237500b0-0156-49c4-9f92-9651e7a59367 => generated 350 bytes in 80 msecs (HTTP/1.1 200) 9 headers in 357 bytes (1 switches on core 0)
Jan 18 16:07:09.325611 dv-cinder-775008-7-iscsi devstack@n-api.service[116942]: DEBUG nova.api.openstack.wsgi [None req-21065e9b-2162-4e05-a56f-dadac6678f13 tempest-AttachVolumeNegativeTest-177938125 tempest-AttachVolumeNegativeTest-177938125-project] Calling method '>' {{(pid=116942) _process_stack /opt/stack/nova/nova/api/openstack/wsgi.py:513}}
Jan 18 16:07:09.326878 dv-cinder-775008-7-iscsi devstack@n-api.service[116942]: DEBUG nova.compute.api [None req-21065e9b-2162-4e05-a56f-dadac6678f13 tempest-AttachVolumeNegativeTest-177938125 tempest-AttachVolumeNegativeTest-177938125-project] [instance: 79f1c7ee-9555-4cb0-9c11-c2c16016a141] Fetching instance by UUID {{(pid=116942) get /opt/stack/nova/nova/compute/api.py:2865}}
Jan 18 16:07:09.687235 dv-cinder-775008-7-iscsi devstack@n-api.service[116941]: DEBUG nova.api.openstack.wsgi [None req-5f31b2be-bb7d-45b2-b2fb-c0f7556a4c1f tempest-DeleteServersTestJSON-999955772 tempest-DeleteServersTestJSON-999955772-project] Calling method '>' {{(pid=116941) _process_stack /opt/stack/nova/nova/api/openstack/wsgi.py:513}}
Jan 18 16:07:09.687235 dv-cinder-775008-7-iscsi devstack@n-api.service[116941]: DEBUG nova.compute.api [None req-5f31b2be-bb7d-45b2-b2fb-c0f7556a4c1f tempest-DeleteServersTestJSON-999955772 tempest-DeleteServersTestJSON-999955772-project] [instance: eb252bca-504d-4316-9f18-f81cc9492b6b] Fetching instance by UUID {{(pid=116941) get /opt/stack/nova/nova/compute/api.py:2865}}
Jan 18 16:07:09.724291 dv-cinder-775008-7-iscsi devstack@n-api.service[116942]: DEBUG nova.policy [None req-21065e9b-2162-4e05-a56f-dadac6678f13 tempest-AttachVolumeNegativeTest-177938125 tempest-AttachVolumeNegativeTest-177938125-project] Policy check for os_compute_api:os-extended-server-attributes failed with credentials {'is_admin': False, 'user_id': '0d50a26f92e84977a4a7766d47572d97', 'user_domain_id': 'default', 'system_scope': None, 'domain_id': None, 'project_id': '12fb3afa99374361aaaae85b3916ebf9', 'project_domain_id': 'default', 'roles': ['reader', 'member'], 'is_admin_project': True, 'service_user_id': None, 'service_user_domain_id': None, 'service_project_id': None, 'service_project_domain_id': None, 'service_roles': []} {{(pid=116942) authorize /opt/stack/nova/nova/policy.py:199}}
Jan 18 16:07:09.724291 dv-cinder-775008-7-iscsi devstack@n-api.service[116942]: INFO nova.api.openstack.requestlog [None req-21065e9b-2162-4e05-a56f-dadac6678f13 tempest-AttachVolumeNegativeTest-177938125 tempest-AttachVolumeNegativeTest-177938125-project] 10.222.0.73 "GET /compute/v2.1/servers/79f1c7ee-9555-4cb0-9c11-c2c16016a141" status: 200 len: 1217 microversion: 2.1 time: 0.163419
Jan 18 16:07:09.724291 dv-cinder-775008-7-iscsi devstack@n-api.service[116942]: [pid: 116942|app: 0|req: 11/23] 10.222.0.73 () {58 vars in 1235 bytes} [Tue Jan 18 16:07:09 2022] GET /compute/v2.1/servers/79f1c7ee-9555-4cb0-9c11-c2c16016a141 => generated 1217 bytes in 165 msecs (HTTP/1.1 200) 9 headers in 358 bytes (1 switches on core 0)
Jan 18 16:07:09.724291 dv-cinder-775008-7-iscsi devstack@n-api.service[116942]: DEBUG nova.api.openstack.wsgi [None req-ead694ff-9a39-4302-863a-e0cb793643a9 tempest-VolumesSnapshotsTestJSON-11769843 tempest-VolumesSnapshotsTestJSON-11769843-project] Calling method '.version_select at 0x7fd7d19d00d0>' {{(pid=116942) _process_stack /opt/stack/nova/nova/api/openstack/wsgi.py:513}}
Jan 18 16:07:09.725650 dv-cinder-775008-7-iscsi devstack@n-api.service[116942]: INFO nova.api.openstack.requestlog [None req-ead694ff-9a39-4302-863a-e0cb793643a9 tempest-VolumesSnapshotsTestJSON-11769843 tempest-VolumesSnapshotsTestJSON-11769843-project] 10.222.0.73 "GET /compute/v2.1/os-snapshots/f1a1dce3-7bb6-4e63-824b-4067c2dc3ad7" status: 200 len: 287 microversion: 2.1 time: 0.050028
Jan 18 16:07:09.725650 dv-cinder-775008-7-iscsi devstack@n-api.service[116942]: [pid: 116942|app: 0|req: 12/24] 10.222.0.73 () {58 vars in 1250 bytes} [Tue Jan 18 16:07:09 2022] GET /compute/v2.1/os-snapshots/f1a1dce3-7bb6-4e63-824b-4067c2dc3ad7 => generated 287 bytes in 55 msecs (HTTP/1.1 200) 9 headers in 357 bytes (1 switches on core 0)
Jan 18 16:07:09.727210 dv-cinder-775008-7-iscsi devstack@n-api.service[116941]: DEBUG nova.policy [None req-5f31b2be-bb7d-45b2-b2fb-c0f7556a4c1f tempest-DeleteServersTestJSON-999955772 tempest-DeleteServersTestJSON-999955772-project] Policy check for os_compute_api:os-extended-server-attributes failed with credentials {'is_admin': False, 'user_id': '05cdcfaee79144d18635ccb8af3a9a24', 'user_domain_id': 'default', 'system_scope': None, 'domain_id': None, 'project_id': 'c033b3cebfe447848b2463af16b1ad68', 'project_domain_id': 'default', 'roles': ['reader', 'member'], 'is_admin_project': True, 'service_user_id': None, 'service_user_domain_id': None, 'service_project_id': None, 'service_project_domain_id': None, 'service_roles': []} {{(pid=116941) authorize /opt/stack/nova/nova/policy.py:199}}
Jan 18 16:07:09.727210 dv-cinder-775008-7-iscsi devstack@n-api.service[116941]: INFO nova.api.openstack.requestlog [None req-5f31b2be-bb7d-45b2-b2fb-c0f7556a4c1f tempest-DeleteServersTestJSON-999955772 tempest-DeleteServersTestJSON-999955772-project] 10.222.0.73 "GET /compute/v2.1/servers/eb252bca-504d-4316-9f18-f81cc9492b6b" status: 200 len: 1213 microversion: 2.1 time: 0.247030
Jan 18 16:07:09.727210 dv-cinder-775008-7-iscsi devstack@n-api.service[116941]: [pid: 116941|app: 0|req: 13/25] 10.222.0.73 () {58 vars in 1235 bytes} [Tue Jan 18 16:07:09 2022] GET /compute/v2.1/servers/eb252bca-504d-4316-9f18-f81cc9492b6b => generated 1213 bytes in 249 msecs (HTTP/1.1 200) 9 headers in 358 bytes (2 switches on core 0)
Jan 18 16:07:10.501903 dv-cinder-775008-7-iscsi devstack@n-api.service[116942]: DEBUG nova.api.openstack.wsgi [None req-5249445a-209e-4656-89f9-46a3f0034573 tempest-AttachVolumeNegativeTest-177938125 tempest-AttachVolumeNegativeTest-177938125-project] Calling method '>' {{(pid=116942) _process_stack /opt/stack/nova/nova/api/openstack/wsgi.py:513}}
Jan 18 16:07:10.502559 dv-cinder-775008-7-iscsi devstack@n-api.service[116942]: DEBUG nova.compute.api [None req-5249445a-209e-4656-89f9-46a3f0034573 tempest-AttachVolumeNegativeTest-177938125 tempest-AttachVolumeNegativeTest-177938125-project] [instance: 79f1c7ee-9555-4cb0-9c11-c2c16016a141] Fetching instance by UUID {{(pid=116942) get /opt/stack/nova/nova/compute/api.py:2865}}
Jan 18 16:07:10.509853 dv-cinder-775008-7-iscsi devstack@n-api.service[116942]: DEBUG oslo_concurrency.lockutils [None req-5249445a-209e-4656-89f9-46a3f0034573 tempest-AttachVolumeNegativeTest-177938125 tempest-AttachVolumeNegativeTest-177938125-project] Lock "897e8247-000e-43c8-8d12-400d4a836ca8" acquired by "nova.context.set_target_cell..get_or_set_cached_cell_and_set_connections" :: waited 0.000s {{(pid=116942) inner /usr/local/lib/python3.8/dist-packages/oslo_concurrency/lockutils.py:386}}
Jan 18 16:07:10.510644 dv-cinder-775008-7-iscsi devstack@n-api.service[116942]: DEBUG oslo_concurrency.lockutils [None req-5249445a-209e-4656-89f9-46a3f0034573 tempest-AttachVolumeNegativeTest-177938125 tempest-AttachVolumeNegativeTest-177938125-project] Lock "897e8247-000e-43c8-8d12-400d4a836ca8" "released" by "nova.context.set_target_cell..get_or_set_cached_cell_and_set_connections" :: held 0.001s {{(pid=116942) inner /usr/local/lib/python3.8/dist-packages/oslo_concurrency/lockutils.py:400}}
Jan 18 16:07:10.511630 dv-cinder-775008-7-iscsi devstack@n-api.service[116942]: DEBUG oslo_concurrency.lockutils [None req-5249445a-209e-4656-89f9-46a3f0034573 tempest-AttachVolumeNegativeTest-177938125 tempest-AttachVolumeNegativeTest-177938125-project] Lock "897e8247-000e-43c8-8d12-400d4a836ca8" acquired by "nova.context.set_target_cell..get_or_set_cached_cell_and_set_connections" :: waited 0.000s {{(pid=116942) inner /usr/local/lib/python3.8/dist-packages/oslo_concurrency/lockutils.py:386}}
Jan 18 16:07:10.512064 dv-cinder-775008-7-iscsi devstack@n-api.service[116942]: DEBUG oslo_concurrency.lockutils [None req-5249445a-209e-4656-89f9-46a3f0034573 tempest-AttachVolumeNegativeTest-177938125 tempest-AttachVolumeNegativeTest-177938125-project] Lock "897e8247-000e-43c8-8d12-400d4a836ca8" "released" by "nova.context.set_target_cell..get_or_set_cached_cell_and_set_connections" :: held 0.000s {{(pid=116942) inner /usr/local/lib/python3.8/dist-packages/oslo_concurrency/lockutils.py:400}}
