Dec 07 15:59:44.849436 dv-cinder-775008-6-smb neutron-server[114445]: DEBUG neutron_lib.callbacks.manager [None req-4b615946-1a4c-4a0e-b2f1-a1f8e5cddf45 None None] Publish callbacks ['neutron.plugins.ml2.plugin.SecurityGroupServerNotifierRpcMixin._notify_sg_on_port_change-659449', 'neutron.plugins.ml2.ovo_rpc._ObjectChangeHandler.handle_event-106509', 'neutron.api.rpc.agentnotifiers.dhcp_rpc_agent_api.DhcpAgentNotifyAPI._native_event_send_dhcp_notification-1784145', 'neutron.db.l3_db.L3RpcNotifierMixin._notify_gateway_port_ip_changed-8792573312175', 'neutron.db.l3_dvrscheduler_db._notify_l3_agent_port_update-8792572785183', 'neutron.db.l3_hascheduler_db._notify_l3_agent_ha_port_update-8792572785201'] for port, after_update {{(pid=114445) _notify_loop /usr/local/lib/python3.8/dist-packages/neutron_lib/callbacks/manager.py:175}}
Dec 07 15:59:44.859088 dv-cinder-775008-6-smb neutron-server[114443]: DEBUG neutron.api.rpc.handlers.resources_rpc [None req-05e62c92-953e-4339-bd3b-7824bca8b8d8 admin admin] Pushing event updated for resources: {'SecurityGroup': ['ID=ac9f2473-7339-488d-b80f-acf5277ed7f6,revision_number=1']} {{(pid=114443) push /opt/stack/neutron/neutron/api/rpc/handlers/resources_rpc.py:237}}
Dec 07 15:59:44.860645 dv-cinder-775008-6-smb neutron-server[114444]: DEBUG neutron.pecan_wsgi.hooks.policy_enforcement [req-36ab7da1-cf58-4529-9507-aa5c79e5c06d req-83326e76-9065-40dd-841c-d658991b62c2 service neutron] Attributes excluded by policy engine: ['standard_attr_id'] {{(pid=114444) _exclude_attributes_by_policy /opt/stack/neutron/neutron/pecan_wsgi/hooks/policy_enforcement.py:255}}
Dec 07 15:59:44.862798 dv-cinder-775008-6-smb neutron-server[114444]: INFO neutron.wsgi [req-36ab7da1-cf58-4529-9507-aa5c79e5c06d req-83326e76-9065-40dd-841c-d658991b62c2 service neutron] 10.222.0.59 "GET /v2.0/ports?tenant_id=288a797b7a74448fac27c10d6b070a9d&device_id=5be6f7e4-f0bd-47b1-866d-539eee60dedc HTTP/1.1" status: 200 len: 1096 time: 0.3037224
Dec 07 15:59:44.881443 dv-cinder-775008-6-smb neutron-server[114445]: DEBUG neutron.api.rpc.handlers.resources_rpc [None req-4b615946-1a4c-4a0e-b2f1-a1f8e5cddf45 None None] Pushing event updated for resources: {'Port': ['ID=329b56fe-e58d-469d-8010-0b3d6694b554,revision_number=5']} {{(pid=114445) push /opt/stack/neutron/neutron/api/rpc/handlers/resources_rpc.py:237}}
Dec 07 15:59:44.936939 dv-cinder-775008-6-smb neutron-server[114443]: DEBUG neutron_lib.callbacks.manager [None req-2d31206a-6bea-400d-9b14-f9646046fbc0 admin admin] Publish callbacks [] for security_group, before_delete {{(pid=114443) _notify_loop /usr/local/lib/python3.8/dist-packages/neutron_lib/callbacks/manager.py:175}}
Dec 07 15:59:44.942787 dv-cinder-775008-6-smb neutron-server[114444]: INFO neutron.wsgi [req-36ab7da1-cf58-4529-9507-aa5c79e5c06d req-0848ff39-5457-4564-9b13-02ef1d5d531f service neutron] 10.222.0.59 "GET /v2.0/floatingips?fixed_ip_address=172.20.0.8&port_id=4862f965-c8f5-46b8-b416-881551d2b5b2 HTTP/1.1" status: 200 len: 217 time: 0.0630333
Dec 07 15:59:44.956563 dv-cinder-775008-6-smb neutron-server[114444]: INFO neutron.wsgi [req-3321e4fe-a010-4f1f-bfab-b2f8d3c5159f req-d54be1a8-0feb-40a2-a952-d9ddcf1b72ea tempest-DeleteServersTestJSON-894621613 tempest-DeleteServersTestJSON-894621613-project] 10.222.0.45 "GET /v2.0/security-groups?id=3da6df26-fc02-4b28-8b67-b7a34cc2a3df&fields=id&fields=name HTTP/1.1" status: 200 len: 286 time: 0.1334851
Dec 07 15:59:44.959122 dv-cinder-775008-6-smb neutron-server[114444]: DEBUG novaclient.v2.client [-] RESP: [200] Connection: close Content-Length: 179 Content-Type: application/json Date: Tue, 07 Dec 2021 15:59:44 GMT OpenStack-API-Version: compute 2.1 Server: Apache/2.4.41 (Ubuntu) Vary: OpenStack-API-Version,X-OpenStack-Nova-API-Version X-OpenStack-Nova-API-Version: 2.1 x-compute-request-id: req-eef52a27-e936-4de9-bafe-a827c16302f6 x-openstack-request-id: req-eef52a27-e936-4de9-bafe-a827c16302f6 {{(pid=114444) _http_log_response /usr/local/lib/python3.8/dist-packages/keystoneauth1/session.py:550}}
Dec 07 15:59:44.959412 dv-cinder-775008-6-smb neutron-server[114444]: DEBUG novaclient.v2.client [-] RESP BODY: {"events": [{"name": "network-changed", "server_uuid": "5be6f7e4-f0bd-47b1-866d-539eee60dedc", "tag": "4862f965-c8f5-46b8-b416-881551d2b5b2", "status": "completed", "code": 200}]} {{(pid=114444) _http_log_response /usr/local/lib/python3.8/dist-packages/keystoneauth1/session.py:582}}
Dec 07 15:59:44.959662 dv-cinder-775008-6-smb neutron-server[114444]: DEBUG novaclient.v2.client [-] POST call to compute for http://10.222.0.45/compute/v2.1/os-server-external-events used request id req-eef52a27-e936-4de9-bafe-a827c16302f6 {{(pid=114444) request /usr/local/lib/python3.8/dist-packages/keystoneauth1/session.py:954}}
Dec 07 15:59:44.966199 dv-cinder-775008-6-smb neutron-server[114445]: DEBUG neutron.api.rpc.handlers.resources_rpc [None req-4b615946-1a4c-4a0e-b2f1-a1f8e5cddf45 None None] Pushing event updated for resources: {'Port': ['ID=1046be76-dfb9-4e43-9a4c-aaaff0682fa7,revision_number=4']} {{(pid=114445) push /opt/stack/neutron/neutron/api/rpc/handlers/resources_rpc.py:237}}
Dec 07 15:59:44.974165 dv-cinder-775008-6-smb neutron-server[114444]: INFO neutron.notifiers.nova [-] Nova event response: {'name': 'network-changed', 'server_uuid': '5be6f7e4-f0bd-47b1-866d-539eee60dedc', 'tag': '4862f965-c8f5-46b8-b416-881551d2b5b2', 'status': 'completed', 'code': 200}
Dec 07 15:59:44.989325 dv-cinder-775008-6-smb neutron-server[114443]: DEBUG neutron_lib.callbacks.manager [None req-2d31206a-6bea-400d-9b14-f9646046fbc0 admin admin] Publish callbacks [] for security_group, precommit_delete {{(pid=114443) _notify_loop /usr/local/lib/python3.8/dist-packages/neutron_lib/callbacks/manager.py:175}}
Dec 07 15:59:45.054915 dv-cinder-775008-6-smb neutron-server[114444]: DEBUG neutron.pecan_wsgi.hooks.policy_enforcement [req-36ab7da1-cf58-4529-9507-aa5c79e5c06d req-4b517499-c4a0-41bb-afad-19247dcc0c2a service neutron] Attributes excluded by policy engine: ['standard_attr_id', 'shared'] {{(pid=114444) _exclude_attributes_by_policy /opt/stack/neutron/neutron/pecan_wsgi/hooks/policy_enforcement.py:255}}
Dec 07 15:59:45.057120 dv-cinder-775008-6-smb neutron-server[114444]: INFO neutron.wsgi [req-36ab7da1-cf58-4529-9507-aa5c79e5c06d req-4b517499-c4a0-41bb-afad-19247dcc0c2a service neutron] 10.222.0.59 "GET /v2.0/subnets?id=c22f9ea4-ccd3-4ef8-a962-71d9aa93e89d HTTP/1.1" status: 200 len: 849 time: 0.0994592
Dec 07 15:59:45.057516 dv-cinder-775008-6-smb neutron-server[114445]: DEBUG neutron.db.provisioning_blocks [None req-4b615946-1a4c-4a0e-b2f1-a1f8e5cddf45 None None] Provisioning for port 719cb58f-52a4-471a-a3f8-2a9396cbd102 completed by entity L2. {{(pid=114445) provisioning_complete /opt/stack/neutron/neutron/db/provisioning_blocks.py:133}}
Dec 07 15:59:45.064628 dv-cinder-775008-6-smb neutron-server[114445]: DEBUG neutron.db.provisioning_blocks [None req-4b615946-1a4c-4a0e-b2f1-a1f8e5cddf45 None None] Provisioning complete for port 719cb58f-52a4-471a-a3f8-2a9396cbd102 triggered by entity L2. {{(pid=114445) provisioning_complete /opt/stack/neutron/neutron/db/provisioning_blocks.py:139}}
Dec 07 15:59:45.069943 dv-cinder-775008-6-smb neutron-server[114445]: DEBUG neutron_lib.callbacks.manager [None req-4b615946-1a4c-4a0e-b2f1-a1f8e5cddf45 None None] Publish callbacks ['neutron.plugins.ml2.plugin.Ml2Plugin._port_provisioned-896624'] for port, provisioning_complete {{(pid=114445) _notify_loop /usr/local/lib/python3.8/dist-packages/neutron_lib/callbacks/manager.py:175}}
Dec 07 15:59:45.092136 dv-cinder-775008-6-smb neutron-server[114445]: DEBUG neutron.plugins.ml2.db [None req-4b615946-1a4c-4a0e-b2f1-a1f8e5cddf45 None None] get_ports_and_sgs() called for port_ids ['1046be76-dfb9-4e43-9a4c-aaaff0682fa7'] {{(pid=114445) get_ports_and_sgs /opt/stack/neutron/neutron/plugins/ml2/db.py:156}}
Dec 07 15:59:45.167584 dv-cinder-775008-6-smb neutron-server[114444]: DEBUG neutron.pecan_wsgi.hooks.policy_enforcement [req-36ab7da1-cf58-4529-9507-aa5c79e5c06d req-9a30f655-40a0-4c9a-a4db-24d10b7fbe1c service neutron] Attributes excluded by policy engine: ['standard_attr_id'] {{(pid=114444) _exclude_attributes_by_policy /opt/stack/neutron/neutron/pecan_wsgi/hooks/policy_enforcement.py:255}}
Dec 07 15:59:45.170276 dv-cinder-775008-6-smb neutron-server[114444]: INFO neutron.wsgi [req-36ab7da1-cf58-4529-9507-aa5c79e5c06d req-9a30f655-40a0-4c9a-a4db-24d10b7fbe1c service neutron] 10.222.0.59 "GET /v2.0/ports?network_id=08bec184-0daf-4c97-b836-dc29acd250da&device_owner=network%3Adhcp HTTP/1.1" status: 200 len: 1173 time: 0.1037757
Dec 07 15:59:45.185354 dv-cinder-775008-6-smb neutron-server[114444]: DEBUG neutron.pecan_wsgi.hooks.policy_enforcement [req-9ac6afeb-5285-4eb1-9365-24a2255a55fc req-001d6ab2-246f-4e35-8b63-b55707382d87 tempest-AttachVolumeShelveTestJSON-54430791 tempest-AttachVolumeShelveTestJSON-54430791-project] Attributes excluded by policy engine: ['standard_attr_id', 'binding:profile', 'binding:host_id', 'binding:vif_type', 'binding:vif_details'] {{(pid=114444) _exclude_attributes_by_policy /opt/stack/neutron/neutron/pecan_wsgi/hooks/policy_enforcement.py:255}}
Dec 07 15:59:45.187001 dv-cinder-775008-6-smb neutron-server[114444]: INFO neutron.wsgi [req-9ac6afeb-5285-4eb1-9365-24a2255a55fc req-001d6ab2-246f-4e35-8b63-b55707382d87 tempest-AttachVolumeShelveTestJSON-54430791 tempest-AttachVolumeShelveTestJSON-54430791-project] 10.222.0.45 "GET /v2.0/ports?device_id=8cbd96db-9ee3-4e14-8263-d01ba2405262 HTTP/1.1" status: 200 len: 944 time: 0.0744238
Dec 07 15:59:45.200644 dv-cinder-775008-6-smb neutron-server[114443]: DEBUG neutron_lib.callbacks.manager [None req-2d31206a-6bea-400d-9b14-f9646046fbc0 admin admin] Publish callbacks ['neutron.plugins.ml2.ovo_rpc._ObjectChangeHandler.handle_event-2011625'] for security_group, after_delete {{(pid=114443) _notify_loop /usr/local/lib/python3.8/dist-packages/neutron_lib/callbacks/manager.py:175}}
Dec 07 15:59:45.203685 dv-cinder-775008-6-smb neutron-server[114443]: DEBUG neutron_lib.callbacks.manager [None req-2d31206a-6bea-400d-9b14-f9646046fbc0 admin admin] Publish callbacks [] for security_group, before_response {{(pid=114443) _notify_loop /usr/local/lib/python3.8/dist-packages/neutron_lib/callbacks/manager.py:175}}
Dec 07 15:59:45.205010 dv-cinder-775008-6-smb neutron-server[114443]: INFO neutron.wsgi [None req-2d31206a-6bea-400d-9b14-f9646046fbc0 admin admin] 10.222.0.45 "DELETE /v2.0/security-groups/ac9f2473-7339-488d-b80f-acf5277ed7f6 HTTP/1.1" status: 204 len: 168 time: 0.3623590
Dec 07 15:59:45.217375 dv-cinder-775008-6-smb neutron-server[114443]: DEBUG neutron.api.rpc.handlers.resources_rpc [None req-2d31206a-6bea-400d-9b14-f9646046fbc0 admin admin] Pushing event deleted for resources: {'SecurityGroup': ['ID=ac9f2473-7339-488d-b80f-acf5277ed7f6,revision_number=None']} {{(pid=114443) push /opt/stack/neutron/neutron/api/rpc/handlers/resources_rpc.py:237}}
Dec 07 15:59:45.372046 dv-cinder-775008-6-smb neutron-server[114444]: INFO neutron.wsgi [req-9ac6afeb-5285-4eb1-9365-24a2255a55fc req-6a296587-8f1f-4704-868b-9944745a4ff1 tempest-AttachVolumeShelveTestJSON-54430791 tempest-AttachVolumeShelveTestJSON-54430791-project] 10.222.0.45 "GET /v2.0/security-groups?id=a5d94155-efb6-4fb9-a792-907ee45f815f&fields=id&fields=name HTTP/1.1" status: 200 len: 312 time: 0.1690669
Dec 07 15:59:45.385616 dv-cinder-775008-6-smb neutron-server[114445]: DEBUG novaclient.v2.client [-] RESP: [200] Connection: close Content-Length: 183 Content-Type: application/json Date: Tue, 07 Dec 2021 15:59:44 GMT OpenStack-API-Version: compute 2.1 Server: Apache/2.4.41 (Ubuntu) Vary: OpenStack-API-Version,X-OpenStack-Nova-API-Version X-OpenStack-Nova-API-Version: 2.1 x-compute-request-id: req-ee83ccda-fe85-4d4c-9aaa-a87b8857b141 x-openstack-request-id: req-ee83ccda-fe85-4d4c-9aaa-a87b8857b141 {{(pid=114445) _http_log_response /usr/local/lib/python3.8/dist-packages/keystoneauth1/session.py:550}}
Dec 07 15:59:45.385616 dv-cinder-775008-6-smb neutron-server[114445]: DEBUG novaclient.v2.client [-] RESP BODY: {"events": [{"server_uuid": "ab71dfb9-1e11-42d6-886d-82d82012b136", "name": "network-vif-plugged", "status": "completed", "tag": "329b56fe-e58d-469d-8010-0b3d6694b554", "code": 200}]} {{(pid=114445) _http_log_response /usr/local/lib/python3.8/dist-packages/keystoneauth1/session.py:582}}
Dec 07 15:59:45.385616 dv-cinder-775008-6-smb neutron-server[114445]: DEBUG novaclient.v2.client [-] POST call to compute for http://10.222.0.45/compute/v2.1/os-server-external-events used request id req-ee83ccda-fe85-4d4c-9aaa-a87b8857b141 {{(pid=114445) request /usr/local/lib/python3.8/dist-packages/keystoneauth1/session.py:954}}
Dec 07 15:59:45.385616 dv-cinder-775008-6-smb neutron-server[114445]: INFO neutron.notifiers.nova [-] Nova event response: {'server_uuid': 'ab71dfb9-1e11-42d6-886d-82d82012b136', 'name': 'network-vif-plugged', 'status': 'completed', 'tag': '329b56fe-e58d-469d-8010-0b3d6694b554', 'code': 200}
Dec 07 15:59:45.410801 dv-cinder-775008-6-smb neutron-server[114444]: INFO neutron.wsgi [req-36ab7da1-cf58-4529-9507-aa5c79e5c06d req-0971f141-a09d-458d-bea0-1755736098e3 service neutron] 10.222.0.59 "GET /v2.0/networks/08bec184-0daf-4c97-b836-dc29acd250da?fields=segments HTTP/1.1" status: 200 len: 212 time: 0.2228115
Dec 07 15:59:45.420707 dv-cinder-775008-6-smb neutron-server[114444]: DEBUG neutron.pecan_wsgi.hooks.policy_enforcement [req-7b7f133c-303d-481e-b8d8-06fa6e8a4252 req-e6b966bd-cf0f-438b-9679-d35a021e0f0e tempest-AttachVolumeNegativeTest-652317421 tempest-AttachVolumeNegativeTest-652317421-project] Attributes excluded by policy engine: ['standard_attr_id', 'binding:profile', 'binding:host_id', 'binding:vif_type', 'binding:vif_details'] {{(pid=114444) _exclude_attributes_by_policy /opt/stack/neutron/neutron/pecan_wsgi/hooks/policy_enforcement.py:255}}
Dec 07 15:59:45.422383 dv-cinder-775008-6-smb neutron-server[114444]: INFO neutron.wsgi [req-7b7f133c-303d-481e-b8d8-06fa6e8a4252 req-e6b966bd-cf0f-438b-9679-d35a021e0f0e tempest-AttachVolumeNegativeTest-652317421 tempest-AttachVolumeNegativeTest-652317421-project] 10.222.0.45 "GET /v2.0/ports?device_id=ab71dfb9-1e11-42d6-886d-82d82012b136 HTTP/1.1" status: 200 len: 945 time: 0.1564999
Dec 07 15:59:45.519473 dv-cinder-775008-6-smb neutron-server[114445]: DEBUG neutron_lib.callbacks.manager [None req-4b615946-1a4c-4a0e-b2f1-a1f8e5cddf45 None None] Publish callbacks ['neutron.plugins.ml2.plugin.SecurityGroupDbMixin._ensure_default_security_group_handler-659386'] for port, before_update {{(pid=114445) _notify_loop /usr/local/lib/python3.8/dist-packages/neutron_lib/callbacks/manager.py:175}}
Dec 07 15:59:45.578809 dv-cinder-775008-6-smb neutron-server[114445]: DEBUG neutron_lib.callbacks.manager [None req-4b615946-1a4c-4a0e-b2f1-a1f8e5cddf45 None None] Publish callbacks ['neutron.services.segments.db._update_segment_host_mapping_for_agent-8792573111920', 'neutron.plugins.ml2.plugin.Ml2Plugin._retry_binding_revived_agents-893853'] for agent, after_update {{(pid=114445) _notify_loop /usr/local/lib/python3.8/dist-packages/neutron_lib/callbacks/manager.py:175}}
Dec 07 15:59:45.578809 dv-cinder-775008-6-smb neutron-server[114445]: DEBUG neutron.plugins.ml2.db [None req-4b615946-1a4c-4a0e-b2f1-a1f8e5cddf45 None None] For port 719cb58f-52a4-471a-a3f8-2a9396cbd102, host hv-cinder-77500, got binding levels [PortBindingLevel(driver='hyperv',host='hv-cinder-77500',level=0,port_id=719cb58f-52a4-471a-a3f8-2a9396cbd102,segment=NetworkSegment(3e28fb1f-1565-4ed7-b433-c220c3115236),segment_id=3e28fb1f-1565-4ed7-b433-c220c3115236)] {{(pid=114445) get_binding_level_objs /opt/stack/neutron/neutron/plugins/ml2/db.py:74}}
Dec 07 15:59:45.642835 dv-cinder-775008-6-smb neutron-server[114444]: DEBUG neutron.pecan_wsgi.hooks.policy_enforcement [req-71233e2a-0326-435e-a973-efef0bb3ccdc req-38c7c6a5-7838-4965-94e1-907d9765fef5 service neutron] Attributes excluded by policy engine: ['standard_attr_id'] {{(pid=114444) _exclude_attributes_by_policy /opt/stack/neutron/neutron/pecan_wsgi/hooks/policy_enforcement.py:255}}
Dec 07 15:59:45.644405 dv-cinder-775008-6-smb neutron-server[114444]: INFO neutron.wsgi [req-71233e2a-0326-435e-a973-efef0bb3ccdc req-38c7c6a5-7838-4965-94e1-907d9765fef5 service neutron] 10.222.0.59 "GET /v2.0/ports?device_id=ab71dfb9-1e11-42d6-886d-82d82012b136 HTTP/1.1" status: 200 len: 1098 time: 0.2029917
Dec 07 15:59:45.652348 dv-cinder-775008-6-smb neutron-server[114444]: INFO neutron.wsgi [req-7b7f133c-303d-481e-b8d8-06fa6e8a4252 req-09a3f414-d30b-4653-9033-eb3c850ce2a1 tempest-AttachVolumeNegativeTest-652317421 tempest-AttachVolumeNegativeTest-652317421-project] 10.222.0.45 "GET /v2.0/security-groups?id=8fcb9db4-e264-4c27-b74f-d33f903f6d84&fields=id&fields=name HTTP/1.1" status: 200 len: 286 time: 0.2143254
Dec 07 15:59:45.674078 dv-cinder-775008-6-smb neutron-server[114445]: DEBUG neutron_lib.callbacks.manager [None req-4b615946-1a4c-4a0e-b2f1-a1f8e5cddf45 None None] Publish callbacks ['neutron.plugins.ml2.plugin.SecurityGroupServerNotifierRpcMixin._notify_sg_on_port_change-659449', 'neutron.plugins.ml2.ovo_rpc._ObjectChangeHandler.handle_event-106509', 'neutron.api.rpc.agentnotifiers.dhcp_rpc_agent_api.DhcpAgentNotifyAPI._native_event_send_dhcp_notification-1784145', 'neutron.db.l3_db.L3RpcNotifierMixin._notify_gateway_port_ip_changed-8792573312175', 'neutron.db.l3_dvrscheduler_db._notify_l3_agent_port_update-8792572785183', 'neutron.db.l3_hascheduler_db._notify_l3_agent_ha_port_update-8792572785201'] for port, after_update {{(pid=114445) _notify_loop /usr/local/lib/python3.8/dist-packages/neutron_lib/callbacks/manager.py:175}}
Dec 07 15:59:45.674249 dv-cinder-775008-6-smb neutron-server[114444]: DEBUG neutron_lib.callbacks.manager [req-71233e2a-0326-435e-a973-efef0bb3ccdc req-b15b9d9d-6ba0-4b2e-8b57-ee32bc8d4888 service neutron] Publish callbacks [] for security_group, before_create {{(pid=114444) _notify_loop /usr/local/lib/python3.8/dist-packages/neutron_lib/callbacks/manager.py:175}}
Dec 07 15:59:45.674960 dv-cinder-775008-6-smb neutron-server[114445]: DEBUG neutron.plugins.ml2.rpc [None req-4b615946-1a4c-4a0e-b2f1-a1f8e5cddf45 None None] Device bcad4406-cb29-4dbc-98b0-0f3a3b4af14a up at agent hyperv_hv-cinder-77500 {{(pid=114445) update_device_up /opt/stack/neutron/neutron/plugins/ml2/rpc.py:296}}
Dec 07 15:59:45.692218 dv-cinder-775008-6-smb neutron-server[114444]: DEBUG neutron.pecan_wsgi.hooks.policy_enforcement [req-472f623a-7795-473b-9b98-b1d71b1b2ec3 req-9ddbb6ad-7533-4eaa-adb2-0270622ddfcd tempest-ServerRescueNegativeTestJSON-2006223585 tempest-ServerRescueNegativeTestJSON-2006223585-project] Attributes excluded by policy engine: ['standard_attr_id', 'binding:profile', 'binding:host_id', 'binding:vif_type', 'binding:vif_details'] {{(pid=114444) _exclude_attributes_by_policy /opt/stack/neutron/neutron/pecan_wsgi/hooks/policy_enforcement.py:255}}
Dec 07 15:59:45.693662 dv-cinder-775008-6-smb neutron-server[114444]: INFO neutron.wsgi [req-472f623a-7795-473b-9b98-b1d71b1b2ec3 req-9ddbb6ad-7533-4eaa-adb2-0270622ddfcd tempest-ServerRescueNegativeTestJSON-2006223585 tempest-ServerRescueNegativeTestJSON-2006223585-project] 10.222.0.45 "GET /v2.0/ports?device_id=f15ff32d-91ae-45b0-91c0-89e9dbd1425d HTTP/1.1" status: 200 len: 945 time: 0.2042041
Dec 07 15:59:45.743113 dv-cinder-775008-6-smb neutron-server[114444]: INFO neutron.wsgi [req-36ab7da1-cf58-4529-9507-aa5c79e5c06d req-cbe17680-b636-4865-856a-0549a7eb26c0 service neutron] 10.222.0.59 "GET /v2.0/networks/08bec184-0daf-4c97-b836-dc29acd250da?fields=provider%3Aphysical_network&fields=provider%3Anetwork_type HTTP/1.1" status: 200 len: 281 time: 0.3003187
Dec 07 15:59:45.764847 dv-cinder-775008-6-smb neutron-server[114445]: DEBUG neutron.api.rpc.handlers.resources_rpc [None req-4b615946-1a4c-4a0e-b2f1-a1f8e5cddf45 None None] Pushing event updated for resources: {'Port': ['ID=719cb58f-52a4-471a-a3f8-2a9396cbd102,revision_number=5']} {{(pid=114445) push /opt/stack/neutron/neutron/api/rpc/handlers/resources_rpc.py:237}}
Dec 07 15:59:45.829946 dv-cinder-775008-6-smb neutron-server[114444]: INFO neutron.wsgi [req-472f623a-7795-473b-9b98-b1d71b1b2ec3 req-f70f28a4-d097-4a5b-b8b3-3a6c7390621a tempest-ServerRescueNegativeTestJSON-2006223585 tempest-ServerRescueNegativeTestJSON-2006223585-project] 10.222.0.45 "GET /v2.0/security-groups?id=0281c922-3d68-4474-9e2b-b4d381be0e52&fields=id&fields=name HTTP/1.1" status: 200 len: 286 time: 0.0931735
Dec 07 15:59:45.846199 dv-cinder-775008-6-smb neutron-server[114445]: DEBUG neutron.db.provisioning_blocks [None req-4b615946-1a4c-4a0e-b2f1-a1f8e5cddf45 None None] Provisioning for port bcad4406-cb29-4dbc-98b0-0f3a3b4af14a completed by entity L2. {{(pid=114445) provisioning_complete /opt/stack/neutron/neutron/db/provisioning_blocks.py:133}}
Dec 07 15:59:45.851682 dv-cinder-775008-6-smb neutron-server[114445]: DEBUG neutron.db.provisioning_blocks [None req-4b615946-1a4c-4a0e-b2f1-a1f8e5cddf45 None None] Provisioning complete for port bcad4406-cb29-4dbc-98b0-0f3a3b4af14a triggered by entity L2. {{(pid=114445) provisioning_complete /opt/stack/neutron/neutron/db/provisioning_blocks.py:139}}
Dec 07 15:59:45.852100 dv-cinder-775008-6-smb neutron-server[114445]: DEBUG neutron_lib.callbacks.manager [None req-4b615946-1a4c-4a0e-b2f1-a1f8e5cddf45 None None] Publish callbacks ['neutron.plugins.ml2.plugin.Ml2Plugin._port_provisioned-896624'] for port, provisioning_complete {{(pid=114445) _notify_loop /usr/local/lib/python3.8/dist-packages/neutron_lib/callbacks/manager.py:175}}
Dec 07 15:59:45.857234 dv-cinder-775008-6-smb neutron-server[114444]: DEBUG neutron_lib.callbacks.manager [req-71233e2a-0326-435e-a973-efef0bb3ccdc req-b15b9d9d-6ba0-4b2e-8b57-ee32bc8d4888 service neutron] Publish callbacks [] for security_group, precommit_create {{(pid=114444) _notify_loop /usr/local/lib/python3.8/dist-packages/neutron_lib/callbacks/manager.py:175}}
Dec 07 15:59:45.952726 dv-cinder-775008-6-smb neutron-server[114445]: DEBUG neutron_lib.callbacks.manager [None req-4b615946-1a4c-4a0e-b2f1-a1f8e5cddf45 None None] Publish callbacks ['neutron.plugins.ml2.plugin.SecurityGroupDbMixin._ensure_default_security_group_handler-659386'] for port, before_update {{(pid=114445) _notify_loop /usr/local/lib/python3.8/dist-packages/neutron_lib/callbacks/manager.py:175}}
Dec 07 15:59:45.972631 dv-cinder-775008-6-smb neutron-server[114444]: DEBUG neutron_lib.callbacks.manager [req-71233e2a-0326-435e-a973-efef0bb3ccdc req-b15b9d9d-6ba0-4b2e-8b57-ee32bc8d4888 service neutron] Publish callbacks ['neutron.plugins.ml2.ovo_rpc._ObjectChangeHandler.handle_event-2011625'] for security_group, after_create {{(pid=114444) _notify_loop /usr/local/lib/python3.8/dist-packages/neutron_lib/callbacks/manager.py:175}}
Dec 07 15:59:46.006470 dv-cinder-775008-6-smb neutron-server[114445]: DEBUG neutron.plugins.ml2.db [None req-4b615946-1a4c-4a0e-b2f1-a1f8e5cddf45 None None] For port bcad4406-cb29-4dbc-98b0-0f3a3b4af14a, host hv-cinder-77500, got binding levels [PortBindingLevel(driver='hyperv',host='hv-cinder-77500',level=0,port_id=bcad4406-cb29-4dbc-98b0-0f3a3b4af14a,segment=NetworkSegment(0eefa2f6-9415-4346-9862-c1306403a9ee),segment_id=0eefa2f6-9415-4346-9862-c1306403a9ee)] {{(pid=114445) get_binding_level_objs /opt/stack/neutron/neutron/plugins/ml2/db.py:74}}
Dec 07 15:59:46.060868 dv-cinder-775008-6-smb neutron-server[114444]: DEBUG neutron.pecan_wsgi.hooks.policy_enforcement [req-c171de16-2bbd-4167-a4b9-d60afa8d6bc6 req-34784c8f-8040-4f4e-a1a4-84dcc0dbba64 service neutron] Attributes excluded by policy engine: ['standard_attr_id'] {{(pid=114444) _exclude_attributes_by_policy /opt/stack/neutron/neutron/pecan_wsgi/hooks/policy_enforcement.py:255}}
Dec 07 15:59:46.062400 dv-cinder-775008-6-smb neutron-server[114444]: INFO neutron.wsgi [req-c171de16-2bbd-4167-a4b9-d60afa8d6bc6 req-34784c8f-8040-4f4e-a1a4-84dcc0dbba64 service neutron] 10.222.0.59 "GET /v2.0/ports?tenant_id=288a797b7a74448fac27c10d6b070a9d&device_id=5be6f7e4-f0bd-47b1-866d-539eee60dedc HTTP/1.1" status: 200 len: 1096 time: 0.1578147
Dec 07 15:59:46.072084 dv-cinder-775008-6-smb neutron-server[114444]: INFO neutron.wsgi [req-71233e2a-0326-435e-a973-efef0bb3ccdc req-b15b9d9d-6ba0-4b2e-8b57-ee32bc8d4888 service neutron] 10.222.0.59 "GET /v2.0/security-groups?id=8fcb9db4-e264-4c27-b74f-d33f903f6d84&fields=id&fields=name HTTP/1.1" status: 200 len: 286 time: 0.4180028
Dec 07 15:59:46.076699 dv-cinder-775008-6-smb neutron-server[114444]: DEBUG neutron.api.rpc.handlers.resources_rpc [None req-b15b9d9d-6ba0-4b2e-8b57-ee32bc8d4888 service neutron] Pushing event updated for resources: {'SecurityGroup': ['ID=823151a1-3212-4743-927f-067b2cd7f398,revision_number=1']} {{(pid=114444) push /opt/stack/neutron/neutron/api/rpc/handlers/resources_rpc.py:237}}
Dec 07 15:59:46.108866 dv-cinder-775008-6-smb neutron-server[114445]: DEBUG neutron_lib.callbacks.manager [None req-4b615946-1a4c-4a0e-b2f1-a1f8e5cddf45 None None] Publish callbacks ['neutron.plugins.ml2.plugin.SecurityGroupServerNotifierRpcMixin._notify_sg_on_port_change-659449', 'neutron.plugins.ml2.ovo_rpc._ObjectChangeHandler.handle_event-106509', 'neutron.api.rpc.agentnotifiers.dhcp_rpc_agent_api.DhcpAgentNotifyAPI._native_event_send_dhcp_notification-1784145', 'neutron.db.l3_db.L3RpcNotifierMixin._notify_gateway_port_ip_changed-8792573312175', 'neutron.db.l3_dvrscheduler_db._notify_l3_agent_port_update-8792572785183', 'neutron.db.l3_hascheduler_db._notify_l3_agent_ha_port_update-8792572785201'] for port, after_update {{(pid=114445) _notify_loop /usr/local/lib/python3.8/dist-packages/neutron_lib/callbacks/manager.py:175}}
Dec 07 15:59:46.131022 dv-cinder-775008-6-smb neutron-server[114444]: DEBUG neutron.pecan_wsgi.hooks.policy_enforcement [req-2ae96c7b-c65c-474c-8109-2f8a74cd9355 req-83c3c5a0-309c-4314-ba60-f25588698b8c tempest-AttachVolumeTestJSON-2142784899 tempest-AttachVolumeTestJSON-2142784899-project] Attributes excluded by policy engine: ['standard_attr_id', 'binding:profile', 'binding:host_id', 'binding:vif_type', 'binding:vif_details'] {{(pid=114444) _exclude_attributes_by_policy /opt/stack/neutron/neutron/pecan_wsgi/hooks/policy_enforcement.py:255}}
Dec 07 15:59:46.132643 dv-cinder-775008-6-smb neutron-server[114444]: INFO neutron.wsgi [req-2ae96c7b-c65c-474c-8109-2f8a74cd9355 req-83c3c5a0-309c-4314-ba60-f25588698b8c tempest-AttachVolumeTestJSON-2142784899 tempest-AttachVolumeTestJSON-2142784899-project] 10.222.0.45 "GET /v2.0/ports?device_id=5be6f7e4-f0bd-47b1-866d-539eee60dedc HTTP/1.1" status: 200 len: 943 time: 0.1733613
Dec 07 15:59:46.173550 dv-cinder-775008-6-smb neutron-server[114445]: DEBUG neutron.plugins.ml2.rpc [None req-4b615946-1a4c-4a0e-b2f1-a1f8e5cddf45 None None] Device d1345407-48a2-4cb4-be5b-db5d4ce27e4e details requested by agent hyperv_hv-cinder-77500 with host hv-cinder-77500 {{(pid=114445) get_device_details /opt/stack/neutron/neutron/plugins/ml2/rpc.py:102}}
Dec 07 15:59:46.175823 dv-cinder-775008-6-smb neutron-server[114445]: DEBUG neutron.plugins.ml2.rpc [None req-4b615946-1a4c-4a0e-b2f1-a1f8e5cddf45 None None] Device 1046be76-dfb9-4e43-9a4c-aaaff0682fa7 up at agent hyperv_hv-cinder-77500 {{(pid=114445) update_device_up /opt/stack/neutron/neutron/plugins/ml2/rpc.py:296}}
Dec 07 15:59:46.222744 dv-cinder-775008-6-smb neutron-server[114445]: DEBUG neutron.api.rpc.handlers.resources_rpc [None req-4b615946-1a4c-4a0e-b2f1-a1f8e5cddf45 None None] Pushing event updated for resources: {'Port': ['ID=bcad4406-cb29-4dbc-98b0-0f3a3b4af14a,revision_number=5']} {{(pid=114445) push /opt/stack/neutron/neutron/api/rpc/handlers/resources_rpc.py:237}}
Dec 07 15:59:46.232746 dv-cinder-775008-6-smb neutron-server[114444]: DEBUG neutron.pecan_wsgi.hooks.policy_enforcement [req-b2786a0a-ee41-44b7-a13e-56d685f25a72 req-f0c09a1b-25b6-4c4c-b6bc-4658b446bb86 tempest-DeleteServersTestJSON-894621613 tempest-DeleteServersTestJSON-894621613-project] Attributes excluded by policy engine: ['standard_attr_id', 'binding:profile', 'binding:host_id', 'binding:vif_type', 'binding:vif_details'] {{(pid=114444) _exclude_attributes_by_policy /opt/stack/neutron/neutron/pecan_wsgi/hooks/policy_enforcement.py:255}}
Dec 07 15:59:46.232746 dv-cinder-775008-6-smb neutron-server[114444]: INFO neutron.wsgi [req-b2786a0a-ee41-44b7-a13e-56d685f25a72 req-f0c09a1b-25b6-4c4c-b6bc-4658b446bb86 tempest-DeleteServersTestJSON-894621613 tempest-DeleteServersTestJSON-894621613-project] 10.222.0.45 "GET /v2.0/ports?device_id=2a9c6eb6-c1f3-4e84-9f83-0c98a255f44f HTTP/1.1" status: 200 len: 944 time: 0.1753030
Dec 07 15:59:46.273014 dv-cinder-775008-6-smb neutron-server[114444]: DEBUG neutron.pecan_wsgi.hooks.policy_enforcement [req-c171de16-2bbd-4167-a4b9-d60afa8d6bc6 req-de835169-ac82-4359-8feb-f6566de12ee2 service neutron] Attributes excluded by policy engine: ['standard_attr_id', 'vlan_transparent'] {{(pid=114444) _exclude_attributes_by_policy /opt/stack/neutron/neutron/pecan_wsgi/hooks/policy_enforcement.py:255}}
Dec 07 15:59:46.275110 dv-cinder-775008-6-smb neutron-server[114444]: INFO neutron.wsgi [req-c171de16-2bbd-4167-a4b9-d60afa8d6bc6 req-de835169-ac82-4359-8feb-f6566de12ee2 service neutron] 10.222.0.59 "GET /v2.0/networks?id=08bec184-0daf-4c97-b836-dc29acd250da HTTP/1.1" status: 200 len: 911 time: 0.2004268
Dec 07 15:59:46.278200 dv-cinder-775008-6-smb neutron-server[114444]: INFO neutron.wsgi [req-2ae96c7b-c65c-474c-8109-2f8a74cd9355 req-9f830b88-da2f-46a1-9770-81589c561130 tempest-AttachVolumeTestJSON-2142784899 tempest-AttachVolumeTestJSON-2142784899-project] 10.222.0.45 "GET /v2.0/security-groups?id=2d6a2419-569c-41b5-a54e-384364c77739&fields=id&fields=name HTTP/1.1" status: 200 len: 311 time: 0.1372559
Dec 07 15:59:46.381620 dv-cinder-775008-6-smb neutron-server[114444]: INFO neutron.wsgi [req-c171de16-2bbd-4167-a4b9-d60afa8d6bc6 req-6be31817-5e61-48a0-823d-358f87b28dbb service neutron] 10.222.0.59 "GET /v2.0/floatingips?fixed_ip_address=172.20.0.8&port_id=4862f965-c8f5-46b8-b416-881551d2b5b2 HTTP/1.1" status: 200 len: 217 time: 0.0840507
Dec 07 15:59:46.396382 dv-cinder-775008-6-smb neutron-server[114444]: INFO neutron.wsgi [req-b2786a0a-ee41-44b7-a13e-56d685f25a72 req-2b4c1b51-1383-4e55-af03-81ec64114248 tempest-DeleteServersTestJSON-894621613 tempest-DeleteServersTestJSON-894621613-project] 10.222.0.45 "GET /v2.0/security-groups?id=3da6df26-fc02-4b28-8b67-b7a34cc2a3df&fields=id&fields=name HTTP/1.1" status: 200 len: 286 time: 0.1508512
Dec 07 15:59:46.472338 dv-cinder-775008-6-smb neutron-server[114444]: DEBUG neutron.pecan_wsgi.hooks.policy_enforcement [req-c171de16-2bbd-4167-a4b9-d60afa8d6bc6 req-e87d4bb6-bd50-48c9-8457-cc5b4a5d982f service neutron] Attributes excluded by policy engine: ['standard_attr_id', 'shared'] {{(pid=114444) _exclude_attributes_by_policy /opt/stack/neutron/neutron/pecan_wsgi/hooks/policy_enforcement.py:255}}
Dec 07 15:59:46.475723 dv-cinder-775008-6-smb neutron-server[114444]: INFO neutron.wsgi [req-c171de16-2bbd-4167-a4b9-d60afa8d6bc6 req-e87d4bb6-bd50-48c9-8457-cc5b4a5d982f service neutron] 10.222.0.59 "GET /v2.0/subnets?id=c22f9ea4-ccd3-4ef8-a962-71d9aa93e89d HTTP/1.1" status: 200 len: 849 time: 0.0782092
Dec 07 15:59:46.488165 dv-cinder-775008-6-smb neutron-server[114445]: DEBUG neutron.plugins.ml2.db [None req-4b615946-1a4c-4a0e-b2f1-a1f8e5cddf45 None None] For port d1345407-48a2-4cb4-be5b-db5d4ce27e4e, host hv-cinder-77500, got binding levels [PortBindingLevel(driver='hyperv',host='hv-cinder-77500',level=0,port_id=d1345407-48a2-4cb4-be5b-db5d4ce27e4e,segment=NetworkSegment(65dd5304-ff4d-4e13-bfbf-7e342918474b),segment_id=65dd5304-ff4d-4e13-bfbf-7e342918474b)] {{(pid=114445) get_binding_level_objs /opt/stack/neutron/neutron/plugins/ml2/db.py:74}}
Dec 07 15:59:46.490800 dv-cinder-775008-6-smb neutron-server[114445]: DEBUG neutron.db.provisioning_blocks [None req-4b615946-1a4c-4a0e-b2f1-a1f8e5cddf45 None None] Provisioning for port 1046be76-dfb9-4e43-9a4c-aaaff0682fa7 completed by entity L2. {{(pid=114445) provisioning_complete /opt/stack/neutron/neutron/db/provisioning_blocks.py:133}}
Dec 07 15:59:46.513122 dv-cinder-775008-6-smb neutron-server[114445]: DEBUG neutron.db.provisioning_blocks [None req-4b615946-1a4c-4a0e-b2f1-a1f8e5cddf45 None None] Provisioning complete for port 1046be76-dfb9-4e43-9a4c-aaaff0682fa7 triggered by entity L2. {{(pid=114445) provisioning_complete /opt/stack/neutron/neutron/db/provisioning_blocks.py:139}}
Dec 07 15:59:46.513484 dv-cinder-775008-6-smb neutron-server[114445]: DEBUG neutron_lib.callbacks.manager [None req-4b615946-1a4c-4a0e-b2f1-a1f8e5cddf45 None None] Publish callbacks ['neutron.plugins.ml2.plugin.Ml2Plugin._port_provisioned-896624'] for port, provisioning_complete {{(pid=114445) _notify_loop /usr/local/lib/python3.8/dist-packages/neutron_lib/callbacks/manager.py:175}}
Dec 07 15:59:46.521624 dv-cinder-775008-6-smb neutron-server[114445]: DEBUG neutron.plugins.ml2.rpc [None req-4b615946-1a4c-4a0e-b2f1-a1f8e5cddf45 None None] Returning: {'device': 'd1345407-48a2-4cb4-be5b-db5d4ce27e4e', 'network_id': 'eca122dd-9e14-4049-bc1a-dd6a32d5039e', 'port_id': 'd1345407-48a2-4cb4-be5b-db5d4ce27e4e', 'mac_address': 'fa:16:3e:e3:19:a0', 'admin_state_up': True, 'network_type': 'vlan', 'segmentation_id': 372, 'physical_network': 'physnet1', 'mtu': 1500, 'fixed_ips': [{'subnet_id': 'bc1eebd8-d899-4032-a055-ed7ece496d75', 'ip_address': '172.20.0.11'}], 'device_owner': 'compute:nova', 'allowed_address_pairs': [], 'port_security_enabled': True, 'qos_policy_id': None, 'network_qos_policy_id': None, 'profile': {}, 'propagate_uplink_status': False} {{(pid=114445) _get_device_details /opt/stack/neutron/neutron/plugins/ml2/rpc.py:184}}
Dec 07 15:59:46.602413 dv-cinder-775008-6-smb neutron-server[114444]: DEBUG neutron.pecan_wsgi.hooks.policy_enforcement [req-c171de16-2bbd-4167-a4b9-d60afa8d6bc6 req-be8ecf13-d394-4601-ae35-f66f054000c9 service neutron] Attributes excluded by policy engine: ['standard_attr_id'] {{(pid=114444) _exclude_attributes_by_policy /opt/stack/neutron/neutron/pecan_wsgi/hooks/policy_enforcement.py:255}}
Dec 07 15:59:46.603563 dv-cinder-775008-6-smb neutron-server[114445]: DEBUG neutron_lib.callbacks.manager [None req-4b615946-1a4c-4a0e-b2f1-a1f8e5cddf45 None None] Publish callbacks ['neutron.plugins.ml2.plugin.SecurityGroupDbMixin._ensure_default_security_group_handler-659386'] for port, before_update {{(pid=114445) _notify_loop /usr/local/lib/python3.8/dist-packages/neutron_lib/callbacks/manager.py:175}}
Dec 07 15:59:46.604039 dv-cinder-775008-6-smb neutron-server[114444]: INFO neutron.wsgi [req-c171de16-2bbd-4167-a4b9-d60afa8d6bc6 req-be8ecf13-d394-4601-ae35-f66f054000c9 service neutron] 10.222.0.59 "GET /v2.0/ports?network_id=08bec184-0daf-4c97-b836-dc29acd250da&device_owner=network%3Adhcp HTTP/1.1" status: 200 len: 1173 time: 0.1195464
Dec 07 15:59:46.620043 dv-cinder-775008-6-smb neutron-server[114444]: DEBUG neutron.pecan_wsgi.hooks.policy_enforcement [req-fdc687f6-ad8e-4f99-9a43-992d2b09146a req-96f2509f-0f2a-4689-9c7c-8e9540ff57bd tempest-AttachVolumeShelveTestJSON-54430791 tempest-AttachVolumeShelveTestJSON-54430791-project] Attributes excluded by policy engine: ['standard_attr_id', 'binding:profile', 'binding:host_id', 'binding:vif_type', 'binding:vif_details'] {{(pid=114444) _exclude_attributes_by_policy /opt/stack/neutron/neutron/pecan_wsgi/hooks/policy_enforcement.py:255}}
Dec 07 15:59:46.620043 dv-cinder-775008-6-smb neutron-server[114444]: INFO neutron.wsgi [req-fdc687f6-ad8e-4f99-9a43-992d2b09146a req-96f2509f-0f2a-4689-9c7c-8e9540ff57bd tempest-AttachVolumeShelveTestJSON-54430791 tempest-AttachVolumeShelveTestJSON-54430791-project] 10.222.0.45 "GET /v2.0/ports?device_id=8cbd96db-9ee3-4e14-8263-d01ba2405262 HTTP/1.1" status: 200 len: 944 time: 0.0982008
Dec 07 15:59:46.621670 dv-cinder-775008-6-smb neutron-server[114445]: DEBUG neutron.notifiers.nova [None req-4b615946-1a4c-4a0e-b2f1-a1f8e5cddf45 None None] Ignoring state change previous_port_status: DOWN current_port_status: BUILD port_id d1345407-48a2-4cb4-be5b-db5d4ce27e4e {{(pid=114445) record_port_status_changed /opt/stack/neutron/neutron/notifiers/nova.py:224}}
Dec 07 15:59:46.689710 dv-cinder-775008-6-smb neutron-server[114445]: DEBUG neutron.plugins.ml2.db [None req-4b615946-1a4c-4a0e-b2f1-a1f8e5cddf45 None None] For port d1345407-48a2-4cb4-be5b-db5d4ce27e4e, host hv-cinder-77500, got binding levels [PortBindingLevel(driver='hyperv',host='hv-cinder-77500',level=0,port_id=d1345407-48a2-4cb4-be5b-db5d4ce27e4e,segment=NetworkSegment(65dd5304-ff4d-4e13-bfbf-7e342918474b),segment_id=65dd5304-ff4d-4e13-bfbf-7e342918474b)] {{(pid=114445) get_binding_level_objs /opt/stack/neutron/neutron/plugins/ml2/db.py:74}}
Dec 07 15:59:46.705692 dv-cinder-775008-6-smb neutron-server[114445]: DEBUG neutron_lib.callbacks.manager [None req-4b615946-1a4c-4a0e-b2f1-a1f8e5cddf45 None None] Publish callbacks ['neutron.plugins.ml2.plugin.SecurityGroupDbMixin._ensure_default_security_group_handler-659386'] for port, before_update {{(pid=114445) _notify_loop /usr/local/lib/python3.8/dist-packages/neutron_lib/callbacks/manager.py:175}}
Dec 07 15:59:46.756133 dv-cinder-775008-6-smb neutron-server[114445]: DEBUG neutron.plugins.ml2.db [None req-4b615946-1a4c-4a0e-b2f1-a1f8e5cddf45 None None] For port 1046be76-dfb9-4e43-9a4c-aaaff0682fa7, host hv-cinder-77500, got binding levels [PortBindingLevel(driver='hyperv',host='hv-cinder-77500',level=0,port_id=1046be76-dfb9-4e43-9a4c-aaaff0682fa7,segment=NetworkSegment(3e28fb1f-1565-4ed7-b433-c220c3115236),segment_id=3e28fb1f-1565-4ed7-b433-c220c3115236)] {{(pid=114445) get_binding_level_objs /opt/stack/neutron/neutron/plugins/ml2/db.py:74}}
Dec 07 15:59:46.777143 dv-cinder-775008-6-smb neutron-server[114445]: DEBUG neutron_lib.callbacks.manager [None req-4b615946-1a4c-4a0e-b2f1-a1f8e5cddf45 None None] Publish callbacks ['neutron.plugins.ml2.plugin.SecurityGroupServerNotifierRpcMixin._notify_sg_on_port_change-659449', 'neutron.plugins.ml2.ovo_rpc._ObjectChangeHandler.handle_event-106509', 'neutron.api.rpc.agentnotifiers.dhcp_rpc_agent_api.DhcpAgentNotifyAPI._native_event_send_dhcp_notification-1784145', 'neutron.db.l3_db.L3RpcNotifierMixin._notify_gateway_port_ip_changed-8792573312175', 'neutron.db.l3_dvrscheduler_db._notify_l3_agent_port_update-8792572785183', 'neutron.db.l3_hascheduler_db._notify_l3_agent_ha_port_update-8792572785201'] for port, after_update {{(pid=114445) _notify_loop /usr/local/lib/python3.8/dist-packages/neutron_lib/callbacks/manager.py:175}}
Dec 07 15:59:46.843144 dv-cinder-775008-6-smb neutron-server[114445]: DEBUG neutron.api.rpc.handlers.resources_rpc [None req-4b615946-1a4c-4a0e-b2f1-a1f8e5cddf45 None None] Pushing event updated for resources: {'Port': ['ID=d1345407-48a2-4cb4-be5b-db5d4ce27e4e,revision_number=4']} {{(pid=114445) push /opt/stack/neutron/neutron/api/rpc/handlers/resources_rpc.py:237}}
Dec 07 15:59:46.920028 dv-cinder-775008-6-smb neutron-server[114445]: DEBUG neutron_lib.callbacks.manager [None req-4b615946-1a4c-4a0e-b2f1-a1f8e5cddf45 None None] Publish callbacks ['neutron.plugins.ml2.plugin.SecurityGroupServerNotifierRpcMixin._notify_sg_on_port_change-659449', 'neutron.plugins.ml2.ovo_rpc._ObjectChangeHandler.handle_event-106509', 'neutron.api.rpc.agentnotifiers.dhcp_rpc_agent_api.DhcpAgentNotifyAPI._native_event_send_dhcp_notification-1784145', 'neutron.db.l3_db.L3RpcNotifierMixin._notify_gateway_port_ip_changed-8792573312175', 'neutron.db.l3_dvrscheduler_db._notify_l3_agent_port_update-8792572785183', 'neutron.db.l3_hascheduler_db._notify_l3_agent_ha_port_update-8792572785201'] for port, after_update {{(pid=114445) _notify_loop /usr/local/lib/python3.8/dist-packages/neutron_lib/callbacks/manager.py:175}}
Dec 07 15:59:46.955547 dv-cinder-775008-6-smb neutron-server[114444]: INFO neutron.wsgi [req-fdc687f6-ad8e-4f99-9a43-992d2b09146a req-aef5dbc1-d111-407e-9b81-b5c54d95258e tempest-AttachVolumeShelveTestJSON-54430791 tempest-AttachVolumeShelveTestJSON-54430791-project] 10.222.0.45 "GET /v2.0/security-groups?id=a5d94155-efb6-4fb9-a792-907ee45f815f&fields=id&fields=name HTTP/1.1" status: 200 len: 312 time: 0.3256211
Dec 07 15:59:46.989419 dv-cinder-775008-6-smb neutron-server[114445]: DEBUG neutron.api.rpc.handlers.resources_rpc [None req-4b615946-1a4c-4a0e-b2f1-a1f8e5cddf45 None None] Pushing event updated for resources: {'Port': ['ID=1046be76-dfb9-4e43-9a4c-aaaff0682fa7,revision_number=5']} {{(pid=114445) push /opt/stack/neutron/neutron/api/rpc/handlers/resources_rpc.py:237}}
Dec 07 15:59:46.992264 dv-cinder-775008-6-smb neutron-server[114444]: DEBUG neutron.pecan_wsgi.hooks.policy_enforcement [req-87a50e96-3dd5-4e17-a680-5948cbeb4352 req-2e4e6593-78d9-4321-81db-750e98219122 tempest-AttachVolumeNegativeTest-652317421 tempest-AttachVolumeNegativeTest-652317421-project] Attributes excluded by policy engine: ['standard_attr_id', 'binding:profile', 'binding:host_id', 'binding:vif_type', 'binding:vif_details'] {{(pid=114444) _exclude_attributes_by_policy /opt/stack/neutron/neutron/pecan_wsgi/hooks/policy_enforcement.py:255}}
Dec 07 15:59:46.994088 dv-cinder-775008-6-smb neutron-server[114444]: INFO neutron.wsgi [req-87a50e96-3dd5-4e17-a680-5948cbeb4352 req-2e4e6593-78d9-4321-81db-750e98219122 tempest-AttachVolumeNegativeTest-652317421 tempest-AttachVolumeNegativeTest-652317421-project] 10.222.0.45 "GET /v2.0/ports?device_id=ab71dfb9-1e11-42d6-886d-82d82012b136 HTTP/1.1" status: 200 len: 945 time: 0.0905690
Dec 07 15:59:46.998923 dv-cinder-775008-6-smb neutron-server[114444]: INFO neutron.wsgi [req-c171de16-2bbd-4167-a4b9-d60afa8d6bc6 req-9d4fc7b2-c349-411a-a2e9-fd7d1c005407 service neutron] 10.222.0.59 "GET /v2.0/networks/08bec184-0daf-4c97-b836-dc29acd250da?fields=segments HTTP/1.1" status: 200 len: 212 time: 0.3791242
Dec 07 15:59:47.086345 dv-cinder-775008-6-smb neutron-server[114445]: DEBUG neutron.plugins.ml2.db [None req-4b615946-1a4c-4a0e-b2f1-a1f8e5cddf45 None None] get_ports_and_sgs() called for port_ids ['d1345407-48a2-4cb4-be5b-db5d4ce27e4e'] {{(pid=114445) get_ports_and_sgs /opt/stack/neutron/neutron/plugins/ml2/db.py:156}}
Dec 07 15:59:47.138558 dv-cinder-775008-6-smb neutron-server[114444]: INFO neutron.wsgi [req-87a50e96-3dd5-4e17-a680-5948cbeb4352 req-5516eb77-49e9-451e-a171-a58cfaf37869 tempest-AttachVolumeNegativeTest-652317421 tempest-AttachVolumeNegativeTest-652317421-project] 10.222.0.45 "GET /v2.0/security-groups?id=8fcb9db4-e264-4c27-b74f-d33f903f6d84&fields=id&fields=name HTTP/1.1" status: 200 len: 286 time: 0.1376696
Dec 07 15:59:47.171027 dv-cinder-775008-6-smb neutron-server[114444]: DEBUG neutron.pecan_wsgi.hooks.policy_enforcement [req-64aabede-9aa7-4030-afe3-36977936f52f req-ffde8114-0316-48fa-a382-5b2cb3177d9e tempest-ServerRescueNegativeTestJSON-2006223585 tempest-ServerRescueNegativeTestJSON-2006223585-project] Attributes excluded by policy engine: ['standard_attr_id', 'binding:profile', 'binding:host_id', 'binding:vif_type', 'binding:vif_details'] {{(pid=114444) _exclude_attributes_by_policy /opt/stack/neutron/neutron/pecan_wsgi/hooks/policy_enforcement.py:255}}
Dec 07 15:59:47.174830 dv-cinder-775008-6-smb neutron-server[114444]: INFO neutron.wsgi [req-64aabede-9aa7-4030-afe3-36977936f52f req-ffde8114-0316-48fa-a382-5b2cb3177d9e tempest-ServerRescueNegativeTestJSON-2006223585 tempest-ServerRescueNegativeTestJSON-2006223585-project] 10.222.0.45 "GET /v2.0/ports?device_id=f15ff32d-91ae-45b0-91c0-89e9dbd1425d HTTP/1.1" status: 200 len: 946 time: 0.1216333
Dec 07 15:59:47.174976 dv-cinder-775008-6-smb neutron-server[114444]: INFO neutron.wsgi [req-c171de16-2bbd-4167-a4b9-d60afa8d6bc6 req-52e860ba-f489-4d4c-bd86-763a186b8d05 service neutron] 10.222.0.59 "GET /v2.0/networks/08bec184-0daf-4c97-b836-dc29acd250da?fields=provider%3Aphysical_network&fields=provider%3Anetwork_type HTTP/1.1" status: 200 len: 281 time: 0.1661990
Dec 07 15:59:47.225316 dv-cinder-775008-6-smb neutron-server[114444]: INFO neutron.wsgi [req-64aabede-9aa7-4030-afe3-36977936f52f req-d385301f-6468-4cd3-8c8c-e16de59487aa tempest-ServerRescueNegativeTestJSON-2006223585 tempest-ServerRescueNegativeTestJSON-2006223585-project] 10.222.0.45 "GET /v2.0/security-groups?id=0281c922-3d68-4474-9e2b-b4d381be0e52&fields=id&fields=name HTTP/1.1" status: 200 len: 286 time: 0.0457816
Dec 07 15:59:47.385810 dv-cinder-775008-6-smb neutron-server[114445]: DEBUG neutron.notifiers.nova [-] Sending events: [{'server_uuid': '7fe27ac5-a1af-467a-b045-8038bf2253fe', 'name': 'network-vif-plugged', 'status': 'completed', 'tag': '719cb58f-52a4-471a-a3f8-2a9396cbd102'}, {'server_uuid': '2a9c6eb6-c1f3-4e84-9f83-0c98a255f44f', 'name': 'network-vif-plugged', 'status': 'completed', 'tag': 'bcad4406-cb29-4dbc-98b0-0f3a3b4af14a'}, {'server_uuid': 'f15ff32d-91ae-45b0-91c0-89e9dbd1425d', 'name': 'network-vif-plugged', 'status': 'completed', 'tag': '1046be76-dfb9-4e43-9a4c-aaaff0682fa7'}] {{(pid=114445) send_events /opt/stack/neutron/neutron/notifiers/nova.py:262}}
Dec 07 15:59:47.389525 dv-cinder-775008-6-smb neutron-server[114445]: DEBUG novaclient.v2.client [-] REQ: curl -g -i --cacert "/opt/stack/data/ca-bundle.pem" -X POST http://10.222.0.45/compute/v2.1/os-server-external-events -H "Accept: application/json" -H "Content-Type: application/json" -H "User-Agent: python-novaclient" -H "X-Auth-Token: {SHA256}11560ff4de2908fa7cd12adb1bf31f1341d868cabad29969e391422d85f6ff39" -H "X-OpenStack-Nova-API-Version: 2.1" -H "X-OpenStack-Request-ID: req-1da8404a-9d6f-4abd-b824-7bd097646069" -d '{"events": [{"server_uuid": "7fe27ac5-a1af-467a-b045-8038bf2253fe", "name": "network-vif-plugged", "status": "completed", "tag": "719cb58f-52a4-471a-a3f8-2a9396cbd102"}, {"server_uuid": "2a9c6eb6-c1f3-4e84-9f83-0c98a255f44f", "name": "network-vif-plugged", "status": "completed", "tag": "bcad4406-cb29-4dbc-98b0-0f3a3b4af14a"}, {"server_uuid": "f15ff32d-91ae-45b0-91c0-89e9dbd1425d", "name": "network-vif-plugged", "status": "completed", "tag": "1046be76-dfb9-4e43-9a4c-aaaff0682fa7"}]}' {{(pid=114445) _http_log_request /usr/local/lib/python3.8/dist-packages/keystoneauth1/session.py:519}}
Dec 07 15:59:47.400679 dv-cinder-775008-6-smb neutron-server[114444]: DEBUG neutron.pecan_wsgi.hooks.policy_enforcement [req-ac55b652-9b38-4ad7-a243-8bfccc8bd429 req-ce40b665-cf45-4408-83be-ec94da62b6b2 tempest-AttachVolumeTestJSON-2142784899 tempest-AttachVolumeTestJSON-2142784899-project] Attributes excluded by policy engine: ['standard_attr_id', 'binding:profile', 'binding:host_id', 'binding:vif_type', 'binding:vif_details'] {{(pid=114444) _exclude_attributes_by_policy /opt/stack/neutron/neutron/pecan_wsgi/hooks/policy_enforcement.py:255}}
Dec 07 15:59:47.402179 dv-cinder-775008-6-smb neutron-server[114444]: INFO neutron.wsgi [req-ac55b652-9b38-4ad7-a243-8bfccc8bd429 req-ce40b665-cf45-4408-83be-ec94da62b6b2 tempest-AttachVolumeTestJSON-2142784899 tempest-AttachVolumeTestJSON-2142784899-project] 10.222.0.45 "GET /v2.0/ports?device_id=5be6f7e4-f0bd-47b1-866d-539eee60dedc HTTP/1.1" status: 200 len: 943 time: 0.0536649
Dec 07 15:59:47.437352 dv-cinder-775008-6-smb neutron-server[114445]: DEBUG novaclient.v2.client [-] RESP: [200] Connection: close Content-Length: 525 Content-Type: application/json Date: Tue, 07 Dec 2021 15:59:47 GMT OpenStack-API-Version: compute 2.1 Server: Apache/2.4.41 (Ubuntu) Vary: OpenStack-API-Version,X-OpenStack-Nova-API-Version X-OpenStack-Nova-API-Version: 2.1 x-compute-request-id: req-84847ba3-b72e-476a-abb9-af47431c6c79 x-openstack-request-id: req-84847ba3-b72e-476a-abb9-af47431c6c79 {{(pid=114445) _http_log_response /usr/local/lib/python3.8/dist-packages/keystoneauth1/session.py:550}}
Dec 07 15:59:47.437841 dv-cinder-775008-6-smb neutron-server[114445]: DEBUG novaclient.v2.client [-] RESP BODY: {"events": [{"server_uuid": "7fe27ac5-a1af-467a-b045-8038bf2253fe", "name": "network-vif-plugged", "status": "completed", "tag": "719cb58f-52a4-471a-a3f8-2a9396cbd102", "code": 200}, {"server_uuid": "2a9c6eb6-c1f3-4e84-9f83-0c98a255f44f", "name": "network-vif-plugged", "status": "completed", "tag": "bcad4406-cb29-4dbc-98b0-0f3a3b4af14a", "code": 200}, {"server_uuid": "f15ff32d-91ae-45b0-91c0-89e9dbd1425d", "name": "network-vif-plugged", "status": "completed", "tag": "1046be76-dfb9-4e43-9a4c-aaaff0682fa7", "code": 200}]} {{(pid=114445) _http_log_response /usr/local/lib/python3.8/dist-packages/keystoneauth1/session.py:582}}
Dec 07 15:59:47.438256 dv-cinder-775008-6-smb neutron-server[114445]: DEBUG novaclient.v2.client [-] POST call to compute for http://10.222.0.45/compute/v2.1/os-server-external-events used request id req-84847ba3-b72e-476a-abb9-af47431c6c79 {{(pid=114445) request /usr/local/lib/python3.8/dist-packages/keystoneauth1/session.py:954}}
Dec 07 15:59:47.439081 dv-cinder-775008-6-smb neutron-server[114445]: INFO neutron.notifiers.nova [-] Nova event response: {'server_uuid': '7fe27ac5-a1af-467a-b045-8038bf2253fe', 'name': 'network-vif-plugged', 'status': 'completed', 'tag': '719cb58f-52a4-471a-a3f8-2a9396cbd102', 'code': 200}
Dec 07 15:59:47.439353 dv-cinder-775008-6-smb neutron-server[114445]: INFO neutron.notifiers.nova [-] Nova event response: {'server_uuid': '2a9c6eb6-c1f3-4e84-9f83-0c98a255f44f', 'name': 'network-vif-plugged', 'status': 'completed', 'tag': 'bcad4406-cb29-4dbc-98b0-0f3a3b4af14a', 'code': 200}
Dec 07 15:59:47.439602 dv-cinder-775008-6-smb neutron-server[114445]: INFO neutron.notifiers.nova [-] Nova event response: {'server_uuid': 'f15ff32d-91ae-45b0-91c0-89e9dbd1425d', 'name': 'network-vif-plugged', 'status': 'completed', 'tag': '1046be76-dfb9-4e43-9a4c-aaaff0682fa7', 'code': 200}
Dec 07 15:59:47.472209 dv-cinder-775008-6-smb neutron-server[114444]: INFO neutron.wsgi [req-ac55b652-9b38-4ad7-a243-8bfccc8bd429 req-8503d8cd-b270-46b8-9907-222fed2ab369 tempest-AttachVolumeTestJSON-2142784899 tempest-AttachVolumeTestJSON-2142784899-project] 10.222.0.45 "GET /v2.0/security-groups?id=2d6a2419-569c-41b5-a54e-384364c77739&fields=id&fields=name HTTP/1.1" status: 200 len: 311 time: 0.0633214
