Jun 07 06:53:39.153090 dv-cinder-774594-7-iscsi devstack@c-api.service[98581]: DEBUG cinder.volume.api [req-aaa7142b-0906-4dd2-81cf-cbc6d2e577f4 req-50f8e483-64c9-4048-87f7-c2b3879f5a8a tempest-VolumesSnapshotsTestJSON-1338083841 tempest-VolumesSnapshotsTestJSON-1338083841-project] Flow 'volume_create_api' (b740a12e-90a1-4e3d-a36e-68b2d1a7f321) transitioned into state 'SUCCESS' from state 'RUNNING' {{(pid=98581) _flow_receiver /usr/local/lib/python3.8/dist-packages/taskflow/listeners/logging.py:141}}
Jun 07 06:53:39.163675 dv-cinder-774594-7-iscsi devstack@c-api.service[98581]: INFO cinder.volume.api [req-aaa7142b-0906-4dd2-81cf-cbc6d2e577f4 req-50f8e483-64c9-4048-87f7-c2b3879f5a8a tempest-VolumesSnapshotsTestJSON-1338083841 tempest-VolumesSnapshotsTestJSON-1338083841-project] Create volume request issued successfully.
Jun 07 06:53:39.210093 dv-cinder-774594-7-iscsi devstack@c-api.service[98581]: INFO cinder.api.openstack.wsgi [req-aaa7142b-0906-4dd2-81cf-cbc6d2e577f4 req-50f8e483-64c9-4048-87f7-c2b3879f5a8a tempest-VolumesSnapshotsTestJSON-1338083841 tempest-VolumesSnapshotsTestJSON-1338083841-project] http://10.222.0.11/volume/v3/bd77de8793224eb4a945b55ce21a3e61/volumes returned with HTTP 202
Jun 07 06:53:39.212042 dv-cinder-774594-7-iscsi devstack@c-api.service[98581]: [pid: 98581|app: 0|req: 6/24] 10.222.0.11 () {64 vars in 1522 bytes} [Mon Jun 7 06:53:38 2021] POST /volume/v3/bd77de8793224eb4a945b55ce21a3e61/volumes => generated 823 bytes in 1068 msecs (HTTP/1.1 202) 7 headers in 291 bytes (1 switches on core 0)
Jun 07 06:53:39.220013 dv-cinder-774594-7-iscsi devstack@c-api.service[98580]: WARNING keystonemiddleware.auth_token [None req-0bfa934d-57c4-4d70-a3d4-bdf2c9402b2f tempest-BackendsCapabilitiesAdminTestsJSON-197312731 tempest-BackendsCapabilitiesAdminTestsJSON-197312731-project-admin] A valid token was submitted as a service token, but it was not a valid service token. This is incorrect but backwards compatible behaviour. This will be removed in future releases.
Jun 07 06:53:39.227365 dv-cinder-774594-7-iscsi devstack@c-api.service[98580]: INFO cinder.api.openstack.wsgi [req-aaa7142b-0906-4dd2-81cf-cbc6d2e577f4 req-2ef5c22a-9aa3-4b3e-8374-e969d843870f tempest-VolumesSnapshotsTestJSON-1338083841 tempest-VolumesSnapshotsTestJSON-1338083841-project] GET http://10.222.0.11/volume/v3/bd77de8793224eb4a945b55ce21a3e61/volumes/3977fdbe-7fb9-4493-9746-58febcfec8b6
Jun 07 06:53:39.228104 dv-cinder-774594-7-iscsi devstack@c-api.service[98580]: DEBUG cinder.api.openstack.wsgi [req-aaa7142b-0906-4dd2-81cf-cbc6d2e577f4 req-2ef5c22a-9aa3-4b3e-8374-e969d843870f tempest-VolumesSnapshotsTestJSON-1338083841 tempest-VolumesSnapshotsTestJSON-1338083841-project] Empty body provided in request {{(pid=98580) get_body /opt/stack/cinder/cinder/api/openstack/wsgi.py:713}}
Jun 07 06:53:39.228647 dv-cinder-774594-7-iscsi devstack@c-api.service[98580]: DEBUG cinder.api.openstack.wsgi [req-aaa7142b-0906-4dd2-81cf-cbc6d2e577f4 req-2ef5c22a-9aa3-4b3e-8374-e969d843870f tempest-VolumesSnapshotsTestJSON-1338083841 tempest-VolumesSnapshotsTestJSON-1338083841-project] Calling method 'show' {{(pid=98580) _process_stack /opt/stack/cinder/cinder/api/openstack/wsgi.py:866}}
Jun 07 06:53:39.356130 dv-cinder-774594-7-iscsi devstack@c-api.service[98580]: /usr/local/lib/python3.8/dist-packages/oslo_context/context.py:105: DeprecationWarning: Policy enforcement is depending on the value of is_admin. This key is deprecated. Please update your policy file to use the standard policy values.
Jun 07 06:53:39.356130 dv-cinder-774594-7-iscsi devstack@c-api.service[98580]: warnings.warn('Policy enforcement is depending on the value of '
Jun 07 06:53:39.369555 dv-cinder-774594-7-iscsi devstack@c-api.service[98580]: INFO cinder.volume.api [req-aaa7142b-0906-4dd2-81cf-cbc6d2e577f4 req-2ef5c22a-9aa3-4b3e-8374-e969d843870f tempest-VolumesSnapshotsTestJSON-1338083841 tempest-VolumesSnapshotsTestJSON-1338083841-project] Volume info retrieved successfully.
Jun 07 06:53:39.416116 dv-cinder-774594-7-iscsi devstack@c-api.service[98580]: INFO cinder.api.openstack.wsgi [req-aaa7142b-0906-4dd2-81cf-cbc6d2e577f4 req-2ef5c22a-9aa3-4b3e-8374-e969d843870f tempest-VolumesSnapshotsTestJSON-1338083841 tempest-VolumesSnapshotsTestJSON-1338083841-project] http://10.222.0.11/volume/v3/bd77de8793224eb4a945b55ce21a3e61/volumes/3977fdbe-7fb9-4493-9746-58febcfec8b6 returned with HTTP 200
Jun 07 06:53:39.420957 dv-cinder-774594-7-iscsi devstack@c-api.service[98580]: [pid: 98580|app: 0|req: 19/25] 10.222.0.11 () {60 vars in 1579 bytes} [Mon Jun 7 06:53:39 2021] GET /volume/v3/bd77de8793224eb4a945b55ce21a3e61/volumes/3977fdbe-7fb9-4493-9746-58febcfec8b6 => generated 891 bytes in 201 msecs (HTTP/1.1 200) 7 headers in 285 bytes (1 switches on core 0)
Jun 07 06:53:39.721068 dv-cinder-774594-7-iscsi devstack@c-api.service[98581]: INFO cinder.api.openstack.wsgi [None req-532945f0-a59c-4dce-9efd-c3ca386c0c98 tempest-VolumesTestJSON-963938544 tempest-VolumesTestJSON-963938544-project] GET http://10.222.0.11/volume/v3/16a032fde2bb45f19f9017f87badb29f/volumes/a2694bc6-6d4c-41d4-a2cd-2dca15a754b6
Jun 07 06:53:39.722170 dv-cinder-774594-7-iscsi devstack@c-api.service[98581]: DEBUG cinder.api.openstack.wsgi [None req-532945f0-a59c-4dce-9efd-c3ca386c0c98 tempest-VolumesTestJSON-963938544 tempest-VolumesTestJSON-963938544-project] Empty body provided in request {{(pid=98581) get_body /opt/stack/cinder/cinder/api/openstack/wsgi.py:713}}
Jun 07 06:53:39.722497 dv-cinder-774594-7-iscsi devstack@c-api.service[98581]: /usr/local/lib/python3.8/dist-packages/webob/acceptparse.py:1047: DeprecationWarning: The behavior of AcceptValidHeader.best_match is currently being maintained for backward compatibility, but it will be deprecated in the future, as it does not conform to the RFC.
Jun 07 06:53:39.722497 dv-cinder-774594-7-iscsi devstack@c-api.service[98581]: warnings.warn(
Jun 07 06:53:39.723046 dv-cinder-774594-7-iscsi devstack@c-api.service[98581]: DEBUG cinder.api.openstack.wsgi [None req-532945f0-a59c-4dce-9efd-c3ca386c0c98 tempest-VolumesTestJSON-963938544 tempest-VolumesTestJSON-963938544-project] Calling method 'show' {{(pid=98581) _process_stack /opt/stack/cinder/cinder/api/openstack/wsgi.py:866}}
Jun 07 06:53:39.864812 dv-cinder-774594-7-iscsi devstack@c-api.service[98581]: /usr/local/lib/python3.8/dist-packages/oslo_context/context.py:105: DeprecationWarning: Policy enforcement is depending on the value of is_admin. This key is deprecated. Please update your policy file to use the standard policy values.
Jun 07 06:53:39.864812 dv-cinder-774594-7-iscsi devstack@c-api.service[98581]: warnings.warn('Policy enforcement is depending on the value of '
Jun 07 06:53:39.900825 dv-cinder-774594-7-iscsi devstack@c-api.service[98581]: INFO cinder.volume.api [None req-532945f0-a59c-4dce-9efd-c3ca386c0c98 tempest-VolumesTestJSON-963938544 tempest-VolumesTestJSON-963938544-project] Volume info retrieved successfully.
Jun 07 06:53:39.952440 dv-cinder-774594-7-iscsi devstack@c-api.service[98581]: INFO cinder.api.openstack.wsgi [None req-532945f0-a59c-4dce-9efd-c3ca386c0c98 tempest-VolumesTestJSON-963938544 tempest-VolumesTestJSON-963938544-project] http://10.222.0.11/volume/v3/16a032fde2bb45f19f9017f87badb29f/volumes/a2694bc6-6d4c-41d4-a2cd-2dca15a754b6 returned with HTTP 200
Jun 07 06:53:39.956290 dv-cinder-774594-7-iscsi devstack@c-api.service[98581]: [pid: 98581|app: 0|req: 7/26] 10.222.0.11 () {58 vars in 1325 bytes} [Mon Jun 7 06:53:39 2021] GET /volume/v3/16a032fde2bb45f19f9017f87badb29f/volumes/a2694bc6-6d4c-41d4-a2cd-2dca15a754b6 => generated 921 bytes in 239 msecs (HTTP/1.1 200) 7 headers in 285 bytes (1 switches on core 0)
Jun 07 06:53:40.623020 dv-cinder-774594-7-iscsi devstack@c-api.service[98580]: INFO cinder.api.openstack.wsgi [req-26a8f4f0-f040-4f61-a1db-0855983a4eb4 req-0cdfbf99-37a7-43f8-802e-67b1eb887c76 tempest-VolumesSnapshotsTestJSON-1338083841 tempest-VolumesSnapshotsTestJSON-1338083841-project] GET http://10.222.0.11/volume/v3/bd77de8793224eb4a945b55ce21a3e61/volumes/3977fdbe-7fb9-4493-9746-58febcfec8b6
Jun 07 06:53:40.623665 dv-cinder-774594-7-iscsi devstack@c-api.service[98580]: DEBUG cinder.api.openstack.wsgi [req-26a8f4f0-f040-4f61-a1db-0855983a4eb4 req-0cdfbf99-37a7-43f8-802e-67b1eb887c76 tempest-VolumesSnapshotsTestJSON-1338083841 tempest-VolumesSnapshotsTestJSON-1338083841-project] Empty body provided in request {{(pid=98580) get_body /opt/stack/cinder/cinder/api/openstack/wsgi.py:713}}
Jun 07 06:53:40.624083 dv-cinder-774594-7-iscsi devstack@c-api.service[98580]: /usr/local/lib/python3.8/dist-packages/webob/acceptparse.py:1047: DeprecationWarning: The behavior of AcceptValidHeader.best_match is currently being maintained for backward compatibility, but it will be deprecated in the future, as it does not conform to the RFC.
Jun 07 06:53:40.624083 dv-cinder-774594-7-iscsi devstack@c-api.service[98580]: warnings.warn(
Jun 07 06:53:40.626197 dv-cinder-774594-7-iscsi devstack@c-api.service[98580]: DEBUG cinder.api.openstack.wsgi [req-26a8f4f0-f040-4f61-a1db-0855983a4eb4 req-0cdfbf99-37a7-43f8-802e-67b1eb887c76 tempest-VolumesSnapshotsTestJSON-1338083841 tempest-VolumesSnapshotsTestJSON-1338083841-project] Calling method 'show' {{(pid=98580) _process_stack /opt/stack/cinder/cinder/api/openstack/wsgi.py:866}}
Jun 07 06:53:40.678780 dv-cinder-774594-7-iscsi devstack@c-api.service[98580]: /usr/local/lib/python3.8/dist-packages/oslo_context/context.py:105: DeprecationWarning: Policy enforcement is depending on the value of is_admin. This key is deprecated. Please update your policy file to use the standard policy values.
Jun 07 06:53:40.678780 dv-cinder-774594-7-iscsi devstack@c-api.service[98580]: warnings.warn('Policy enforcement is depending on the value of '
Jun 07 06:53:40.689568 dv-cinder-774594-7-iscsi devstack@c-api.service[98580]: INFO cinder.volume.api [req-26a8f4f0-f040-4f61-a1db-0855983a4eb4 req-0cdfbf99-37a7-43f8-802e-67b1eb887c76 tempest-VolumesSnapshotsTestJSON-1338083841 tempest-VolumesSnapshotsTestJSON-1338083841-project] Volume info retrieved successfully.
Jun 07 06:53:40.724194 dv-cinder-774594-7-iscsi devstack@c-api.service[98580]: INFO cinder.api.openstack.wsgi [req-26a8f4f0-f040-4f61-a1db-0855983a4eb4 req-0cdfbf99-37a7-43f8-802e-67b1eb887c76 tempest-VolumesSnapshotsTestJSON-1338083841 tempest-VolumesSnapshotsTestJSON-1338083841-project] http://10.222.0.11/volume/v3/bd77de8793224eb4a945b55ce21a3e61/volumes/3977fdbe-7fb9-4493-9746-58febcfec8b6 returned with HTTP 200
Jun 07 06:53:40.726241 dv-cinder-774594-7-iscsi devstack@c-api.service[98580]: [pid: 98580|app: 0|req: 20/27] 10.222.0.11 () {60 vars in 1579 bytes} [Mon Jun 7 06:53:40 2021] GET /volume/v3/bd77de8793224eb4a945b55ce21a3e61/volumes/3977fdbe-7fb9-4493-9746-58febcfec8b6 => generated 916 bytes in 266 msecs (HTTP/1.1 200) 7 headers in 285 bytes (1 switches on core 0)
Jun 07 06:53:40.770577 dv-cinder-774594-7-iscsi devstack@c-api.service[98581]: INFO cinder.api.openstack.wsgi [req-295c6608-d9bf-422b-a6a7-6054a9841a6a req-f4a1e91a-2c2e-4edb-bc86-38247d82a62e tempest-VolumesTestJSON-963938544 tempest-VolumesTestJSON-963938544-project] GET http://10.222.0.11/volume/v3/16a032fde2bb45f19f9017f87badb29f/volumes/a2694bc6-6d4c-41d4-a2cd-2dca15a754b6
Jun 07 06:53:40.771104 dv-cinder-774594-7-iscsi devstack@c-api.service[98581]: DEBUG cinder.api.openstack.wsgi [req-295c6608-d9bf-422b-a6a7-6054a9841a6a req-f4a1e91a-2c2e-4edb-bc86-38247d82a62e tempest-VolumesTestJSON-963938544 tempest-VolumesTestJSON-963938544-project] Empty body provided in request {{(pid=98581) get_body /opt/stack/cinder/cinder/api/openstack/wsgi.py:713}}
Jun 07 06:53:40.771205 dv-cinder-774594-7-iscsi devstack@c-api.service[98581]: /usr/local/lib/python3.8/dist-packages/webob/acceptparse.py:1047: DeprecationWarning: The behavior of AcceptValidHeader.best_match is currently being maintained for backward compatibility, but it will be deprecated in the future, as it does not conform to the RFC.
Jun 07 06:53:40.771205 dv-cinder-774594-7-iscsi devstack@c-api.service[98581]: warnings.warn(
Jun 07 06:53:40.771527 dv-cinder-774594-7-iscsi devstack@c-api.service[98581]: DEBUG cinder.api.openstack.wsgi [req-295c6608-d9bf-422b-a6a7-6054a9841a6a req-f4a1e91a-2c2e-4edb-bc86-38247d82a62e tempest-VolumesTestJSON-963938544 tempest-VolumesTestJSON-963938544-project] Calling method 'show' {{(pid=98581) _process_stack /opt/stack/cinder/cinder/api/openstack/wsgi.py:866}}
Jun 07 06:53:40.874146 dv-cinder-774594-7-iscsi devstack@c-api.service[98581]: /usr/local/lib/python3.8/dist-packages/oslo_context/context.py:105: DeprecationWarning: Policy enforcement is depending on the value of is_admin. This key is deprecated. Please update your policy file to use the standard policy values.
Jun 07 06:53:40.874146 dv-cinder-774594-7-iscsi devstack@c-api.service[98581]: warnings.warn('Policy enforcement is depending on the value of '
Jun 07 06:53:40.897351 dv-cinder-774594-7-iscsi devstack@c-api.service[98581]: INFO cinder.volume.api [req-295c6608-d9bf-422b-a6a7-6054a9841a6a req-f4a1e91a-2c2e-4edb-bc86-38247d82a62e tempest-VolumesTestJSON-963938544 tempest-VolumesTestJSON-963938544-project] Volume info retrieved successfully.
Jun 07 06:53:40.946684 dv-cinder-774594-7-iscsi devstack@c-api.service[98581]: INFO cinder.api.openstack.wsgi [req-295c6608-d9bf-422b-a6a7-6054a9841a6a req-f4a1e91a-2c2e-4edb-bc86-38247d82a62e tempest-VolumesTestJSON-963938544 tempest-VolumesTestJSON-963938544-project] http://10.222.0.11/volume/v3/16a032fde2bb45f19f9017f87badb29f/volumes/a2694bc6-6d4c-41d4-a2cd-2dca15a754b6 returned with HTTP 200
Jun 07 06:53:40.949145 dv-cinder-774594-7-iscsi devstack@c-api.service[98581]: [pid: 98581|app: 0|req: 8/28] 10.222.0.11 () {60 vars in 1579 bytes} [Mon Jun 7 06:53:40 2021] GET /volume/v3/16a032fde2bb45f19f9017f87badb29f/volumes/a2694bc6-6d4c-41d4-a2cd-2dca15a754b6 => generated 921 bytes in 183 msecs (HTTP/1.1 200) 7 headers in 285 bytes (1 switches on core 0)
Jun 07 06:53:40.964225 dv-cinder-774594-7-iscsi devstack@c-api.service[98580]: INFO cinder.api.openstack.wsgi [None req-391f504a-80ab-4608-9802-40f7b4ae6b83 tempest-VolumesTestJSON-963938544 tempest-VolumesTestJSON-963938544-project] POST http://10.222.0.11/volume/v3/16a032fde2bb45f19f9017f87badb29f/volumes
Jun 07 06:53:40.964789 dv-cinder-774594-7-iscsi devstack@c-api.service[98580]: /usr/local/lib/python3.8/dist-packages/webob/acceptparse.py:1047: DeprecationWarning: The behavior of AcceptValidHeader.best_match is currently being maintained for backward compatibility, but it will be deprecated in the future, as it does not conform to the RFC.
Jun 07 06:53:40.964789 dv-cinder-774594-7-iscsi devstack@c-api.service[98580]: warnings.warn(
Jun 07 06:53:40.965436 dv-cinder-774594-7-iscsi devstack@c-api.service[98580]: DEBUG cinder.api.openstack.wsgi [None req-391f504a-80ab-4608-9802-40f7b4ae6b83 tempest-VolumesTestJSON-963938544 tempest-VolumesTestJSON-963938544-project] Action: 'create', calling method: create, body: {"volume": {"metadata": {"Type": "work"}, "size": 1, "display_name": "tempest-VolumesTestJSON-volume-19870229"}} {{(pid=98580) _process_stack /opt/stack/cinder/cinder/api/openstack/wsgi.py:864}}
Jun 07 06:53:40.966986 dv-cinder-774594-7-iscsi devstack@c-api.service[98580]: DEBUG cinder.api.v3.volumes [None req-391f504a-80ab-4608-9802-40f7b4ae6b83 tempest-VolumesTestJSON-963938544 tempest-VolumesTestJSON-963938544-project] Create volume request body: {'volume': {'metadata': {'Type': 'work'}, 'size': 1, 'display_name': 'tempest-VolumesTestJSON-volume-19870229'}} {{(pid=98580) create /opt/stack/cinder/cinder/api/v3/volumes.py:289}}
Jun 07 06:53:40.967891 dv-cinder-774594-7-iscsi devstack@c-api.service[98580]: INFO cinder.api.v3.volumes [None req-391f504a-80ab-4608-9802-40f7b4ae6b83 tempest-VolumesTestJSON-963938544 tempest-VolumesTestJSON-963938544-project] Create volume of 1 GB
Jun 07 06:53:40.982367 dv-cinder-774594-7-iscsi devstack@c-api.service[98581]: INFO cinder.api.openstack.wsgi [req-dbefe7ce-c9e2-47fa-8cde-91927382b8a4 req-386140d1-81b0-4a3a-98b4-6c478eebfa83 tempest-VolumesSnapshotsTestJSON-1338083841 tempest-VolumesSnapshotsTestJSON-1338083841-project] POST http://10.222.0.11/volume/v3/bd77de8793224eb4a945b55ce21a3e61/snapshots
Jun 07 06:53:40.982783 dv-cinder-774594-7-iscsi devstack@c-api.service[98581]: /usr/local/lib/python3.8/dist-packages/webob/acceptparse.py:1047: DeprecationWarning: The behavior of AcceptValidHeader.best_match is currently being maintained for backward compatibility, but it will be deprecated in the future, as it does not conform to the RFC.
Jun 07 06:53:40.982783 dv-cinder-774594-7-iscsi devstack@c-api.service[98581]: warnings.warn(
Jun 07 06:53:40.983173 dv-cinder-774594-7-iscsi devstack@c-api.service[98581]: DEBUG cinder.api.openstack.wsgi [req-dbefe7ce-c9e2-47fa-8cde-91927382b8a4 req-386140d1-81b0-4a3a-98b4-6c478eebfa83 tempest-VolumesSnapshotsTestJSON-1338083841 tempest-VolumesSnapshotsTestJSON-1338083841-project] Action: 'create', calling method: create, body: {"snapshot": {"volume_id": "3977fdbe-7fb9-4493-9746-58febcfec8b6", "force": false, "name": "tempest-VolumesSnapshotsTestJSON-Snapshot-1903286403", "description": null, "metadata": {}}} {{(pid=98581) _process_stack /opt/stack/cinder/cinder/api/openstack/wsgi.py:864}}
Jun 07 06:53:41.004728 dv-cinder-774594-7-iscsi devstack@c-api.service[98580]: DEBUG cinder.volume.api [None req-391f504a-80ab-4608-9802-40f7b4ae6b83 tempest-VolumesTestJSON-963938544 tempest-VolumesTestJSON-963938544-project] Availability zone cache updated, next update will occur around 2021-06-07 07:53:41.002103. {{(pid=98580) list_availability_zones /opt/stack/cinder/cinder/volume/api.py:148}}
Jun 07 06:53:41.006814 dv-cinder-774594-7-iscsi devstack@c-api.service[98580]: INFO cinder.volume.api [None req-391f504a-80ab-4608-9802-40f7b4ae6b83 tempest-VolumesTestJSON-963938544 tempest-VolumesTestJSON-963938544-project] Availability Zones retrieved successfully.
Jun 07 06:53:41.052982 dv-cinder-774594-7-iscsi devstack@c-api.service[98580]: DEBUG cinder.volume.api [None req-391f504a-80ab-4608-9802-40f7b4ae6b83 tempest-VolumesTestJSON-963938544 tempest-VolumesTestJSON-963938544-project] Flow 'volume_create_api' (3732dd77-0666-42a8-9f90-910877ead4c5) transitioned into state 'RUNNING' from state 'PENDING' {{(pid=98580) _flow_receiver /usr/local/lib/python3.8/dist-packages/taskflow/listeners/logging.py:141}}
Jun 07 06:53:41.056105 dv-cinder-774594-7-iscsi devstack@c-api.service[98580]: DEBUG cinder.volume.api [None req-391f504a-80ab-4608-9802-40f7b4ae6b83 tempest-VolumesTestJSON-963938544 tempest-VolumesTestJSON-963938544-project] Task 'cinder.volume.flows.api.create_volume.ExtractVolumeRequestTask;volume:create' (8e9cedad-edfe-4a71-9c4c-02a75c7f08a4) transitioned into state 'RUNNING' from state 'PENDING' {{(pid=98580) _task_receiver /usr/local/lib/python3.8/dist-packages/taskflow/listeners/logging.py:190}}
Jun 07 06:53:41.058887 dv-cinder-774594-7-iscsi devstack@c-api.service[98580]: DEBUG cinder.volume.flows.api.create_volume [None req-391f504a-80ab-4608-9802-40f7b4ae6b83 tempest-VolumesTestJSON-963938544 tempest-VolumesTestJSON-963938544-project] Validating volume size '1' using validate_int {{(pid=98580) _extract_size /opt/stack/cinder/cinder/volume/flows/api/create_volume.py:201}}
Jun 07 06:53:41.073942 dv-cinder-774594-7-iscsi devstack@c-api.service[98581]: /usr/local/lib/python3.8/dist-packages/oslo_context/context.py:105: DeprecationWarning: Policy enforcement is depending on the value of is_admin. This key is deprecated. Please update your policy file to use the standard policy values.
Jun 07 06:53:41.073942 dv-cinder-774594-7-iscsi devstack@c-api.service[98581]: warnings.warn('Policy enforcement is depending on the value of '
Jun 07 06:53:41.075032 dv-cinder-774594-7-iscsi devstack@c-api.service[98581]: INFO cinder.volume.api [req-dbefe7ce-c9e2-47fa-8cde-91927382b8a4 req-386140d1-81b0-4a3a-98b4-6c478eebfa83 tempest-VolumesSnapshotsTestJSON-1338083841 tempest-VolumesSnapshotsTestJSON-1338083841-project] Volume info retrieved successfully.
Jun 07 06:53:41.075387 dv-cinder-774594-7-iscsi devstack@c-api.service[98581]: INFO cinder.api.v2.snapshots [req-dbefe7ce-c9e2-47fa-8cde-91927382b8a4 req-386140d1-81b0-4a3a-98b4-6c478eebfa83 tempest-VolumesSnapshotsTestJSON-1338083841 tempest-VolumesSnapshotsTestJSON-1338083841-project] Create snapshot from volume 3977fdbe-7fb9-4493-9746-58febcfec8b6
Jun 07 06:53:41.147815 dv-cinder-774594-7-iscsi devstack@c-api.service[98580]: DEBUG cinder.volume.api [None req-391f504a-80ab-4608-9802-40f7b4ae6b83 tempest-VolumesTestJSON-963938544 tempest-VolumesTestJSON-963938544-project] Task 'cinder.volume.flows.api.create_volume.ExtractVolumeRequestTask;volume:create' (8e9cedad-edfe-4a71-9c4c-02a75c7f08a4) transitioned into state 'SUCCESS' from state 'RUNNING' with result '{'size': 1, 'snapshot_id': None, 'source_volid': None, 'volume_type': VolumeType(created_at=2021-06-07T06:44:41Z,deleted=False,deleted_at=None,description='Default Volume Type',extra_specs={},id=9d5e64ad-c320-4916-aeda-6872175a15a4,is_public=True,name='__DEFAULT__',projects=[],qos_specs=,qos_specs_id=None,updated_at=2021-06-07T06:44:41Z), 'volume_type_id': '9d5e64ad-c320-4916-aeda-6872175a15a4', 'encryption_key_id': None, 'qos_specs': None, 'consistencygroup_id': None, 'cgsnapshot_id': None, 'group_id': None, 'replication_status': 'disabled', 'refresh_az': False, 'backup_id': None, 'multiattach': False, 'availability_zones': ['nova']}' {{(pid=98580) _task_receiver /usr/local/lib/python3.8/dist-packages/taskflow/listeners/logging.py:178}}
Jun 07 06:53:41.150168 dv-cinder-774594-7-iscsi devstack@c-api.service[98580]: DEBUG cinder.volume.api [None req-391f504a-80ab-4608-9802-40f7b4ae6b83 tempest-VolumesTestJSON-963938544 tempest-VolumesTestJSON-963938544-project] Task 'cinder.volume.flows.api.create_volume.QuotaReserveTask;volume:create' (3302169d-986a-451f-a0c1-e61b2ec82218) transitioned into state 'RUNNING' from state 'PENDING' {{(pid=98580) _task_receiver /usr/local/lib/python3.8/dist-packages/taskflow/listeners/logging.py:190}}
Jun 07 06:53:41.153710 dv-cinder-774594-7-iscsi devstack@c-api.service[98581]: WARNING cinder.quota [req-dbefe7ce-c9e2-47fa-8cde-91927382b8a4 req-386140d1-81b0-4a3a-98b4-6c478eebfa83 tempest-VolumesSnapshotsTestJSON-1338083841 tempest-VolumesSnapshotsTestJSON-1338083841-project] Deprecated: Default quota for resource: snapshots___DEFAULT__ is set by the default quota flag: quota_snapshots___DEFAULT__, it is now deprecated. Please use the default quota class for default quota.
Jun 07 06:53:41.209323 dv-cinder-774594-7-iscsi devstack@c-api.service[98580]: WARNING cinder.quota [None req-391f504a-80ab-4608-9802-40f7b4ae6b83 tempest-VolumesTestJSON-963938544 tempest-VolumesTestJSON-963938544-project] Deprecated: Default quota for resource: volumes___DEFAULT__ is set by the default quota flag: quota_volumes___DEFAULT__, it is now deprecated. Please use the default quota class for default quota.
Jun 07 06:53:41.211097 dv-cinder-774594-7-iscsi devstack@c-api.service[98580]: WARNING cinder.quota [None req-391f504a-80ab-4608-9802-40f7b4ae6b83 tempest-VolumesTestJSON-963938544 tempest-VolumesTestJSON-963938544-project] Deprecated: Default quota for resource: gigabytes___DEFAULT__ is set by the default quota flag: quota_gigabytes___DEFAULT__, it is now deprecated. Please use the default quota class for default quota.
Jun 07 06:53:41.233839 dv-cinder-774594-7-iscsi devstack@c-api.service[98581]: DEBUG cinder.quota [req-dbefe7ce-c9e2-47fa-8cde-91927382b8a4 req-386140d1-81b0-4a3a-98b4-6c478eebfa83 tempest-VolumesSnapshotsTestJSON-1338083841 tempest-VolumesSnapshotsTestJSON-1338083841-project] Created reservations ['ad6ea2bc-251d-4521-a739-04d8be73a719', 'ca42d717-4455-4b7d-a3f4-8c92e8d9ef8b', 'dd534cd0-2f57-4448-9901-613e03d9d596', '04ed9fc7-d5d1-4a0e-9e6a-1231956534cd'] {{(pid=98581) reserve /opt/stack/cinder/cinder/quota.py:755}}
Jun 07 06:53:41.241862 dv-cinder-774594-7-iscsi devstack@c-api.service[98580]: DEBUG cinder.quota [None req-391f504a-80ab-4608-9802-40f7b4ae6b83 tempest-VolumesTestJSON-963938544 tempest-VolumesTestJSON-963938544-project] Created reservations ['37d83fb3-d5b2-4adc-b467-acda64ea9874', '6f7f2cdf-92ce-455a-bc09-ec9ef61b68f4', 'c4868f98-628c-44b6-8dd9-9a79e68265e1', 'e92fb6c2-b8d6-4dc9-b39c-e115d642e852'] {{(pid=98580) reserve /opt/stack/cinder/cinder/quota.py:755}}
Jun 07 06:53:41.246977 dv-cinder-774594-7-iscsi devstack@c-api.service[98580]: DEBUG cinder.volume.api [None req-391f504a-80ab-4608-9802-40f7b4ae6b83 tempest-VolumesTestJSON-963938544 tempest-VolumesTestJSON-963938544-project] Task 'cinder.volume.flows.api.create_volume.QuotaReserveTask;volume:create' (3302169d-986a-451f-a0c1-e61b2ec82218) transitioned into state 'SUCCESS' from state 'RUNNING' with result '{'reservations': ['37d83fb3-d5b2-4adc-b467-acda64ea9874', '6f7f2cdf-92ce-455a-bc09-ec9ef61b68f4', 'c4868f98-628c-44b6-8dd9-9a79e68265e1', 'e92fb6c2-b8d6-4dc9-b39c-e115d642e852']}' {{(pid=98580) _task_receiver /usr/local/lib/python3.8/dist-packages/taskflow/listeners/logging.py:178}}
Jun 07 06:53:41.255402 dv-cinder-774594-7-iscsi devstack@c-api.service[98580]: DEBUG cinder.volume.api [None req-391f504a-80ab-4608-9802-40f7b4ae6b83 tempest-VolumesTestJSON-963938544 tempest-VolumesTestJSON-963938544-project] Task 'cinder.volume.flows.api.create_volume.EntryCreateTask;volume:create' (3f0143be-3398-4b06-b230-b723105228ba) transitioned into state 'RUNNING' from state 'PENDING' {{(pid=98580) _task_receiver /usr/local/lib/python3.8/dist-packages/taskflow/listeners/logging.py:190}}
Jun 07 06:53:41.346605 dv-cinder-774594-7-iscsi devstack@c-api.service[98580]: DEBUG cinder.volume.api [None req-391f504a-80ab-4608-9802-40f7b4ae6b83 tempest-VolumesTestJSON-963938544 tempest-VolumesTestJSON-963938544-project] Task 'cinder.volume.flows.api.create_volume.EntryCreateTask;volume:create' (3f0143be-3398-4b06-b230-b723105228ba) transitioned into state 'SUCCESS' from state 'RUNNING' with result '{'volume_id': '790ece1a-80ff-4858-8ac9-a1b937ac4b15', 'volume_properties': VolumeProperties(attach_status='detached',availability_zone='nova',cgsnapshot_id=None,consistencygroup_id=None,display_description=None,display_name='tempest-VolumesTestJSON-volume-19870229',encryption_key_id=None,group_id=None,group_type_id=,metadata={Type='work'},multiattach=False,project_id='16a032fde2bb45f19f9017f87badb29f',qos_specs=None,replication_status=,reservations=['37d83fb3-d5b2-4adc-b467-acda64ea9874','6f7f2cdf-92ce-455a-bc09-ec9ef61b68f4','c4868f98-628c-44b6-8dd9-9a79e68265e1','e92fb6c2-b8d6-4dc9-b39c-e115d642e852'],size=1,snapshot_id=None,source_replicaid=,source_volid=None,status='creating',user_id='d145c8163e57405895f0d756376af620',volume_type_id=9d5e64ad-c320-4916-aeda-6872175a15a4), 'volume': Volume(_name_id=None,admin_metadata=,attach_status='detached',availability_zone='nova',bootable=False,cluster=,cluster_name=None,consistencygroup=,consistencygroup_id=None,created_at=2021-06-07T06:53:41Z,deleted=False,deleted_at=None,display_description=None,display_name='tempest-VolumesTestJSON-volume-19870229',ec2_id=None,encryption_key_id=None,glance_metadata=,group=,group_id=None,host=None,id=790ece1a-80ff-4858-8ac9-a1b937ac4b15,launched_at=None,metadata={Type='work'},migration_status=None,multiattach=False,previous_status=None,project_id='16a032fde2bb45f19f9017f87badb29f',provider_auth=None,provider_geometry=None,provider_id=None,provider_location=None,replication_driver_data=None,replication_extended_status=None,replication_status=None,scheduled_at=None,service_uuid=None,shared_targets=True,size=1,snapshot_id=None,snapshots=,source_volid=None,status='creating',terminated_at=None,updated_at=None,user_id='d145c8163e57405895f0d756376af620',volume_attachment=,volume_type=VolumeType(9d5e64ad-c320-4916-aeda-6872175a15a4),volume_type_id=9d5e64ad-c320-4916-aeda-6872175a15a4)}' {{(pid=98580) _task_receiver /usr/local/lib/python3.8/dist-packages/taskflow/listeners/logging.py:178}}
Jun 07 06:53:41.348599 dv-cinder-774594-7-iscsi devstack@c-api.service[98580]: DEBUG cinder.volume.api [None req-391f504a-80ab-4608-9802-40f7b4ae6b83 tempest-VolumesTestJSON-963938544 tempest-VolumesTestJSON-963938544-project] Task 'cinder.volume.flows.api.create_volume.QuotaCommitTask;volume:create' (2ed97305-79a7-4eaa-b85e-48c87358f012) transitioned into state 'RUNNING' from state 'PENDING' {{(pid=98580) _task_receiver /usr/local/lib/python3.8/dist-packages/taskflow/listeners/logging.py:190}}
Jun 07 06:53:41.402830 dv-cinder-774594-7-iscsi devstack@c-api.service[98580]: DEBUG cinder.volume.api [None req-391f504a-80ab-4608-9802-40f7b4ae6b83 tempest-VolumesTestJSON-963938544 tempest-VolumesTestJSON-963938544-project] Task 'cinder.volume.flows.api.create_volume.QuotaCommitTask;volume:create' (2ed97305-79a7-4eaa-b85e-48c87358f012) transitioned into state 'SUCCESS' from state 'RUNNING' with result '{'volume_properties': VolumeProperties(attach_status='detached',availability_zone='nova',cgsnapshot_id=None,consistencygroup_id=None,display_description=None,display_name='tempest-VolumesTestJSON-volume-19870229',encryption_key_id=None,group_id=None,group_type_id=,metadata={Type='work'},multiattach=False,project_id='16a032fde2bb45f19f9017f87badb29f',qos_specs=None,replication_status=,reservations=['37d83fb3-d5b2-4adc-b467-acda64ea9874','6f7f2cdf-92ce-455a-bc09-ec9ef61b68f4','c4868f98-628c-44b6-8dd9-9a79e68265e1','e92fb6c2-b8d6-4dc9-b39c-e115d642e852'],size=1,snapshot_id=None,source_replicaid=,source_volid=None,status='creating',user_id='d145c8163e57405895f0d756376af620',volume_type_id=9d5e64ad-c320-4916-aeda-6872175a15a4)}' {{(pid=98580) _task_receiver /usr/local/lib/python3.8/dist-packages/taskflow/listeners/logging.py:178}}
Jun 07 06:53:41.407475 dv-cinder-774594-7-iscsi devstack@c-api.service[98580]: DEBUG cinder.volume.api [None req-391f504a-80ab-4608-9802-40f7b4ae6b83 tempest-VolumesTestJSON-963938544 tempest-VolumesTestJSON-963938544-project] Task 'cinder.volume.flows.api.create_volume.VolumeCastTask;volume:create' (15e99cf0-3eab-4392-b760-4af6fbd75066) transitioned into state 'RUNNING' from state 'PENDING' {{(pid=98580) _task_receiver /usr/local/lib/python3.8/dist-packages/taskflow/listeners/logging.py:190}}
Jun 07 06:53:41.450909 dv-cinder-774594-7-iscsi devstack@c-api.service[98580]: DEBUG cinder.volume.api [None req-391f504a-80ab-4608-9802-40f7b4ae6b83 tempest-VolumesTestJSON-963938544 tempest-VolumesTestJSON-963938544-project] Task 'cinder.volume.flows.api.create_volume.VolumeCastTask;volume:create' (15e99cf0-3eab-4392-b760-4af6fbd75066) transitioned into state 'SUCCESS' from state 'RUNNING' with result 'None' {{(pid=98580) _task_receiver /usr/local/lib/python3.8/dist-packages/taskflow/listeners/logging.py:178}}
Jun 07 06:53:41.453770 dv-cinder-774594-7-iscsi devstack@c-api.service[98580]: DEBUG cinder.volume.api [None req-391f504a-80ab-4608-9802-40f7b4ae6b83 tempest-VolumesTestJSON-963938544 tempest-VolumesTestJSON-963938544-project] Flow 'volume_create_api' (3732dd77-0666-42a8-9f90-910877ead4c5) transitioned into state 'SUCCESS' from state 'RUNNING' {{(pid=98580) _flow_receiver /usr/local/lib/python3.8/dist-packages/taskflow/listeners/logging.py:141}}
Jun 07 06:53:41.454765 dv-cinder-774594-7-iscsi devstack@c-api.service[98580]: INFO cinder.volume.api [None req-391f504a-80ab-4608-9802-40f7b4ae6b83 tempest-VolumesTestJSON-963938544 tempest-VolumesTestJSON-963938544-project] Create volume request issued successfully.
Jun 07 06:53:41.483044 dv-cinder-774594-7-iscsi devstack@c-api.service[98580]: INFO cinder.api.openstack.wsgi [None req-391f504a-80ab-4608-9802-40f7b4ae6b83 tempest-VolumesTestJSON-963938544 tempest-VolumesTestJSON-963938544-project] http://10.222.0.11/volume/v3/16a032fde2bb45f19f9017f87badb29f/volumes returned with HTTP 202
Jun 07 06:53:41.494973 dv-cinder-774594-7-iscsi devstack@c-api.service[98580]: [pid: 98580|app: 0|req: 21/29] 10.222.0.11 () {60 vars in 1236 bytes} [Mon Jun 7 06:53:40 2021] POST /volume/v3/16a032fde2bb45f19f9017f87badb29f/volumes => generated 827 bytes in 535 msecs (HTTP/1.1 202) 7 headers in 291 bytes (1 switches on core 0)
Jun 07 06:53:41.501402 dv-cinder-774594-7-iscsi devstack@c-api.service[98580]: INFO cinder.api.openstack.wsgi [None req-89e105a8-73ad-4771-87a0-b745b39e9271 tempest-VolumesTestJSON-963938544 tempest-VolumesTestJSON-963938544-project] GET http://10.222.0.11/volume/v3/16a032fde2bb45f19f9017f87badb29f/volumes/790ece1a-80ff-4858-8ac9-a1b937ac4b15
Jun 07 06:53:41.501812 dv-cinder-774594-7-iscsi devstack@c-api.service[98581]: INFO cinder.volume.api [req-dbefe7ce-c9e2-47fa-8cde-91927382b8a4 req-386140d1-81b0-4a3a-98b4-6c478eebfa83 tempest-VolumesSnapshotsTestJSON-1338083841 tempest-VolumesSnapshotsTestJSON-1338083841-project] Snapshot create request issued successfully.
Jun 07 06:53:41.502401 dv-cinder-774594-7-iscsi devstack@c-api.service[98580]: DEBUG cinder.api.openstack.wsgi [None req-89e105a8-73ad-4771-87a0-b745b39e9271 tempest-VolumesTestJSON-963938544 tempest-VolumesTestJSON-963938544-project] Empty body provided in request {{(pid=98580) get_body /opt/stack/cinder/cinder/api/openstack/wsgi.py:713}}
Jun 07 06:53:41.502780 dv-cinder-774594-7-iscsi devstack@c-api.service[98580]: /usr/local/lib/python3.8/dist-packages/webob/acceptparse.py:1047: DeprecationWarning: The behavior of AcceptValidHeader.best_match is currently being maintained for backward compatibility, but it will be deprecated in the future, as it does not conform to the RFC.
Jun 07 06:53:41.502780 dv-cinder-774594-7-iscsi devstack@c-api.service[98580]: warnings.warn(
Jun 07 06:53:41.502950 dv-cinder-774594-7-iscsi devstack@c-api.service[98581]: INFO cinder.api.openstack.wsgi [req-dbefe7ce-c9e2-47fa-8cde-91927382b8a4 req-386140d1-81b0-4a3a-98b4-6c478eebfa83 tempest-VolumesSnapshotsTestJSON-1338083841 tempest-VolumesSnapshotsTestJSON-1338083841-project] http://10.222.0.11/volume/v3/bd77de8793224eb4a945b55ce21a3e61/snapshots returned with HTTP 202
Jun 07 06:53:41.503571 dv-cinder-774594-7-iscsi devstack@c-api.service[98580]: DEBUG cinder.api.openstack.wsgi [None req-89e105a8-73ad-4771-87a0-b745b39e9271 tempest-VolumesTestJSON-963938544 tempest-VolumesTestJSON-963938544-project] Calling method 'show' {{(pid=98580) _process_stack /opt/stack/cinder/cinder/api/openstack/wsgi.py:866}}
Jun 07 06:53:41.503858 dv-cinder-774594-7-iscsi devstack@c-api.service[98581]: [pid: 98581|app: 0|req: 9/30] 10.222.0.11 () {64 vars in 1528 bytes} [Mon Jun 7 06:53:40 2021] POST /volume/v3/bd77de8793224eb4a945b55ce21a3e61/snapshots => generated 311 bytes in 530 msecs (HTTP/1.1 202) 7 headers in 291 bytes (2 switches on core 0)
Jun 07 06:53:41.558657 dv-cinder-774594-7-iscsi devstack@c-api.service[98581]: INFO cinder.api.openstack.wsgi [req-4be7da12-8082-4597-b8c0-c344c01fc08d req-330d0e6d-d0ff-4840-86fa-f2f29d95ce8e tempest-VolumesSnapshotsTestJSON-1338083841 tempest-VolumesSnapshotsTestJSON-1338083841-project] GET http://10.222.0.11/volume/v3/bd77de8793224eb4a945b55ce21a3e61/snapshots/050aa92a-4418-484f-afe1-0078a1cb25ea
Jun 07 06:53:41.559313 dv-cinder-774594-7-iscsi devstack@c-api.service[98581]: DEBUG cinder.api.openstack.wsgi [req-4be7da12-8082-4597-b8c0-c344c01fc08d req-330d0e6d-d0ff-4840-86fa-f2f29d95ce8e tempest-VolumesSnapshotsTestJSON-1338083841 tempest-VolumesSnapshotsTestJSON-1338083841-project] Empty body provided in request {{(pid=98581) get_body /opt/stack/cinder/cinder/api/openstack/wsgi.py:713}}
Jun 07 06:53:41.559681 dv-cinder-774594-7-iscsi devstack@c-api.service[98581]: /usr/local/lib/python3.8/dist-packages/webob/acceptparse.py:1047: DeprecationWarning: The behavior of AcceptValidHeader.best_match is currently being maintained for backward compatibility, but it will be deprecated in the future, as it does not conform to the RFC.
Jun 07 06:53:41.559681 dv-cinder-774594-7-iscsi devstack@c-api.service[98581]: warnings.warn(
Jun 07 06:53:41.560145 dv-cinder-774594-7-iscsi devstack@c-api.service[98581]: DEBUG cinder.api.openstack.wsgi [req-4be7da12-8082-4597-b8c0-c344c01fc08d req-330d0e6d-d0ff-4840-86fa-f2f29d95ce8e tempest-VolumesSnapshotsTestJSON-1338083841 tempest-VolumesSnapshotsTestJSON-1338083841-project] Calling method 'show' {{(pid=98581) _process_stack /opt/stack/cinder/cinder/api/openstack/wsgi.py:866}}
Jun 07 06:53:41.584086 dv-cinder-774594-7-iscsi devstack@c-api.service[98580]: /usr/local/lib/python3.8/dist-packages/oslo_context/context.py:105: DeprecationWarning: Policy enforcement is depending on the value of is_admin. This key is deprecated. Please update your policy file to use the standard policy values.
Jun 07 06:53:41.584086 dv-cinder-774594-7-iscsi devstack@c-api.service[98580]: warnings.warn('Policy enforcement is depending on the value of '
Jun 07 06:53:41.607573 dv-cinder-774594-7-iscsi devstack@c-api.service[98580]: INFO cinder.volume.api [None req-89e105a8-73ad-4771-87a0-b745b39e9271 tempest-VolumesTestJSON-963938544 tempest-VolumesTestJSON-963938544-project] Volume info retrieved successfully.
Jun 07 06:53:41.615446 dv-cinder-774594-7-iscsi devstack@c-api.service[98581]: /usr/local/lib/python3.8/dist-packages/oslo_context/context.py:105: DeprecationWarning: Policy enforcement is depending on the value of is_admin. This key is deprecated. Please update your policy file to use the standard policy values.
Jun 07 06:53:41.615446 dv-cinder-774594-7-iscsi devstack@c-api.service[98581]: warnings.warn('Policy enforcement is depending on the value of '
Jun 07 06:53:41.617575 dv-cinder-774594-7-iscsi devstack@c-api.service[98581]: INFO cinder.volume.api [req-4be7da12-8082-4597-b8c0-c344c01fc08d req-330d0e6d-d0ff-4840-86fa-f2f29d95ce8e tempest-VolumesSnapshotsTestJSON-1338083841 tempest-VolumesSnapshotsTestJSON-1338083841-project] Snapshot retrieved successfully.
Jun 07 06:53:41.622610 dv-cinder-774594-7-iscsi devstack@c-api.service[98581]: INFO cinder.api.openstack.wsgi [req-4be7da12-8082-4597-b8c0-c344c01fc08d req-330d0e6d-d0ff-4840-86fa-f2f29d95ce8e tempest-VolumesSnapshotsTestJSON-1338083841 tempest-VolumesSnapshotsTestJSON-1338083841-project] http://10.222.0.11/volume/v3/bd77de8793224eb4a945b55ce21a3e61/snapshots/050aa92a-4418-484f-afe1-0078a1cb25ea returned with HTTP 200
Jun 07 06:53:41.624901 dv-cinder-774594-7-iscsi devstack@c-api.service[98581]: [pid: 98581|app: 0|req: 10/31] 10.222.0.11 () {60 vars in 1585 bytes} [Mon Jun 7 06:53:41 2021] GET /volume/v3/bd77de8793224eb4a945b55ce21a3e61/snapshots/050aa92a-4418-484f-afe1-0078a1cb25ea => generated 443 bytes in 77 msecs (HTTP/1.1 200) 7 headers in 285 bytes (1 switches on core 0)
Jun 07 06:53:41.672180 dv-cinder-774594-7-iscsi devstack@c-api.service[98581]: INFO cinder.api.openstack.wsgi [req-3cc69238-80ad-4b47-82fe-4aeeb6f1d347 req-b8c95b75-9dbf-4380-9585-371690d8116c tempest-VolumesSnapshotsTestJSON-1338083841 tempest-VolumesSnapshotsTestJSON-1338083841-project] GET http://10.222.0.11/volume/v3/bd77de8793224eb4a945b55ce21a3e61/snapshots/detail
Jun 07 06:53:41.672831 dv-cinder-774594-7-iscsi devstack@c-api.service[98581]: DEBUG cinder.api.openstack.wsgi [req-3cc69238-80ad-4b47-82fe-4aeeb6f1d347 req-b8c95b75-9dbf-4380-9585-371690d8116c tempest-VolumesSnapshotsTestJSON-1338083841 tempest-VolumesSnapshotsTestJSON-1338083841-project] Empty body provided in request {{(pid=98581) get_body /opt/stack/cinder/cinder/api/openstack/wsgi.py:713}}
Jun 07 06:53:41.673047 dv-cinder-774594-7-iscsi devstack@c-api.service[98581]: /usr/local/lib/python3.8/dist-packages/webob/acceptparse.py:1047: DeprecationWarning: The behavior of AcceptValidHeader.best_match is currently being maintained for backward compatibility, but it will be deprecated in the future, as it does not conform to the RFC.
Jun 07 06:53:41.673047 dv-cinder-774594-7-iscsi devstack@c-api.service[98581]: warnings.warn(
Jun 07 06:53:41.673384 dv-cinder-774594-7-iscsi devstack@c-api.service[98581]: DEBUG cinder.api.openstack.wsgi [req-3cc69238-80ad-4b47-82fe-4aeeb6f1d347 req-b8c95b75-9dbf-4380-9585-371690d8116c tempest-VolumesSnapshotsTestJSON-1338083841 tempest-VolumesSnapshotsTestJSON-1338083841-project] Calling method 'detail' {{(pid=98581) _process_stack /opt/stack/cinder/cinder/api/openstack/wsgi.py:866}}
Jun 07 06:53:41.674014 dv-cinder-774594-7-iscsi devstack@c-api.service[98581]: DEBUG cinder.api.api_utils [req-3cc69238-80ad-4b47-82fe-4aeeb6f1d347 req-b8c95b75-9dbf-4380-9585-371690d8116c tempest-VolumesSnapshotsTestJSON-1338083841 tempest-VolumesSnapshotsTestJSON-1338083841-project] Removing options '' from query. {{(pid=98581) remove_invalid_filter_options /opt/stack/cinder/cinder/api/api_utils.py:73}}
Jun 07 06:53:41.675000 dv-cinder-774594-7-iscsi devstack@c-api.service[98580]: INFO cinder.api.openstack.wsgi [None req-89e105a8-73ad-4771-87a0-b745b39e9271 tempest-VolumesTestJSON-963938544 tempest-VolumesTestJSON-963938544-project] http://10.222.0.11/volume/v3/16a032fde2bb45f19f9017f87badb29f/volumes/790ece1a-80ff-4858-8ac9-a1b937ac4b15 returned with HTTP 200
Jun 07 06:53:41.676116 dv-cinder-774594-7-iscsi devstack@c-api.service[98580]: [pid: 98580|app: 0|req: 22/32] 10.222.0.11 () {58 vars in 1325 bytes} [Mon Jun 7 06:53:41 2021] GET /volume/v3/16a032fde2bb45f19f9017f87badb29f/volumes/790ece1a-80ff-4858-8ac9-a1b937ac4b15 => generated 895 bytes in 180 msecs (HTTP/1.1 200) 7 headers in 285 bytes (1 switches on core 0)
Jun 07 06:53:41.676243 dv-cinder-774594-7-iscsi devstack@c-api.service[98581]: DEBUG cinder.db.sqlalchemy.api [req-3cc69238-80ad-4b47-82fe-4aeeb6f1d347 req-b8c95b75-9dbf-4380-9585-371690d8116c tempest-VolumesSnapshotsTestJSON-1338083841 tempest-VolumesSnapshotsTestJSON-1338083841-project] Building query based on filter {{(pid=98581) _process_snaps_filters /opt/stack/cinder/cinder/db/sqlalchemy/api.py:3138}}
Jun 07 06:53:41.721146 dv-cinder-774594-7-iscsi devstack@c-api.service[98581]: INFO cinder.volume.api [req-3cc69238-80ad-4b47-82fe-4aeeb6f1d347 req-b8c95b75-9dbf-4380-9585-371690d8116c tempest-VolumesSnapshotsTestJSON-1338083841 tempest-VolumesSnapshotsTestJSON-1338083841-project] Get all snapshots completed successfully.
Jun 07 06:53:41.722078 dv-cinder-774594-7-iscsi devstack@c-api.service[98581]: /usr/local/lib/python3.8/dist-packages/oslo_context/context.py:105: DeprecationWarning: Policy enforcement is depending on the value of is_admin. This key is deprecated. Please update your policy file to use the standard policy values.
Jun 07 06:53:41.722078 dv-cinder-774594-7-iscsi devstack@c-api.service[98581]: warnings.warn('Policy enforcement is depending on the value of '
Jun 07 06:53:41.727163 dv-cinder-774594-7-iscsi devstack@c-api.service[98581]: INFO cinder.api.openstack.wsgi [req-3cc69238-80ad-4b47-82fe-4aeeb6f1d347 req-b8c95b75-9dbf-4380-9585-371690d8116c tempest-VolumesSnapshotsTestJSON-1338083841 tempest-VolumesSnapshotsTestJSON-1338083841-project] http://10.222.0.11/volume/v3/bd77de8793224eb4a945b55ce21a3e61/snapshots/detail returned with HTTP 200
Jun 07 06:53:41.731950 dv-cinder-774594-7-iscsi devstack@c-api.service[98581]: [pid: 98581|app: 0|req: 11/33] 10.222.0.11 () {60 vars in 1495 bytes} [Mon Jun 7 06:53:41 2021] GET /volume/v3/bd77de8793224eb4a945b55ce21a3e61/snapshots/detail => generated 446 bytes in 66 msecs (HTTP/1.1 200) 7 headers in 285 bytes (2 switches on core 0)
Jun 07 06:53:41.791850 dv-cinder-774594-7-iscsi devstack@c-api.service[98580]: INFO cinder.api.openstack.wsgi [req-eec47008-a20a-4bfe-b1c9-5be3dec3b229 req-3edfb05c-10b1-4448-baec-1b10efdff474 tempest-VolumesSnapshotsTestJSON-1338083841 tempest-VolumesSnapshotsTestJSON-1338083841-project] GET http://10.222.0.11/volume/v3/bd77de8793224eb4a945b55ce21a3e61/snapshots/050aa92a-4418-484f-afe1-0078a1cb25ea
Jun 07 06:53:41.792860 dv-cinder-774594-7-iscsi devstack@c-api.service[98580]: DEBUG cinder.api.openstack.wsgi [req-eec47008-a20a-4bfe-b1c9-5be3dec3b229 req-3edfb05c-10b1-4448-baec-1b10efdff474 tempest-VolumesSnapshotsTestJSON-1338083841 tempest-VolumesSnapshotsTestJSON-1338083841-project] Empty body provided in request {{(pid=98580) get_body /opt/stack/cinder/cinder/api/openstack/wsgi.py:713}}
Jun 07 06:53:41.793076 dv-cinder-774594-7-iscsi devstack@c-api.service[98580]: /usr/local/lib/python3.8/dist-packages/webob/acceptparse.py:1047: DeprecationWarning: The behavior of AcceptValidHeader.best_match is currently being maintained for backward compatibility, but it will be deprecated in the future, as it does not conform to the RFC.
Jun 07 06:53:41.793076 dv-cinder-774594-7-iscsi devstack@c-api.service[98580]: warnings.warn(
Jun 07 06:53:41.793466 dv-cinder-774594-7-iscsi devstack@c-api.service[98580]: DEBUG cinder.api.openstack.wsgi [req-eec47008-a20a-4bfe-b1c9-5be3dec3b229 req-3edfb05c-10b1-4448-baec-1b10efdff474 tempest-VolumesSnapshotsTestJSON-1338083841 tempest-VolumesSnapshotsTestJSON-1338083841-project] Calling method 'show' {{(pid=98580) _process_stack /opt/stack/cinder/cinder/api/openstack/wsgi.py:866}}
Jun 07 06:53:41.903842 dv-cinder-774594-7-iscsi devstack@c-api.service[98580]: /usr/local/lib/python3.8/dist-packages/oslo_context/context.py:105: DeprecationWarning: Policy enforcement is depending on the value of is_admin. This key is deprecated. Please update your policy file to use the standard policy values.
Jun 07 06:53:41.903842 dv-cinder-774594-7-iscsi devstack@c-api.service[98580]: warnings.warn('Policy enforcement is depending on the value of '
Jun 07 06:53:41.905085 dv-cinder-774594-7-iscsi devstack@c-api.service[98580]: INFO cinder.volume.api [req-eec47008-a20a-4bfe-b1c9-5be3dec3b229 req-3edfb05c-10b1-4448-baec-1b10efdff474 tempest-VolumesSnapshotsTestJSON-1338083841 tempest-VolumesSnapshotsTestJSON-1338083841-project] Snapshot retrieved successfully.
Jun 07 06:53:41.906916 dv-cinder-774594-7-iscsi devstack@c-api.service[98580]: INFO cinder.api.openstack.wsgi [req-eec47008-a20a-4bfe-b1c9-5be3dec3b229 req-3edfb05c-10b1-4448-baec-1b10efdff474 tempest-VolumesSnapshotsTestJSON-1338083841 tempest-VolumesSnapshotsTestJSON-1338083841-project] http://10.222.0.11/volume/v3/bd77de8793224eb4a945b55ce21a3e61/snapshots/050aa92a-4418-484f-afe1-0078a1cb25ea returned with HTTP 200
Jun 07 06:53:41.910981 dv-cinder-774594-7-iscsi devstack@c-api.service[98580]: [pid: 98580|app: 0|req: 23/34] 10.222.0.11 () {60 vars in 1585 bytes} [Mon Jun 7 06:53:41 2021] GET /volume/v3/bd77de8793224eb4a945b55ce21a3e61/snapshots/050aa92a-4418-484f-afe1-0078a1cb25ea => generated 443 bytes in 125 msecs (HTTP/1.1 200) 7 headers in 285 bytes (2 switches on core 0)
Jun 07 06:53:42.691135 dv-cinder-774594-7-iscsi devstack@c-api.service[98581]: INFO cinder.api.openstack.wsgi [None req-08b60f4d-21c7-46c7-9a89-7a9b87c75e03 tempest-VolumesTestJSON-963938544 tempest-VolumesTestJSON-963938544-project] GET http://10.222.0.11/volume/v3/16a032fde2bb45f19f9017f87badb29f/volumes/790ece1a-80ff-4858-8ac9-a1b937ac4b15
Jun 07 06:53:42.691591 dv-cinder-774594-7-iscsi devstack@c-api.service[98581]: DEBUG cinder.api.openstack.wsgi [None req-08b60f4d-21c7-46c7-9a89-7a9b87c75e03 tempest-VolumesTestJSON-963938544 tempest-VolumesTestJSON-963938544-project] Empty body provided in request {{(pid=98581) get_body /opt/stack/cinder/cinder/api/openstack/wsgi.py:713}}
Jun 07 06:53:42.691942 dv-cinder-774594-7-iscsi devstack@c-api.service[98581]: /usr/local/lib/python3.8/dist-packages/webob/acceptparse.py:1047: DeprecationWarning: The behavior of AcceptValidHeader.best_match is currently being maintained for backward compatibility, but it will be deprecated in the future, as it does not conform to the RFC.
Jun 07 06:53:42.691942 dv-cinder-774594-7-iscsi devstack@c-api.service[98581]: warnings.warn(
Jun 07 06:53:42.692164 dv-cinder-774594-7-iscsi devstack@c-api.service[98581]: DEBUG cinder.api.openstack.wsgi [None req-08b60f4d-21c7-46c7-9a89-7a9b87c75e03 tempest-VolumesTestJSON-963938544 tempest-VolumesTestJSON-963938544-project] Calling method 'show' {{(pid=98581) _process_stack /opt/stack/cinder/cinder/api/openstack/wsgi.py:866}}
Jun 07 06:53:42.752701 dv-cinder-774594-7-iscsi devstack@c-api.service[98581]: /usr/local/lib/python3.8/dist-packages/oslo_context/context.py:105: DeprecationWarning: Policy enforcement is depending on the value of is_admin. This key is deprecated. Please update your policy file to use the standard policy values.
Jun 07 06:53:42.752701 dv-cinder-774594-7-iscsi devstack@c-api.service[98581]: warnings.warn('Policy enforcement is depending on the value of '
Jun 07 06:53:42.766002 dv-cinder-774594-7-iscsi devstack@c-api.service[98581]: INFO cinder.volume.api [None req-08b60f4d-21c7-46c7-9a89-7a9b87c75e03 tempest-VolumesTestJSON-963938544 tempest-VolumesTestJSON-963938544-project] Volume info retrieved successfully.
Jun 07 06:53:42.816315 dv-cinder-774594-7-iscsi devstack@c-api.service[98581]: INFO cinder.api.openstack.wsgi [None req-08b60f4d-21c7-46c7-9a89-7a9b87c75e03 tempest-VolumesTestJSON-963938544 tempest-VolumesTestJSON-963938544-project] http://10.222.0.11/volume/v3/16a032fde2bb45f19f9017f87badb29f/volumes/790ece1a-80ff-4858-8ac9-a1b937ac4b15 returned with HTTP 200
Jun 07 06:53:42.819865 dv-cinder-774594-7-iscsi devstack@c-api.service[98581]: [pid: 98581|app: 0|req: 12/35] 10.222.0.11 () {58 vars in 1325 bytes} [Mon Jun 7 06:53:42 2021] GET /volume/v3/16a032fde2bb45f19f9017f87badb29f/volumes/790ece1a-80ff-4858-8ac9-a1b937ac4b15 => generated 919 bytes in 132 msecs (HTTP/1.1 200) 7 headers in 285 bytes (1 switches on core 0)
Jun 07 06:53:42.936715 dv-cinder-774594-7-iscsi devstack@c-api.service[98580]: INFO cinder.api.openstack.wsgi [req-c81f3f8e-dbee-46ba-b627-3909ed1b4baf req-0320f803-4dd2-4f82-b4d7-e4cdf9201796 tempest-VolumesSnapshotsTestJSON-1338083841 tempest-VolumesSnapshotsTestJSON-1338083841-project] GET http://10.222.0.11/volume/v3/bd77de8793224eb4a945b55ce21a3e61/snapshots/050aa92a-4418-484f-afe1-0078a1cb25ea
