May 26 14:37:25.651559 dv-cinder-774594-6-smb devstack@n-api.service[102968]: /usr/local/lib/python3.8/dist-packages/oslo_policy/policy.py:1064: UserWarning: Policy os_compute_api:os-flavor-extra-specs:create failed scope check. The token used to make the request was project scoped but the policy requires ['system'] scope. This behavior may change in the future where using the intended scope is required
May 26 14:37:25.651559 dv-cinder-774594-6-smb devstack@n-api.service[102968]: warnings.warn(msg)
May 26 14:37:25.694430 dv-cinder-774594-6-smb devstack@n-api.service[102968]: INFO nova.api.openstack.requestlog [None req-a98c8441-c55a-41dc-8ed8-e9de7c27e560 admin admin] 10.222.0.25 "POST /compute/v2.1/flavors/d1/os-extra_specs" status: 200 len: 43 microversion: 2.61 time: 0.047773
May 26 14:37:25.707745 dv-cinder-774594-6-smb devstack@n-api.service[102968]: [pid: 102968|app: 0|req: 5/9] 10.222.0.25 () {64 vars in 1335 bytes} [Wed May 26 14:37:25 2021] POST /compute/v2.1/flavors/d1/os-extra_specs => generated 43 bytes in 50 msecs (HTTP/1.1 200) 9 headers in 358 bytes (2 switches on core 0)
May 26 14:37:27.819539 dv-cinder-774594-6-smb devstack@n-api.service[102967]: DEBUG nova.api.openstack.wsgi [None req-f867a137-7732-49e9-9bec-a820bc3b08dd admin admin] Calling method '>' {{(pid=102967) _process_stack /opt/stack/nova/nova/api/openstack/wsgi.py:513}}
May 26 14:37:27.820596 dv-cinder-774594-6-smb devstack@n-api.service[102967]: INFO nova.api.openstack.requestlog [None req-f867a137-7732-49e9-9bec-a820bc3b08dd admin admin] 10.222.0.25 "GET /compute/v2.1" status: 200 len: 388 microversion: 2.1 time: 0.001492
May 26 14:37:27.821000 dv-cinder-774594-6-smb devstack@n-api.service[102967]: [pid: 102967|app: 0|req: 5/10] 10.222.0.25 () {54 vars in 930 bytes} [Wed May 26 14:37:27 2021] GET /compute/v2.1 => generated 388 bytes in 2 msecs (HTTP/1.1 200) 9 headers in 357 bytes (1 switches on core 0)
May 26 14:37:27.879492 dv-cinder-774594-6-smb devstack@n-api.service[102968]: DEBUG nova.api.openstack.wsgi [None req-a2abfe8f-f75d-449d-8487-35ccf3dc1a56 admin admin] Action: 'create', calling method: >, body: {"flavor": {"vcpus": 1, "OS-FLV-EXT-DATA:ephemeral": 0, "name": "ds1G", "disk": 10, "swap": 0, "id": "d2", "ram": 1024, "rxtx_factor": 1.0, "os-flavor-access:is_public": true}} {{(pid=102968) _process_stack /opt/stack/nova/nova/api/openstack/wsgi.py:511}}
May 26 14:37:27.908998 dv-cinder-774594-6-smb devstack@n-api.service[102968]: INFO nova.api.openstack.requestlog [None req-a2abfe8f-f75d-449d-8487-35ccf3dc1a56 admin admin] 10.222.0.25 "POST /compute/v2.1/flavors" status: 200 len: 404 microversion: 2.61 time: 0.082051
May 26 14:37:27.910129 dv-cinder-774594-6-smb devstack@n-api.service[102968]: [pid: 102968|app: 0|req: 6/11] 10.222.0.25 () {64 vars in 1282 bytes} [Wed May 26 14:37:27 2021] POST /compute/v2.1/flavors => generated 404 bytes in 84 msecs (HTTP/1.1 200) 9 headers in 359 bytes (2 switches on core 0)
May 26 14:37:27.921844 dv-cinder-774594-6-smb devstack@n-api.service[102967]: DEBUG nova.api.openstack.wsgi [None req-e207547d-3c75-475e-b35a-d95e55eaffeb admin admin] Action: 'create', calling method: >, body: {"extra_specs": {"hw_rng:allowed": "True"}} {{(pid=102967) _process_stack /opt/stack/nova/nova/api/openstack/wsgi.py:511}}
May 26 14:37:27.958693 dv-cinder-774594-6-smb devstack@n-api.service[102967]: INFO nova.api.openstack.requestlog [None req-e207547d-3c75-475e-b35a-d95e55eaffeb admin admin] 10.222.0.25 "POST /compute/v2.1/flavors/d2/os-extra_specs" status: 200 len: 43 microversion: 2.61 time: 0.040525
May 26 14:37:27.959279 dv-cinder-774594-6-smb devstack@n-api.service[102967]: [pid: 102967|app: 0|req: 6/12] 10.222.0.25 () {64 vars in 1335 bytes} [Wed May 26 14:37:27 2021] POST /compute/v2.1/flavors/d2/os-extra_specs => generated 43 bytes in 42 msecs (HTTP/1.1 200) 9 headers in 358 bytes (1 switches on core 0)
May 26 14:37:30.252547 dv-cinder-774594-6-smb devstack@n-api.service[102968]: DEBUG nova.api.openstack.wsgi [None req-a2abfe8f-f75d-449d-8487-35ccf3dc1a56 admin admin] Calling method '>' {{(pid=102968) _process_stack /opt/stack/nova/nova/api/openstack/wsgi.py:513}}
May 26 14:37:30.253597 dv-cinder-774594-6-smb devstack@n-api.service[102968]: INFO nova.api.openstack.requestlog [None req-a2abfe8f-f75d-449d-8487-35ccf3dc1a56 admin admin] 10.222.0.25 "GET /compute/v2.1" status: 200 len: 388 microversion: 2.1 time: 0.001530
May 26 14:37:30.254000 dv-cinder-774594-6-smb devstack@n-api.service[102968]: [pid: 102968|app: 0|req: 7/13] 10.222.0.25 () {54 vars in 930 bytes} [Wed May 26 14:37:30 2021] GET /compute/v2.1 => generated 388 bytes in 2 msecs (HTTP/1.1 200) 9 headers in 357 bytes (1 switches on core 0)
May 26 14:37:30.312632 dv-cinder-774594-6-smb devstack@n-api.service[102967]: DEBUG nova.api.openstack.wsgi [None req-16fd33c7-f97a-49e7-91aa-dd9e2d94c9e1 admin admin] Action: 'create', calling method: >, body: {"flavor": {"id": "d3", "vcpus": 2, "os-flavor-access:is_public": true, "name": "ds2G", "rxtx_factor": 1.0, "OS-FLV-EXT-DATA:ephemeral": 0, "swap": 0, "ram": 2048, "disk": 10}} {{(pid=102967) _process_stack /opt/stack/nova/nova/api/openstack/wsgi.py:511}}
May 26 14:37:30.348158 dv-cinder-774594-6-smb devstack@n-api.service[102967]: INFO nova.api.openstack.requestlog [None req-16fd33c7-f97a-49e7-91aa-dd9e2d94c9e1 admin admin] 10.222.0.25 "POST /compute/v2.1/flavors" status: 200 len: 404 microversion: 2.61 time: 0.087540
May 26 14:37:30.349059 dv-cinder-774594-6-smb devstack@n-api.service[102967]: [pid: 102967|app: 0|req: 7/14] 10.222.0.25 () {64 vars in 1282 bytes} [Wed May 26 14:37:30 2021] POST /compute/v2.1/flavors => generated 404 bytes in 90 msecs (HTTP/1.1 200) 9 headers in 359 bytes (1 switches on core 0)
May 26 14:37:30.361019 dv-cinder-774594-6-smb devstack@n-api.service[102968]: DEBUG nova.api.openstack.wsgi [None req-a34b906c-e269-4de7-b5a8-8eeada5a8401 admin admin] Action: 'create', calling method: >, body: {"extra_specs": {"hw_rng:allowed": "True"}} {{(pid=102968) _process_stack /opt/stack/nova/nova/api/openstack/wsgi.py:511}}
May 26 14:37:30.396844 dv-cinder-774594-6-smb devstack@n-api.service[102968]: INFO nova.api.openstack.requestlog [None req-a34b906c-e269-4de7-b5a8-8eeada5a8401 admin admin] 10.222.0.25 "POST /compute/v2.1/flavors/d3/os-extra_specs" status: 200 len: 43 microversion: 2.61 time: 0.039809
May 26 14:37:30.397445 dv-cinder-774594-6-smb devstack@n-api.service[102968]: [pid: 102968|app: 0|req: 8/15] 10.222.0.25 () {64 vars in 1335 bytes} [Wed May 26 14:37:30 2021] POST /compute/v2.1/flavors/d3/os-extra_specs => generated 43 bytes in 41 msecs (HTTP/1.1 200) 9 headers in 358 bytes (1 switches on core 0)
May 26 14:37:32.549098 dv-cinder-774594-6-smb devstack@n-api.service[102967]: DEBUG nova.api.openstack.wsgi [None req-16fd33c7-f97a-49e7-91aa-dd9e2d94c9e1 admin admin] Calling method '>' {{(pid=102967) _process_stack /opt/stack/nova/nova/api/openstack/wsgi.py:513}}
May 26 14:37:32.550319 dv-cinder-774594-6-smb devstack@n-api.service[102967]: INFO nova.api.openstack.requestlog [None req-16fd33c7-f97a-49e7-91aa-dd9e2d94c9e1 admin admin] 10.222.0.25 "GET /compute/v2.1" status: 200 len: 388 microversion: 2.1 time: 0.001596
May 26 14:37:32.551022 dv-cinder-774594-6-smb devstack@n-api.service[102967]: [pid: 102967|app: 0|req: 8/16] 10.222.0.25 () {54 vars in 930 bytes} [Wed May 26 14:37:32 2021] GET /compute/v2.1 => generated 388 bytes in 3 msecs (HTTP/1.1 200) 9 headers in 357 bytes (1 switches on core 0)
May 26 14:37:32.608404 dv-cinder-774594-6-smb devstack@n-api.service[102968]: DEBUG nova.api.openstack.wsgi [None req-cfe37773-8fe9-4bf2-a8ed-d02f821e59fa admin admin] Action: 'create', calling method: >, body: {"flavor": {"name": "ds4G", "id": "d4", "ram": 4096, "rxtx_factor": 1.0, "disk": 20, "vcpus": 4, "swap": 0, "os-flavor-access:is_public": true, "OS-FLV-EXT-DATA:ephemeral": 0}} {{(pid=102968) _process_stack /opt/stack/nova/nova/api/openstack/wsgi.py:511}}
May 26 14:37:32.635045 dv-cinder-774594-6-smb devstack@n-api.service[102968]: INFO nova.api.openstack.requestlog [None req-cfe37773-8fe9-4bf2-a8ed-d02f821e59fa admin admin] 10.222.0.25 "POST /compute/v2.1/flavors" status: 200 len: 404 microversion: 2.61 time: 0.078027
May 26 14:37:32.635848 dv-cinder-774594-6-smb devstack@n-api.service[102968]: [pid: 102968|app: 0|req: 9/17] 10.222.0.25 () {64 vars in 1282 bytes} [Wed May 26 14:37:32 2021] POST /compute/v2.1/flavors => generated 404 bytes in 79 msecs (HTTP/1.1 200) 9 headers in 359 bytes (1 switches on core 0)
May 26 14:37:32.647448 dv-cinder-774594-6-smb devstack@n-api.service[102967]: DEBUG nova.api.openstack.wsgi [None req-d2660deb-fd57-4efd-9fd4-0d821c658384 admin admin] Action: 'create', calling method: >, body: {"extra_specs": {"hw_rng:allowed": "True"}} {{(pid=102967) _process_stack /opt/stack/nova/nova/api/openstack/wsgi.py:511}}
May 26 14:37:32.687199 dv-cinder-774594-6-smb devstack@n-api.service[102967]: INFO nova.api.openstack.requestlog [None req-d2660deb-fd57-4efd-9fd4-0d821c658384 admin admin] 10.222.0.25 "POST /compute/v2.1/flavors/d4/os-extra_specs" status: 200 len: 43 microversion: 2.61 time: 0.043651
May 26 14:37:32.688143 dv-cinder-774594-6-smb devstack@n-api.service[102967]: [pid: 102967|app: 0|req: 9/18] 10.222.0.25 () {64 vars in 1335 bytes} [Wed May 26 14:37:32 2021] POST /compute/v2.1/flavors/d4/os-extra_specs => generated 43 bytes in 45 msecs (HTTP/1.1 200) 9 headers in 358 bytes (2 switches on core 0)
May 26 14:37:34.828619 dv-cinder-774594-6-smb devstack@n-api.service[102968]: DEBUG nova.api.openstack.wsgi [None req-cfe37773-8fe9-4bf2-a8ed-d02f821e59fa admin admin] Calling method '>' {{(pid=102968) _process_stack /opt/stack/nova/nova/api/openstack/wsgi.py:513}}
May 26 14:37:34.829627 dv-cinder-774594-6-smb devstack@n-api.service[102968]: INFO nova.api.openstack.requestlog [None req-cfe37773-8fe9-4bf2-a8ed-d02f821e59fa admin admin] 10.222.0.25 "GET /compute/v2.1" status: 200 len: 388 microversion: 2.1 time: 0.001446
May 26 14:37:34.830024 dv-cinder-774594-6-smb devstack@n-api.service[102968]: [pid: 102968|app: 0|req: 10/19] 10.222.0.25 () {54 vars in 930 bytes} [Wed May 26 14:37:34 2021] GET /compute/v2.1 => generated 388 bytes in 2 msecs (HTTP/1.1 200) 9 headers in 357 bytes (1 switches on core 0)
May 26 14:37:34.886373 dv-cinder-774594-6-smb devstack@n-api.service[102967]: DEBUG nova.api.openstack.wsgi [None req-d455ee2b-6d88-450f-8097-5f4bba613168 admin admin] Calling method '>' {{(pid=102967) _process_stack /opt/stack/nova/nova/api/openstack/wsgi.py:513}}
May 26 14:37:34.908099 dv-cinder-774594-6-smb devstack@n-api.service[102967]: INFO nova.api.openstack.requestlog [None req-d455ee2b-6d88-450f-8097-5f4bba613168 admin admin] 10.222.0.25 "GET /compute/v2.1/flavors/detail?is_public=True" status: 200 len: 2106 microversion: 2.61 time: 0.071159
May 26 14:37:34.908799 dv-cinder-774594-6-smb devstack@n-api.service[102967]: [pid: 102967|app: 0|req: 10/20] 10.222.0.25 () {60 vars in 1291 bytes} [Wed May 26 14:37:34 2021] GET /compute/v2.1/flavors/detail?is_public=True => generated 2106 bytes in 72 msecs (HTTP/1.1 200) 9 headers in 360 bytes (1 switches on core 0)
May 26 14:37:37.079929 dv-cinder-774594-6-smb devstack@n-api.service[102968]: DEBUG nova.api.openstack.wsgi [None req-cfe37773-8fe9-4bf2-a8ed-d02f821e59fa admin admin] Calling method '>' {{(pid=102968) _process_stack /opt/stack/nova/nova/api/openstack/wsgi.py:513}}
May 26 14:37:37.082037 dv-cinder-774594-6-smb devstack@n-api.service[102968]: INFO nova.api.openstack.requestlog [None req-cfe37773-8fe9-4bf2-a8ed-d02f821e59fa admin admin] 10.222.0.25 "GET /compute/v2.1" status: 200 len: 388 microversion: 2.1 time: 0.002248
May 26 14:37:37.082699 dv-cinder-774594-6-smb devstack@n-api.service[102968]: [pid: 102968|app: 0|req: 11/21] 10.222.0.25 () {54 vars in 930 bytes} [Wed May 26 14:37:37 2021] GET /compute/v2.1 => generated 388 bytes in 4 msecs (HTTP/1.1 200) 9 headers in 357 bytes (1 switches on core 0)
May 26 14:37:37.153831 dv-cinder-774594-6-smb devstack@n-api.service[102967]: DEBUG nova.api.openstack.wsgi [None req-cf7577ed-ffb5-494e-b2ae-baa73d3bb4b9 admin admin] Action: 'create', calling method: >, body: {"flavor": {"name": "m1.tiny", "rxtx_factor": 1.0, "id": "1", "ram": 512, "disk": 1, "OS-FLV-EXT-DATA:ephemeral": 0, "vcpus": 1, "swap": 0, "os-flavor-access:is_public": true}} {{(pid=102967) _process_stack /opt/stack/nova/nova/api/openstack/wsgi.py:511}}
May 26 14:37:37.179019 dv-cinder-774594-6-smb devstack@n-api.service[102967]: INFO nova.api.openstack.requestlog [None req-cf7577ed-ffb5-494e-b2ae-baa73d3bb4b9 admin admin] 10.222.0.25 "POST /compute/v2.1/flavors" status: 200 len: 402 microversion: 2.61 time: 0.090572
May 26 14:37:37.179599 dv-cinder-774594-6-smb devstack@n-api.service[102967]: [pid: 102967|app: 0|req: 11/22] 10.222.0.25 () {64 vars in 1282 bytes} [Wed May 26 14:37:37 2021] POST /compute/v2.1/flavors => generated 402 bytes in 92 msecs (HTTP/1.1 200) 9 headers in 359 bytes (1 switches on core 0)
May 26 14:37:37.191841 dv-cinder-774594-6-smb devstack@n-api.service[102968]: DEBUG nova.api.openstack.wsgi [None req-c211b4c1-7e2e-44cf-b653-021ff61c719d admin admin] Action: 'create', calling method: >, body: {"extra_specs": {"hw_rng:allowed": "True"}} {{(pid=102968) _process_stack /opt/stack/nova/nova/api/openstack/wsgi.py:511}}
May 26 14:37:37.225966 dv-cinder-774594-6-smb devstack@n-api.service[102968]: INFO nova.api.openstack.requestlog [None req-c211b4c1-7e2e-44cf-b653-021ff61c719d admin admin] 10.222.0.25 "POST /compute/v2.1/flavors/1/os-extra_specs" status: 200 len: 43 microversion: 2.61 time: 0.038469
May 26 14:37:37.226544 dv-cinder-774594-6-smb devstack@n-api.service[102968]: [pid: 102968|app: 0|req: 12/23] 10.222.0.25 () {64 vars in 1332 bytes} [Wed May 26 14:37:37 2021] POST /compute/v2.1/flavors/1/os-extra_specs => generated 43 bytes in 40 msecs (HTTP/1.1 200) 9 headers in 358 bytes (1 switches on core 0)
May 26 14:37:39.325979 dv-cinder-774594-6-smb devstack@n-api.service[102967]: DEBUG nova.api.openstack.wsgi [None req-cf7577ed-ffb5-494e-b2ae-baa73d3bb4b9 admin admin] Calling method '>' {{(pid=102967) _process_stack /opt/stack/nova/nova/api/openstack/wsgi.py:513}}
May 26 14:37:39.327131 dv-cinder-774594-6-smb devstack@n-api.service[102967]: INFO nova.api.openstack.requestlog [None req-cf7577ed-ffb5-494e-b2ae-baa73d3bb4b9 admin admin] 10.222.0.25 "GET /compute/v2.1" status: 200 len: 388 microversion: 2.1 time: 0.001627
May 26 14:37:39.327642 dv-cinder-774594-6-smb devstack@n-api.service[102967]: [pid: 102967|app: 0|req: 12/24] 10.222.0.25 () {54 vars in 930 bytes} [Wed May 26 14:37:39 2021] GET /compute/v2.1 => generated 388 bytes in 3 msecs (HTTP/1.1 200) 9 headers in 357 bytes (1 switches on core 0)
May 26 14:37:39.396615 dv-cinder-774594-6-smb devstack@n-api.service[102968]: DEBUG nova.api.openstack.wsgi [None req-c4601dbe-7d65-4a48-be37-b9a41ada1f35 admin admin] Action: 'create', calling method: >, body: {"flavor": {"disk": 20, "vcpus": 1, "rxtx_factor": 1.0, "ram": 2048, "id": "2", "name": "m1.small", "OS-FLV-EXT-DATA:ephemeral": 0, "swap": 0, "os-flavor-access:is_public": true}} {{(pid=102968) _process_stack /opt/stack/nova/nova/api/openstack/wsgi.py:511}}
May 26 14:37:39.421014 dv-cinder-774594-6-smb devstack@n-api.service[102968]: INFO nova.api.openstack.requestlog [None req-c4601dbe-7d65-4a48-be37-b9a41ada1f35 admin admin] 10.222.0.25 "POST /compute/v2.1/flavors" status: 200 len: 405 microversion: 2.61 time: 0.087180
May 26 14:37:39.421945 dv-cinder-774594-6-smb devstack@n-api.service[102968]: [pid: 102968|app: 0|req: 13/25] 10.222.0.25 () {64 vars in 1282 bytes} [Wed May 26 14:37:39 2021] POST /compute/v2.1/flavors => generated 405 bytes in 89 msecs (HTTP/1.1 200) 9 headers in 359 bytes (2 switches on core 0)
May 26 14:37:39.434260 dv-cinder-774594-6-smb devstack@n-api.service[102967]: DEBUG nova.api.openstack.wsgi [None req-37d1f6f9-d925-4a8b-8d90-b4aa1e9947c2 admin admin] Action: 'create', calling method: >, body: {"extra_specs": {"hw_rng:allowed": "True"}} {{(pid=102967) _process_stack /opt/stack/nova/nova/api/openstack/wsgi.py:511}}
May 26 14:37:39.471165 dv-cinder-774594-6-smb devstack@n-api.service[102967]: INFO nova.api.openstack.requestlog [None req-37d1f6f9-d925-4a8b-8d90-b4aa1e9947c2 admin admin] 10.222.0.25 "POST /compute/v2.1/flavors/2/os-extra_specs" status: 200 len: 43 microversion: 2.61 time: 0.040634
May 26 14:37:39.471770 dv-cinder-774594-6-smb devstack@n-api.service[102967]: [pid: 102967|app: 0|req: 13/26] 10.222.0.25 () {64 vars in 1332 bytes} [Wed May 26 14:37:39 2021] POST /compute/v2.1/flavors/2/os-extra_specs => generated 43 bytes in 42 msecs (HTTP/1.1 200) 9 headers in 358 bytes (1 switches on core 0)
May 26 14:37:41.740000 dv-cinder-774594-6-smb devstack@n-api.service[102968]: DEBUG nova.api.openstack.wsgi [None req-c4601dbe-7d65-4a48-be37-b9a41ada1f35 admin admin] Calling method '>' {{(pid=102968) _process_stack /opt/stack/nova/nova/api/openstack/wsgi.py:513}}
May 26 14:37:41.741011 dv-cinder-774594-6-smb devstack@n-api.service[102968]: INFO nova.api.openstack.requestlog [None req-c4601dbe-7d65-4a48-be37-b9a41ada1f35 admin admin] 10.222.0.25 "GET /compute/v2.1" status: 200 len: 388 microversion: 2.1 time: 0.001468
May 26 14:37:41.741419 dv-cinder-774594-6-smb devstack@n-api.service[102968]: [pid: 102968|app: 0|req: 14/27] 10.222.0.25 () {54 vars in 930 bytes} [Wed May 26 14:37:41 2021] GET /compute/v2.1 => generated 388 bytes in 2 msecs (HTTP/1.1 200) 9 headers in 357 bytes (1 switches on core 0)
May 26 14:37:41.798961 dv-cinder-774594-6-smb devstack@n-api.service[102967]: DEBUG nova.api.openstack.wsgi [None req-bda2f61f-d361-4dff-8f92-5316e2533518 admin admin] Action: 'create', calling method: >, body: {"flavor": {"swap": 0, "OS-FLV-EXT-DATA:ephemeral": 0, "id": "3", "rxtx_factor": 1.0, "os-flavor-access:is_public": true, "vcpus": 2, "ram": 4096, "name": "m1.medium", "disk": 40}} {{(pid=102967) _process_stack /opt/stack/nova/nova/api/openstack/wsgi.py:511}}
May 26 14:37:41.823902 dv-cinder-774594-6-smb devstack@n-api.service[102967]: INFO nova.api.openstack.requestlog [None req-bda2f61f-d361-4dff-8f92-5316e2533518 admin admin] 10.222.0.25 "POST /compute/v2.1/flavors" status: 200 len: 406 microversion: 2.61 time: 0.076594
May 26 14:37:41.824463 dv-cinder-774594-6-smb devstack@n-api.service[102967]: [pid: 102967|app: 0|req: 14/28] 10.222.0.25 () {64 vars in 1282 bytes} [Wed May 26 14:37:41 2021] POST /compute/v2.1/flavors => generated 406 bytes in 78 msecs (HTTP/1.1 200) 9 headers in 359 bytes (2 switches on core 0)
May 26 14:37:41.836092 dv-cinder-774594-6-smb devstack@n-api.service[102968]: DEBUG nova.api.openstack.wsgi [None req-ce354cbb-6518-40b7-a01c-889e97cc08cf admin admin] Action: 'create', calling method: >, body: {"extra_specs": {"hw_rng:allowed": "True"}} {{(pid=102968) _process_stack /opt/stack/nova/nova/api/openstack/wsgi.py:511}}
May 26 14:37:41.873891 dv-cinder-774594-6-smb devstack@n-api.service[102968]: INFO nova.api.openstack.requestlog [None req-ce354cbb-6518-40b7-a01c-889e97cc08cf admin admin] 10.222.0.25 "POST /compute/v2.1/flavors/3/os-extra_specs" status: 200 len: 43 microversion: 2.61 time: 0.041442
May 26 14:37:41.874730 dv-cinder-774594-6-smb devstack@n-api.service[102968]: [pid: 102968|app: 0|req: 15/29] 10.222.0.25 () {64 vars in 1332 bytes} [Wed May 26 14:37:41 2021] POST /compute/v2.1/flavors/3/os-extra_specs => generated 43 bytes in 43 msecs (HTTP/1.1 200) 9 headers in 358 bytes (1 switches on core 0)
May 26 14:37:43.996215 dv-cinder-774594-6-smb devstack@n-api.service[102967]: DEBUG nova.api.openstack.wsgi [None req-bda2f61f-d361-4dff-8f92-5316e2533518 admin admin] Calling method '>' {{(pid=102967) _process_stack /opt/stack/nova/nova/api/openstack/wsgi.py:513}}
May 26 14:37:43.997230 dv-cinder-774594-6-smb devstack@n-api.service[102967]: INFO nova.api.openstack.requestlog [None req-bda2f61f-d361-4dff-8f92-5316e2533518 admin admin] 10.222.0.25 "GET /compute/v2.1" status: 200 len: 388 microversion: 2.1 time: 0.001721
May 26 14:37:43.997637 dv-cinder-774594-6-smb devstack@n-api.service[102967]: [pid: 102967|app: 0|req: 15/30] 10.222.0.25 () {54 vars in 930 bytes} [Wed May 26 14:37:43 2021] GET /compute/v2.1 => generated 388 bytes in 3 msecs (HTTP/1.1 200) 9 headers in 357 bytes (1 switches on core 0)
May 26 14:37:44.058368 dv-cinder-774594-6-smb devstack@n-api.service[102968]: DEBUG nova.api.openstack.wsgi [None req-696a1ffe-851c-4d17-b893-a8c884d67d10 admin admin] Action: 'create', calling method: >, body: {"flavor": {"OS-FLV-EXT-DATA:ephemeral": 0, "name": "m1.large", "id": "4", "swap": 0, "ram": 8192, "rxtx_factor": 1.0, "disk": 80, "vcpus": 4, "os-flavor-access:is_public": true}} {{(pid=102968) _process_stack /opt/stack/nova/nova/api/openstack/wsgi.py:511}}
May 26 14:37:44.084022 dv-cinder-774594-6-smb devstack@n-api.service[102968]: INFO nova.api.openstack.requestlog [None req-696a1ffe-851c-4d17-b893-a8c884d67d10 admin admin] 10.222.0.25 "POST /compute/v2.1/flavors" status: 200 len: 405 microversion: 2.61 time: 0.080329
May 26 14:37:44.084784 dv-cinder-774594-6-smb devstack@n-api.service[102968]: [pid: 102968|app: 0|req: 16/31] 10.222.0.25 () {64 vars in 1282 bytes} [Wed May 26 14:37:44 2021] POST /compute/v2.1/flavors => generated 405 bytes in 82 msecs (HTTP/1.1 200) 9 headers in 359 bytes (2 switches on core 0)
May 26 14:37:44.096660 dv-cinder-774594-6-smb devstack@n-api.service[102967]: DEBUG nova.api.openstack.wsgi [None req-247566c0-10b5-450f-ae9f-f2eb013455e7 admin admin] Action: 'create', calling method: >, body: {"extra_specs": {"hw_rng:allowed": "True"}} {{(pid=102967) _process_stack /opt/stack/nova/nova/api/openstack/wsgi.py:511}}
May 26 14:37:44.149572 dv-cinder-774594-6-smb devstack@n-api.service[102967]: INFO nova.api.openstack.requestlog [None req-247566c0-10b5-450f-ae9f-f2eb013455e7 admin admin] 10.222.0.25 "POST /compute/v2.1/flavors/4/os-extra_specs" status: 200 len: 43 microversion: 2.61 time: 0.056747
May 26 14:37:44.150170 dv-cinder-774594-6-smb devstack@n-api.service[102967]: [pid: 102967|app: 0|req: 16/32] 10.222.0.25 () {64 vars in 1332 bytes} [Wed May 26 14:37:44 2021] POST /compute/v2.1/flavors/4/os-extra_specs => generated 43 bytes in 58 msecs (HTTP/1.1 200) 9 headers in 358 bytes (2 switches on core 0)
May 26 14:37:46.332706 dv-cinder-774594-6-smb devstack@n-api.service[102968]: DEBUG nova.api.openstack.wsgi [None req-696a1ffe-851c-4d17-b893-a8c884d67d10 admin admin] Calling method '>' {{(pid=102968) _process_stack /opt/stack/nova/nova/api/openstack/wsgi.py:513}}
May 26 14:37:46.334362 dv-cinder-774594-6-smb devstack@n-api.service[102968]: INFO nova.api.openstack.requestlog [None req-696a1ffe-851c-4d17-b893-a8c884d67d10 admin admin] 10.222.0.25 "GET /compute/v2.1" status: 200 len: 388 microversion: 2.1 time: 0.002100
May 26 14:37:46.334917 dv-cinder-774594-6-smb devstack@n-api.service[102968]: [pid: 102968|app: 0|req: 17/33] 10.222.0.25 () {54 vars in 930 bytes} [Wed May 26 14:37:46 2021] GET /compute/v2.1 => generated 388 bytes in 4 msecs (HTTP/1.1 200) 9 headers in 357 bytes (1 switches on core 0)
May 26 14:37:46.398648 dv-cinder-774594-6-smb devstack@n-api.service[102967]: DEBUG nova.api.openstack.wsgi [None req-b42af40d-af48-44d6-b0c4-39fa4b132a23 admin admin] Action: 'create', calling method: >, body: {"flavor": {"swap": 0, "disk": 160, "rxtx_factor": 1.0, "os-flavor-access:is_public": true, "name": "m1.xlarge", "vcpus": 8, "OS-FLV-EXT-DATA:ephemeral": 0, "ram": 16384, "id": "5"}} {{(pid=102967) _process_stack /opt/stack/nova/nova/api/openstack/wsgi.py:511}}
May 26 14:37:46.427408 dv-cinder-774594-6-smb devstack@n-api.service[102967]: INFO nova.api.openstack.requestlog [None req-b42af40d-af48-44d6-b0c4-39fa4b132a23 admin admin] 10.222.0.25 "POST /compute/v2.1/flavors" status: 200 len: 408 microversion: 2.61 time: 0.086632
May 26 14:37:46.428430 dv-cinder-774594-6-smb devstack@n-api.service[102967]: [pid: 102967|app: 0|req: 17/34] 10.222.0.25 () {64 vars in 1282 bytes} [Wed May 26 14:37:46 2021] POST /compute/v2.1/flavors => generated 408 bytes in 88 msecs (HTTP/1.1 200) 9 headers in 359 bytes (2 switches on core 0)
May 26 14:37:46.439752 dv-cinder-774594-6-smb devstack@n-api.service[102968]: DEBUG nova.api.openstack.wsgi [None req-01e00eca-4808-4ac6-9ebb-4bfcd4fa29b4 admin admin] Action: 'create', calling method: >, body: {"extra_specs": {"hw_rng:allowed": "True"}} {{(pid=102968) _process_stack /opt/stack/nova/nova/api/openstack/wsgi.py:511}}
May 26 14:37:46.477212 dv-cinder-774594-6-smb devstack@n-api.service[102968]: INFO nova.api.openstack.requestlog [None req-01e00eca-4808-4ac6-9ebb-4bfcd4fa29b4 admin admin] 10.222.0.25 "POST /compute/v2.1/flavors/5/os-extra_specs" status: 200 len: 43 microversion: 2.61 time: 0.041177
May 26 14:37:46.484160 dv-cinder-774594-6-smb devstack@n-api.service[102968]: [pid: 102968|app: 0|req: 18/35] 10.222.0.25 () {64 vars in 1332 bytes} [Wed May 26 14:37:46 2021] POST /compute/v2.1/flavors/5/os-extra_specs => generated 43 bytes in 49 msecs (HTTP/1.1 200) 9 headers in 358 bytes (1 switches on core 0)
May 26 14:38:24.689815 dv-cinder-774594-6-smb devstack@n-api.service[102967]: DEBUG nova.api.openstack.wsgi [None req-b42af40d-af48-44d6-b0c4-39fa4b132a23 admin admin] Calling method '>' {{(pid=102967) _process_stack /opt/stack/nova/nova/api/openstack/wsgi.py:513}}
May 26 14:38:24.690811 dv-cinder-774594-6-smb devstack@n-api.service[102967]: INFO nova.api.openstack.requestlog [None req-b42af40d-af48-44d6-b0c4-39fa4b132a23 admin admin] 10.222.0.25 "GET /compute/v2.1" status: 200 len: 388 microversion: 2.1 time: 0.001424
May 26 14:38:24.691211 dv-cinder-774594-6-smb devstack@n-api.service[102967]: [pid: 102967|app: 0|req: 18/36] 10.222.0.25 () {54 vars in 930 bytes} [Wed May 26 14:38:24 2021] GET /compute/v2.1 => generated 388 bytes in 2 msecs (HTTP/1.1 200) 9 headers in 357 bytes (1 switches on core 0)
May 26 14:38:24.746941 dv-cinder-774594-6-smb devstack@n-api.service[102968]: DEBUG nova.api.openstack.wsgi [None req-bdfc6619-5e6d-4b81-bc75-c34805cc9687 admin admin] Calling method '>' {{(pid=102968) _process_stack /opt/stack/nova/nova/api/openstack/wsgi.py:513}}
May 26 14:38:24.769703 dv-cinder-774594-6-smb devstack@n-api.service[102968]: INFO nova.api.openstack.requestlog [None req-bdfc6619-5e6d-4b81-bc75-c34805cc9687 admin admin] 10.222.0.25 "GET /compute/v2.1/flavors/detail?is_public=True" status: 200 len: 4202 microversion: 2.61 time: 0.072427
May 26 14:38:24.770228 dv-cinder-774594-6-smb devstack@n-api.service[102968]: [pid: 102968|app: 0|req: 19/37] 10.222.0.25 () {60 vars in 1291 bytes} [Wed May 26 14:38:24 2021] GET /compute/v2.1/flavors/detail?is_public=True => generated 4202 bytes in 73 msecs (HTTP/1.1 200) 9 headers in 360 bytes (1 switches on core 0)
May 26 14:38:26.137401 dv-cinder-774594-6-smb devstack@n-api.service[102967]: DEBUG nova.api.openstack.wsgi [None req-b42af40d-af48-44d6-b0c4-39fa4b132a23 admin admin] Calling method '>' {{(pid=102967) _process_stack /opt/stack/nova/nova/api/openstack/wsgi.py:513}}
May 26 14:38:26.138397 dv-cinder-774594-6-smb devstack@n-api.service[102967]: INFO nova.api.openstack.requestlog [None req-b42af40d-af48-44d6-b0c4-39fa4b132a23 admin admin] 10.222.0.25 "GET /compute/v2.1" status: 200 len: 388 microversion: 2.1 time: 0.001405
May 26 14:38:26.138790 dv-cinder-774594-6-smb devstack@n-api.service[102967]: [pid: 102967|app: 0|req: 19/38] 10.222.0.25 () {56 vars in 1075 bytes} [Wed May 26 14:38:26 2021] GET /compute/v2.1 => generated 388 bytes in 2 msecs (HTTP/1.1 200) 9 headers in 357 bytes (1 switches on core 0)
May 26 14:38:26.324849 dv-cinder-774594-6-smb devstack@n-api.service[102968]: DEBUG nova.api.openstack.wsgi [None req-9c07cfc8-da8b-40b1-aa13-05ebb74627b8 admin admin] Calling method '>' {{(pid=102968) _process_stack /opt/stack/nova/nova/api/openstack/wsgi.py:513}}
May 26 14:38:26.337767 dv-cinder-774594-6-smb devstack@n-api.service[102968]: INFO nova.api.openstack.wsgi [None req-9c07cfc8-da8b-40b1-aa13-05ebb74627b8 admin admin] HTTP exception thrown: Flavor 42 could not be found.
May 26 14:38:26.338364 dv-cinder-774594-6-smb devstack@n-api.service[102968]: DEBUG nova.api.openstack.wsgi [None req-9c07cfc8-da8b-40b1-aa13-05ebb74627b8 admin admin] Returning 404 to user: Flavor 42 could not be found. {{(pid=102968) __call__ /opt/stack/nova/nova/api/openstack/wsgi.py:927}}
May 26 14:38:26.339177 dv-cinder-774594-6-smb devstack@n-api.service[102968]: INFO nova.api.openstack.requestlog [None req-9c07cfc8-da8b-40b1-aa13-05ebb74627b8 admin admin] 10.222.0.25 "GET /compute/v2.1/flavors/42" status: 404 len: 75 microversion: 2.88 time: 0.063983
May 26 14:38:26.339699 dv-cinder-774594-6-smb devstack@n-api.service[102968]: [pid: 102968|app: 0|req: 20/39] 10.222.0.25 () {60 vars in 1191 bytes} [Wed May 26 14:38:26 2021] GET /compute/v2.1/flavors/42 => generated 75 bytes in 65 msecs (HTTP/1.1 404) 9 headers in 380 bytes (1 switches on core 0)
May 26 14:38:26.348651 dv-cinder-774594-6-smb devstack@n-api.service[102967]: DEBUG nova.api.openstack.wsgi [None req-47bada2f-b746-44ab-a142-bc95108483ff admin admin] Calling method '>' {{(pid=102967) _process_stack /opt/stack/nova/nova/api/openstack/wsgi.py:513}}
May 26 14:38:26.367907 dv-cinder-774594-6-smb devstack@n-api.service[102967]: INFO nova.api.openstack.requestlog [None req-47bada2f-b746-44ab-a142-bc95108483ff admin admin] 10.222.0.25 "GET /compute/v2.1/flavors?is_public=None" status: 200 len: 2056 microversion: 2.88 time: 0.022705
May 26 14:38:26.368432 dv-cinder-774594-6-smb devstack@n-api.service[102967]: [pid: 102967|app: 0|req: 20/40] 10.222.0.25 () {60 vars in 1211 bytes} [Wed May 26 14:38:26 2021] GET /compute/v2.1/flavors?is_public=None => generated 2056 bytes in 24 msecs (HTTP/1.1 200) 9 headers in 360 bytes (1 switches on core 0)
May 26 14:38:26.378756 dv-cinder-774594-6-smb devstack@n-api.service[102968]: DEBUG nova.api.openstack.wsgi [None req-a95eee32-8ae0-4f5e-8f88-f3765d1dc57e admin admin] Calling method '>' {{(pid=102968) _process_stack /opt/stack/nova/nova/api/openstack/wsgi.py:513}}
May 26 14:38:26.399123 dv-cinder-774594-6-smb devstack@n-api.service[102968]: INFO nova.api.openstack.requestlog [None req-a95eee32-8ae0-4f5e-8f88-f3765d1dc57e admin admin] 10.222.0.25 "GET /compute/v2.1/flavors?is_public=None" status: 200 len: 2056 microversion: 2.88 time: 0.024406
May 26 14:38:26.399675 dv-cinder-774594-6-smb devstack@n-api.service[102968]: [pid: 102968|app: 0|req: 21/41] 10.222.0.25 () {60 vars in 1211 bytes} [Wed May 26 14:38:26 2021] GET /compute/v2.1/flavors?is_public=None => generated 2056 bytes in 26 msecs (HTTP/1.1 200) 9 headers in 360 bytes (1 switches on core 0)
May 26 14:38:26.409702 dv-cinder-774594-6-smb devstack@n-api.service[102967]: DEBUG nova.api.openstack.wsgi [None req-c6be51a0-5b08-4e5b-a30e-c7b37fe1b01f admin admin] Calling method '>' {{(pid=102967) _process_stack /opt/stack/nova/nova/api/openstack/wsgi.py:513}}
May 26 14:38:26.422286 dv-cinder-774594-6-smb devstack@n-api.service[102967]: INFO nova.api.openstack.wsgi [None req-c6be51a0-5b08-4e5b-a30e-c7b37fe1b01f admin admin] HTTP exception thrown: Flavor 42 could not be found.
May 26 14:38:26.422866 dv-cinder-774594-6-smb devstack@n-api.service[102967]: DEBUG nova.api.openstack.wsgi [None req-c6be51a0-5b08-4e5b-a30e-c7b37fe1b01f admin admin] Returning 404 to user: Flavor 42 could not be found. {{(pid=102967) __call__ /opt/stack/nova/nova/api/openstack/wsgi.py:927}}
May 26 14:38:26.423676 dv-cinder-774594-6-smb devstack@n-api.service[102967]: INFO nova.api.openstack.requestlog [None req-c6be51a0-5b08-4e5b-a30e-c7b37fe1b01f admin admin] 10.222.0.25 "GET /compute/v2.1/flavors/42" status: 404 len: 75 microversion: 2.88 time: 0.017600
May 26 14:38:26.424203 dv-cinder-774594-6-smb devstack@n-api.service[102967]: [pid: 102967|app: 0|req: 21/42] 10.222.0.25 () {60 vars in 1191 bytes} [Wed May 26 14:38:26 2021] GET /compute/v2.1/flavors/42 => generated 75 bytes in 19 msecs (HTTP/1.1 404) 9 headers in 380 bytes (2 switches on core 0)
May 26 14:38:27.721354 dv-cinder-774594-6-smb devstack@n-api.service[102968]: DEBUG nova.api.openstack.wsgi [None req-a95eee32-8ae0-4f5e-8f88-f3765d1dc57e admin admin] Calling method '>' {{(pid=102968) _process_stack /opt/stack/nova/nova/api/openstack/wsgi.py:513}}
May 26 14:38:27.722458 dv-cinder-774594-6-smb devstack@n-api.service[102968]: INFO nova.api.openstack.requestlog [None req-a95eee32-8ae0-4f5e-8f88-f3765d1dc57e admin admin] 10.222.0.25 "GET /compute/v2.1" status: 200 len: 388 microversion: 2.1 time: 0.002000
May 26 14:38:27.722862 dv-cinder-774594-6-smb devstack@n-api.service[102968]: [pid: 102968|app: 0|req: 22/43] 10.222.0.25 () {56 vars in 1075 bytes} [Wed May 26 14:38:27 2021] GET /compute/v2.1 => generated 388 bytes in 3 msecs (HTTP/1.1 200) 9 headers in 357 bytes (2 switches on core 0)
May 26 14:38:27.914904 dv-cinder-774594-6-smb devstack@n-api.service[102967]: DEBUG nova.api.openstack.wsgi [None req-b3b963f9-8552-4e32-8e3a-271f7e7526cd admin admin] Calling method '>' {{(pid=102967) _process_stack /opt/stack/nova/nova/api/openstack/wsgi.py:513}}
May 26 14:38:27.927516 dv-cinder-774594-6-smb devstack@n-api.service[102967]: INFO nova.api.openstack.wsgi [None req-b3b963f9-8552-4e32-8e3a-271f7e7526cd admin admin] HTTP exception thrown: Flavor 84 could not be found.
May 26 14:38:27.928065 dv-cinder-774594-6-smb devstack@n-api.service[102967]: DEBUG nova.api.openstack.wsgi [None req-b3b963f9-8552-4e32-8e3a-271f7e7526cd admin admin] Returning 404 to user: Flavor 84 could not be found. {{(pid=102967) __call__ /opt/stack/nova/nova/api/openstack/wsgi.py:927}}
May 26 14:38:27.928898 dv-cinder-774594-6-smb devstack@n-api.service[102967]: INFO nova.api.openstack.requestlog [None req-b3b963f9-8552-4e32-8e3a-271f7e7526cd admin admin] 10.222.0.25 "GET /compute/v2.1/flavors/84" status: 404 len: 75 microversion: 2.88 time: 0.064051
May 26 14:38:27.929414 dv-cinder-774594-6-smb devstack@n-api.service[102967]: [pid: 102967|app: 0|req: 22/44] 10.222.0.25 () {60 vars in 1191 bytes} [Wed May 26 14:38:27 2021] GET /compute/v2.1/flavors/84 => generated 75 bytes in 65 msecs (HTTP/1.1 404) 9 headers in 380 bytes (1 switches on core 0)
May 26 14:38:27.938487 dv-cinder-774594-6-smb devstack@n-api.service[102968]: DEBUG nova.api.openstack.wsgi [None req-baf31377-1e57-4afd-bcaf-9232fdc668a5 admin admin] Calling method '>' {{(pid=102968) _process_stack /opt/stack/nova/nova/api/openstack/wsgi.py:513}}
May 26 14:38:27.960377 dv-cinder-774594-6-smb devstack@n-api.service[102968]: INFO nova.api.openstack.requestlog [None req-baf31377-1e57-4afd-bcaf-9232fdc668a5 admin admin] 10.222.0.25 "GET /compute/v2.1/flavors?is_public=None" status: 200 len: 2056 microversion: 2.88 time: 0.025416
May 26 14:38:27.960903 dv-cinder-774594-6-smb devstack@n-api.service[102968]: [pid: 102968|app: 0|req: 23/45] 10.222.0.25 () {60 vars in 1211 bytes} [Wed May 26 14:38:27 2021] GET /compute/v2.1/flavors?is_public=None => generated 2056 bytes in 26 msecs (HTTP/1.1 200) 9 headers in 360 bytes (1 switches on core 0)
May 26 14:38:27.970184 dv-cinder-774594-6-smb devstack@n-api.service[102967]: DEBUG nova.api.openstack.wsgi [None req-7823544b-bf24-41ca-aebc-50b199d530be admin admin] Calling method '>' {{(pid=102967) _process_stack /opt/stack/nova/nova/api/openstack/wsgi.py:513}}
May 26 14:38:27.990867 dv-cinder-774594-6-smb devstack@n-api.service[102967]: INFO nova.api.openstack.requestlog [None req-7823544b-bf24-41ca-aebc-50b199d530be admin admin] 10.222.0.25 "GET /compute/v2.1/flavors?is_public=None" status: 200 len: 2056 microversion: 2.88 time: 0.024163
May 26 14:38:27.991394 dv-cinder-774594-6-smb devstack@n-api.service[102967]: [pid: 102967|app: 0|req: 23/46] 10.222.0.25 () {60 vars in 1211 bytes} [Wed May 26 14:38:27 2021] GET /compute/v2.1/flavors?is_public=None => generated 2056 bytes in 25 msecs (HTTP/1.1 200) 9 headers in 360 bytes (2 switches on core 0)
May 26 14:38:28.000468 dv-cinder-774594-6-smb devstack@n-api.service[102968]: DEBUG nova.api.openstack.wsgi [None req-b8118669-bd3d-481b-97db-273c9f096319 admin admin] Calling method '>' {{(pid=102968) _process_stack /opt/stack/nova/nova/api/openstack/wsgi.py:513}}
May 26 14:38:28.012207 dv-cinder-774594-6-smb devstack@n-api.service[102968]: INFO nova.api.openstack.wsgi [None req-b8118669-bd3d-481b-97db-273c9f096319 admin admin] HTTP exception thrown: Flavor 84 could not be found.
May 26 14:38:28.012785 dv-cinder-774594-6-smb devstack@n-api.service[102968]: DEBUG nova.api.openstack.wsgi [None req-b8118669-bd3d-481b-97db-273c9f096319 admin admin] Returning 404 to user: Flavor 84 could not be found. {{(pid=102968) __call__ /opt/stack/nova/nova/api/openstack/wsgi.py:927}}
May 26 14:38:28.013582 dv-cinder-774594-6-smb devstack@n-api.service[102968]: INFO nova.api.openstack.requestlog [None req-b8118669-bd3d-481b-97db-273c9f096319 admin admin] 10.222.0.25 "GET /compute/v2.1/flavors/84" status: 404 len: 75 microversion: 2.88 time: 0.016659
May 26 14:38:28.014090 dv-cinder-774594-6-smb devstack@n-api.service[102968]: [pid: 102968|app: 0|req: 24/47] 10.222.0.25 () {60 vars in 1191 bytes} [Wed May 26 14:38:27 2021] GET /compute/v2.1/flavors/84 => generated 75 bytes in 18 msecs (HTTP/1.1 404) 9 headers in 380 bytes (1 switches on core 0)
May 26 14:38:29.311136 dv-cinder-774594-6-smb devstack@n-api.service[102967]: DEBUG nova.api.openstack.wsgi [None req-7823544b-bf24-41ca-aebc-50b199d530be admin admin] Calling method '>' {{(pid=102967) _process_stack /opt/stack/nova/nova/api/openstack/wsgi.py:513}}
May 26 14:38:29.312181 dv-cinder-774594-6-smb devstack@n-api.service[102967]: INFO nova.api.openstack.requestlog [None req-7823544b-bf24-41ca-aebc-50b199d530be admin admin] 10.222.0.25 "GET /compute/v2.1" status: 200 len: 388 microversion: 2.1 time: 0.001463
May 26 14:38:29.312586 dv-cinder-774594-6-smb devstack@n-api.service[102967]: [pid: 102967|app: 0|req: 24/48] 10.222.0.25 () {56 vars in 1075 bytes} [Wed May 26 14:38:29 2021] GET /compute/v2.1 => generated 388 bytes in 2 msecs (HTTP/1.1 200) 9 headers in 357 bytes (1 switches on core 0)
May 26 14:38:29.497694 dv-cinder-774594-6-smb devstack@n-api.service[102968]: DEBUG nova.api.openstack.wsgi [None req-1d231e94-f832-481c-a857-efd72ff6257b admin admin] Calling method '>' {{(pid=102968) _process_stack /opt/stack/nova/nova/api/openstack/wsgi.py:513}}
May 26 14:38:29.510098 dv-cinder-774594-6-smb devstack@n-api.service[102968]: INFO nova.api.openstack.wsgi [None req-1d231e94-f832-481c-a857-efd72ff6257b admin admin] HTTP exception thrown: Flavor 451 could not be found.
May 26 14:38:29.510674 dv-cinder-774594-6-smb devstack@n-api.service[102968]: DEBUG nova.api.openstack.wsgi [None req-1d231e94-f832-481c-a857-efd72ff6257b admin admin] Returning 404 to user: Flavor 451 could not be found. {{(pid=102968) __call__ /opt/stack/nova/nova/api/openstack/wsgi.py:927}}
May 26 14:38:29.511468 dv-cinder-774594-6-smb devstack@n-api.service[102968]: INFO nova.api.openstack.requestlog [None req-1d231e94-f832-481c-a857-efd72ff6257b admin admin] 10.222.0.25 "GET /compute/v2.1/flavors/451" status: 404 len: 76 microversion: 2.88 time: 0.063159
May 26 14:38:29.512005 dv-cinder-774594-6-smb devstack@n-api.service[102968]: [pid: 102968|app: 0|req: 25/49] 10.222.0.25 () {60 vars in 1194 bytes} [Wed May 26 14:38:29 2021] GET /compute/v2.1/flavors/451 => generated 76 bytes in 64 msecs (HTTP/1.1 404) 9 headers in 380 bytes (1 switches on core 0)
May 26 14:38:29.521129 dv-cinder-774594-6-smb devstack@n-api.service[102967]: DEBUG nova.api.openstack.wsgi [None req-dec00d00-aaf7-41b0-914e-11c45754c9fd admin admin] Calling method '>' {{(pid=102967) _process_stack /opt/stack/nova/nova/api/openstack/wsgi.py:513}}
May 26 14:38:29.542567 dv-cinder-774594-6-smb devstack@n-api.service[102967]: INFO nova.api.openstack.requestlog [None req-dec00d00-aaf7-41b0-914e-11c45754c9fd admin admin] 10.222.0.25 "GET /compute/v2.1/flavors?is_public=None" status: 200 len: 2056 microversion: 2.88 time: 0.024980
May 26 14:38:29.543102 dv-cinder-774594-6-smb devstack@n-api.service[102967]: [pid: 102967|app: 0|req: 25/50] 10.222.0.25 () {60 vars in 1211 bytes} [Wed May 26 14:38:29 2021] GET /compute/v2.1/flavors?is_public=None => generated 2056 bytes in 26 msecs (HTTP/1.1 200) 9 headers in 360 bytes (1 switches on core 0)
May 26 14:38:29.553004 dv-cinder-774594-6-smb devstack@n-api.service[102968]: DEBUG nova.api.openstack.wsgi [None req-1f8beae6-fb0c-43e5-a7bd-97e7e6b8bbb4 admin admin] Calling method '>' {{(pid=102968) _process_stack /opt/stack/nova/nova/api/openstack/wsgi.py:513}}
May 26 14:38:29.572799 dv-cinder-774594-6-smb devstack@n-api.service[102968]: INFO nova.api.openstack.requestlog [None req-1f8beae6-fb0c-43e5-a7bd-97e7e6b8bbb4 admin admin] 10.222.0.25 "GET /compute/v2.1/flavors?is_public=None" status: 200 len: 2056 microversion: 2.88 time: 0.023723
May 26 14:38:29.573310 dv-cinder-774594-6-smb devstack@n-api.service[102968]: [pid: 102968|app: 0|req: 26/51] 10.222.0.25 () {60 vars in 1211 bytes} [Wed May 26 14:38:29 2021] GET /compute/v2.1/flavors?is_public=None => generated 2056 bytes in 25 msecs (HTTP/1.1 200) 9 headers in 360 bytes (1 switches on core 0)
May 26 14:38:29.582148 dv-cinder-774594-6-smb devstack@n-api.service[102967]: DEBUG nova.api.openstack.wsgi [None req-3bb86492-ffcd-4534-9820-9f077e42cef6 admin admin] Calling method '>' {{(pid=102967) _process_stack /opt/stack/nova/nova/api/openstack/wsgi.py:513}}
May 26 14:38:29.593764 dv-cinder-774594-6-smb devstack@n-api.service[102967]: INFO nova.api.openstack.wsgi [None req-3bb86492-ffcd-4534-9820-9f077e42cef6 admin admin] HTTP exception thrown: Flavor 451 could not be found.
May 26 14:38:29.594360 dv-cinder-774594-6-smb devstack@n-api.service[102967]: DEBUG nova.api.openstack.wsgi [None req-3bb86492-ffcd-4534-9820-9f077e42cef6 admin admin] Returning 404 to user: Flavor 451 could not be found. {{(pid=102967) __call__ /opt/stack/nova/nova/api/openstack/wsgi.py:927}}
May 26 14:38:29.595150 dv-cinder-774594-6-smb devstack@n-api.service[102967]: INFO nova.api.openstack.requestlog [None req-3bb86492-ffcd-4534-9820-9f077e42cef6 admin admin] 10.222.0.25 "GET /compute/v2.1/flavors/451" status: 404 len: 76 microversion: 2.88 time: 0.016443
May 26 14:38:29.595641 dv-cinder-774594-6-smb devstack@n-api.service[102967]: [pid: 102967|app: 0|req: 26/52] 10.222.0.25 () {60 vars in 1194 bytes} [Wed May 26 14:38:29 2021] GET /compute/v2.1/flavors/451 => generated 76 bytes in 17 msecs (HTTP/1.1 404) 9 headers in 380 bytes (2 switches on core 0)
May 26 14:38:30.890850 dv-cinder-774594-6-smb devstack@n-api.service[102968]: DEBUG nova.api.openstack.wsgi [None req-1f8beae6-fb0c-43e5-a7bd-97e7e6b8bbb4 admin admin] Calling method '>' {{(pid=102968) _process_stack /opt/stack/nova/nova/api/openstack/wsgi.py:513}}
May 26 14:38:30.891905 dv-cinder-774594-6-smb devstack@n-api.service[102968]: INFO nova.api.openstack.requestlog [None req-1f8beae6-fb0c-43e5-a7bd-97e7e6b8bbb4 admin admin] 10.222.0.25 "GET /compute/v2.1" status: 200 len: 388 microversion: 2.1 time: 0.001414
May 26 14:38:30.892319 dv-cinder-774594-6-smb devstack@n-api.service[102968]: [pid: 102968|app: 0|req: 27/53] 10.222.0.25 () {56 vars in 1075 bytes} [Wed May 26 14:38:30 2021] GET /compute/v2.1 => generated 388 bytes in 2 msecs (HTTP/1.1 200) 9 headers in 357 bytes (1 switches on core 0)
May 26 14:38:31.079504 dv-cinder-774594-6-smb devstack@n-api.service[102967]: DEBUG nova.api.openstack.wsgi [None req-b69dcb74-8bf6-4950-8023-f8f6db9e03c5 admin admin] Action: 'create', calling method: >, body: {"flavor": {"name": "m1.nano", "ram": 256, "vcpus": 1, "disk": 1, "id": "42", "swap": 0, "OS-FLV-EXT-DATA:ephemeral": 0, "rxtx_factor": 1.0, "os-flavor-access:is_public": true}} {{(pid=102967) _process_stack /opt/stack/nova/nova/api/openstack/wsgi.py:511}}
May 26 14:38:31.102625 dv-cinder-774594-6-smb devstack@n-api.service[102967]: INFO nova.api.openstack.requestlog [None req-b69dcb74-8bf6-4950-8023-f8f6db9e03c5 admin admin] 10.222.0.25 "POST /compute/v2.1/flavors" status: 200 len: 404 microversion: 2.88 time: 0.073914
May 26 14:38:31.103111 dv-cinder-774594-6-smb devstack@n-api.service[102967]: [pid: 102967|app: 0|req: 27/54] 10.222.0.25 () {64 vars in 1236 bytes} [Wed May 26 14:38:31 2021] POST /compute/v2.1/flavors => generated 404 bytes in 75 msecs (HTTP/1.1 200) 9 headers in 359 bytes (2 switches on core 0)
May 26 14:38:32.400994 dv-cinder-774594-6-smb devstack@n-api.service[102968]: DEBUG nova.api.openstack.wsgi [None req-1f8beae6-fb0c-43e5-a7bd-97e7e6b8bbb4 admin admin] Calling method '>' {{(pid=102968) _process_stack /opt/stack/nova/nova/api/openstack/wsgi.py:513}}
May 26 14:38:32.401995 dv-cinder-774594-6-smb devstack@n-api.service[102968]: INFO nova.api.openstack.requestlog [None req-1f8beae6-fb0c-43e5-a7bd-97e7e6b8bbb4 admin admin] 10.222.0.25 "GET /compute/v2.1" status: 200 len: 388 microversion: 2.1 time: 0.001415
May 26 14:38:32.402390 dv-cinder-774594-6-smb devstack@n-api.service[102968]: [pid: 102968|app: 0|req: 28/55] 10.222.0.25 () {56 vars in 1075 bytes} [Wed May 26 14:38:32 2021] GET /compute/v2.1 => generated 388 bytes in 2 msecs (HTTP/1.1 200) 9 headers in 357 bytes (1 switches on core 0)
May 26 14:38:32.589460 dv-cinder-774594-6-smb devstack@n-api.service[102967]: DEBUG nova.api.openstack.wsgi [None req-0aa57ef3-1c53-46a2-93bc-21d5d4012535 admin admin] Action: 'create', calling method: >, body: {"flavor": {"name": "m1.micro", "ram": 256, "vcpus": 1, "disk": 2, "id": "84", "swap": 0, "OS-FLV-EXT-DATA:ephemeral": 0, "rxtx_factor": 1.0, "os-flavor-access:is_public": true}} {{(pid=102967) _process_stack /opt/stack/nova/nova/api/openstack/wsgi.py:511}}
May 26 14:38:32.613189 dv-cinder-774594-6-smb devstack@n-api.service[102967]: INFO nova.api.openstack.requestlog [None req-0aa57ef3-1c53-46a2-93bc-21d5d4012535 admin admin] 10.222.0.25 "POST /compute/v2.1/flavors" status: 200 len: 405 microversion: 2.88 time: 0.073500
May 26 14:38:32.613735 dv-cinder-774594-6-smb devstack@n-api.service[102967]: [pid: 102967|app: 0|req: 28/56] 10.222.0.25 () {64 vars in 1236 bytes} [Wed May 26 14:38:32 2021] POST /compute/v2.1/flavors => generated 405 bytes in 75 msecs (HTTP/1.1 200) 9 headers in 359 bytes (2 switches on core 0)
May 26 14:38:33.903728 dv-cinder-774594-6-smb devstack@n-api.service[102968]: DEBUG nova.api.openstack.wsgi [None req-1f8beae6-fb0c-43e5-a7bd-97e7e6b8bbb4 admin admin] Calling method '>' {{(pid=102968) _process_stack /opt/stack/nova/nova/api/openstack/wsgi.py:513}}
May 26 14:38:33.904734 dv-cinder-774594-6-smb devstack@n-api.service[102968]: INFO nova.api.openstack.requestlog [None req-1f8beae6-fb0c-43e5-a7bd-97e7e6b8bbb4 admin admin] 10.222.0.25 "GET /compute/v2.1" status: 200 len: 388 microversion: 2.1 time: 0.001433
May 26 14:38:33.905131 dv-cinder-774594-6-smb devstack@n-api.service[102968]: [pid: 102968|app: 0|req: 29/57] 10.222.0.25 () {56 vars in 1075 bytes} [Wed May 26 14:38:33 2021] GET /compute/v2.1 => generated 388 bytes in 2 msecs (HTTP/1.1 200) 9 headers in 357 bytes (1 switches on core 0)
May 26 14:38:34.090452 dv-cinder-774594-6-smb devstack@n-api.service[102967]: DEBUG nova.api.openstack.wsgi [None req-697ad97e-6795-47b9-aad4-999b78fa0fed admin admin] Action: 'create', calling method: >, body: {"flavor": {"name": "m1.heat", "ram": 512, "vcpus": 1, "disk": 1, "id": "451", "swap": 0, "OS-FLV-EXT-DATA:ephemeral": 0, "rxtx_factor": 1.0, "os-flavor-access:is_public": true}} {{(pid=102967) _process_stack /opt/stack/nova/nova/api/openstack/wsgi.py:511}}
May 26 14:38:34.113654 dv-cinder-774594-6-smb devstack@n-api.service[102967]: INFO nova.api.openstack.requestlog [None req-697ad97e-6795-47b9-aad4-999b78fa0fed admin admin] 10.222.0.25 "POST /compute/v2.1/flavors" status: 200 len: 407 microversion: 2.88 time: 0.071574
May 26 14:38:34.114126 dv-cinder-774594-6-smb devstack@n-api.service[102967]: [pid: 102967|app: 0|req: 29/58] 10.222.0.25 () {64 vars in 1236 bytes} [Wed May 26 14:38:34 2021] POST /compute/v2.1/flavors => generated 407 bytes in 73 msecs (HTTP/1.1 200) 9 headers in 359 bytes (2 switches on core 0)
May 26 14:38:35.413576 dv-cinder-774594-6-smb devstack@n-api.service[102968]: DEBUG nova.api.openstack.wsgi [None req-1f8beae6-fb0c-43e5-a7bd-97e7e6b8bbb4 admin admin] Calling method '>' {{(pid=102968) _process_stack /opt/stack/nova/nova/api/openstack/wsgi.py:513}}
May 26 14:38:35.414567 dv-cinder-774594-6-smb devstack@n-api.service[102968]: INFO nova.api.openstack.requestlog [None req-1f8beae6-fb0c-43e5-a7bd-97e7e6b8bbb4 admin admin] 10.222.0.25 "GET /compute/v2.1" status: 200 len: 388 microversion: 2.1 time: 0.001436
May 26 14:38:35.414967 dv-cinder-774594-6-smb devstack@n-api.service[102968]: [pid: 102968|app: 0|req: 30/59] 10.222.0.25 () {56 vars in 1075 bytes} [Wed May 26 14:38:35 2021] GET /compute/v2.1 => generated 388 bytes in 2 msecs (HTTP/1.1 200) 9 headers in 357 bytes (1 switches on core 0)
May 26 14:38:35.598733 dv-cinder-774594-6-smb devstack@n-api.service[102967]: DEBUG nova.api.openstack.wsgi [None req-74766cdc-4cb8-4e4a-81fd-dd1bf916a4af admin admin] Action: 'create', calling method: >, body: {"flavor": {"name": "m1.heat2", "ram": 1024, "vcpus": 1, "disk": 1, "id": "452", "swap": 0, "OS-FLV-EXT-DATA:ephemeral": 0, "rxtx_factor": 1.0, "os-flavor-access:is_public": true}} {{(pid=102967) _process_stack /opt/stack/nova/nova/api/openstack/wsgi.py:511}}
May 26 14:38:35.622805 dv-cinder-774594-6-smb devstack@n-api.service[102967]: INFO nova.api.openstack.requestlog [None req-74766cdc-4cb8-4e4a-81fd-dd1bf916a4af admin admin] 10.222.0.25 "POST /compute/v2.1/flavors" status: 200 len: 409 microversion: 2.88 time: 0.073099
May 26 14:38:35.623342 dv-cinder-774594-6-smb devstack@n-api.service[102967]: [pid: 102967|app: 0|req: 30/60] 10.222.0.25 () {64 vars in 1236 bytes} [Wed May 26 14:38:35 2021] POST /compute/v2.1/flavors => generated 409 bytes in 74 msecs (HTTP/1.1 200) 9 headers in 359 bytes (2 switches on core 0)
