Sep 16 15:10:49.122661 dv-cinder-774288-9-smb devstack@c-api.service[100999]: INFO cinder.volume.api [None req-ab47e8bd-7d35-46fd-a6cc-f9810a9e23b3 tempest-GroupsV314Test-1888670304 tempest-GroupsV314Test-1888670304-project] Get all volumes completed successfully.
Sep 16 15:10:49.124389 dv-cinder-774288-9-smb devstack@c-api.service[100999]: WARNING stevedore.named [None req-ab47e8bd-7d35-46fd-a6cc-f9810a9e23b3 tempest-GroupsV314Test-1888670304 tempest-GroupsV314Test-1888670304-project] Could not load cinder.keymgr.conf_key_mgr.ConfKeyManager
Sep 16 15:10:49.124984 dv-cinder-774288-9-smb devstack@c-api.service[100999]: WARNING castellan.key_manager [None req-ab47e8bd-7d35-46fd-a6cc-f9810a9e23b3 tempest-GroupsV314Test-1888670304 tempest-GroupsV314Test-1888670304-project] Deprecation Warning : cinder.keymgr.conf_key_mgr.ConfKeyManager is not a stevedore based driver, trying to load it as a class: stevedore.exception.NoMatches: No 'castellan.drivers' driver found, looking for 'cinder.keymgr.conf_key_mgr.ConfKeyManager'
Sep 16 15:10:49.132729 dv-cinder-774288-9-smb devstack@c-api.service[100999]: DEBUG oslo_db.sqlalchemy.engines [None req-ab47e8bd-7d35-46fd-a6cc-f9810a9e23b3 tempest-GroupsV314Test-1888670304 tempest-GroupsV314Test-1888670304-project] MySQL server mode set to STRICT_TRANS_TABLES,STRICT_ALL_TABLES,NO_ZERO_IN_DATE,NO_ZERO_DATE,ERROR_FOR_DIVISION_BY_ZERO,TRADITIONAL,NO_ENGINE_SUBSTITUTION {{(pid=100999) _check_effective_sql_mode /usr/local/lib/python3.8/dist-packages/oslo_db/sqlalchemy/engines.py:314}}
Sep 16 15:10:49.147086 dv-cinder-774288-9-smb devstack@c-api.service[100999]: /usr/local/lib/python3.8/dist-packages/oslo_context/context.py:105: DeprecationWarning: Policy enforcement is depending on the value of is_admin. This key is deprecated. Please update your policy file to use the standard policy values.
Sep 16 15:10:49.147086 dv-cinder-774288-9-smb devstack@c-api.service[100999]: warnings.warn('Policy enforcement is depending on the value of '
Sep 16 15:10:49.170724 dv-cinder-774288-9-smb devstack@c-api.service[100999]: INFO cinder.api.openstack.wsgi [None req-ab47e8bd-7d35-46fd-a6cc-f9810a9e23b3 tempest-GroupsV314Test-1888670304 tempest-GroupsV314Test-1888670304-project] http://10.222.0.59/volume/v3/eaf5acdc1e4b427cacdb99a5b890c645/volumes/detail returned with HTTP 200
Sep 16 15:10:49.175775 dv-cinder-774288-9-smb devstack@c-api.service[100999]: [pid: 100999|app: 0|req: 159/335] 10.222.0.59 () {60 vars in 1276 bytes} [Thu Sep 16 15:10:49 2021] GET /volume/v3/eaf5acdc1e4b427cacdb99a5b890c645/volumes/detail => generated 994 bytes in 136 msecs (HTTP/1.1 200) 7 headers in 286 bytes (1 switches on core 0)
Sep 16 15:10:49.182101 dv-cinder-774288-9-smb devstack@c-api.service[100999]: INFO cinder.api.openstack.wsgi [None req-451bb6d3-860b-41f5-ae23-d6176646622e tempest-DeleteServersTestJSON-806589132 tempest-DeleteServersTestJSON-806589132-project] GET http://10.222.0.59/volume/v3/6d3dbd49ba0749db8a13609d96839501/volumes/d2e884e0-b9f6-4518-b873-1f4ef45b8ebc
Sep 16 15:10:49.183678 dv-cinder-774288-9-smb devstack@c-api.service[100999]: DEBUG cinder.api.openstack.wsgi [None req-451bb6d3-860b-41f5-ae23-d6176646622e tempest-DeleteServersTestJSON-806589132 tempest-DeleteServersTestJSON-806589132-project] Empty body provided in request {{(pid=100999) get_body /opt/stack/cinder/cinder/api/openstack/wsgi.py:703}}
Sep 16 15:10:49.183854 dv-cinder-774288-9-smb devstack@c-api.service[100999]: /usr/local/lib/python3.8/dist-packages/webob/acceptparse.py:1047: DeprecationWarning: The behavior of AcceptValidHeader.best_match is currently being maintained for backward compatibility, but it will be deprecated in the future, as it does not conform to the RFC.
Sep 16 15:10:49.183854 dv-cinder-774288-9-smb devstack@c-api.service[100999]: warnings.warn(
Sep 16 15:10:49.184606 dv-cinder-774288-9-smb devstack@c-api.service[100999]: DEBUG cinder.api.openstack.wsgi [None req-451bb6d3-860b-41f5-ae23-d6176646622e tempest-DeleteServersTestJSON-806589132 tempest-DeleteServersTestJSON-806589132-project] Calling method 'show' {{(pid=100999) _process_stack /opt/stack/cinder/cinder/api/openstack/wsgi.py:856}}
Sep 16 15:10:49.208482 dv-cinder-774288-9-smb devstack@c-api.service[101000]: INFO cinder.api.openstack.wsgi [None req-fdd41b80-c0f3-4f61-bfcc-002848b617f3 tempest-ExtraSpecsNegativeTest-1894625904 tempest-ExtraSpecsNegativeTest-1894625904-project-admin] POST http://10.222.0.59/volume/v3/5521b39200cd456da6b7a27a681a4684/types
Sep 16 15:10:49.209552 dv-cinder-774288-9-smb devstack@c-api.service[101000]: DEBUG cinder.api.openstack.wsgi [None req-fdd41b80-c0f3-4f61-bfcc-002848b617f3 tempest-ExtraSpecsNegativeTest-1894625904 tempest-ExtraSpecsNegativeTest-1894625904-project-admin] Action: 'create', calling method: _create, body: {"volume_type": {"name": "tempest-ExtraSpecsNegativeTest-volume-type-1083561442", "extra_specs": {"spec1": "val1"}}} {{(pid=101000) _process_stack /opt/stack/cinder/cinder/api/openstack/wsgi.py:854}}
Sep 16 15:10:49.212939 dv-cinder-774288-9-smb devstack@c-api.service[100999]: /usr/local/lib/python3.8/dist-packages/oslo_context/context.py:105: DeprecationWarning: Policy enforcement is depending on the value of is_admin. This key is deprecated. Please update your policy file to use the standard policy values.
Sep 16 15:10:49.212939 dv-cinder-774288-9-smb devstack@c-api.service[100999]: warnings.warn('Policy enforcement is depending on the value of '
Sep 16 15:10:49.222935 dv-cinder-774288-9-smb devstack@c-api.service[100999]: INFO cinder.api.openstack.wsgi [None req-451bb6d3-860b-41f5-ae23-d6176646622e tempest-DeleteServersTestJSON-806589132 tempest-DeleteServersTestJSON-806589132-project] http://10.222.0.59/volume/v3/6d3dbd49ba0749db8a13609d96839501/volumes/d2e884e0-b9f6-4518-b873-1f4ef45b8ebc returned with HTTP 404
Sep 16 15:10:49.224508 dv-cinder-774288-9-smb devstack@c-api.service[100999]: [pid: 100999|app: 0|req: 160/336] 10.222.0.59 () {58 vars in 1325 bytes} [Thu Sep 16 15:10:49 2021] GET /volume/v3/6d3dbd49ba0749db8a13609d96839501/volumes/d2e884e0-b9f6-4518-b873-1f4ef45b8ebc => generated 109 bytes in 48 msecs (HTTP/1.1 404) 7 headers in 292 bytes (1 switches on core 0)
Sep 16 15:10:49.229499 dv-cinder-774288-9-smb devstack@c-api.service[100999]: INFO cinder.api.openstack.wsgi [None req-36f4973b-8719-4508-adcb-7f5c417161cd tempest-GroupsV314Test-1888670304 tempest-GroupsV314Test-1888670304-project] POST http://10.222.0.59/volume/v3/eaf5acdc1e4b427cacdb99a5b890c645/groups/6b631ef9-46c6-4178-a948-88ed81aaf75c/action
Sep 16 15:10:49.229944 dv-cinder-774288-9-smb devstack@c-api.service[100999]: /usr/local/lib/python3.8/dist-packages/webob/acceptparse.py:1047: DeprecationWarning: The behavior of AcceptValidHeader.best_match is currently being maintained for backward compatibility, but it will be deprecated in the future, as it does not conform to the RFC.
Sep 16 15:10:49.229944 dv-cinder-774288-9-smb devstack@c-api.service[100999]: warnings.warn(
Sep 16 15:10:49.230330 dv-cinder-774288-9-smb devstack@c-api.service[100999]: DEBUG cinder.api.openstack.wsgi [None req-36f4973b-8719-4508-adcb-7f5c417161cd tempest-GroupsV314Test-1888670304 tempest-GroupsV314Test-1888670304-project] Action body: b'{"delete": {"delete-volumes": true}}' {{(pid=100999) get_method /opt/stack/cinder/cinder/api/openstack/wsgi.py:971}}
Sep 16 15:10:49.230656 dv-cinder-774288-9-smb devstack@c-api.service[100999]: DEBUG cinder.api.openstack.wsgi [None req-36f4973b-8719-4508-adcb-7f5c417161cd tempest-GroupsV314Test-1888670304 tempest-GroupsV314Test-1888670304-project] Action: 'action', calling method: delete_group, body: {"delete": {"delete-volumes": true}} {{(pid=100999) _process_stack /opt/stack/cinder/cinder/api/openstack/wsgi.py:854}}
Sep 16 15:10:49.231475 dv-cinder-774288-9-smb devstack@c-api.service[100999]: DEBUG cinder.api.v3.groups [None req-36f4973b-8719-4508-adcb-7f5c417161cd tempest-GroupsV314Test-1888670304 tempest-GroupsV314Test-1888670304-project] delete called for group 6b631ef9-46c6-4178-a948-88ed81aaf75c {{(pid=100999) _delete /opt/stack/cinder/cinder/api/v3/groups.py:117}}
Sep 16 15:10:49.231760 dv-cinder-774288-9-smb devstack@c-api.service[100999]: INFO cinder.api.v3.groups [None req-36f4973b-8719-4508-adcb-7f5c417161cd tempest-GroupsV314Test-1888670304 tempest-GroupsV314Test-1888670304-project] Delete group with id: 6b631ef9-46c6-4178-a948-88ed81aaf75c
Sep 16 15:10:49.238652 dv-cinder-774288-9-smb devstack@c-api.service[100999]: /usr/local/lib/python3.8/dist-packages/oslo_context/context.py:105: DeprecationWarning: Policy enforcement is depending on the value of is_admin. This key is deprecated. Please update your policy file to use the standard policy values.
Sep 16 15:10:49.238652 dv-cinder-774288-9-smb devstack@c-api.service[100999]: warnings.warn('Policy enforcement is depending on the value of '
Sep 16 15:10:49.272264 dv-cinder-774288-9-smb devstack@c-api.service[101000]: INFO cinder.api.openstack.wsgi [None req-fdd41b80-c0f3-4f61-bfcc-002848b617f3 tempest-ExtraSpecsNegativeTest-1894625904 tempest-ExtraSpecsNegativeTest-1894625904-project-admin] http://10.222.0.59/volume/v3/5521b39200cd456da6b7a27a681a4684/types returned with HTTP 200
Sep 16 15:10:49.273353 dv-cinder-774288-9-smb devstack@c-api.service[101000]: [pid: 101000|app: 0|req: 177/337] 10.222.0.59 () {60 vars in 1230 bytes} [Thu Sep 16 15:10:48 2021] POST /volume/v3/5521b39200cd456da6b7a27a681a4684/types => generated 243 bytes in 303 msecs (HTTP/1.1 200) 7 headers in 285 bytes (1 switches on core 0)
Sep 16 15:10:49.293109 dv-cinder-774288-9-smb devstack@c-api.service[101000]: INFO cinder.api.openstack.wsgi [None req-2cc8fac8-b753-4528-b832-b6e5454a304a tempest-ExtraSpecsNegativeTest-1894625904 tempest-ExtraSpecsNegativeTest-1894625904-project-admin] POST http://10.222.0.59/volume/v3/5521b39200cd456da6b7a27a681a4684/types/dd3bc213-21e9-4078-a632-40058eb9fad3/extra_specs
Sep 16 15:10:49.293989 dv-cinder-774288-9-smb devstack@c-api.service[101000]: DEBUG cinder.api.openstack.wsgi [None req-2cc8fac8-b753-4528-b832-b6e5454a304a tempest-ExtraSpecsNegativeTest-1894625904 tempest-ExtraSpecsNegativeTest-1894625904-project-admin] Action: 'create', calling method: create, body: {"extra_specs": ["invalid"]} {{(pid=101000) _process_stack /opt/stack/cinder/cinder/api/openstack/wsgi.py:854}}
Sep 16 15:10:49.295010 dv-cinder-774288-9-smb devstack@c-api.service[101000]: INFO cinder.api.openstack.wsgi [None req-2cc8fac8-b753-4528-b832-b6e5454a304a tempest-ExtraSpecsNegativeTest-1894625904 tempest-ExtraSpecsNegativeTest-1894625904-project-admin] http://10.222.0.59/volume/v3/5521b39200cd456da6b7a27a681a4684/types/dd3bc213-21e9-4078-a632-40058eb9fad3/extra_specs returned with HTTP 400
Sep 16 15:10:49.298311 dv-cinder-774288-9-smb devstack@c-api.service[101000]: [pid: 101000|app: 0|req: 178/338] 10.222.0.59 () {60 vars in 1376 bytes} [Thu Sep 16 15:10:49 2021] POST /volume/v3/5521b39200cd456da6b7a27a681a4684/types/dd3bc213-21e9-4078-a632-40058eb9fad3/extra_specs => generated 146 bytes in 17 msecs (HTTP/1.1 400) 7 headers in 294 bytes (1 switches on core 0)
Sep 16 15:10:49.321557 dv-cinder-774288-9-smb devstack@c-api.service[101000]: INFO cinder.api.openstack.wsgi [None req-d2a31f55-7a6b-4732-8a69-460a2279880d tempest-ExtraSpecsNegativeTest-1894625904 tempest-ExtraSpecsNegativeTest-1894625904-project-admin] POST http://10.222.0.59/volume/v3/5521b39200cd456da6b7a27a681a4684/types/dd3bc213-21e9-4078-a632-40058eb9fad3/extra_specs
Sep 16 15:10:49.324090 dv-cinder-774288-9-smb devstack@c-api.service[101000]: DEBUG cinder.api.openstack.wsgi [None req-d2a31f55-7a6b-4732-8a69-460a2279880d tempest-ExtraSpecsNegativeTest-1894625904 tempest-ExtraSpecsNegativeTest-1894625904-project-admin] Action: 'create', calling method: create, body: {"extra_specs": null} {{(pid=101000) _process_stack /opt/stack/cinder/cinder/api/openstack/wsgi.py:854}}
Sep 16 15:10:49.325094 dv-cinder-774288-9-smb devstack@c-api.service[101000]: INFO cinder.api.openstack.wsgi [None req-d2a31f55-7a6b-4732-8a69-460a2279880d tempest-ExtraSpecsNegativeTest-1894625904 tempest-ExtraSpecsNegativeTest-1894625904-project-admin] http://10.222.0.59/volume/v3/5521b39200cd456da6b7a27a681a4684/types/dd3bc213-21e9-4078-a632-40058eb9fad3/extra_specs returned with HTTP 400
Sep 16 15:10:49.328786 dv-cinder-774288-9-smb devstack@c-api.service[101000]: [pid: 101000|app: 0|req: 179/339] 10.222.0.59 () {60 vars in 1376 bytes} [Thu Sep 16 15:10:49 2021] POST /volume/v3/5521b39200cd456da6b7a27a681a4684/types/dd3bc213-21e9-4078-a632-40058eb9fad3/extra_specs => generated 132 bytes in 20 msecs (HTTP/1.1 400) 7 headers in 294 bytes (1 switches on core 0)
Sep 16 15:10:49.347296 dv-cinder-774288-9-smb devstack@c-api.service[101000]: INFO cinder.api.openstack.wsgi [None req-4eba2eb8-846d-45f0-a005-adb9bf171337 tempest-ExtraSpecsNegativeTest-1894625904 tempest-ExtraSpecsNegativeTest-1894625904-project-admin] POST http://10.222.0.59/volume/v3/5521b39200cd456da6b7a27a681a4684/types/4f8d8d31-7a1d-4508-b144-5bf5b5f3e8f1/extra_specs
Sep 16 15:10:49.348458 dv-cinder-774288-9-smb devstack@c-api.service[101000]: DEBUG cinder.api.openstack.wsgi [None req-4eba2eb8-846d-45f0-a005-adb9bf171337 tempest-ExtraSpecsNegativeTest-1894625904 tempest-ExtraSpecsNegativeTest-1894625904-project-admin] Action: 'create', calling method: create, body: {"extra_specs": {"spec2": "val1"}} {{(pid=101000) _process_stack /opt/stack/cinder/cinder/api/openstack/wsgi.py:854}}
Sep 16 15:10:49.361515 dv-cinder-774288-9-smb devstack@c-api.service[100999]: INFO cinder.api.openstack.wsgi [None req-36f4973b-8719-4508-adcb-7f5c417161cd tempest-GroupsV314Test-1888670304 tempest-GroupsV314Test-1888670304-project] http://10.222.0.59/volume/v3/eaf5acdc1e4b427cacdb99a5b890c645/groups/6b631ef9-46c6-4178-a948-88ed81aaf75c/action returned with HTTP 202
Sep 16 15:10:49.364516 dv-cinder-774288-9-smb devstack@c-api.service[100999]: [pid: 100999|app: 0|req: 161/340] 10.222.0.59 () {62 vars in 1405 bytes} [Thu Sep 16 15:10:49 2021] POST /volume/v3/eaf5acdc1e4b427cacdb99a5b890c645/groups/6b631ef9-46c6-4178-a948-88ed81aaf75c/action => generated 0 bytes in 139 msecs (HTTP/1.1 202) 6 headers in 234 bytes (1 switches on core 0)
Sep 16 15:10:49.373289 dv-cinder-774288-9-smb devstack@c-api.service[100999]: INFO cinder.api.openstack.wsgi [None req-7177ac75-a8c5-4350-a888-31f8dc9766a8 tempest-GroupsV314Test-1888670304 tempest-GroupsV314Test-1888670304-project] GET http://10.222.0.59/volume/v3/eaf5acdc1e4b427cacdb99a5b890c645/volumes/19185e75-a55e-42e2-8268-bbba093e8757
Sep 16 15:10:49.373551 dv-cinder-774288-9-smb devstack@c-api.service[101000]: INFO cinder.api.openstack.wsgi [None req-4eba2eb8-846d-45f0-a005-adb9bf171337 tempest-ExtraSpecsNegativeTest-1894625904 tempest-ExtraSpecsNegativeTest-1894625904-project-admin] http://10.222.0.59/volume/v3/5521b39200cd456da6b7a27a681a4684/types/4f8d8d31-7a1d-4508-b144-5bf5b5f3e8f1/extra_specs returned with HTTP 404
Sep 16 15:10:49.378686 dv-cinder-774288-9-smb devstack@c-api.service[101000]: [pid: 101000|app: 0|req: 180/341] 10.222.0.59 () {60 vars in 1376 bytes} [Thu Sep 16 15:10:49 2021] POST /volume/v3/5521b39200cd456da6b7a27a681a4684/types/4f8d8d31-7a1d-4508-b144-5bf5b5f3e8f1/extra_specs => generated 114 bytes in 38 msecs (HTTP/1.1 404) 7 headers in 292 bytes (1 switches on core 0)
Sep 16 15:10:49.378859 dv-cinder-774288-9-smb devstack@c-api.service[100999]: DEBUG cinder.api.openstack.wsgi [None req-7177ac75-a8c5-4350-a888-31f8dc9766a8 tempest-GroupsV314Test-1888670304 tempest-GroupsV314Test-1888670304-project] Empty body provided in request {{(pid=100999) get_body /opt/stack/cinder/cinder/api/openstack/wsgi.py:703}}
Sep 16 15:10:49.378859 dv-cinder-774288-9-smb devstack@c-api.service[100999]: /usr/local/lib/python3.8/dist-packages/webob/acceptparse.py:1047: DeprecationWarning: The behavior of AcceptValidHeader.best_match is currently being maintained for backward compatibility, but it will be deprecated in the future, as it does not conform to the RFC.
Sep 16 15:10:49.378859 dv-cinder-774288-9-smb devstack@c-api.service[100999]: warnings.warn(
Sep 16 15:10:49.378859 dv-cinder-774288-9-smb devstack@c-api.service[100999]: DEBUG cinder.api.openstack.wsgi [None req-7177ac75-a8c5-4350-a888-31f8dc9766a8 tempest-GroupsV314Test-1888670304 tempest-GroupsV314Test-1888670304-project] Calling method 'show' {{(pid=100999) _process_stack /opt/stack/cinder/cinder/api/openstack/wsgi.py:856}}
Sep 16 15:10:49.391364 dv-cinder-774288-9-smb devstack@c-api.service[101000]: INFO cinder.api.openstack.wsgi [None req-087307ee-9bac-4e68-aa0c-2e44b72b779b tempest-ExtraSpecsNegativeTest-1894625904 tempest-ExtraSpecsNegativeTest-1894625904-project-admin] DELETE http://10.222.0.59/volume/v3/5521b39200cd456da6b7a27a681a4684/types/bcaf878e-69aa-481e-bee7-86ddf30be7ad/extra_specs/spec1
Sep 16 15:10:49.392254 dv-cinder-774288-9-smb devstack@c-api.service[101000]: DEBUG cinder.api.openstack.wsgi [None req-087307ee-9bac-4e68-aa0c-2e44b72b779b tempest-ExtraSpecsNegativeTest-1894625904 tempest-ExtraSpecsNegativeTest-1894625904-project-admin] Empty body provided in request {{(pid=101000) get_body /opt/stack/cinder/cinder/api/openstack/wsgi.py:703}}
Sep 16 15:10:49.392780 dv-cinder-774288-9-smb devstack@c-api.service[101000]: DEBUG cinder.api.openstack.wsgi [None req-087307ee-9bac-4e68-aa0c-2e44b72b779b tempest-ExtraSpecsNegativeTest-1894625904 tempest-ExtraSpecsNegativeTest-1894625904-project-admin] Calling method 'delete' {{(pid=101000) _process_stack /opt/stack/cinder/cinder/api/openstack/wsgi.py:856}}
Sep 16 15:10:49.402446 dv-cinder-774288-9-smb devstack@c-api.service[100999]: /usr/local/lib/python3.8/dist-packages/oslo_context/context.py:105: DeprecationWarning: Policy enforcement is depending on the value of is_admin. This key is deprecated. Please update your policy file to use the standard policy values.
Sep 16 15:10:49.402446 dv-cinder-774288-9-smb devstack@c-api.service[100999]: warnings.warn('Policy enforcement is depending on the value of '
Sep 16 15:10:49.402963 dv-cinder-774288-9-smb devstack@c-api.service[101000]: INFO cinder.api.openstack.wsgi [None req-087307ee-9bac-4e68-aa0c-2e44b72b779b tempest-ExtraSpecsNegativeTest-1894625904 tempest-ExtraSpecsNegativeTest-1894625904-project-admin] http://10.222.0.59/volume/v3/5521b39200cd456da6b7a27a681a4684/types/bcaf878e-69aa-481e-bee7-86ddf30be7ad/extra_specs/spec1 returned with HTTP 404
Sep 16 15:10:49.404127 dv-cinder-774288-9-smb devstack@c-api.service[101000]: [pid: 101000|app: 0|req: 181/342] 10.222.0.59 () {58 vars in 1376 bytes} [Thu Sep 16 15:10:49 2021] DELETE /volume/v3/5521b39200cd456da6b7a27a681a4684/types/bcaf878e-69aa-481e-bee7-86ddf30be7ad/extra_specs/spec1 => generated 114 bytes in 25 msecs (HTTP/1.1 404) 7 headers in 292 bytes (1 switches on core 0)
Sep 16 15:10:49.412092 dv-cinder-774288-9-smb devstack@c-api.service[101000]: INFO cinder.api.openstack.wsgi [None req-7aa10812-2f45-4e5f-94aa-b6d6ac8067ba tempest-GroupSnapshotsTest-992025721 tempest-GroupSnapshotsTest-992025721-project] GET http://10.222.0.59/volume/v3/e9faa4c20cc94fca833fc9e9a98dd9ee/volumes/159a4d2a-3900-45d2-ada4-aa4150159a2b
Sep 16 15:10:49.412909 dv-cinder-774288-9-smb devstack@c-api.service[101000]: DEBUG cinder.api.openstack.wsgi [None req-7aa10812-2f45-4e5f-94aa-b6d6ac8067ba tempest-GroupSnapshotsTest-992025721 tempest-GroupSnapshotsTest-992025721-project] Empty body provided in request {{(pid=101000) get_body /opt/stack/cinder/cinder/api/openstack/wsgi.py:703}}
Sep 16 15:10:49.414350 dv-cinder-774288-9-smb devstack@c-api.service[101000]: DEBUG cinder.api.openstack.wsgi [None req-7aa10812-2f45-4e5f-94aa-b6d6ac8067ba tempest-GroupSnapshotsTest-992025721 tempest-GroupSnapshotsTest-992025721-project] Calling method 'show' {{(pid=101000) _process_stack /opt/stack/cinder/cinder/api/openstack/wsgi.py:856}}
Sep 16 15:10:49.424106 dv-cinder-774288-9-smb devstack@c-api.service[100999]: INFO cinder.volume.api [None req-7177ac75-a8c5-4350-a888-31f8dc9766a8 tempest-GroupsV314Test-1888670304 tempest-GroupsV314Test-1888670304-project] Volume info retrieved successfully.
Sep 16 15:10:49.441750 dv-cinder-774288-9-smb devstack@c-api.service[100999]: WARNING stevedore.named [None req-7177ac75-a8c5-4350-a888-31f8dc9766a8 tempest-GroupsV314Test-1888670304 tempest-GroupsV314Test-1888670304-project] Could not load cinder.keymgr.conf_key_mgr.ConfKeyManager
Sep 16 15:10:49.442236 dv-cinder-774288-9-smb devstack@c-api.service[100999]: WARNING castellan.key_manager [None req-7177ac75-a8c5-4350-a888-31f8dc9766a8 tempest-GroupsV314Test-1888670304 tempest-GroupsV314Test-1888670304-project] Deprecation Warning : cinder.keymgr.conf_key_mgr.ConfKeyManager is not a stevedore based driver, trying to load it as a class: stevedore.exception.NoMatches: No 'castellan.drivers' driver found, looking for 'cinder.keymgr.conf_key_mgr.ConfKeyManager'
Sep 16 15:10:49.445925 dv-cinder-774288-9-smb devstack@c-api.service[101000]: /usr/local/lib/python3.8/dist-packages/oslo_context/context.py:105: DeprecationWarning: Policy enforcement is depending on the value of is_admin. This key is deprecated. Please update your policy file to use the standard policy values.
Sep 16 15:10:49.445925 dv-cinder-774288-9-smb devstack@c-api.service[101000]: warnings.warn('Policy enforcement is depending on the value of '
Sep 16 15:10:49.455985 dv-cinder-774288-9-smb devstack@c-api.service[100999]: DEBUG oslo_db.sqlalchemy.engines [None req-7177ac75-a8c5-4350-a888-31f8dc9766a8 tempest-GroupsV314Test-1888670304 tempest-GroupsV314Test-1888670304-project] MySQL server mode set to STRICT_TRANS_TABLES,STRICT_ALL_TABLES,NO_ZERO_IN_DATE,NO_ZERO_DATE,ERROR_FOR_DIVISION_BY_ZERO,TRADITIONAL,NO_ENGINE_SUBSTITUTION {{(pid=100999) _check_effective_sql_mode /usr/local/lib/python3.8/dist-packages/oslo_db/sqlalchemy/engines.py:314}}
Sep 16 15:10:49.460593 dv-cinder-774288-9-smb devstack@c-api.service[101000]: INFO cinder.volume.api [None req-7aa10812-2f45-4e5f-94aa-b6d6ac8067ba tempest-GroupSnapshotsTest-992025721 tempest-GroupSnapshotsTest-992025721-project] Volume info retrieved successfully.
Sep 16 15:10:49.468494 dv-cinder-774288-9-smb devstack@c-api.service[100999]: /usr/local/lib/python3.8/dist-packages/oslo_context/context.py:105: DeprecationWarning: Policy enforcement is depending on the value of is_admin. This key is deprecated. Please update your policy file to use the standard policy values.
Sep 16 15:10:49.468494 dv-cinder-774288-9-smb devstack@c-api.service[100999]: warnings.warn('Policy enforcement is depending on the value of '
Sep 16 15:10:49.477432 dv-cinder-774288-9-smb devstack@c-api.service[101000]: WARNING stevedore.named [None req-7aa10812-2f45-4e5f-94aa-b6d6ac8067ba tempest-GroupSnapshotsTest-992025721 tempest-GroupSnapshotsTest-992025721-project] Could not load cinder.keymgr.conf_key_mgr.ConfKeyManager
Sep 16 15:10:49.480534 dv-cinder-774288-9-smb devstack@c-api.service[101000]: WARNING castellan.key_manager [None req-7aa10812-2f45-4e5f-94aa-b6d6ac8067ba tempest-GroupSnapshotsTest-992025721 tempest-GroupSnapshotsTest-992025721-project] Deprecation Warning : cinder.keymgr.conf_key_mgr.ConfKeyManager is not a stevedore based driver, trying to load it as a class: stevedore.exception.NoMatches: No 'castellan.drivers' driver found, looking for 'cinder.keymgr.conf_key_mgr.ConfKeyManager'
Sep 16 15:10:49.495411 dv-cinder-774288-9-smb devstack@c-api.service[101000]: DEBUG oslo_db.sqlalchemy.engines [None req-7aa10812-2f45-4e5f-94aa-b6d6ac8067ba tempest-GroupSnapshotsTest-992025721 tempest-GroupSnapshotsTest-992025721-project] MySQL server mode set to STRICT_TRANS_TABLES,STRICT_ALL_TABLES,NO_ZERO_IN_DATE,NO_ZERO_DATE,ERROR_FOR_DIVISION_BY_ZERO,TRADITIONAL,NO_ENGINE_SUBSTITUTION {{(pid=101000) _check_effective_sql_mode /usr/local/lib/python3.8/dist-packages/oslo_db/sqlalchemy/engines.py:314}}
Sep 16 15:10:49.507921 dv-cinder-774288-9-smb devstack@c-api.service[101000]: /usr/local/lib/python3.8/dist-packages/oslo_context/context.py:105: DeprecationWarning: Policy enforcement is depending on the value of is_admin. This key is deprecated. Please update your policy file to use the standard policy values.
Sep 16 15:10:49.507921 dv-cinder-774288-9-smb devstack@c-api.service[101000]: warnings.warn('Policy enforcement is depending on the value of '
Sep 16 15:10:49.508935 dv-cinder-774288-9-smb devstack@c-api.service[100999]: INFO cinder.api.openstack.wsgi [None req-7177ac75-a8c5-4350-a888-31f8dc9766a8 tempest-GroupsV314Test-1888670304 tempest-GroupsV314Test-1888670304-project] http://10.222.0.59/volume/v3/eaf5acdc1e4b427cacdb99a5b890c645/volumes/19185e75-a55e-42e2-8268-bbba093e8757 returned with HTTP 200
Sep 16 15:10:49.512924 dv-cinder-774288-9-smb devstack@c-api.service[100999]: [pid: 100999|app: 0|req: 162/343] 10.222.0.59 () {60 vars in 1366 bytes} [Thu Sep 16 15:10:49 2021] GET /volume/v3/eaf5acdc1e4b427cacdb99a5b890c645/volumes/19185e75-a55e-42e2-8268-bbba093e8757 => generated 990 bytes in 145 msecs (HTTP/1.1 200) 7 headers in 286 bytes (1 switches on core 0)
Sep 16 15:10:49.521510 dv-cinder-774288-9-smb devstack@c-api.service[100999]: INFO cinder.api.openstack.wsgi [None req-8736e8d8-38f3-48d4-b81c-76909a3666da tempest-ExtraSpecsNegativeTest-1894625904 tempest-ExtraSpecsNegativeTest-1894625904-project-admin] GET http://10.222.0.59/volume/v3/5521b39200cd456da6b7a27a681a4684/types/dd3bc213-21e9-4078-a632-40058eb9fad3/extra_specs/nonexistent_extra_spec_name
Sep 16 15:10:49.523985 dv-cinder-774288-9-smb devstack@c-api.service[100999]: DEBUG cinder.api.openstack.wsgi [None req-8736e8d8-38f3-48d4-b81c-76909a3666da tempest-ExtraSpecsNegativeTest-1894625904 tempest-ExtraSpecsNegativeTest-1894625904-project-admin] Empty body provided in request {{(pid=100999) get_body /opt/stack/cinder/cinder/api/openstack/wsgi.py:703}}
Sep 16 15:10:49.524316 dv-cinder-774288-9-smb devstack@c-api.service[100999]: /usr/local/lib/python3.8/dist-packages/webob/acceptparse.py:1047: DeprecationWarning: The behavior of AcceptValidHeader.best_match is currently being maintained for backward compatibility, but it will be deprecated in the future, as it does not conform to the RFC.
Sep 16 15:10:49.524316 dv-cinder-774288-9-smb devstack@c-api.service[100999]: warnings.warn(
Sep 16 15:10:49.525176 dv-cinder-774288-9-smb devstack@c-api.service[100999]: DEBUG cinder.api.openstack.wsgi [None req-8736e8d8-38f3-48d4-b81c-76909a3666da tempest-ExtraSpecsNegativeTest-1894625904 tempest-ExtraSpecsNegativeTest-1894625904-project-admin] Calling method 'show' {{(pid=100999) _process_stack /opt/stack/cinder/cinder/api/openstack/wsgi.py:856}}
Sep 16 15:10:49.546039 dv-cinder-774288-9-smb devstack@c-api.service[101000]: INFO cinder.api.openstack.wsgi [None req-7aa10812-2f45-4e5f-94aa-b6d6ac8067ba tempest-GroupSnapshotsTest-992025721 tempest-GroupSnapshotsTest-992025721-project] http://10.222.0.59/volume/v3/e9faa4c20cc94fca833fc9e9a98dd9ee/volumes/159a4d2a-3900-45d2-ada4-aa4150159a2b returned with HTTP 200
Sep 16 15:10:49.548452 dv-cinder-774288-9-smb devstack@c-api.service[101000]: [pid: 101000|app: 0|req: 182/344] 10.222.0.59 () {60 vars in 1366 bytes} [Thu Sep 16 15:10:49 2021] GET /volume/v3/e9faa4c20cc94fca833fc9e9a98dd9ee/volumes/159a4d2a-3900-45d2-ada4-aa4150159a2b => generated 1000 bytes in 143 msecs (HTTP/1.1 200) 7 headers in 287 bytes (1 switches on core 0)
Sep 16 15:10:49.550916 dv-cinder-774288-9-smb devstack@c-api.service[100999]: INFO cinder.api.openstack.wsgi [None req-8736e8d8-38f3-48d4-b81c-76909a3666da tempest-ExtraSpecsNegativeTest-1894625904 tempest-ExtraSpecsNegativeTest-1894625904-project-admin] http://10.222.0.59/volume/v3/5521b39200cd456da6b7a27a681a4684/types/dd3bc213-21e9-4078-a632-40058eb9fad3/extra_specs/nonexistent_extra_spec_name returned with HTTP 404
Sep 16 15:10:49.552128 dv-cinder-774288-9-smb devstack@c-api.service[100999]: [pid: 100999|app: 0|req: 163/345] 10.222.0.59 () {58 vars in 1439 bytes} [Thu Sep 16 15:10:49 2021] GET /volume/v3/5521b39200cd456da6b7a27a681a4684/types/dd3bc213-21e9-4078-a632-40058eb9fad3/extra_specs/nonexistent_extra_spec_name => generated 151 bytes in 38 msecs (HTTP/1.1 404) 7 headers in 292 bytes (1 switches on core 0)
Sep 16 15:10:49.567299 dv-cinder-774288-9-smb devstack@c-api.service[101000]: INFO cinder.api.openstack.wsgi [None req-67568264-7241-44f0-8e93-88c86d50bb06 tempest-GroupSnapshotsTest-992025721 tempest-GroupSnapshotsTest-992025721-project] PUT http://10.222.0.59/volume/v3/e9faa4c20cc94fca833fc9e9a98dd9ee/groups/ab40199b-9327-496d-8a2b-a8a1dbe3b1cc
Sep 16 15:10:49.567519 dv-cinder-774288-9-smb devstack@c-api.service[101000]: /usr/local/lib/python3.8/dist-packages/webob/acceptparse.py:1047: DeprecationWarning: The behavior of AcceptValidHeader.best_match is currently being maintained for backward compatibility, but it will be deprecated in the future, as it does not conform to the RFC.
Sep 16 15:10:49.567519 dv-cinder-774288-9-smb devstack@c-api.service[101000]: warnings.warn(
Sep 16 15:10:49.568948 dv-cinder-774288-9-smb devstack@c-api.service[101000]: DEBUG cinder.api.openstack.wsgi [None req-67568264-7241-44f0-8e93-88c86d50bb06 tempest-GroupSnapshotsTest-992025721 tempest-GroupSnapshotsTest-992025721-project] Action: 'update', calling method: version_select, body: {"group": {"remove_volumes": "b6058755-2c27-4e3d-8dfa-0c80c03764f0"}} {{(pid=101000) _process_stack /opt/stack/cinder/cinder/api/openstack/wsgi.py:854}}
Sep 16 15:10:49.572211 dv-cinder-774288-9-smb devstack@c-api.service[101000]: DEBUG cinder.api.v3.groups [None req-67568264-7241-44f0-8e93-88c86d50bb06 tempest-GroupSnapshotsTest-992025721 tempest-GroupSnapshotsTest-992025721-project] Update called for group ab40199b-9327-496d-8a2b-a8a1dbe3b1cc. {{(pid=101000) update /opt/stack/cinder/cinder/api/v3/groups.py:302}}
Sep 16 15:10:49.572698 dv-cinder-774288-9-smb devstack@c-api.service[101000]: INFO cinder.api.v3.groups [None req-67568264-7241-44f0-8e93-88c86d50bb06 tempest-GroupSnapshotsTest-992025721 tempest-GroupSnapshotsTest-992025721-project] Updating group ab40199b-9327-496d-8a2b-a8a1dbe3b1cc with name None description: None add_volumes: None remove_volumes: b6058755-2c27-4e3d-8dfa-0c80c03764f0.
Sep 16 15:10:49.577041 dv-cinder-774288-9-smb devstack@c-api.service[100999]: INFO cinder.api.openstack.wsgi [None req-862a95aa-3c7d-48a6-892f-f711b3ec4260 tempest-ExtraSpecsNegativeTest-1894625904 tempest-ExtraSpecsNegativeTest-1894625904-project-admin] GET http://10.222.0.59/volume/v3/5521b39200cd456da6b7a27a681a4684/types/4608c9e5-cedd-4fcd-aab5-80e14583d281/extra_specs/spec1
Sep 16 15:10:49.577501 dv-cinder-774288-9-smb devstack@c-api.service[100999]: DEBUG cinder.api.openstack.wsgi [None req-862a95aa-3c7d-48a6-892f-f711b3ec4260 tempest-ExtraSpecsNegativeTest-1894625904 tempest-ExtraSpecsNegativeTest-1894625904-project-admin] Empty body provided in request {{(pid=100999) get_body /opt/stack/cinder/cinder/api/openstack/wsgi.py:703}}
Sep 16 15:10:49.578047 dv-cinder-774288-9-smb devstack@c-api.service[100999]: DEBUG cinder.api.openstack.wsgi [None req-862a95aa-3c7d-48a6-892f-f711b3ec4260 tempest-ExtraSpecsNegativeTest-1894625904 tempest-ExtraSpecsNegativeTest-1894625904-project-admin] Calling method 'show' {{(pid=100999) _process_stack /opt/stack/cinder/cinder/api/openstack/wsgi.py:856}}
Sep 16 15:10:49.589615 dv-cinder-774288-9-smb devstack@c-api.service[101000]: /usr/local/lib/python3.8/dist-packages/oslo_context/context.py:105: DeprecationWarning: Policy enforcement is depending on the value of is_admin. This key is deprecated. Please update your policy file to use the standard policy values.
Sep 16 15:10:49.589615 dv-cinder-774288-9-smb devstack@c-api.service[101000]: warnings.warn('Policy enforcement is depending on the value of '
Sep 16 15:10:49.608190 dv-cinder-774288-9-smb devstack@c-api.service[100999]: INFO cinder.api.openstack.wsgi [None req-862a95aa-3c7d-48a6-892f-f711b3ec4260 tempest-ExtraSpecsNegativeTest-1894625904 tempest-ExtraSpecsNegativeTest-1894625904-project-admin] http://10.222.0.59/volume/v3/5521b39200cd456da6b7a27a681a4684/types/4608c9e5-cedd-4fcd-aab5-80e14583d281/extra_specs/spec1 returned with HTTP 404
Sep 16 15:10:49.609668 dv-cinder-774288-9-smb devstack@c-api.service[100999]: [pid: 100999|app: 0|req: 164/346] 10.222.0.59 () {58 vars in 1373 bytes} [Thu Sep 16 15:10:49 2021] GET /volume/v3/5521b39200cd456da6b7a27a681a4684/types/4608c9e5-cedd-4fcd-aab5-80e14583d281/extra_specs/spec1 => generated 114 bytes in 46 msecs (HTTP/1.1 404) 7 headers in 292 bytes (2 switches on core 0)
Sep 16 15:10:49.622031 dv-cinder-774288-9-smb devstack@c-api.service[100999]: INFO cinder.api.openstack.wsgi [None req-53667b62-278b-4e7c-a948-4c29590e1347 tempest-ExtraSpecsNegativeTest-1894625904 tempest-ExtraSpecsNegativeTest-1894625904-project-admin] GET http://10.222.0.59/volume/v3/5521b39200cd456da6b7a27a681a4684/types/d2e9ddb3-139e-4b77-aa74-f81e8b2e07b3/extra_specs
Sep 16 15:10:49.622843 dv-cinder-774288-9-smb devstack@c-api.service[100999]: DEBUG cinder.api.openstack.wsgi [None req-53667b62-278b-4e7c-a948-4c29590e1347 tempest-ExtraSpecsNegativeTest-1894625904 tempest-ExtraSpecsNegativeTest-1894625904-project-admin] Empty body provided in request {{(pid=100999) get_body /opt/stack/cinder/cinder/api/openstack/wsgi.py:703}}
Sep 16 15:10:49.623571 dv-cinder-774288-9-smb devstack@c-api.service[100999]: DEBUG cinder.api.openstack.wsgi [None req-53667b62-278b-4e7c-a948-4c29590e1347 tempest-ExtraSpecsNegativeTest-1894625904 tempest-ExtraSpecsNegativeTest-1894625904-project-admin] Calling method 'index' {{(pid=100999) _process_stack /opt/stack/cinder/cinder/api/openstack/wsgi.py:856}}
Sep 16 15:10:49.633380 dv-cinder-774288-9-smb devstack@c-api.service[100999]: INFO cinder.api.openstack.wsgi [None req-53667b62-278b-4e7c-a948-4c29590e1347 tempest-ExtraSpecsNegativeTest-1894625904 tempest-ExtraSpecsNegativeTest-1894625904-project-admin] http://10.222.0.59/volume/v3/5521b39200cd456da6b7a27a681a4684/types/d2e9ddb3-139e-4b77-aa74-f81e8b2e07b3/extra_specs returned with HTTP 404
Sep 16 15:10:49.636178 dv-cinder-774288-9-smb devstack@c-api.service[100999]: [pid: 100999|app: 0|req: 165/347] 10.222.0.59 () {58 vars in 1355 bytes} [Thu Sep 16 15:10:49 2021] GET /volume/v3/5521b39200cd456da6b7a27a681a4684/types/d2e9ddb3-139e-4b77-aa74-f81e8b2e07b3/extra_specs => generated 114 bytes in 20 msecs (HTTP/1.1 404) 7 headers in 292 bytes (2 switches on core 0)
Sep 16 15:10:49.648621 dv-cinder-774288-9-smb devstack@c-api.service[101000]: INFO cinder.api.openstack.wsgi [None req-67568264-7241-44f0-8e93-88c86d50bb06 tempest-GroupSnapshotsTest-992025721 tempest-GroupSnapshotsTest-992025721-project] http://10.222.0.59/volume/v3/e9faa4c20cc94fca833fc9e9a98dd9ee/groups/ab40199b-9327-496d-8a2b-a8a1dbe3b1cc returned with HTTP 202
Sep 16 15:10:49.653964 dv-cinder-774288-9-smb devstack@c-api.service[101000]: [pid: 101000|app: 0|req: 183/348] 10.222.0.59 () {62 vars in 1383 bytes} [Thu Sep 16 15:10:49 2021] PUT /volume/v3/e9faa4c20cc94fca833fc9e9a98dd9ee/groups/ab40199b-9327-496d-8a2b-a8a1dbe3b1cc => generated 0 bytes in 91 msecs (HTTP/1.1 202) 6 headers in 234 bytes (1 switches on core 0)
Sep 16 15:10:49.660432 dv-cinder-774288-9-smb devstack@c-api.service[100999]: INFO cinder.api.openstack.wsgi [None req-8c020f7c-f3db-4849-9733-fc8d63b859ce tempest-ExtraSpecsNegativeTest-1894625904 tempest-ExtraSpecsNegativeTest-1894625904-project-admin] PUT http://10.222.0.59/volume/v3/5521b39200cd456da6b7a27a681a4684/types/dd3bc213-21e9-4078-a632-40058eb9fad3/extra_specs/spec1
Sep 16 15:10:49.664240 dv-cinder-774288-9-smb devstack@c-api.service[100999]: DEBUG cinder.api.openstack.wsgi [None req-8c020f7c-f3db-4849-9733-fc8d63b859ce tempest-ExtraSpecsNegativeTest-1894625904 tempest-ExtraSpecsNegativeTest-1894625904-project-admin] Action: 'update', calling method: update, body: {"spec1": "val2", "spec2": "val1"} {{(pid=100999) _process_stack /opt/stack/cinder/cinder/api/openstack/wsgi.py:854}}
Sep 16 15:10:49.665484 dv-cinder-774288-9-smb devstack@c-api.service[100999]: INFO cinder.api.openstack.wsgi [None req-8c020f7c-f3db-4849-9733-fc8d63b859ce tempest-ExtraSpecsNegativeTest-1894625904 tempest-ExtraSpecsNegativeTest-1894625904-project-admin] http://10.222.0.59/volume/v3/5521b39200cd456da6b7a27a681a4684/types/dd3bc213-21e9-4078-a632-40058eb9fad3/extra_specs/spec1 returned with HTTP 400
Sep 16 15:10:49.666169 dv-cinder-774288-9-smb devstack@c-api.service[101000]: INFO cinder.api.openstack.wsgi [None req-55e390cc-b89f-4f57-b20a-c54089e812d3 tempest-GroupSnapshotsTest-992025721 tempest-GroupSnapshotsTest-992025721-project] GET http://10.222.0.59/volume/v3/e9faa4c20cc94fca833fc9e9a98dd9ee/groups/ab40199b-9327-496d-8a2b-a8a1dbe3b1cc
Sep 16 15:10:49.668406 dv-cinder-774288-9-smb devstack@c-api.service[101000]: DEBUG cinder.api.openstack.wsgi [None req-55e390cc-b89f-4f57-b20a-c54089e812d3 tempest-GroupSnapshotsTest-992025721 tempest-GroupSnapshotsTest-992025721-project] Empty body provided in request {{(pid=101000) get_body /opt/stack/cinder/cinder/api/openstack/wsgi.py:703}}
Sep 16 15:10:49.669206 dv-cinder-774288-9-smb devstack@c-api.service[101000]: /usr/local/lib/python3.8/dist-packages/webob/acceptparse.py:1047: DeprecationWarning: The behavior of AcceptValidHeader.best_match is currently being maintained for backward compatibility, but it will be deprecated in the future, as it does not conform to the RFC.
Sep 16 15:10:49.669206 dv-cinder-774288-9-smb devstack@c-api.service[101000]: warnings.warn(
Sep 16 15:10:49.669786 dv-cinder-774288-9-smb devstack@c-api.service[100999]: [pid: 100999|app: 0|req: 166/349] 10.222.0.59 () {60 vars in 1393 bytes} [Thu Sep 16 15:10:49 2021] PUT /volume/v3/5521b39200cd456da6b7a27a681a4684/types/dd3bc213-21e9-4078-a632-40058eb9fad3/extra_specs/spec1 => generated 102 bytes in 26 msecs (HTTP/1.1 400) 7 headers in 294 bytes (1 switches on core 0)
Sep 16 15:10:49.670312 dv-cinder-774288-9-smb devstack@c-api.service[101000]: DEBUG cinder.api.openstack.wsgi [None req-55e390cc-b89f-4f57-b20a-c54089e812d3 tempest-GroupSnapshotsTest-992025721 tempest-GroupSnapshotsTest-992025721-project] Calling method 'version_select' {{(pid=101000) _process_stack /opt/stack/cinder/cinder/api/openstack/wsgi.py:856}}
Sep 16 15:10:49.670911 dv-cinder-774288-9-smb devstack@c-api.service[101000]: DEBUG cinder.api.v3.groups [None req-55e390cc-b89f-4f57-b20a-c54089e812d3 tempest-GroupSnapshotsTest-992025721 tempest-GroupSnapshotsTest-992025721-project] show called for member ab40199b-9327-496d-8a2b-a8a1dbe3b1cc {{(pid=101000) show /opt/stack/cinder/cinder/api/v3/groups.py:58}}
Sep 16 15:10:49.682984 dv-cinder-774288-9-smb devstack@c-api.service[100999]: INFO cinder.api.openstack.wsgi [None req-f2e0a8da-712b-446a-b41c-4294d0460b17 tempest-ExtraSpecsNegativeTest-1894625904 tempest-ExtraSpecsNegativeTest-1894625904-project-admin] PUT http://10.222.0.59/volume/v3/5521b39200cd456da6b7a27a681a4684/types/dd3bc213-21e9-4078-a632-40058eb9fad3/extra_specs/spec1
Sep 16 15:10:49.685678 dv-cinder-774288-9-smb devstack@c-api.service[101000]: /usr/local/lib/python3.8/dist-packages/oslo_context/context.py:105: DeprecationWarning: Policy enforcement is depending on the value of is_admin. This key is deprecated. Please update your policy file to use the standard policy values.
Sep 16 15:10:49.685678 dv-cinder-774288-9-smb devstack@c-api.service[101000]: warnings.warn('Policy enforcement is depending on the value of '
Sep 16 15:10:49.686744 dv-cinder-774288-9-smb devstack@c-api.service[100999]: DEBUG cinder.api.openstack.wsgi [None req-f2e0a8da-712b-446a-b41c-4294d0460b17 tempest-ExtraSpecsNegativeTest-1894625904 tempest-ExtraSpecsNegativeTest-1894625904-project-admin] Action: 'update', calling method: update, body: null {{(pid=100999) _process_stack /opt/stack/cinder/cinder/api/openstack/wsgi.py:854}}
Sep 16 15:10:49.689238 dv-cinder-774288-9-smb devstack@c-api.service[100999]: INFO cinder.api.openstack.wsgi [None req-f2e0a8da-712b-446a-b41c-4294d0460b17 tempest-ExtraSpecsNegativeTest-1894625904 tempest-ExtraSpecsNegativeTest-1894625904-project-admin] http://10.222.0.59/volume/v3/5521b39200cd456da6b7a27a681a4684/types/dd3bc213-21e9-4078-a632-40058eb9fad3/extra_specs/spec1 returned with HTTP 400
Sep 16 15:10:49.693448 dv-cinder-774288-9-smb devstack@c-api.service[100999]: [pid: 100999|app: 0|req: 167/350] 10.222.0.59 () {60 vars in 1392 bytes} [Thu Sep 16 15:10:49 2021] PUT /volume/v3/5521b39200cd456da6b7a27a681a4684/types/dd3bc213-21e9-4078-a632-40058eb9fad3/extra_specs/spec1 => generated 72 bytes in 18 msecs (HTTP/1.1 400) 7 headers in 293 bytes (1 switches on core 0)
Sep 16 15:10:49.723785 dv-cinder-774288-9-smb devstack@c-api.service[100999]: INFO cinder.api.openstack.wsgi [None req-8d5cb58b-3d9c-4aaf-8870-3bfdc48f5364 tempest-ExtraSpecsNegativeTest-1894625904 tempest-ExtraSpecsNegativeTest-1894625904-project-admin] PUT http://10.222.0.59/volume/v3/5521b39200cd456da6b7a27a681a4684/types/dd3bc213-21e9-4078-a632-40058eb9fad3/extra_specs/None
Sep 16 15:10:49.724254 dv-cinder-774288-9-smb devstack@c-api.service[100999]: DEBUG cinder.api.openstack.wsgi [None req-8d5cb58b-3d9c-4aaf-8870-3bfdc48f5364 tempest-ExtraSpecsNegativeTest-1894625904 tempest-ExtraSpecsNegativeTest-1894625904-project-admin] Action: 'update', calling method: update, body: {"spec1": "val2"} {{(pid=100999) _process_stack /opt/stack/cinder/cinder/api/openstack/wsgi.py:854}}
Sep 16 15:10:49.749373 dv-cinder-774288-9-smb devstack@c-api.service[101000]: INFO cinder.api.openstack.wsgi [None req-55e390cc-b89f-4f57-b20a-c54089e812d3 tempest-GroupSnapshotsTest-992025721 tempest-GroupSnapshotsTest-992025721-project] http://10.222.0.59/volume/v3/e9faa4c20cc94fca833fc9e9a98dd9ee/groups/ab40199b-9327-496d-8a2b-a8a1dbe3b1cc returned with HTTP 200
Sep 16 15:10:49.750471 dv-cinder-774288-9-smb devstack@c-api.service[101000]: [pid: 101000|app: 0|req: 184/351] 10.222.0.59 () {60 vars in 1363 bytes} [Thu Sep 16 15:10:49 2021] GET /volume/v3/e9faa4c20cc94fca833fc9e9a98dd9ee/groups/ab40199b-9327-496d-8a2b-a8a1dbe3b1cc => generated 391 bytes in 94 msecs (HTTP/1.1 200) 7 headers in 286 bytes (1 switches on core 0)
Sep 16 15:10:49.762640 dv-cinder-774288-9-smb devstack@c-api.service[100999]: INFO cinder.api.openstack.wsgi [None req-8d5cb58b-3d9c-4aaf-8870-3bfdc48f5364 tempest-ExtraSpecsNegativeTest-1894625904 tempest-ExtraSpecsNegativeTest-1894625904-project-admin] HTTP exception thrown: Request body and URI mismatch
Sep 16 15:10:49.763059 dv-cinder-774288-9-smb devstack@c-api.service[100999]: INFO cinder.api.openstack.wsgi [None req-8d5cb58b-3d9c-4aaf-8870-3bfdc48f5364 tempest-ExtraSpecsNegativeTest-1894625904 tempest-ExtraSpecsNegativeTest-1894625904-project-admin] http://10.222.0.59/volume/v3/5521b39200cd456da6b7a27a681a4684/types/dd3bc213-21e9-4078-a632-40058eb9fad3/extra_specs/None returned with HTTP 400
Sep 16 15:10:49.764124 dv-cinder-774288-9-smb devstack@c-api.service[100999]: [pid: 100999|app: 0|req: 168/352] 10.222.0.59 () {60 vars in 1390 bytes} [Thu Sep 16 15:10:49 2021] PUT /volume/v3/5521b39200cd456da6b7a27a681a4684/types/dd3bc213-21e9-4078-a632-40058eb9fad3/extra_specs/None => generated 73 bytes in 66 msecs (HTTP/1.1 400) 7 headers in 293 bytes (1 switches on core 0)
Sep 16 15:10:49.780729 dv-cinder-774288-9-smb devstack@c-api.service[101000]: INFO cinder.api.openstack.wsgi [None req-828e256a-18d7-43f1-9ee2-61cd4164b522 tempest-ExtraSpecsNegativeTest-1894625904 tempest-ExtraSpecsNegativeTest-1894625904-project-admin] PUT http://10.222.0.59/volume/v3/5521b39200cd456da6b7a27a681a4684/types/dd3bc213-21e9-4078-a632-40058eb9fad3/extra_specs/84ebdd83-1d1a-4906-9302-ccd861684da0
Sep 16 15:10:49.781502 dv-cinder-774288-9-smb devstack@c-api.service[101000]: /usr/local/lib/python3.8/dist-packages/webob/acceptparse.py:1047: DeprecationWarning: The behavior of AcceptValidHeader.best_match is currently being maintained for backward compatibility, but it will be deprecated in the future, as it does not conform to the RFC.
Sep 16 15:10:49.781502 dv-cinder-774288-9-smb devstack@c-api.service[101000]: warnings.warn(
Sep 16 15:10:49.782548 dv-cinder-774288-9-smb devstack@c-api.service[101000]: DEBUG cinder.api.openstack.wsgi [None req-828e256a-18d7-43f1-9ee2-61cd4164b522 tempest-ExtraSpecsNegativeTest-1894625904 tempest-ExtraSpecsNegativeTest-1894625904-project-admin] Action: 'update', calling method: update, body: {"spec1": "val2"} {{(pid=101000) _process_stack /opt/stack/cinder/cinder/api/openstack/wsgi.py:854}}
Sep 16 15:10:49.784581 dv-cinder-774288-9-smb devstack@c-api.service[101000]: /usr/local/lib/python3.8/dist-packages/oslo_context/context.py:105: DeprecationWarning: Policy enforcement is depending on the value of is_admin. This key is deprecated. Please update your policy file to use the standard policy values.
Sep 16 15:10:49.784581 dv-cinder-774288-9-smb devstack@c-api.service[101000]: warnings.warn('Policy enforcement is depending on the value of '
Sep 16 15:10:49.803956 dv-cinder-774288-9-smb devstack@c-api.service[101000]: INFO cinder.api.openstack.wsgi [None req-828e256a-18d7-43f1-9ee2-61cd4164b522 tempest-ExtraSpecsNegativeTest-1894625904 tempest-ExtraSpecsNegativeTest-1894625904-project-admin] HTTP exception thrown: Request body and URI mismatch
Sep 16 15:10:49.804791 dv-cinder-774288-9-smb devstack@c-api.service[101000]: INFO cinder.api.openstack.wsgi [None req-828e256a-18d7-43f1-9ee2-61cd4164b522 tempest-ExtraSpecsNegativeTest-1894625904 tempest-ExtraSpecsNegativeTest-1894625904-project-admin] http://10.222.0.59/volume/v3/5521b39200cd456da6b7a27a681a4684/types/dd3bc213-21e9-4078-a632-40058eb9fad3/extra_specs/84ebdd83-1d1a-4906-9302-ccd861684da0 returned with HTTP 400
Sep 16 15:10:49.819198 dv-cinder-774288-9-smb devstack@c-api.service[100999]: INFO cinder.api.openstack.wsgi [None req-82708e71-465f-48f7-9a4d-bf8ce174a7f1 tempest-ExtraSpecsNegativeTest-1894625904 tempest-ExtraSpecsNegativeTest-1894625904-project-admin] PUT http://10.222.0.59/volume/v3/5521b39200cd456da6b7a27a681a4684/types/c5340265-66a2-4d1e-b036-1271b2f7adbd/extra_specs/spec1
Sep 16 15:10:49.820028 dv-cinder-774288-9-smb devstack@c-api.service[100999]: DEBUG cinder.api.openstack.wsgi [None req-82708e71-465f-48f7-9a4d-bf8ce174a7f1 tempest-ExtraSpecsNegativeTest-1894625904 tempest-ExtraSpecsNegativeTest-1894625904-project-admin] Action: 'update', calling method: update, body: {"spec1": "val5"} {{(pid=100999) _process_stack /opt/stack/cinder/cinder/api/openstack/wsgi.py:854}}
Sep 16 15:10:49.824509 dv-cinder-774288-9-smb devstack@c-api.service[101000]: [pid: 101000|app: 0|req: 185/353] 10.222.0.59 () {60 vars in 1486 bytes} [Thu Sep 16 15:10:49 2021] PUT /volume/v3/5521b39200cd456da6b7a27a681a4684/types/dd3bc213-21e9-4078-a632-40058eb9fad3/extra_specs/84ebdd83-1d1a-4906-9302-ccd861684da0 => generated 73 bytes in 50 msecs (HTTP/1.1 400) 7 headers in 293 bytes (1 switches on core 0)
Sep 16 15:10:49.849325 dv-cinder-774288-9-smb devstack@c-api.service[100999]: INFO cinder.api.openstack.wsgi [None req-82708e71-465f-48f7-9a4d-bf8ce174a7f1 tempest-ExtraSpecsNegativeTest-1894625904 tempest-ExtraSpecsNegativeTest-1894625904-project-admin] http://10.222.0.59/volume/v3/5521b39200cd456da6b7a27a681a4684/types/c5340265-66a2-4d1e-b036-1271b2f7adbd/extra_specs/spec1 returned with HTTP 404
Sep 16 15:10:49.850829 dv-cinder-774288-9-smb devstack@c-api.service[100999]: [pid: 100999|app: 0|req: 169/354] 10.222.0.59 () {60 vars in 1393 bytes} [Thu Sep 16 15:10:49 2021] PUT /volume/v3/5521b39200cd456da6b7a27a681a4684/types/c5340265-66a2-4d1e-b036-1271b2f7adbd/extra_specs/spec1 => generated 114 bytes in 38 msecs (HTTP/1.1 404) 7 headers in 292 bytes (1 switches on core 0)
Sep 16 15:10:49.860595 dv-cinder-774288-9-smb devstack@c-api.service[101000]: INFO cinder.api.openstack.wsgi [None req-3804adc2-3881-41a4-996c-5a7066fbfb6e tempest-ExtraSpecsNegativeTest-1894625904 tempest-ExtraSpecsNegativeTest-1894625904-project-admin] DELETE http://10.222.0.59/volume/v3/5521b39200cd456da6b7a27a681a4684/types/dd3bc213-21e9-4078-a632-40058eb9fad3
Sep 16 15:10:49.861487 dv-cinder-774288-9-smb devstack@c-api.service[101000]: DEBUG cinder.api.openstack.wsgi [None req-3804adc2-3881-41a4-996c-5a7066fbfb6e tempest-ExtraSpecsNegativeTest-1894625904 tempest-ExtraSpecsNegativeTest-1894625904-project-admin] Empty body provided in request {{(pid=101000) get_body /opt/stack/cinder/cinder/api/openstack/wsgi.py:703}}
Sep 16 15:10:49.862109 dv-cinder-774288-9-smb devstack@c-api.service[101000]: DEBUG cinder.api.openstack.wsgi [None req-3804adc2-3881-41a4-996c-5a7066fbfb6e tempest-ExtraSpecsNegativeTest-1894625904 tempest-ExtraSpecsNegativeTest-1894625904-project-admin] Calling method '_delete' {{(pid=101000) _process_stack /opt/stack/cinder/cinder/api/openstack/wsgi.py:856}}
Sep 16 15:10:49.968070 dv-cinder-774288-9-smb devstack@c-api.service[101000]: INFO cinder.api.openstack.wsgi [None req-3804adc2-3881-41a4-996c-5a7066fbfb6e tempest-ExtraSpecsNegativeTest-1894625904 tempest-ExtraSpecsNegativeTest-1894625904-project-admin] http://10.222.0.59/volume/v3/5521b39200cd456da6b7a27a681a4684/types/dd3bc213-21e9-4078-a632-40058eb9fad3 returned with HTTP 202
Sep 16 15:10:49.969310 dv-cinder-774288-9-smb devstack@c-api.service[101000]: [pid: 101000|app: 0|req: 186/355] 10.222.0.59 () {58 vars in 1322 bytes} [Thu Sep 16 15:10:49 2021] DELETE /volume/v3/5521b39200cd456da6b7a27a681a4684/types/dd3bc213-21e9-4078-a632-40058eb9fad3 => generated 0 bytes in 112 msecs (HTTP/1.1 202) 6 headers in 233 bytes (1 switches on core 0)
Sep 16 15:10:49.977724 dv-cinder-774288-9-smb devstack@c-api.service[101000]: INFO cinder.api.openstack.wsgi [None req-7c7feac8-6d5c-462e-bae9-970aa4f775e8 tempest-ExtraSpecsNegativeTest-1894625904 tempest-ExtraSpecsNegativeTest-1894625904-project-admin] GET http://10.222.0.59/volume/v3/5521b39200cd456da6b7a27a681a4684/types/dd3bc213-21e9-4078-a632-40058eb9fad3
