Sep 16 15:10:42.674531 dv-cinder-774288-9-iscsi neutron-server[94156]: DEBUG neutron.api.rpc.handlers.l3_rpc [None req-7844eb40-e4af-42a8-8d97-d07b6e449057 None None] The sync data for ids ['6be11b5c-0a1d-427b-9c1d-d56dbd12e584'] in dv-cinder-774288-9-iscsi is: [{'id': '6be11b5c-0a1d-427b-9c1d-d56dbd12e584', 'name': 'tempest-ServerRescueNegativeTestJSON-1202918430-router', 'tenant_id': '652be789b2d84ef0963291527797a8eb', 'admin_state_up': True, 'status': 'ACTIVE', 'external_gateway_info': {'network_id': '07137d68-8664-4d82-a53f-74054364452d', 'external_fixed_ips': [{'subnet_id': 'e599ac0a-ffa7-4ab6-8581-992cf1c5ede4', 'ip_address': '172.27.2.156'}], 'enable_snat': True}, 'gw_port_id': 'a647c385-9448-486d-b54f-9677513e068e', 'description': '', 'availability_zones': ['nova'], 'distributed': False, 'ha': False, 'ha_vr_id': 0, 'availability_zone_hints': [], 'routes': [], 'flavor_id': None, 'tags': [], 'created_at': '2021-09-16T15:10:35Z', 'updated_at': '2021-09-16T15:10:38Z', 'revision_number': 4, 'project_id': '652be789b2d84ef0963291527797a8eb', 'gw_port': {'id': 'a647c385-9448-486d-b54f-9677513e068e', 'name': '', 'network_id': '07137d68-8664-4d82-a53f-74054364452d', 'tenant_id': '', 'mac_address': 'fa:16:3e:d5:dd:bf', 'admin_state_up': True, 'status': 'ACTIVE', 'device_id': '6be11b5c-0a1d-427b-9c1d-d56dbd12e584', 'device_owner': 'network:router_gateway', 'standard_attr_id': 324, 'fixed_ips': [{'subnet_id': 'e599ac0a-ffa7-4ab6-8581-992cf1c5ede4', 'ip_address': '172.27.2.156', 'prefixlen': 24}], 'allowed_address_pairs': [], 'extra_dhcp_opts': [], 'security_groups': [], 'description': '', 'binding:vnic_type': 'normal', 'binding:profile': {}, 'binding:host_id': 'dv-cinder-774288-9-iscsi', 'binding:vif_type': 'ovs', 'binding:vif_details': {'connectivity': 'l2', 'port_filter': True, 'ovs_hybrid_plug': False, 'datapath_type': 'system', 'bridge_name': 'br-int'}, 'port_security_enabled': False, 'tags': [], 'created_at': '2021-09-16T15:10:36Z', 'updated_at': '2021-09-16T15:10:39Z', 'revision_number': 4, 'project_id': '', 'subnets': [{'id': 'e599ac0a-ffa7-4ab6-8581-992cf1c5ede4', 'cidr': '172.27.2.0/24', 'gateway_ip': '172.27.2.1', 'dns_nameservers': [], 'ipv6_ra_mode': None, 'subnetpool_id': None}], 'extra_subnets': [], 'address_scopes': {4: None, 6: None}, 'mtu': 1500}, 'enable_snat': True, 'gw_port_host': 'dv-cinder-774288-9-iscsi', '_interfaces': [{'id': '1f603159-4dd7-4d36-bd2c-c779f88827b1', 'name': '', 'network_id': '4cdec1c0-81b1-4bf3-97de-5f7ce7b19ddf', 'tenant_id': '652be789b2d84ef0963291527797a8eb', 'mac_address': 'fa:16:3e:86:56:f1', 'admin_state_up': True, 'status': 'DOWN', 'device_id': '6be11b5c-0a1d-427b-9c1d-d56dbd12e584', 'device_owner': 'network:router_interface', 'standard_attr_id': 325, 'fixed_ips': [{'subnet_id': 'd0506e19-8fe8-4b0e-8142-f89101eee5d3', 'ip_address': '172.20.0.1', 'prefixlen': 28}], 'allowed_address_pairs': [], 'extra_dhcp_opts': [], 'security_groups': [], 'description': '', 'binding:vnic_type': 'normal', 'binding:profile': {}, 'binding:host_id': 'dv-cinder-774288-9-iscsi', 'binding:vif_type': 'ovs', 'binding:vif_details': {'connectivity': 'l2', 'port_filter': True, 'ovs_hybrid_plug': False, 'datapath_type': 'system', 'bridge_name': 'br-int'}, 'port_security_enabled': False, 'tags': [], 'created_at': '2021-09-16T15:10:38Z', 'updated_at': '2021-09-16T15:10:42Z', 'revision_number': 4, 'project_id': '652be789b2d84ef0963291527797a8eb', 'subnets': [{'id': 'd0506e19-8fe8-4b0e-8142-f89101eee5d3', 'cidr': '172.20.0.0/28', 'gateway_ip': '172.20.0.1', 'dns_nameservers': [], 'ipv6_ra_mode': None, 'subnetpool_id': None}], 'extra_subnets': [], 'address_scopes': {4: None, 6: None}, 'mtu': 1500}]}] {{(pid=94156) sync_routers /opt/stack/neutron/neutron/api/rpc/handlers/l3_rpc.py:137}}
Sep 16 15:10:43.515038 dv-cinder-774288-9-iscsi neutron-server[94156]: DEBUG neutron.plugins.ml2.rpc [None req-725cb9ed-0000-4df3-8781-99460c6601e0 None None] Device 1f603159-4dd7-4d36-bd2c-c779f88827b1 up at agent ovs-agent-dv-cinder-774288-9-iscsi {{(pid=94156) update_device_up /opt/stack/neutron/neutron/plugins/ml2/rpc.py:296}}
Sep 16 15:10:43.563305 dv-cinder-774288-9-iscsi neutron-server[94156]: DEBUG neutron.db.provisioning_blocks [None req-725cb9ed-0000-4df3-8781-99460c6601e0 None None] Provisioning complete for port 1f603159-4dd7-4d36-bd2c-c779f88827b1 triggered by entity L2. {{(pid=94156) provisioning_complete /opt/stack/neutron/neutron/db/provisioning_blocks.py:139}}
Sep 16 15:10:43.563726 dv-cinder-774288-9-iscsi neutron-server[94156]: DEBUG neutron_lib.callbacks.manager [None req-725cb9ed-0000-4df3-8781-99460c6601e0 None None] Notify callbacks ['neutron.plugins.ml2.plugin.Ml2Plugin._port_provisioned-966651'] for port, provisioning_complete {{(pid=94156) _notify_loop /usr/local/lib/python3.8/dist-packages/neutron_lib/callbacks/manager.py:192}}
Sep 16 15:10:43.642989 dv-cinder-774288-9-iscsi neutron-server[94156]: DEBUG neutron_lib.callbacks.manager [None req-725cb9ed-0000-4df3-8781-99460c6601e0 None None] Notify callbacks ['neutron.plugins.ml2.plugin.SecurityGroupDbMixin._ensure_default_security_group_handler-922167'] for port, before_update {{(pid=94156) _notify_loop /usr/local/lib/python3.8/dist-packages/neutron_lib/callbacks/manager.py:192}}
Sep 16 15:10:43.672659 dv-cinder-774288-9-iscsi neutron-server[94156]: DEBUG neutron.plugins.ml2.db [None req-725cb9ed-0000-4df3-8781-99460c6601e0 None None] For port 1f603159-4dd7-4d36-bd2c-c779f88827b1, host dv-cinder-774288-9-iscsi, got binding levels [PortBindingLevel(driver='openvswitch',host='dv-cinder-774288-9-iscsi',level=0,port_id=1f603159-4dd7-4d36-bd2c-c779f88827b1,segment=NetworkSegment(780a2bc4-1e98-41ad-b7a1-de9252173fab),segment_id=780a2bc4-1e98-41ad-b7a1-de9252173fab)] {{(pid=94156) get_binding_level_objs /opt/stack/neutron/neutron/plugins/ml2/db.py:74}}
Sep 16 15:10:43.677385 dv-cinder-774288-9-iscsi neutron-server[94156]: DEBUG neutron_lib.callbacks.manager [None req-725cb9ed-0000-4df3-8781-99460c6601e0 None None] Notify callbacks ['neutron.plugins.ml2.plugin.SecurityGroupServerNotifierRpcMixin._notify_sg_on_port_change-922230', 'neutron.plugins.ml2.ovo_rpc._ObjectChangeHandler.handle_event-392270', 'neutron.api.rpc.agentnotifiers.dhcp_rpc_agent_api.DhcpAgentNotifyAPI._native_event_send_dhcp_notification-1577799', 'neutron.db.l3_db.L3RpcNotifierMixin._notify_gateway_port_ip_changed-8738091251213', 'neutron.db.l3_dvrscheduler_db._notify_l3_agent_port_update-8738090762716', 'neutron.db.l3_hascheduler_db._notify_l3_agent_ha_port_update-8738090762734'] for port, after_update {{(pid=94156) _notify_loop /usr/local/lib/python3.8/dist-packages/neutron_lib/callbacks/manager.py:192}}
Sep 16 15:10:43.726378 dv-cinder-774288-9-iscsi neutron-server[94156]: DEBUG neutron.api.rpc.handlers.resources_rpc [None req-725cb9ed-0000-4df3-8781-99460c6601e0 None None] Pushing event updated for resources: {'Port': ['ID=1f603159-4dd7-4d36-bd2c-c779f88827b1,revision_number=5']} {{(pid=94156) push /opt/stack/neutron/neutron/api/rpc/handlers/resources_rpc.py:237}}
Sep 16 15:10:44.312667 dv-cinder-774288-9-iscsi neutron-server[94154]: DEBUG novaclient.v2.client [-] RESP: [200] Connection: close Content-Length: 179 Content-Type: application/json Date: Thu, 16 Sep 2021 15:10:42 GMT OpenStack-API-Version: compute 2.1 Server: Apache/2.4.41 (Ubuntu) Vary: OpenStack-API-Version,X-OpenStack-Nova-API-Version X-OpenStack-Nova-API-Version: 2.1 x-compute-request-id: req-593e74e3-98a2-45da-b277-235b140a5d50 x-openstack-request-id: req-593e74e3-98a2-45da-b277-235b140a5d50 {{(pid=94154) _http_log_response /usr/local/lib/python3.8/dist-packages/keystoneauth1/session.py:550}}
Sep 16 15:10:44.313152 dv-cinder-774288-9-iscsi neutron-server[94154]: DEBUG novaclient.v2.client [-] RESP BODY: {"events": [{"name": "network-changed", "server_uuid": "3e186350-e60c-40d7-b8cb-8cefb46760ca", "tag": "0aef666c-9a45-4fba-802e-2fd7d46fe27b", "status": "completed", "code": 200}]} {{(pid=94154) _http_log_response /usr/local/lib/python3.8/dist-packages/keystoneauth1/session.py:582}}
Sep 16 15:10:44.313408 dv-cinder-774288-9-iscsi neutron-server[94154]: DEBUG novaclient.v2.client [-] POST call to compute for http://10.222.0.36/compute/v2.1/os-server-external-events used request id req-593e74e3-98a2-45da-b277-235b140a5d50 {{(pid=94154) request /usr/local/lib/python3.8/dist-packages/keystoneauth1/session.py:954}}
Sep 16 15:10:44.313931 dv-cinder-774288-9-iscsi neutron-server[94154]: INFO neutron.notifiers.nova [-] Nova event response: {'name': 'network-changed', 'server_uuid': '3e186350-e60c-40d7-b8cb-8cefb46760ca', 'tag': '0aef666c-9a45-4fba-802e-2fd7d46fe27b', 'status': 'completed', 'code': 200}
Sep 16 15:10:44.336504 dv-cinder-774288-9-iscsi neutron-server[94154]: DEBUG neutron.pecan_wsgi.hooks.policy_enforcement [req-4829842f-ca71-4c94-ab26-d2ab4acddd03 req-3e56adee-db3b-4548-a467-7a7fbbf67d24 tempest-AttachVolumeNegativeTest-400632935 tempest-AttachVolumeNegativeTest-400632935-project] Attributes excluded by policy engine: ['standard_attr_id', 'binding:profile', 'binding:host_id', 'binding:vif_type', 'binding:vif_details'] {{(pid=94154) _exclude_attributes_by_policy /opt/stack/neutron/neutron/pecan_wsgi/hooks/policy_enforcement.py:255}}
Sep 16 15:10:44.338096 dv-cinder-774288-9-iscsi neutron-server[94154]: INFO neutron.wsgi [req-4829842f-ca71-4c94-ab26-d2ab4acddd03 req-3e56adee-db3b-4548-a467-7a7fbbf67d24 tempest-AttachVolumeNegativeTest-400632935 tempest-AttachVolumeNegativeTest-400632935-project] 10.222.0.36 "GET /v2.0/ports?device_id=49b42942-576c-40b9-8c9e-e6ba19401b4e HTTP/1.1" status: 200 len: 944 time: 0.0606205
Sep 16 15:10:44.372974 dv-cinder-774288-9-iscsi neutron-server[94155]: INFO neutron.wsgi [req-2c64f3c3-b088-425e-b6c1-0e0b1418c43f req-162ebdb8-338a-4af5-84ba-3a00a6fb4ffa tempest-ServerRescueNegativeTestJSON-352612832 tempest-ServerRescueNegativeTestJSON-352612832-project] 10.222.0.36 "GET /v2.0/ports?device_id=c7784a70-39a5-4715-acf7-ca34d50139d1 HTTP/1.1" status: 200 len: 210 time: 0.0258486
Sep 16 15:10:44.383666 dv-cinder-774288-9-iscsi neutron-server[94154]: INFO neutron.wsgi [req-4829842f-ca71-4c94-ab26-d2ab4acddd03 req-b78aebba-063d-45af-8a3c-2ea95d5fa657 tempest-AttachVolumeNegativeTest-400632935 tempest-AttachVolumeNegativeTest-400632935-project] 10.222.0.36 "GET /v2.0/security-groups?id=8b7975bd-19f6-473a-940c-88220f8f1bee&fields=id&fields=name HTTP/1.1" status: 200 len: 286 time: 0.0386095
Sep 16 15:10:44.444138 dv-cinder-774288-9-iscsi neutron-server[94154]: DEBUG neutron.pecan_wsgi.hooks.policy_enforcement [req-8c44ed32-7dc0-4340-b599-8d7f11c0c617 req-61e458d9-f353-46bf-8a32-71735370c98b service neutron] Attributes excluded by policy engine: ['standard_attr_id'] {{(pid=94154) _exclude_attributes_by_policy /opt/stack/neutron/neutron/pecan_wsgi/hooks/policy_enforcement.py:255}}
Sep 16 15:10:44.445957 dv-cinder-774288-9-iscsi neutron-server[94154]: INFO neutron.wsgi [req-8c44ed32-7dc0-4340-b599-8d7f11c0c617 req-61e458d9-f353-46bf-8a32-71735370c98b service neutron] 10.222.0.47 "GET /v2.0/ports?tenant_id=99efadb7a4de41b8b6e94716d708b8ef&device_id=3e186350-e60c-40d7-b8cb-8cefb46760ca HTTP/1.1" status: 200 len: 1097 time: 0.0506535
Sep 16 15:10:44.487419 dv-cinder-774288-9-iscsi neutron-server[94155]: DEBUG neutron.pecan_wsgi.hooks.policy_enforcement [req-7db3370b-c65d-48a3-93d9-08c1cc846c1e req-71690897-5dbc-43dd-94e4-321fc90fc3f4 tempest-VolumesActionsTest-870151022 tempest-VolumesActionsTest-870151022-project] Attributes excluded by policy engine: ['standard_attr_id', 'binding:profile', 'binding:host_id', 'binding:vif_type', 'binding:vif_details'] {{(pid=94155) _exclude_attributes_by_policy /opt/stack/neutron/neutron/pecan_wsgi/hooks/policy_enforcement.py:255}}
Sep 16 15:10:44.488831 dv-cinder-774288-9-iscsi neutron-server[94155]: INFO neutron.wsgi [req-7db3370b-c65d-48a3-93d9-08c1cc846c1e req-71690897-5dbc-43dd-94e4-321fc90fc3f4 tempest-VolumesActionsTest-870151022 tempest-VolumesActionsTest-870151022-project] 10.222.0.36 "GET /v2.0/ports?device_id=3e186350-e60c-40d7-b8cb-8cefb46760ca HTTP/1.1" status: 200 len: 944 time: 0.0526583
Sep 16 15:10:44.510432 dv-cinder-774288-9-iscsi neutron-server[94154]: INFO neutron.wsgi [req-8c44ed32-7dc0-4340-b599-8d7f11c0c617 req-fb986c40-5f7e-40f3-904e-fcd3d3c7f3d8 service neutron] 10.222.0.47 "GET /v2.0/floatingips?fixed_ip_address=172.20.0.12&port_id=0aef666c-9a45-4fba-802e-2fd7d46fe27b HTTP/1.1" status: 200 len: 217 time: 0.0362422
Sep 16 15:10:44.526654 dv-cinder-774288-9-iscsi neutron-server[94155]: INFO neutron.wsgi [req-7db3370b-c65d-48a3-93d9-08c1cc846c1e req-27c53098-8f9f-468c-b48a-d948e95e0286 tempest-VolumesActionsTest-870151022 tempest-VolumesActionsTest-870151022-project] 10.222.0.36 "GET /v2.0/security-groups?id=705e3b13-4399-4a2e-b82d-c804055c5515&fields=id&fields=name HTTP/1.1" status: 200 len: 286 time: 0.0319717
Sep 16 15:10:44.560229 dv-cinder-774288-9-iscsi neutron-server[94154]: DEBUG neutron.pecan_wsgi.hooks.policy_enforcement [req-8c44ed32-7dc0-4340-b599-8d7f11c0c617 req-971cd314-1abd-44de-bb66-ef03bb719bc2 service neutron] Attributes excluded by policy engine: ['standard_attr_id', 'shared', 'segment_id'] {{(pid=94154) _exclude_attributes_by_policy /opt/stack/neutron/neutron/pecan_wsgi/hooks/policy_enforcement.py:255}}
Sep 16 15:10:44.561745 dv-cinder-774288-9-iscsi neutron-server[94154]: INFO neutron.wsgi [req-8c44ed32-7dc0-4340-b599-8d7f11c0c617 req-971cd314-1abd-44de-bb66-ef03bb719bc2 service neutron] 10.222.0.47 "GET /v2.0/subnets?id=bc046e37-cd50-499d-be12-7aacb30aac30 HTTP/1.1" status: 200 len: 848 time: 0.0439184
Sep 16 15:10:44.606453 dv-cinder-774288-9-iscsi neutron-server[94154]: INFO neutron.wsgi [req-8c44ed32-7dc0-4340-b599-8d7f11c0c617 req-087c95b9-2457-4fef-9ed5-003ef5446a25 service neutron] 10.222.0.47 "GET /v2.0/ports?network_id=1732b214-5627-45fa-a11b-b7138567d2da&device_owner=network%3Adhcp HTTP/1.1" status: 200 len: 210 time: 0.0275936
Sep 16 15:10:44.695130 dv-cinder-774288-9-iscsi neutron-server[94154]: INFO neutron.wsgi [req-8c44ed32-7dc0-4340-b599-8d7f11c0c617 req-37db1455-cc16-48de-8ae0-ed9f07e3d781 service neutron] 10.222.0.47 "GET /v2.0/networks/1732b214-5627-45fa-a11b-b7138567d2da?fields=segments HTTP/1.1" status: 200 len: 212 time: 0.0790529
Sep 16 15:10:44.789587 dv-cinder-774288-9-iscsi neutron-server[94154]: INFO neutron.wsgi [req-8c44ed32-7dc0-4340-b599-8d7f11c0c617 req-bbac7a7a-229b-4cb9-ad88-28de1ec97347 service neutron] 10.222.0.47 "GET /v2.0/networks/1732b214-5627-45fa-a11b-b7138567d2da?fields=provider%3Aphysical_network&fields=provider%3Anetwork_type HTTP/1.1" status: 200 len: 281 time: 0.0842729
Sep 16 15:10:44.929809 dv-cinder-774288-9-iscsi neutron-server[94157]: DEBUG neutron.db.agents_db [None req-734650b9-ba62-4be7-9506-78e9109d19ce None None] Agent healthcheck: found 6 active agents {{(pid=94157) agent_health_check /opt/stack/neutron/neutron/db/agents_db.py:317}}
Sep 16 15:10:44.968240 dv-cinder-774288-9-iscsi neutron-server[94154]: DEBUG neutron.pecan_wsgi.hooks.policy_enforcement [req-e9003678-b6e5-40b4-be31-306e4223d1e5 req-f0facc54-57fe-4b72-a90f-60d57bbe0e56 service neutron] Attributes excluded by policy engine: ['standard_attr_id'] {{(pid=94154) _exclude_attributes_by_policy /opt/stack/neutron/neutron/pecan_wsgi/hooks/policy_enforcement.py:255}}
Sep 16 15:10:44.969838 dv-cinder-774288-9-iscsi neutron-server[94154]: INFO neutron.wsgi [req-e9003678-b6e5-40b4-be31-306e4223d1e5 req-f0facc54-57fe-4b72-a90f-60d57bbe0e56 service neutron] 10.222.0.47 "GET /v2.0/ports?tenant_id=99efadb7a4de41b8b6e94716d708b8ef&device_id=3e186350-e60c-40d7-b8cb-8cefb46760ca HTTP/1.1" status: 200 len: 1097 time: 0.0413847
Sep 16 15:10:45.134455 dv-cinder-774288-9-iscsi neutron-server[94154]: DEBUG neutron.pecan_wsgi.hooks.policy_enforcement [req-e9003678-b6e5-40b4-be31-306e4223d1e5 req-271b5642-a250-4f78-960d-5b9506ba7b2c service neutron] Attributes excluded by policy engine: ['standard_attr_id', 'vlan_transparent'] {{(pid=94154) _exclude_attributes_by_policy /opt/stack/neutron/neutron/pecan_wsgi/hooks/policy_enforcement.py:255}}
Sep 16 15:10:45.135904 dv-cinder-774288-9-iscsi neutron-server[94154]: INFO neutron.wsgi [req-e9003678-b6e5-40b4-be31-306e4223d1e5 req-271b5642-a250-4f78-960d-5b9506ba7b2c service neutron] 10.222.0.47 "GET /v2.0/networks?id=1732b214-5627-45fa-a11b-b7138567d2da HTTP/1.1" status: 200 len: 909 time: 0.0999877
Sep 16 15:10:45.303152 dv-cinder-774288-9-iscsi neutron-server[94155]: DEBUG neutron.pecan_wsgi.hooks.policy_enforcement [req-c0598392-5cec-4d76-a7e3-791dfb0af030 req-e065a954-a2d5-4022-8abb-833c6fd97794 tempest-ServerRescueNegativeTestJSON-352612832 tempest-ServerRescueNegativeTestJSON-352612832-project] Attributes excluded by policy engine: ['standard_attr_id', 'vlan_transparent', 'provider:network_type', 'provider:physical_network', 'provider:segmentation_id'] {{(pid=94155) _exclude_attributes_by_policy /opt/stack/neutron/neutron/pecan_wsgi/hooks/policy_enforcement.py:255}}
Sep 16 15:10:45.304742 dv-cinder-774288-9-iscsi neutron-server[94155]: INFO neutron.wsgi [req-c0598392-5cec-4d76-a7e3-791dfb0af030 req-e065a954-a2d5-4022-8abb-833c6fd97794 tempest-ServerRescueNegativeTestJSON-352612832 tempest-ServerRescueNegativeTestJSON-352612832-project] 10.222.0.47 "GET /v2.0/networks?id=4cdec1c0-81b1-4bf3-97de-5f7ce7b19ddf HTTP/1.1" status: 200 len: 819 time: 0.1432076
Sep 16 15:10:45.385469 dv-cinder-774288-9-iscsi neutron-server[94155]: DEBUG neutron.api.v2.base [req-c0598392-5cec-4d76-a7e3-791dfb0af030 req-68a5a3fb-6ca7-41ad-8420-0420432ee0c8 tempest-ServerRescueNegativeTestJSON-352612832 tempest-ServerRescueNegativeTestJSON-352612832-project] Request body: {'port': {'device_id': '2a70181b-184c-4dd1-a6e3-51c4474aafa9', 'network_id': '4cdec1c0-81b1-4bf3-97de-5f7ce7b19ddf', 'admin_state_up': True, 'tenant_id': '652be789b2d84ef0963291527797a8eb'}} {{(pid=94155) prepare_request_body /opt/stack/neutron/neutron/api/v2/base.py:730}}
Sep 16 15:10:45.428275 dv-cinder-774288-9-iscsi neutron-server[94154]: INFO neutron.wsgi [req-e9003678-b6e5-40b4-be31-306e4223d1e5 req-86915557-9f6c-4ab7-bbfb-eb0bd803fb5e service neutron] 10.222.0.47 "GET /v2.0/floatingips?fixed_ip_address=172.20.0.12&port_id=0aef666c-9a45-4fba-802e-2fd7d46fe27b HTTP/1.1" status: 200 len: 217 time: 0.2639534
Sep 16 15:10:45.445868 dv-cinder-774288-9-iscsi neutron-server[94154]: INFO neutron.wsgi [req-e61552c1-104f-46f7-a2fd-4aeb86045932 req-e5f9437f-3acd-4b68-b857-d1f97a22059e service neutron] 10.222.0.47 "GET /v2.0/ports?device_id=6a89d935-91f6-4c99-89f6-6b6641bf719a&fields=binding%3Ahost_id&fields=binding%3Avif_type HTTP/1.1" status: 200 len: 275 time: 0.2802017
Sep 16 15:10:45.509827 dv-cinder-774288-9-iscsi neutron-server[94155]: DEBUG neutron.pecan_wsgi.hooks.quota_enforcement [req-c0598392-5cec-4d76-a7e3-791dfb0af030 req-68a5a3fb-6ca7-41ad-8420-0420432ee0c8 tempest-ServerRescueNegativeTestJSON-352612832 tempest-ServerRescueNegativeTestJSON-352612832-project] Made reservation on behalf of 652be789b2d84ef0963291527797a8eb for: {'port': 1} {{(pid=94155) before /opt/stack/neutron/neutron/pecan_wsgi/hooks/quota_enforcement.py:53}}
Sep 16 15:10:45.509993 dv-cinder-774288-9-iscsi neutron-server[94156]: DEBUG neutron.plugins.ml2.rpc [None req-725cb9ed-0000-4df3-8781-99460c6601e0 None None] Device 1f603159-4dd7-4d36-bd2c-c779f88827b1 up at agent ovs-agent-dv-cinder-774288-9-iscsi {{(pid=94156) update_device_up /opt/stack/neutron/neutron/plugins/ml2/rpc.py:296}}
Sep 16 15:10:45.516780 dv-cinder-774288-9-iscsi neutron-server[94155]: DEBUG neutron_lib.callbacks.manager [req-c0598392-5cec-4d76-a7e3-791dfb0af030 req-68a5a3fb-6ca7-41ad-8420-0420432ee0c8 tempest-ServerRescueNegativeTestJSON-352612832 tempest-ServerRescueNegativeTestJSON-352612832-project] Notify callbacks ['neutron.plugins.ml2.plugin.SecurityGroupDbMixin._ensure_default_security_group_handler-922167'] for port, before_create {{(pid=94155) _notify_loop /usr/local/lib/python3.8/dist-packages/neutron_lib/callbacks/manager.py:192}}
Sep 16 15:10:45.528341 dv-cinder-774288-9-iscsi neutron-server[94154]: INFO neutron.wsgi [req-2154188d-3b9b-4f19-ad8e-ee2389c1f309 req-94cbcdb9-dad7-4d80-a836-344b9e6845da tempest-ServerRescueNegativeTestJSON-352612832 tempest-ServerRescueNegativeTestJSON-352612832-project] 10.222.0.36 "GET /v2.0/ports?device_id=c7784a70-39a5-4715-acf7-ca34d50139d1 HTTP/1.1" status: 200 len: 210 time: 0.0408533
Sep 16 15:10:45.579942 dv-cinder-774288-9-iscsi neutron-server[94156]: DEBUG neutron.db.provisioning_blocks [None req-725cb9ed-0000-4df3-8781-99460c6601e0 None None] Provisioning complete for port 1f603159-4dd7-4d36-bd2c-c779f88827b1 triggered by entity L2. {{(pid=94156) provisioning_complete /opt/stack/neutron/neutron/db/provisioning_blocks.py:139}}
Sep 16 15:10:45.580387 dv-cinder-774288-9-iscsi neutron-server[94156]: DEBUG neutron_lib.callbacks.manager [None req-725cb9ed-0000-4df3-8781-99460c6601e0 None None] Notify callbacks ['neutron.plugins.ml2.plugin.Ml2Plugin._port_provisioned-966651'] for port, provisioning_complete {{(pid=94156) _notify_loop /usr/local/lib/python3.8/dist-packages/neutron_lib/callbacks/manager.py:192}}
Sep 16 15:10:45.629824 dv-cinder-774288-9-iscsi neutron-server[94154]: DEBUG neutron.pecan_wsgi.hooks.policy_enforcement [req-e9003678-b6e5-40b4-be31-306e4223d1e5 req-eb59b6b8-20e1-4621-9b43-7deabe922038 service neutron] Attributes excluded by policy engine: ['standard_attr_id', 'shared', 'segment_id'] {{(pid=94154) _exclude_attributes_by_policy /opt/stack/neutron/neutron/pecan_wsgi/hooks/policy_enforcement.py:255}}
Sep 16 15:10:45.631259 dv-cinder-774288-9-iscsi neutron-server[94154]: INFO neutron.wsgi [req-e9003678-b6e5-40b4-be31-306e4223d1e5 req-eb59b6b8-20e1-4621-9b43-7deabe922038 service neutron] 10.222.0.47 "GET /v2.0/subnets?id=bc046e37-cd50-499d-be12-7aacb30aac30 HTTP/1.1" status: 200 len: 848 time: 0.1057057
Sep 16 15:10:45.636060 dv-cinder-774288-9-iscsi neutron-server[94154]: DEBUG neutron.pecan_wsgi.hooks.policy_enforcement [req-e61552c1-104f-46f7-a2fd-4aeb86045932 req-364133a1-4a53-4a97-85a7-7ece99e2aa22 service neutron] Attributes excluded by policy engine: ['standard_attr_id'] {{(pid=94154) _exclude_attributes_by_policy /opt/stack/neutron/neutron/pecan_wsgi/hooks/policy_enforcement.py:255}}
Sep 16 15:10:45.637480 dv-cinder-774288-9-iscsi neutron-server[94154]: INFO neutron.wsgi [req-e61552c1-104f-46f7-a2fd-4aeb86045932 req-364133a1-4a53-4a97-85a7-7ece99e2aa22 service neutron] 10.222.0.47 "GET /v2.0/ports?tenant_id=134359a6c3014235805bac2ee17179a0&device_id=6a89d935-91f6-4c99-89f6-6b6641bf719a HTTP/1.1" status: 200 len: 1098 time: 0.0731828
Sep 16 15:10:45.721187 dv-cinder-774288-9-iscsi neutron-server[94154]: INFO neutron.wsgi [req-e9003678-b6e5-40b4-be31-306e4223d1e5 req-8fc721cc-e1c5-4155-a261-6655148de63a service neutron] 10.222.0.47 "GET /v2.0/ports?network_id=1732b214-5627-45fa-a11b-b7138567d2da&device_owner=network%3Adhcp HTTP/1.1" status: 200 len: 210 time: 0.0563643
Sep 16 15:10:45.776808 dv-cinder-774288-9-iscsi neutron-server[94154]: DEBUG neutron.pecan_wsgi.hooks.policy_enforcement [req-2be34126-c08b-4de4-ace8-f182656c970f req-bfb9b1ef-6e75-4c1a-886c-53448c6ca948 tempest-VolumesActionsTest-870151022 tempest-VolumesActionsTest-870151022-project] Attributes excluded by policy engine: ['standard_attr_id', 'binding:profile', 'binding:host_id', 'binding:vif_type', 'binding:vif_details'] {{(pid=94154) _exclude_attributes_by_policy /opt/stack/neutron/neutron/pecan_wsgi/hooks/policy_enforcement.py:255}}
Sep 16 15:10:45.778390 dv-cinder-774288-9-iscsi neutron-server[94154]: INFO neutron.wsgi [req-2be34126-c08b-4de4-ace8-f182656c970f req-bfb9b1ef-6e75-4c1a-886c-53448c6ca948 tempest-VolumesActionsTest-870151022 tempest-VolumesActionsTest-870151022-project] 10.222.0.36 "GET /v2.0/ports?device_id=3e186350-e60c-40d7-b8cb-8cefb46760ca HTTP/1.1" status: 200 len: 944 time: 0.1462200
Sep 16 15:10:45.882133 dv-cinder-774288-9-iscsi neutron-server[94155]: DEBUG neutron.wsgi [-] (94155) accepted ('10.222.0.47', 63981) {{(pid=94155) server /usr/local/lib/python3.8/dist-packages/eventlet/wsgi.py:982}}
Sep 16 15:10:45.891772 dv-cinder-774288-9-iscsi neutron-server[94154]: DEBUG neutron.pecan_wsgi.hooks.policy_enforcement [req-e61552c1-104f-46f7-a2fd-4aeb86045932 req-f50e1d65-afda-4d00-bf34-32ec739fc756 service neutron] Attributes excluded by policy engine: ['standard_attr_id', 'vlan_transparent'] {{(pid=94154) _exclude_attributes_by_policy /opt/stack/neutron/neutron/pecan_wsgi/hooks/policy_enforcement.py:255}}
Sep 16 15:10:45.893266 dv-cinder-774288-9-iscsi neutron-server[94154]: INFO neutron.wsgi [req-e61552c1-104f-46f7-a2fd-4aeb86045932 req-f50e1d65-afda-4d00-bf34-32ec739fc756 service neutron] 10.222.0.47 "GET /v2.0/networks?id=63236875-920b-484b-a3ae-dd0dbd3cecb7 HTTP/1.1" status: 200 len: 916 time: 0.2142863
Sep 16 15:10:45.898288 dv-cinder-774288-9-iscsi neutron-server[94154]: INFO neutron.wsgi [req-2be34126-c08b-4de4-ace8-f182656c970f req-1ec85a02-fbfe-48b4-b1d8-ae585664b8bc tempest-VolumesActionsTest-870151022 tempest-VolumesActionsTest-870151022-project] 10.222.0.36 "GET /v2.0/security-groups?id=705e3b13-4399-4a2e-b82d-c804055c5515&fields=id&fields=name HTTP/1.1" status: 200 len: 286 time: 0.1069138
Sep 16 15:10:45.901587 dv-cinder-774288-9-iscsi neutron-server[94155]: DEBUG neutron.pecan_wsgi.hooks.policy_enforcement [req-6c76b719-d1af-4777-ac01-89fe5db6ea5f req-2eda4fe4-84ef-4b43-ba43-b110eee10e15 tempest-AttachVolumeNegativeTest-400632935 tempest-AttachVolumeNegativeTest-400632935-project] Attributes excluded by policy engine: ['standard_attr_id', 'binding:profile', 'binding:host_id', 'binding:vif_type', 'binding:vif_details'] {{(pid=94155) _exclude_attributes_by_policy /opt/stack/neutron/neutron/pecan_wsgi/hooks/policy_enforcement.py:255}}
Sep 16 15:10:45.906569 dv-cinder-774288-9-iscsi neutron-server[94155]: INFO neutron.wsgi [req-6c76b719-d1af-4777-ac01-89fe5db6ea5f req-2eda4fe4-84ef-4b43-ba43-b110eee10e15 tempest-AttachVolumeNegativeTest-400632935 tempest-AttachVolumeNegativeTest-400632935-project] 10.222.0.36 "GET /v2.0/ports?device_id=49b42942-576c-40b9-8c9e-e6ba19401b4e HTTP/1.1" status: 200 len: 944 time: 0.1176615
Sep 16 15:10:46.006998 dv-cinder-774288-9-iscsi neutron-server[94154]: INFO neutron.wsgi [req-e61552c1-104f-46f7-a2fd-4aeb86045932 req-bd304929-6f07-4647-8549-2f5ebc87bd93 service neutron] 10.222.0.47 "GET /v2.0/floatingips?fixed_ip_address=172.20.0.8&port_id=9bfa5acc-2d34-4f26-9742-f0685f66f757 HTTP/1.1" status: 200 len: 217 time: 0.0906646
Sep 16 15:10:46.015460 dv-cinder-774288-9-iscsi neutron-server[94154]: INFO neutron.wsgi [req-e9003678-b6e5-40b4-be31-306e4223d1e5 req-f2d54ff0-1241-41e7-9178-45b0101f6038 service neutron] 10.222.0.47 "GET /v2.0/networks/1732b214-5627-45fa-a11b-b7138567d2da?fields=segments HTTP/1.1" status: 200 len: 212 time: 0.2341163
Sep 16 15:10:46.067868 dv-cinder-774288-9-iscsi neutron-server[94156]: DEBUG neutron.plugins.ml2.rpc [None req-e79b74a8-e70a-44d8-b39a-dbeb3a540324 None None] Device 11b9259b-5c1f-4b92-9029-1bdb7f70217f up at agent hyperv_hv-cinder-77428 {{(pid=94156) update_device_up /opt/stack/neutron/neutron/plugins/ml2/rpc.py:296}}
Sep 16 15:10:46.172478 dv-cinder-774288-9-iscsi neutron-server[94156]: DEBUG neutron.db.provisioning_blocks [None req-e79b74a8-e70a-44d8-b39a-dbeb3a540324 None None] Provisioning for port 11b9259b-5c1f-4b92-9029-1bdb7f70217f completed by entity L2. {{(pid=94156) provisioning_complete /opt/stack/neutron/neutron/db/provisioning_blocks.py:133}}
Sep 16 15:10:46.178610 dv-cinder-774288-9-iscsi neutron-server[94156]: DEBUG neutron.db.provisioning_blocks [None req-e79b74a8-e70a-44d8-b39a-dbeb3a540324 None None] Provisioning complete for port 11b9259b-5c1f-4b92-9029-1bdb7f70217f triggered by entity L2. {{(pid=94156) provisioning_complete /opt/stack/neutron/neutron/db/provisioning_blocks.py:139}}
Sep 16 15:10:46.179287 dv-cinder-774288-9-iscsi neutron-server[94156]: DEBUG neutron_lib.callbacks.manager [None req-e79b74a8-e70a-44d8-b39a-dbeb3a540324 None None] Notify callbacks ['neutron.plugins.ml2.plugin.Ml2Plugin._port_provisioned-966651'] for port, provisioning_complete {{(pid=94156) _notify_loop /usr/local/lib/python3.8/dist-packages/neutron_lib/callbacks/manager.py:192}}
Sep 16 15:10:46.216723 dv-cinder-774288-9-iscsi neutron-server[94155]: INFO neutron.wsgi [req-6c76b719-d1af-4777-ac01-89fe5db6ea5f req-4d7184db-cbcf-4132-b535-71a15a397d36 tempest-AttachVolumeNegativeTest-400632935 tempest-AttachVolumeNegativeTest-400632935-project] 10.222.0.36 "GET /v2.0/security-groups?id=8b7975bd-19f6-473a-940c-88220f8f1bee&fields=id&fields=name HTTP/1.1" status: 200 len: 286 time: 0.2884078
Sep 16 15:10:46.239890 dv-cinder-774288-9-iscsi neutron-server[94155]: DEBUG neutron.db.db_base_plugin_common [req-c0598392-5cec-4d76-a7e3-791dfb0af030 req-68a5a3fb-6ca7-41ad-8420-0420432ee0c8 tempest-ServerRescueNegativeTestJSON-352612832 tempest-ServerRescueNegativeTestJSON-352612832-project] Allocated IP 172.20.0.2 (4cdec1c0-81b1-4bf3-97de-5f7ce7b19ddf/d0506e19-8fe8-4b0e-8142-f89101eee5d3/4584b1dc-867f-46c8-8c9e-36d5cd675ee9) {{(pid=94155) _store_ip_allocation /opt/stack/neutron/neutron/db/db_base_plugin_common.py:131}}
Sep 16 15:10:46.253836 dv-cinder-774288-9-iscsi neutron-server[94154]: DEBUG neutron.pecan_wsgi.hooks.policy_enforcement [req-e61552c1-104f-46f7-a2fd-4aeb86045932 req-c6327efb-306d-489d-85e1-acdc32be689a service neutron] Attributes excluded by policy engine: ['standard_attr_id', 'shared', 'segment_id'] {{(pid=94154) _exclude_attributes_by_policy /opt/stack/neutron/neutron/pecan_wsgi/hooks/policy_enforcement.py:255}}
Sep 16 15:10:46.255698 dv-cinder-774288-9-iscsi neutron-server[94154]: INFO neutron.wsgi [req-e61552c1-104f-46f7-a2fd-4aeb86045932 req-c6327efb-306d-489d-85e1-acdc32be689a service neutron] 10.222.0.47 "GET /v2.0/subnets?id=e90b9e83-ce31-4673-bb60-540443ca12d2 HTTP/1.1" status: 200 len: 855 time: 0.2304647
Sep 16 15:10:46.272346 dv-cinder-774288-9-iscsi neutron-server[94155]: DEBUG neutron.pecan_wsgi.hooks.policy_enforcement [req-a2ebda98-814a-4705-b157-0c167717adc1 req-a118df13-654e-42e1-a662-4ea089bf55ba tempest-ServerRescueNegativeTestJSON-352612832 tempest-ServerRescueNegativeTestJSON-352612832-project] Attributes excluded by policy engine: ['standard_attr_id', 'vlan_transparent', 'provider:network_type', 'provider:physical_network', 'provider:segmentation_id'] {{(pid=94155) _exclude_attributes_by_policy /opt/stack/neutron/neutron/pecan_wsgi/hooks/policy_enforcement.py:255}}
Sep 16 15:10:46.274116 dv-cinder-774288-9-iscsi neutron-server[94155]: INFO neutron.wsgi [req-a2ebda98-814a-4705-b157-0c167717adc1 req-a118df13-654e-42e1-a662-4ea089bf55ba tempest-ServerRescueNegativeTestJSON-352612832 tempest-ServerRescueNegativeTestJSON-352612832-project] 10.222.0.47 "GET /v2.0/networks?id=4cdec1c0-81b1-4bf3-97de-5f7ce7b19ddf HTTP/1.1" status: 200 len: 819 time: 0.3537908
Sep 16 15:10:46.312973 dv-cinder-774288-9-iscsi neutron-server[94155]: DEBUG neutron.api.v2.base [req-a2ebda98-814a-4705-b157-0c167717adc1 req-a784160b-08cc-4a0d-9ab1-b8373cb1823d tempest-ServerRescueNegativeTestJSON-352612832 tempest-ServerRescueNegativeTestJSON-352612832-project] Request body: {'port': {'device_id': 'c7784a70-39a5-4715-acf7-ca34d50139d1', 'network_id': '4cdec1c0-81b1-4bf3-97de-5f7ce7b19ddf', 'admin_state_up': True, 'tenant_id': '652be789b2d84ef0963291527797a8eb'}} {{(pid=94155) prepare_request_body /opt/stack/neutron/neutron/api/v2/base.py:730}}
Sep 16 15:10:46.316475 dv-cinder-774288-9-iscsi neutron-server[94156]: DEBUG neutron_lib.callbacks.manager [None req-e79b74a8-e70a-44d8-b39a-dbeb3a540324 None None] Notify callbacks ['neutron.plugins.ml2.plugin.SecurityGroupDbMixin._ensure_default_security_group_handler-922167'] for port, before_update {{(pid=94156) _notify_loop /usr/local/lib/python3.8/dist-packages/neutron_lib/callbacks/manager.py:192}}
Sep 16 15:10:46.350154 dv-cinder-774288-9-iscsi neutron-server[94154]: INFO neutron.wsgi [req-e61552c1-104f-46f7-a2fd-4aeb86045932 req-7a445a90-c20c-4ae9-8a45-a3d9fe601187 service neutron] 10.222.0.47 "GET /v2.0/ports?network_id=63236875-920b-484b-a3ae-dd0dbd3cecb7&device_owner=network%3Adhcp HTTP/1.1" status: 200 len: 210 time: 0.0457404
Sep 16 15:10:46.355363 dv-cinder-774288-9-iscsi neutron-server[94156]: DEBUG neutron.notifiers.nova [-] Sending events: [{'server_uuid': '49b42942-576c-40b9-8c9e-e6ba19401b4e', 'name': 'network-vif-plugged', 'status': 'completed', 'tag': '11b9259b-5c1f-4b92-9029-1bdb7f70217f'}] {{(pid=94156) send_events /opt/stack/neutron/neutron/notifiers/nova.py:262}}
Sep 16 15:10:46.358854 dv-cinder-774288-9-iscsi neutron-server[94156]: DEBUG novaclient.v2.client [-] REQ: curl -g -i --cacert "/opt/stack/data/ca-bundle.pem" -X POST http://10.222.0.36/compute/v2.1/os-server-external-events -H "Accept: application/json" -H "Content-Type: application/json" -H "User-Agent: python-novaclient" -H "X-Auth-Token: {SHA256}d388ec8f09273c9aa7641be78609d3fd322b3235e5bc78f81548fec36ace37e1" -H "X-OpenStack-Nova-API-Version: 2.1" -H "X-OpenStack-Request-ID: req-a8ba6cd7-16b0-4040-84b9-68d532cfbf0a" -d '{"events": [{"server_uuid": "49b42942-576c-40b9-8c9e-e6ba19401b4e", "name": "network-vif-plugged", "status": "completed", "tag": "11b9259b-5c1f-4b92-9029-1bdb7f70217f"}]}' {{(pid=94156) _http_log_request /usr/local/lib/python3.8/dist-packages/keystoneauth1/session.py:519}}
Sep 16 15:10:46.363147 dv-cinder-774288-9-iscsi neutron-server[94154]: INFO neutron.wsgi [req-e9003678-b6e5-40b4-be31-306e4223d1e5 req-39939bd5-62df-4f6f-b47a-9f7125edb495 service neutron] 10.222.0.47 "GET /v2.0/networks/1732b214-5627-45fa-a11b-b7138567d2da?fields=provider%3Aphysical_network&fields=provider%3Anetwork_type HTTP/1.1" status: 200 len: 281 time: 0.3343413
Sep 16 15:10:46.374692 dv-cinder-774288-9-iscsi neutron-server[94156]: DEBUG neutron.plugins.ml2.db [None req-e79b74a8-e70a-44d8-b39a-dbeb3a540324 None None] For port 11b9259b-5c1f-4b92-9029-1bdb7f70217f, host hv-cinder-77428, got binding levels [PortBindingLevel(driver='hyperv',host='hv-cinder-77428',level=0,port_id=11b9259b-5c1f-4b92-9029-1bdb7f70217f,segment=NetworkSegment(bf20aa5d-025c-4962-bff7-443fa848af85),segment_id=bf20aa5d-025c-4962-bff7-443fa848af85)] {{(pid=94156) get_binding_level_objs /opt/stack/neutron/neutron/plugins/ml2/db.py:74}}
Sep 16 15:10:46.381982 dv-cinder-774288-9-iscsi neutron-server[94156]: DEBUG neutron_lib.callbacks.manager [None req-e79b74a8-e70a-44d8-b39a-dbeb3a540324 None None] Notify callbacks ['neutron.plugins.ml2.plugin.SecurityGroupServerNotifierRpcMixin._notify_sg_on_port_change-922230', 'neutron.plugins.ml2.ovo_rpc._ObjectChangeHandler.handle_event-392270', 'neutron.api.rpc.agentnotifiers.dhcp_rpc_agent_api.DhcpAgentNotifyAPI._native_event_send_dhcp_notification-1577799', 'neutron.db.l3_db.L3RpcNotifierMixin._notify_gateway_port_ip_changed-8738091251213', 'neutron.db.l3_dvrscheduler_db._notify_l3_agent_port_update-8738090762716', 'neutron.db.l3_hascheduler_db._notify_l3_agent_ha_port_update-8738090762734'] for port, after_update {{(pid=94156) _notify_loop /usr/local/lib/python3.8/dist-packages/neutron_lib/callbacks/manager.py:192}}
Sep 16 15:10:46.461855 dv-cinder-774288-9-iscsi neutron-server[94156]: DEBUG novaclient.v2.client [-] RESP: [200] Connection: close Content-Length: 183 Content-Type: application/json Date: Thu, 16 Sep 2021 15:10:46 GMT OpenStack-API-Version: compute 2.1 Server: Apache/2.4.41 (Ubuntu) Vary: OpenStack-API-Version,X-OpenStack-Nova-API-Version X-OpenStack-Nova-API-Version: 2.1 x-compute-request-id: req-63ad09ff-3971-446c-8466-7a37b129416e x-openstack-request-id: req-63ad09ff-3971-446c-8466-7a37b129416e {{(pid=94156) _http_log_response /usr/local/lib/python3.8/dist-packages/keystoneauth1/session.py:550}}
Sep 16 15:10:46.462233 dv-cinder-774288-9-iscsi neutron-server[94156]: DEBUG novaclient.v2.client [-] RESP BODY: {"events": [{"server_uuid": "49b42942-576c-40b9-8c9e-e6ba19401b4e", "name": "network-vif-plugged", "status": "completed", "tag": "11b9259b-5c1f-4b92-9029-1bdb7f70217f", "code": 200}]} {{(pid=94156) _http_log_response /usr/local/lib/python3.8/dist-packages/keystoneauth1/session.py:582}}
Sep 16 15:10:46.462539 dv-cinder-774288-9-iscsi neutron-server[94156]: DEBUG novaclient.v2.client [-] POST call to compute for http://10.222.0.36/compute/v2.1/os-server-external-events used request id req-63ad09ff-3971-446c-8466-7a37b129416e {{(pid=94156) request /usr/local/lib/python3.8/dist-packages/keystoneauth1/session.py:954}}
Sep 16 15:10:46.463069 dv-cinder-774288-9-iscsi neutron-server[94156]: INFO neutron.notifiers.nova [-] Nova event response: {'server_uuid': '49b42942-576c-40b9-8c9e-e6ba19401b4e', 'name': 'network-vif-plugged', 'status': 'completed', 'tag': '11b9259b-5c1f-4b92-9029-1bdb7f70217f', 'code': 200}
Sep 16 15:10:46.463906 dv-cinder-774288-9-iscsi neutron-server[94156]: DEBUG neutron.api.rpc.handlers.resources_rpc [None req-e79b74a8-e70a-44d8-b39a-dbeb3a540324 None None] Pushing event updated for resources: {'Port': ['ID=11b9259b-5c1f-4b92-9029-1bdb7f70217f,revision_number=5']} {{(pid=94156) push /opt/stack/neutron/neutron/api/rpc/handlers/resources_rpc.py:237}}
Sep 16 15:10:46.532777 dv-cinder-774288-9-iscsi neutron-server[94155]: DEBUG neutron.pecan_wsgi.hooks.quota_enforcement [req-a2ebda98-814a-4705-b157-0c167717adc1 req-a784160b-08cc-4a0d-9ab1-b8373cb1823d tempest-ServerRescueNegativeTestJSON-352612832 tempest-ServerRescueNegativeTestJSON-352612832-project] Made reservation on behalf of 652be789b2d84ef0963291527797a8eb for: {'port': 1} {{(pid=94155) before /opt/stack/neutron/neutron/pecan_wsgi/hooks/quota_enforcement.py:53}}
Sep 16 15:10:46.537620 dv-cinder-774288-9-iscsi neutron-server[94155]: DEBUG neutron_lib.callbacks.manager [req-a2ebda98-814a-4705-b157-0c167717adc1 req-a784160b-08cc-4a0d-9ab1-b8373cb1823d tempest-ServerRescueNegativeTestJSON-352612832 tempest-ServerRescueNegativeTestJSON-352612832-project] Notify callbacks ['neutron.plugins.ml2.plugin.SecurityGroupDbMixin._ensure_default_security_group_handler-922167'] for port, before_create {{(pid=94155) _notify_loop /usr/local/lib/python3.8/dist-packages/neutron_lib/callbacks/manager.py:192}}
Sep 16 15:10:46.592641 dv-cinder-774288-9-iscsi neutron-server[94154]: INFO neutron.wsgi [req-e61552c1-104f-46f7-a2fd-4aeb86045932 req-f9165ff2-56fd-45e9-b13e-4973bcd3554d service neutron] 10.222.0.47 "GET /v2.0/networks/63236875-920b-484b-a3ae-dd0dbd3cecb7?fields=segments HTTP/1.1" status: 200 len: 212 time: 0.2236116
Sep 16 15:10:46.593160 dv-cinder-774288-9-iscsi neutron-server[94154]: DEBUG neutron.wsgi [-] (94154) accepted ('10.222.0.36', 56230) {{(pid=94154) server /usr/local/lib/python3.8/dist-packages/eventlet/wsgi.py:982}}
Sep 16 15:10:46.721832 dv-cinder-774288-9-iscsi neutron-server[94155]: DEBUG neutron_lib.callbacks.manager [req-c0598392-5cec-4d76-a7e3-791dfb0af030 req-68a5a3fb-6ca7-41ad-8420-0420432ee0c8 tempest-ServerRescueNegativeTestJSON-352612832 tempest-ServerRescueNegativeTestJSON-352612832-project] Notify callbacks [] for port, precommit_create {{(pid=94155) _notify_loop /usr/local/lib/python3.8/dist-packages/neutron_lib/callbacks/manager.py:192}}
Sep 16 15:10:46.787743 dv-cinder-774288-9-iscsi neutron-server[94155]: INFO neutron.wsgi [req-195ce830-51cd-4d23-ade8-acb7d01974d1 req-93e60eb8-8b6c-4161-b6d9-7d93776e977f tempest-ServerRescueNegativeTestJSON-352612832 tempest-ServerRescueNegativeTestJSON-352612832-project] 10.222.0.36 "GET /v2.0/ports?device_id=c7784a70-39a5-4715-acf7-ca34d50139d1 HTTP/1.1" status: 200 len: 210 time: 0.0524924
Sep 16 15:10:46.818868 dv-cinder-774288-9-iscsi neutron-server[94154]: DEBUG neutron_lib.callbacks.manager [None req-8872c356-4421-4d9d-a040-7f98691670b1 admin admin] Notify callbacks [] for security_group, before_create {{(pid=94154) _notify_loop /usr/local/lib/python3.8/dist-packages/neutron_lib/callbacks/manager.py:192}}
Sep 16 15:10:46.837704 dv-cinder-774288-9-iscsi neutron-server[94155]: DEBUG neutron_lib.callbacks.manager [req-c0598392-5cec-4d76-a7e3-791dfb0af030 req-68a5a3fb-6ca7-41ad-8420-0420432ee0c8 tempest-ServerRescueNegativeTestJSON-352612832 tempest-ServerRescueNegativeTestJSON-352612832-project] Notify callbacks ['neutron.plugins.ml2.plugin.SecurityGroupServerNotifierRpcMixin._notify_sg_on_port_change-922230', 'neutron.plugins.ml2.ovo_rpc._ObjectChangeHandler.handle_event-392270', 'neutron.api.rpc.agentnotifiers.dhcp_rpc_agent_api.DhcpAgentNotifyAPI._native_event_send_dhcp_notification-1577799', 'neutron.db.l3_dvrscheduler_db._notify_l3_agent_new_port-8738090762698'] for port, after_create {{(pid=94155) _notify_loop /usr/local/lib/python3.8/dist-packages/neutron_lib/callbacks/manager.py:192}}
Sep 16 15:10:46.841637 dv-cinder-774288-9-iscsi neutron-server[94154]: DEBUG neutron.pecan_wsgi.hooks.policy_enforcement [req-67a25ab0-5873-4269-8733-dd321390923d req-850a3bd9-4229-4188-831a-041fe279ff2a service neutron] Attributes excluded by policy engine: ['standard_attr_id'] {{(pid=94154) _exclude_attributes_by_policy /opt/stack/neutron/neutron/pecan_wsgi/hooks/policy_enforcement.py:255}}
Sep 16 15:10:46.843168 dv-cinder-774288-9-iscsi neutron-server[94154]: INFO neutron.wsgi [req-67a25ab0-5873-4269-8733-dd321390923d req-850a3bd9-4229-4188-831a-041fe279ff2a service neutron] 10.222.0.47 "GET /v2.0/ports?device_id=49b42942-576c-40b9-8c9e-e6ba19401b4e HTTP/1.1" status: 200 len: 1098 time: 0.0816300
Sep 16 15:10:46.848001 dv-cinder-774288-9-iscsi neutron-server[94154]: INFO neutron.wsgi [req-e61552c1-104f-46f7-a2fd-4aeb86045932 req-9adbf787-a928-473e-ac36-16db68d5ba86 service neutron] 10.222.0.47 "GET /v2.0/networks/63236875-920b-484b-a3ae-dd0dbd3cecb7?fields=provider%3Aphysical_network&fields=provider%3Anetwork_type HTTP/1.1" status: 200 len: 281 time: 0.2238216
Sep 16 15:10:46.895284 dv-cinder-774288-9-iscsi neutron-server[94155]: DEBUG neutron.scheduler.dhcp_agent_scheduler [req-c0598392-5cec-4d76-a7e3-791dfb0af030 req-68a5a3fb-6ca7-41ad-8420-0420432ee0c8 tempest-ServerRescueNegativeTestJSON-352612832 tempest-ServerRescueNegativeTestJSON-352612832-project] Network 4cdec1c0-81b1-4bf3-97de-5f7ce7b19ddf is already hosted by enough agents. {{(pid=94155) _get_dhcp_agents_hosting_network /opt/stack/neutron/neutron/scheduler/dhcp_agent_scheduler.py:275}}
Sep 16 15:10:46.905095 dv-cinder-774288-9-iscsi neutron-server[94155]: DEBUG neutron.scheduler.base_scheduler [req-c0598392-5cec-4d76-a7e3-791dfb0af030 req-68a5a3fb-6ca7-41ad-8420-0420432ee0c8 tempest-ServerRescueNegativeTestJSON-352612832 tempest-ServerRescueNegativeTestJSON-352612832-project] Resources bound (agent type, host, resource id): {{(pid=94155) schedule /opt/stack/neutron/neutron/scheduler/base_scheduler.py:57}}
Sep 16 15:10:46.907713 dv-cinder-774288-9-iscsi neutron-server[94155]: DEBUG neutron.db.l3_dvrscheduler_db [req-c0598392-5cec-4d76-a7e3-791dfb0af030 req-68a5a3fb-6ca7-41ad-8420-0420432ee0c8 tempest-ServerRescueNegativeTestJSON-352612832 tempest-ServerRescueNegativeTestJSON-352612832-project] Received port after_create {{(pid=94155) _notify_l3_agent_new_port /opt/stack/neutron/neutron/db/l3_dvrscheduler_db.py:535}}
Sep 16 15:10:46.913635 dv-cinder-774288-9-iscsi neutron-server[94155]: DEBUG neutron.pecan_wsgi.hooks.policy_enforcement [req-c0598392-5cec-4d76-a7e3-791dfb0af030 req-68a5a3fb-6ca7-41ad-8420-0420432ee0c8 tempest-ServerRescueNegativeTestJSON-352612832 tempest-ServerRescueNegativeTestJSON-352612832-project] Attributes excluded by policy engine: ['standard_attr_id', 'binding:profile', 'binding:host_id', 'binding:vif_type', 'binding:vif_details', 'network'] {{(pid=94155) _exclude_attributes_by_policy /opt/stack/neutron/neutron/pecan_wsgi/hooks/policy_enforcement.py:255}}
Sep 16 15:10:46.914250 dv-cinder-774288-9-iscsi neutron-server[94155]: DEBUG neutron_lib.callbacks.manager [req-c0598392-5cec-4d76-a7e3-791dfb0af030 req-68a5a3fb-6ca7-41ad-8420-0420432ee0c8 tempest-ServerRescueNegativeTestJSON-352612832 tempest-ServerRescueNegativeTestJSON-352612832-project] Notify callbacks ['neutron.notifiers.nova.Notifier._send_nova_notification-231531', 'neutron.api.rpc.agentnotifiers.dhcp_rpc_agent_api.DhcpAgentNotifyAPI._send_dhcp_notification-1577813'] for port, before_response {{(pid=94155) _notify_loop /usr/local/lib/python3.8/dist-packages/neutron_lib/callbacks/manager.py:192}}
Sep 16 15:10:46.916434 dv-cinder-774288-9-iscsi neutron-server[94154]: INFO neutron.wsgi [req-67a25ab0-5873-4269-8733-dd321390923d req-46676e6a-ac17-4512-b43a-0871ca164638 service neutron] 10.222.0.47 "GET /v2.0/security-groups?id=8b7975bd-19f6-473a-940c-88220f8f1bee&fields=id&fields=name HTTP/1.1" status: 200 len: 286 time: 0.0492697
Sep 16 15:10:46.922876 dv-cinder-774288-9-iscsi neutron-server[94155]: DEBUG neutron.db.db_base_plugin_common [req-a2ebda98-814a-4705-b157-0c167717adc1 req-a784160b-08cc-4a0d-9ab1-b8373cb1823d tempest-ServerRescueNegativeTestJSON-352612832 tempest-ServerRescueNegativeTestJSON-352612832-project] Allocated IP 172.20.0.5 (4cdec1c0-81b1-4bf3-97de-5f7ce7b19ddf/d0506e19-8fe8-4b0e-8142-f89101eee5d3/54a61362-64b7-4e32-baba-390a6a84d69b) {{(pid=94155) _store_ip_allocation /opt/stack/neutron/neutron/db/db_base_plugin_common.py:131}}
Sep 16 15:10:46.938665 dv-cinder-774288-9-iscsi neutron-server[94155]: DEBUG neutron.api.rpc.handlers.resources_rpc [None req-68a5a3fb-6ca7-41ad-8420-0420432ee0c8 tempest-ServerRescueNegativeTestJSON-352612832 tempest-ServerRescueNegativeTestJSON-352612832-project] Pushing event updated for resources: {'Port': ['ID=4584b1dc-867f-46c8-8c9e-36d5cd675ee9,revision_number=1']} {{(pid=94155) push /opt/stack/neutron/neutron/api/rpc/handlers/resources_rpc.py:237}}
Sep 16 15:10:46.961836 dv-cinder-774288-9-iscsi neutron-server[94154]: DEBUG neutron_lib.callbacks.manager [None req-8872c356-4421-4d9d-a040-7f98691670b1 admin admin] Notify callbacks [] for security_group, precommit_create {{(pid=94154) _notify_loop /usr/local/lib/python3.8/dist-packages/neutron_lib/callbacks/manager.py:192}}
Sep 16 15:10:46.966281 dv-cinder-774288-9-iscsi neutron-server[94154]: DEBUG neutron_lib.callbacks.manager [None req-8872c356-4421-4d9d-a040-7f98691670b1 admin admin] Notify callbacks ['neutron.plugins.ml2.ovo_rpc._ObjectChangeHandler.handle_event-1596627'] for security_group, after_create {{(pid=94154) _notify_loop /usr/local/lib/python3.8/dist-packages/neutron_lib/callbacks/manager.py:192}}
Sep 16 15:10:46.980066 dv-cinder-774288-9-iscsi neutron-server[94155]: INFO neutron.wsgi [req-c0598392-5cec-4d76-a7e3-791dfb0af030 req-68a5a3fb-6ca7-41ad-8420-0420432ee0c8 tempest-ServerRescueNegativeTestJSON-352612832 tempest-ServerRescueNegativeTestJSON-352612832-project] 10.222.0.47 "POST /v2.0/ports HTTP/1.1" status: 201 len: 933 time: 1.5987179
Sep 16 15:10:47.019010 dv-cinder-774288-9-iscsi neutron-server[94154]: INFO neutron.wsgi [None req-8872c356-4421-4d9d-a040-7f98691670b1 admin admin] 10.222.0.36 "GET /v2.0/security-groups?tenant_id=b578f9e451ef42029251f3963ceffae5&name=default HTTP/1.1" status: 200 len: 2979 time: 0.4222882
Sep 16 15:10:47.019319 dv-cinder-774288-9-iscsi neutron-server[94155]: DEBUG neutron.wsgi [-] (94155) accepted ('10.222.0.36', 56242) {{(pid=94155) server /usr/local/lib/python3.8/dist-packages/eventlet/wsgi.py:982}}
Sep 16 15:10:47.033590 dv-cinder-774288-9-iscsi neutron-server[94154]: DEBUG neutron.api.rpc.handlers.resources_rpc [None req-8872c356-4421-4d9d-a040-7f98691670b1 admin admin] Pushing event updated for resources: {'SecurityGroup': ['ID=8ba3d1bd-bf87-41c2-a143-ac6c597b5a96,revision_number=1']} {{(pid=94154) push /opt/stack/neutron/neutron/api/rpc/handlers/resources_rpc.py:237}}
Sep 16 15:10:47.061894 dv-cinder-774288-9-iscsi neutron-server[94154]: DEBUG neutron.pecan_wsgi.hooks.policy_enforcement [req-89b67e97-454e-4e20-bcad-42c34a152b84 req-fef4469c-f692-4658-bf98-de69d072f76a tempest-VolumesActionsTest-870151022 tempest-VolumesActionsTest-870151022-project] Attributes excluded by policy engine: ['standard_attr_id', 'binding:profile', 'binding:host_id', 'binding:vif_type', 'binding:vif_details'] {{(pid=94154) _exclude_attributes_by_policy /opt/stack/neutron/neutron/pecan_wsgi/hooks/policy_enforcement.py:255}}
Sep 16 15:10:47.063577 dv-cinder-774288-9-iscsi neutron-server[94154]: INFO neutron.wsgi [req-89b67e97-454e-4e20-bcad-42c34a152b84 req-fef4469c-f692-4658-bf98-de69d072f76a tempest-VolumesActionsTest-870151022 tempest-VolumesActionsTest-870151022-project] 10.222.0.36 "GET /v2.0/ports?device_id=3e186350-e60c-40d7-b8cb-8cefb46760ca HTTP/1.1" status: 200 len: 944 time: 0.0695946
Sep 16 15:10:47.111072 dv-cinder-774288-9-iscsi neutron-server[94154]: INFO neutron.wsgi [req-89b67e97-454e-4e20-bcad-42c34a152b84 req-793a9f9e-6636-4bce-8a53-a3101c712fd5 tempest-VolumesActionsTest-870151022 tempest-VolumesActionsTest-870151022-project] 10.222.0.36 "GET /v2.0/security-groups?id=705e3b13-4399-4a2e-b82d-c804055c5515&fields=id&fields=name HTTP/1.1" status: 200 len: 286 time: 0.0410562
Sep 16 15:10:47.138949 dv-cinder-774288-9-iscsi neutron-server[94155]: DEBUG neutron_lib.callbacks.manager [None req-d1f523de-cf38-4e59-bed0-1550c6b8c332 admin admin] Notify callbacks [] for security_group, before_delete {{(pid=94155) _notify_loop /usr/local/lib/python3.8/dist-packages/neutron_lib/callbacks/manager.py:192}}
Sep 16 15:10:47.144571 dv-cinder-774288-9-iscsi neutron-server[94155]: DEBUG neutron_lib.callbacks.manager [req-a2ebda98-814a-4705-b157-0c167717adc1 req-a784160b-08cc-4a0d-9ab1-b8373cb1823d tempest-ServerRescueNegativeTestJSON-352612832 tempest-ServerRescueNegativeTestJSON-352612832-project] Notify callbacks [] for port, precommit_create {{(pid=94155) _notify_loop /usr/local/lib/python3.8/dist-packages/neutron_lib/callbacks/manager.py:192}}
Sep 16 15:10:47.171639 dv-cinder-774288-9-iscsi neutron-server[94155]: DEBUG neutron_lib.callbacks.manager [None req-d1f523de-cf38-4e59-bed0-1550c6b8c332 admin admin] Notify callbacks [] for security_group, precommit_delete {{(pid=94155) _notify_loop /usr/local/lib/python3.8/dist-packages/neutron_lib/callbacks/manager.py:192}}
