Sep 03 15:00:23.193420 dv-cinder-774288-7-iscsi devstack@c-api.service[100661]: INFO cinder.api.openstack.wsgi [None req-a0b2f807-aa75-4fca-a32c-99e66d8d4aa5 tempest-QosSpecsTestJSON-1615834877 tempest-QosSpecsTestJSON-1615834877-project-admin] GET http://10.222.0.46/volume/v3/2e32b849e4e949eda302cb755ef87e9c/qos-specs/15153f77-8290-4306-a2ba-cc12b85a18b3/associate?vol_type_id=21404613-659f-418f-8b6b-b3e5f4ca7b9e
Sep 03 15:00:23.193975 dv-cinder-774288-7-iscsi devstack@c-api.service[100661]: DEBUG cinder.api.openstack.wsgi [None req-a0b2f807-aa75-4fca-a32c-99e66d8d4aa5 tempest-QosSpecsTestJSON-1615834877 tempest-QosSpecsTestJSON-1615834877-project-admin] Empty body provided in request {{(pid=100661) get_body /opt/stack/cinder/cinder/api/openstack/wsgi.py:703}}
Sep 03 15:00:23.194164 dv-cinder-774288-7-iscsi devstack@c-api.service[100662]: DEBUG cinder.volume.api [req-fe600578-a91c-4b7d-9014-6678e3a81317 req-7a41a860-9c01-4f4e-aeba-dc5f1d3aa8d1 tempest-VolumesSnapshotsTestJSON-527585415 tempest-VolumesSnapshotsTestJSON-527585415-project] Task 'cinder.volume.flows.api.create_volume.VolumeCastTask;volume:create' (ea440fcb-41bd-4508-a268-1cbb6d6c9ad3) transitioned into state 'RUNNING' from state 'PENDING' {{(pid=100662) _task_receiver /usr/local/lib/python3.8/dist-packages/taskflow/listeners/logging.py:190}}
Sep 03 15:00:23.194448 dv-cinder-774288-7-iscsi devstack@c-api.service[100661]: DEBUG cinder.api.openstack.wsgi [None req-a0b2f807-aa75-4fca-a32c-99e66d8d4aa5 tempest-QosSpecsTestJSON-1615834877 tempest-QosSpecsTestJSON-1615834877-project-admin] Calling method 'associate' {{(pid=100661) _process_stack /opt/stack/cinder/cinder/api/openstack/wsgi.py:856}}
Sep 03 15:00:23.195881 dv-cinder-774288-7-iscsi devstack@c-api.service[100661]: DEBUG cinder.api.contrib.qos_specs_manage [None req-a0b2f807-aa75-4fca-a32c-99e66d8d4aa5 tempest-QosSpecsTestJSON-1615834877 tempest-QosSpecsTestJSON-1615834877-project-admin] Associate qos_spec: 15153f77-8290-4306-a2ba-cc12b85a18b3 with type: 21404613-659f-418f-8b6b-b3e5f4ca7b9e {{(pid=100661) associate /opt/stack/cinder/cinder/api/contrib/qos_specs_manage.py:275}}
Sep 03 15:00:23.232446 dv-cinder-774288-7-iscsi devstack@c-api.service[100662]: DEBUG cinder.volume.api [req-fe600578-a91c-4b7d-9014-6678e3a81317 req-7a41a860-9c01-4f4e-aeba-dc5f1d3aa8d1 tempest-VolumesSnapshotsTestJSON-527585415 tempest-VolumesSnapshotsTestJSON-527585415-project] Task 'cinder.volume.flows.api.create_volume.VolumeCastTask;volume:create' (ea440fcb-41bd-4508-a268-1cbb6d6c9ad3) transitioned into state 'SUCCESS' from state 'RUNNING' with result 'None' {{(pid=100662) _task_receiver /usr/local/lib/python3.8/dist-packages/taskflow/listeners/logging.py:178}}
Sep 03 15:00:23.236043 dv-cinder-774288-7-iscsi devstack@c-api.service[100662]: DEBUG cinder.volume.api [req-fe600578-a91c-4b7d-9014-6678e3a81317 req-7a41a860-9c01-4f4e-aeba-dc5f1d3aa8d1 tempest-VolumesSnapshotsTestJSON-527585415 tempest-VolumesSnapshotsTestJSON-527585415-project] Flow 'volume_create_api' (eb0828e7-8919-48f3-8cc8-e8a65b0c3013) transitioned into state 'SUCCESS' from state 'RUNNING' {{(pid=100662) _flow_receiver /usr/local/lib/python3.8/dist-packages/taskflow/listeners/logging.py:141}}
Sep 03 15:00:23.236858 dv-cinder-774288-7-iscsi devstack@c-api.service[100662]: INFO cinder.volume.api [req-fe600578-a91c-4b7d-9014-6678e3a81317 req-7a41a860-9c01-4f4e-aeba-dc5f1d3aa8d1 tempest-VolumesSnapshotsTestJSON-527585415 tempest-VolumesSnapshotsTestJSON-527585415-project] Create volume request issued successfully.
Sep 03 15:00:23.254815 dv-cinder-774288-7-iscsi devstack@c-api.service[100662]: INFO cinder.api.openstack.wsgi [req-fe600578-a91c-4b7d-9014-6678e3a81317 req-7a41a860-9c01-4f4e-aeba-dc5f1d3aa8d1 tempest-VolumesSnapshotsTestJSON-527585415 tempest-VolumesSnapshotsTestJSON-527585415-project] http://10.222.0.46/volume/v3/ba06e1b5fc0a4255bb1b8b0d0104df87/volumes returned with HTTP 202
Sep 03 15:00:23.267342 dv-cinder-774288-7-iscsi devstack@c-api.service[100662]: [pid: 100662|app: 0|req: 6/14] 10.222.0.46 () {64 vars in 1522 bytes} [Fri Sep 3 15:00:22 2021] POST /volume/v3/ba06e1b5fc0a4255bb1b8b0d0104df87/volumes => generated 824 bytes in 785 msecs (HTTP/1.1 202) 7 headers in 291 bytes (1 switches on core 0)
Sep 03 15:00:23.275528 dv-cinder-774288-7-iscsi devstack@c-api.service[100662]: INFO cinder.api.openstack.wsgi [req-fe600578-a91c-4b7d-9014-6678e3a81317 req-27fa5a3e-dff7-435e-9871-d554076e0cb2 tempest-VolumesSnapshotsTestJSON-527585415 tempest-VolumesSnapshotsTestJSON-527585415-project] GET http://10.222.0.46/volume/v3/ba06e1b5fc0a4255bb1b8b0d0104df87/volumes/9a2dccc0-b5d2-40f4-8df9-eaa3a1f40c71
Sep 03 15:00:23.278405 dv-cinder-774288-7-iscsi devstack@c-api.service[100662]: DEBUG cinder.api.openstack.wsgi [req-fe600578-a91c-4b7d-9014-6678e3a81317 req-27fa5a3e-dff7-435e-9871-d554076e0cb2 tempest-VolumesSnapshotsTestJSON-527585415 tempest-VolumesSnapshotsTestJSON-527585415-project] Empty body provided in request {{(pid=100662) get_body /opt/stack/cinder/cinder/api/openstack/wsgi.py:703}}
Sep 03 15:00:23.278993 dv-cinder-774288-7-iscsi devstack@c-api.service[100662]: /usr/local/lib/python3.8/dist-packages/webob/acceptparse.py:1047: DeprecationWarning: The behavior of AcceptValidHeader.best_match is currently being maintained for backward compatibility, but it will be deprecated in the future, as it does not conform to the RFC.
Sep 03 15:00:23.278993 dv-cinder-774288-7-iscsi devstack@c-api.service[100662]: warnings.warn(
Sep 03 15:00:23.279568 dv-cinder-774288-7-iscsi devstack@c-api.service[100662]: DEBUG cinder.api.openstack.wsgi [req-fe600578-a91c-4b7d-9014-6678e3a81317 req-27fa5a3e-dff7-435e-9871-d554076e0cb2 tempest-VolumesSnapshotsTestJSON-527585415 tempest-VolumesSnapshotsTestJSON-527585415-project] Calling method 'show' {{(pid=100662) _process_stack /opt/stack/cinder/cinder/api/openstack/wsgi.py:856}}
Sep 03 15:00:23.311048 dv-cinder-774288-7-iscsi devstack@c-api.service[100661]: INFO cinder.api.openstack.wsgi [None req-a0b2f807-aa75-4fca-a32c-99e66d8d4aa5 tempest-QosSpecsTestJSON-1615834877 tempest-QosSpecsTestJSON-1615834877-project-admin] http://10.222.0.46/volume/v3/2e32b849e4e949eda302cb755ef87e9c/qos-specs/15153f77-8290-4306-a2ba-cc12b85a18b3/associate?vol_type_id=21404613-659f-418f-8b6b-b3e5f4ca7b9e returned with HTTP 202
Sep 03 15:00:23.312461 dv-cinder-774288-7-iscsi devstack@c-api.service[100661]: [pid: 100661|app: 0|req: 9/15] 10.222.0.46 () {58 vars in 1458 bytes} [Fri Sep 3 15:00:23 2021] GET /volume/v3/2e32b849e4e949eda302cb755ef87e9c/qos-specs/15153f77-8290-4306-a2ba-cc12b85a18b3/associate?vol_type_id=21404613-659f-418f-8b6b-b3e5f4ca7b9e => generated 0 bytes in 129 msecs (HTTP/1.1 202) 6 headers in 233 bytes (1 switches on core 0)
Sep 03 15:00:23.316794 dv-cinder-774288-7-iscsi devstack@c-api.service[100662]: /usr/local/lib/python3.8/dist-packages/oslo_context/context.py:105: DeprecationWarning: Policy enforcement is depending on the value of is_admin. This key is deprecated. Please update your policy file to use the standard policy values.
Sep 03 15:00:23.316794 dv-cinder-774288-7-iscsi devstack@c-api.service[100662]: warnings.warn('Policy enforcement is depending on the value of '
Sep 03 15:00:23.317543 dv-cinder-774288-7-iscsi devstack@c-api.service[100661]: INFO cinder.api.openstack.wsgi [None req-6a7aa0fc-9305-4a2d-b8bf-2c179c21be39 tempest-VolumesTestJSON-1005661720 tempest-VolumesTestJSON-1005661720-project] GET http://10.222.0.46/volume/v3/3d24d46b78d7485cb3c270d8326aed87/volumes/00704073-d849-4c2d-a402-d574ca595cac
Sep 03 15:00:23.318088 dv-cinder-774288-7-iscsi devstack@c-api.service[100661]: DEBUG cinder.api.openstack.wsgi [None req-6a7aa0fc-9305-4a2d-b8bf-2c179c21be39 tempest-VolumesTestJSON-1005661720 tempest-VolumesTestJSON-1005661720-project] Empty body provided in request {{(pid=100661) get_body /opt/stack/cinder/cinder/api/openstack/wsgi.py:703}}
Sep 03 15:00:23.318313 dv-cinder-774288-7-iscsi devstack@c-api.service[100661]: /usr/local/lib/python3.8/dist-packages/webob/acceptparse.py:1047: DeprecationWarning: The behavior of AcceptValidHeader.best_match is currently being maintained for backward compatibility, but it will be deprecated in the future, as it does not conform to the RFC.
Sep 03 15:00:23.318313 dv-cinder-774288-7-iscsi devstack@c-api.service[100661]: warnings.warn(
Sep 03 15:00:23.319000 dv-cinder-774288-7-iscsi devstack@c-api.service[100661]: DEBUG cinder.api.openstack.wsgi [None req-6a7aa0fc-9305-4a2d-b8bf-2c179c21be39 tempest-VolumesTestJSON-1005661720 tempest-VolumesTestJSON-1005661720-project] Calling method 'show' {{(pid=100661) _process_stack /opt/stack/cinder/cinder/api/openstack/wsgi.py:856}}
Sep 03 15:00:23.346894 dv-cinder-774288-7-iscsi devstack@c-api.service[100662]: INFO cinder.volume.api [req-fe600578-a91c-4b7d-9014-6678e3a81317 req-27fa5a3e-dff7-435e-9871-d554076e0cb2 tempest-VolumesSnapshotsTestJSON-527585415 tempest-VolumesSnapshotsTestJSON-527585415-project] Volume info retrieved successfully.
Sep 03 15:00:23.357682 dv-cinder-774288-7-iscsi devstack@c-api.service[100661]: /usr/local/lib/python3.8/dist-packages/oslo_context/context.py:105: DeprecationWarning: Policy enforcement is depending on the value of is_admin. This key is deprecated. Please update your policy file to use the standard policy values.
Sep 03 15:00:23.357682 dv-cinder-774288-7-iscsi devstack@c-api.service[100661]: warnings.warn('Policy enforcement is depending on the value of '
Sep 03 15:00:23.380529 dv-cinder-774288-7-iscsi devstack@c-api.service[100661]: INFO cinder.volume.api [None req-6a7aa0fc-9305-4a2d-b8bf-2c179c21be39 tempest-VolumesTestJSON-1005661720 tempest-VolumesTestJSON-1005661720-project] Volume info retrieved successfully.
Sep 03 15:00:23.382566 dv-cinder-774288-7-iscsi devstack@c-api.service[100662]: INFO cinder.api.openstack.wsgi [req-fe600578-a91c-4b7d-9014-6678e3a81317 req-27fa5a3e-dff7-435e-9871-d554076e0cb2 tempest-VolumesSnapshotsTestJSON-527585415 tempest-VolumesSnapshotsTestJSON-527585415-project] http://10.222.0.46/volume/v3/ba06e1b5fc0a4255bb1b8b0d0104df87/volumes/9a2dccc0-b5d2-40f4-8df9-eaa3a1f40c71 returned with HTTP 200
Sep 03 15:00:23.383936 dv-cinder-774288-7-iscsi devstack@c-api.service[100662]: [pid: 100662|app: 0|req: 7/16] 10.222.0.46 () {60 vars in 1579 bytes} [Fri Sep 3 15:00:23 2021] GET /volume/v3/ba06e1b5fc0a4255bb1b8b0d0104df87/volumes/9a2dccc0-b5d2-40f4-8df9-eaa3a1f40c71 => generated 892 bytes in 116 msecs (HTTP/1.1 200) 7 headers in 285 bytes (1 switches on core 0)
Sep 03 15:00:23.395516 dv-cinder-774288-7-iscsi devstack@c-api.service[100662]: INFO cinder.api.openstack.wsgi [None req-44f7c51f-30db-4623-9275-70deebc24c62 tempest-QosSpecsTestJSON-1615834877 tempest-QosSpecsTestJSON-1615834877-project-admin] GET http://10.222.0.46/volume/v3/2e32b849e4e949eda302cb755ef87e9c/qos-specs/15153f77-8290-4306-a2ba-cc12b85a18b3/associate?vol_type_id=8a7cc2f1-1514-4aac-931b-d8dd2fe64450
Sep 03 15:00:23.396196 dv-cinder-774288-7-iscsi devstack@c-api.service[100662]: DEBUG cinder.api.openstack.wsgi [None req-44f7c51f-30db-4623-9275-70deebc24c62 tempest-QosSpecsTestJSON-1615834877 tempest-QosSpecsTestJSON-1615834877-project-admin] Empty body provided in request {{(pid=100662) get_body /opt/stack/cinder/cinder/api/openstack/wsgi.py:703}}
Sep 03 15:00:23.396598 dv-cinder-774288-7-iscsi devstack@c-api.service[100662]: /usr/local/lib/python3.8/dist-packages/webob/acceptparse.py:1047: DeprecationWarning: The behavior of AcceptValidHeader.best_match is currently being maintained for backward compatibility, but it will be deprecated in the future, as it does not conform to the RFC.
Sep 03 15:00:23.396598 dv-cinder-774288-7-iscsi devstack@c-api.service[100662]: warnings.warn(
Sep 03 15:00:23.396881 dv-cinder-774288-7-iscsi devstack@c-api.service[100662]: DEBUG cinder.api.openstack.wsgi [None req-44f7c51f-30db-4623-9275-70deebc24c62 tempest-QosSpecsTestJSON-1615834877 tempest-QosSpecsTestJSON-1615834877-project-admin] Calling method 'associate' {{(pid=100662) _process_stack /opt/stack/cinder/cinder/api/openstack/wsgi.py:856}}
Sep 03 15:00:23.404304 dv-cinder-774288-7-iscsi devstack@c-api.service[100662]: DEBUG cinder.api.contrib.qos_specs_manage [None req-44f7c51f-30db-4623-9275-70deebc24c62 tempest-QosSpecsTestJSON-1615834877 tempest-QosSpecsTestJSON-1615834877-project-admin] Associate qos_spec: 15153f77-8290-4306-a2ba-cc12b85a18b3 with type: 8a7cc2f1-1514-4aac-931b-d8dd2fe64450 {{(pid=100662) associate /opt/stack/cinder/cinder/api/contrib/qos_specs_manage.py:275}}
Sep 03 15:00:23.452820 dv-cinder-774288-7-iscsi devstack@c-api.service[100661]: INFO cinder.api.openstack.wsgi [None req-6a7aa0fc-9305-4a2d-b8bf-2c179c21be39 tempest-VolumesTestJSON-1005661720 tempest-VolumesTestJSON-1005661720-project] http://10.222.0.46/volume/v3/3d24d46b78d7485cb3c270d8326aed87/volumes/00704073-d849-4c2d-a402-d574ca595cac returned with HTTP 200
Sep 03 15:00:23.454102 dv-cinder-774288-7-iscsi devstack@c-api.service[100661]: [pid: 100661|app: 0|req: 10/17] 10.222.0.46 () {58 vars in 1325 bytes} [Fri Sep 3 15:00:23 2021] GET /volume/v3/3d24d46b78d7485cb3c270d8326aed87/volumes/00704073-d849-4c2d-a402-d574ca595cac => generated 922 bytes in 141 msecs (HTTP/1.1 200) 7 headers in 285 bytes (1 switches on core 0)
Sep 03 15:00:23.466351 dv-cinder-774288-7-iscsi devstack@c-api.service[100662]: INFO cinder.api.openstack.wsgi [None req-44f7c51f-30db-4623-9275-70deebc24c62 tempest-QosSpecsTestJSON-1615834877 tempest-QosSpecsTestJSON-1615834877-project-admin] http://10.222.0.46/volume/v3/2e32b849e4e949eda302cb755ef87e9c/qos-specs/15153f77-8290-4306-a2ba-cc12b85a18b3/associate?vol_type_id=8a7cc2f1-1514-4aac-931b-d8dd2fe64450 returned with HTTP 202
Sep 03 15:00:23.470727 dv-cinder-774288-7-iscsi devstack@c-api.service[100662]: [pid: 100662|app: 0|req: 8/18] 10.222.0.46 () {58 vars in 1458 bytes} [Fri Sep 3 15:00:23 2021] GET /volume/v3/2e32b849e4e949eda302cb755ef87e9c/qos-specs/15153f77-8290-4306-a2ba-cc12b85a18b3/associate?vol_type_id=8a7cc2f1-1514-4aac-931b-d8dd2fe64450 => generated 0 bytes in 81 msecs (HTTP/1.1 202) 6 headers in 233 bytes (1 switches on core 0)
Sep 03 15:00:23.481770 dv-cinder-774288-7-iscsi devstack@c-api.service[100662]: INFO cinder.api.openstack.wsgi [None req-6831c189-7286-4eb6-8d3c-6acd28388b33 tempest-QosSpecsTestJSON-1615834877 tempest-QosSpecsTestJSON-1615834877-project-admin] GET http://10.222.0.46/volume/v3/2e32b849e4e949eda302cb755ef87e9c/qos-specs/15153f77-8290-4306-a2ba-cc12b85a18b3/associate?vol_type_id=36bf80c5-ef93-43c3-b8a5-9a0045f8e51b
Sep 03 15:00:23.482268 dv-cinder-774288-7-iscsi devstack@c-api.service[100662]: DEBUG cinder.api.openstack.wsgi [None req-6831c189-7286-4eb6-8d3c-6acd28388b33 tempest-QosSpecsTestJSON-1615834877 tempest-QosSpecsTestJSON-1615834877-project-admin] Empty body provided in request {{(pid=100662) get_body /opt/stack/cinder/cinder/api/openstack/wsgi.py:703}}
Sep 03 15:00:23.482442 dv-cinder-774288-7-iscsi devstack@c-api.service[100662]: /usr/local/lib/python3.8/dist-packages/webob/acceptparse.py:1047: DeprecationWarning: The behavior of AcceptValidHeader.best_match is currently being maintained for backward compatibility, but it will be deprecated in the future, as it does not conform to the RFC.
Sep 03 15:00:23.482442 dv-cinder-774288-7-iscsi devstack@c-api.service[100662]: warnings.warn(
Sep 03 15:00:23.482717 dv-cinder-774288-7-iscsi devstack@c-api.service[100662]: DEBUG cinder.api.openstack.wsgi [None req-6831c189-7286-4eb6-8d3c-6acd28388b33 tempest-QosSpecsTestJSON-1615834877 tempest-QosSpecsTestJSON-1615834877-project-admin] Calling method 'associate' {{(pid=100662) _process_stack /opt/stack/cinder/cinder/api/openstack/wsgi.py:856}}
Sep 03 15:00:23.483387 dv-cinder-774288-7-iscsi devstack@c-api.service[100662]: /usr/local/lib/python3.8/dist-packages/oslo_context/context.py:105: DeprecationWarning: Policy enforcement is depending on the value of is_admin. This key is deprecated. Please update your policy file to use the standard policy values.
Sep 03 15:00:23.483387 dv-cinder-774288-7-iscsi devstack@c-api.service[100662]: warnings.warn('Policy enforcement is depending on the value of '
Sep 03 15:00:23.484129 dv-cinder-774288-7-iscsi devstack@c-api.service[100662]: DEBUG cinder.api.contrib.qos_specs_manage [None req-6831c189-7286-4eb6-8d3c-6acd28388b33 tempest-QosSpecsTestJSON-1615834877 tempest-QosSpecsTestJSON-1615834877-project-admin] Associate qos_spec: 15153f77-8290-4306-a2ba-cc12b85a18b3 with type: 36bf80c5-ef93-43c3-b8a5-9a0045f8e51b {{(pid=100662) associate /opt/stack/cinder/cinder/api/contrib/qos_specs_manage.py:275}}
Sep 03 15:00:23.551291 dv-cinder-774288-7-iscsi devstack@c-api.service[100662]: INFO cinder.api.openstack.wsgi [None req-6831c189-7286-4eb6-8d3c-6acd28388b33 tempest-QosSpecsTestJSON-1615834877 tempest-QosSpecsTestJSON-1615834877-project-admin] http://10.222.0.46/volume/v3/2e32b849e4e949eda302cb755ef87e9c/qos-specs/15153f77-8290-4306-a2ba-cc12b85a18b3/associate?vol_type_id=36bf80c5-ef93-43c3-b8a5-9a0045f8e51b returned with HTTP 202
Sep 03 15:00:23.552861 dv-cinder-774288-7-iscsi devstack@c-api.service[100662]: [pid: 100662|app: 0|req: 9/19] 10.222.0.46 () {58 vars in 1458 bytes} [Fri Sep 3 15:00:23 2021] GET /volume/v3/2e32b849e4e949eda302cb755ef87e9c/qos-specs/15153f77-8290-4306-a2ba-cc12b85a18b3/associate?vol_type_id=36bf80c5-ef93-43c3-b8a5-9a0045f8e51b => generated 0 bytes in 81 msecs (HTTP/1.1 202) 6 headers in 233 bytes (1 switches on core 0)
Sep 03 15:00:23.560634 dv-cinder-774288-7-iscsi devstack@c-api.service[100662]: INFO cinder.api.openstack.wsgi [req-43e3819e-fab2-4b90-be0d-74917812af7c req-263ed1eb-4e26-42d7-ab0f-5a9759913679 tempest-VolumesTestJSON-1005661720 tempest-VolumesTestJSON-1005661720-project] GET http://10.222.0.46/volume/v3/3d24d46b78d7485cb3c270d8326aed87/volumes/00704073-d849-4c2d-a402-d574ca595cac
Sep 03 15:00:23.562143 dv-cinder-774288-7-iscsi devstack@c-api.service[100662]: DEBUG cinder.api.openstack.wsgi [req-43e3819e-fab2-4b90-be0d-74917812af7c req-263ed1eb-4e26-42d7-ab0f-5a9759913679 tempest-VolumesTestJSON-1005661720 tempest-VolumesTestJSON-1005661720-project] Empty body provided in request {{(pid=100662) get_body /opt/stack/cinder/cinder/api/openstack/wsgi.py:703}}
Sep 03 15:00:23.563317 dv-cinder-774288-7-iscsi devstack@c-api.service[100662]: /usr/local/lib/python3.8/dist-packages/webob/acceptparse.py:1047: DeprecationWarning: The behavior of AcceptValidHeader.best_match is currently being maintained for backward compatibility, but it will be deprecated in the future, as it does not conform to the RFC.
Sep 03 15:00:23.563317 dv-cinder-774288-7-iscsi devstack@c-api.service[100662]: warnings.warn(
Sep 03 15:00:23.564015 dv-cinder-774288-7-iscsi devstack@c-api.service[100662]: DEBUG cinder.api.openstack.wsgi [req-43e3819e-fab2-4b90-be0d-74917812af7c req-263ed1eb-4e26-42d7-ab0f-5a9759913679 tempest-VolumesTestJSON-1005661720 tempest-VolumesTestJSON-1005661720-project] Calling method 'show' {{(pid=100662) _process_stack /opt/stack/cinder/cinder/api/openstack/wsgi.py:856}}
Sep 03 15:00:23.591729 dv-cinder-774288-7-iscsi devstack@c-api.service[100662]: /usr/local/lib/python3.8/dist-packages/oslo_context/context.py:105: DeprecationWarning: Policy enforcement is depending on the value of is_admin. This key is deprecated. Please update your policy file to use the standard policy values.
Sep 03 15:00:23.591729 dv-cinder-774288-7-iscsi devstack@c-api.service[100662]: warnings.warn('Policy enforcement is depending on the value of '
Sep 03 15:00:23.610611 dv-cinder-774288-7-iscsi devstack@c-api.service[100662]: INFO cinder.volume.api [req-43e3819e-fab2-4b90-be0d-74917812af7c req-263ed1eb-4e26-42d7-ab0f-5a9759913679 tempest-VolumesTestJSON-1005661720 tempest-VolumesTestJSON-1005661720-project] Volume info retrieved successfully.
Sep 03 15:00:23.614512 dv-cinder-774288-7-iscsi devstack@c-api.service[100661]: INFO cinder.api.openstack.wsgi [None req-2cf188f3-61cf-4639-bca1-7de6a7049417 tempest-GroupTypesTest-919303383 tempest-GroupTypesTest-919303383-project-admin] POST http://10.222.0.46/volume/v3/c3858f0b529f4edd8959077d599d3362/group_types
Sep 03 15:00:23.616190 dv-cinder-774288-7-iscsi devstack@c-api.service[100661]: /usr/local/lib/python3.8/dist-packages/webob/acceptparse.py:1047: DeprecationWarning: The behavior of AcceptValidHeader.best_match is currently being maintained for backward compatibility, but it will be deprecated in the future, as it does not conform to the RFC.
Sep 03 15:00:23.616190 dv-cinder-774288-7-iscsi devstack@c-api.service[100661]: warnings.warn(
Sep 03 15:00:23.616748 dv-cinder-774288-7-iscsi devstack@c-api.service[100661]: DEBUG cinder.api.openstack.wsgi [None req-2cf188f3-61cf-4639-bca1-7de6a7049417 tempest-GroupTypesTest-919303383 tempest-GroupTypesTest-919303383-project-admin] Action: 'create', calling method: version_select, body: {"group_type": {"name": "tempest-GroupTypesTest-group-type-1887549361", "description": "tempest-group-type-description-1631504745", "group_specs": {"consistent_group_snapshot_enabled": " False"}, "is_public": true}} {{(pid=100661) _process_stack /opt/stack/cinder/cinder/api/openstack/wsgi.py:854}}
Sep 03 15:00:23.670584 dv-cinder-774288-7-iscsi devstack@c-api.service[100662]: INFO cinder.api.openstack.wsgi [req-43e3819e-fab2-4b90-be0d-74917812af7c req-263ed1eb-4e26-42d7-ab0f-5a9759913679 tempest-VolumesTestJSON-1005661720 tempest-VolumesTestJSON-1005661720-project] http://10.222.0.46/volume/v3/3d24d46b78d7485cb3c270d8326aed87/volumes/00704073-d849-4c2d-a402-d574ca595cac returned with HTTP 200
Sep 03 15:00:23.673626 dv-cinder-774288-7-iscsi devstack@c-api.service[100662]: [pid: 100662|app: 0|req: 10/20] 10.222.0.46 () {60 vars in 1579 bytes} [Fri Sep 3 15:00:23 2021] GET /volume/v3/3d24d46b78d7485cb3c270d8326aed87/volumes/00704073-d849-4c2d-a402-d574ca595cac => generated 922 bytes in 120 msecs (HTTP/1.1 200) 7 headers in 285 bytes (1 switches on core 0)
Sep 03 15:00:23.686885 dv-cinder-774288-7-iscsi devstack@c-api.service[100662]: INFO cinder.api.openstack.wsgi [None req-efa7e301-51d6-4bfd-b01c-b74c7c102e7e tempest-QosSpecsTestJSON-1615834877 tempest-QosSpecsTestJSON-1615834877-project-admin] GET http://10.222.0.46/volume/v3/2e32b849e4e949eda302cb755ef87e9c/qos-specs/15153f77-8290-4306-a2ba-cc12b85a18b3/associations
Sep 03 15:00:23.691024 dv-cinder-774288-7-iscsi devstack@c-api.service[100662]: DEBUG cinder.api.openstack.wsgi [None req-efa7e301-51d6-4bfd-b01c-b74c7c102e7e tempest-QosSpecsTestJSON-1615834877 tempest-QosSpecsTestJSON-1615834877-project-admin] Empty body provided in request {{(pid=100662) get_body /opt/stack/cinder/cinder/api/openstack/wsgi.py:703}}
Sep 03 15:00:23.692027 dv-cinder-774288-7-iscsi devstack@c-api.service[100662]: /usr/local/lib/python3.8/dist-packages/webob/acceptparse.py:1047: DeprecationWarning: The behavior of AcceptValidHeader.best_match is currently being maintained for backward compatibility, but it will be deprecated in the future, as it does not conform to the RFC.
Sep 03 15:00:23.692027 dv-cinder-774288-7-iscsi devstack@c-api.service[100662]: warnings.warn(
Sep 03 15:00:23.694266 dv-cinder-774288-7-iscsi devstack@c-api.service[100662]: DEBUG cinder.api.openstack.wsgi [None req-efa7e301-51d6-4bfd-b01c-b74c7c102e7e tempest-QosSpecsTestJSON-1615834877 tempest-QosSpecsTestJSON-1615834877-project-admin] Calling method 'associations' {{(pid=100662) _process_stack /opt/stack/cinder/cinder/api/openstack/wsgi.py:856}}
Sep 03 15:00:23.700040 dv-cinder-774288-7-iscsi devstack@c-api.service[100662]: DEBUG cinder.api.contrib.qos_specs_manage [None req-efa7e301-51d6-4bfd-b01c-b74c7c102e7e tempest-QosSpecsTestJSON-1615834877 tempest-QosSpecsTestJSON-1615834877-project-admin] Get associations for qos_spec id: 15153f77-8290-4306-a2ba-cc12b85a18b3 {{(pid=100662) associations /opt/stack/cinder/cinder/api/contrib/qos_specs_manage.py:233}}
Sep 03 15:00:23.707054 dv-cinder-774288-7-iscsi devstack@c-api.service[100661]: INFO cinder.api.openstack.wsgi [None req-2cf188f3-61cf-4639-bca1-7de6a7049417 tempest-GroupTypesTest-919303383 tempest-GroupTypesTest-919303383-project-admin] http://10.222.0.46/volume/v3/c3858f0b529f4edd8959077d599d3362/group_types returned with HTTP 202
Sep 03 15:00:23.709370 dv-cinder-774288-7-iscsi devstack@c-api.service[100661]: [pid: 100661|app: 0|req: 11/21] 10.222.0.46 () {62 vars in 1289 bytes} [Fri Sep 3 15:00:23 2021] POST /volume/v3/c3858f0b529f4edd8959077d599d3362/group_types => generated 265 bytes in 243 msecs (HTTP/1.1 202) 7 headers in 292 bytes (1 switches on core 0)
Sep 03 15:00:23.719343 dv-cinder-774288-7-iscsi devstack@c-api.service[100661]: INFO cinder.api.openstack.wsgi [None req-8f1ccd8c-e78a-48e2-8eee-5df5fe169838 tempest-VolumesTestJSON-1005661720 tempest-VolumesTestJSON-1005661720-project] POST http://10.222.0.46/volume/v3/3d24d46b78d7485cb3c270d8326aed87/volumes
Sep 03 15:00:23.728861 dv-cinder-774288-7-iscsi devstack@c-api.service[100661]: DEBUG cinder.api.openstack.wsgi [None req-8f1ccd8c-e78a-48e2-8eee-5df5fe169838 tempest-VolumesTestJSON-1005661720 tempest-VolumesTestJSON-1005661720-project] Action: 'create', calling method: create, body: {"volume": {"metadata": {"Type": "work"}, "size": 1, "display_name": "tempest-VolumesTestJSON-volume-168663259"}} {{(pid=100661) _process_stack /opt/stack/cinder/cinder/api/openstack/wsgi.py:854}}
Sep 03 15:00:23.730542 dv-cinder-774288-7-iscsi devstack@c-api.service[100661]: DEBUG cinder.api.v3.volumes [None req-8f1ccd8c-e78a-48e2-8eee-5df5fe169838 tempest-VolumesTestJSON-1005661720 tempest-VolumesTestJSON-1005661720-project] Create volume request body: {'volume': {'metadata': {'Type': 'work'}, 'size': 1, 'display_name': 'tempest-VolumesTestJSON-volume-168663259'}} {{(pid=100661) create /opt/stack/cinder/cinder/api/v3/volumes.py:298}}
Sep 03 15:00:23.731564 dv-cinder-774288-7-iscsi devstack@c-api.service[100661]: INFO cinder.api.v3.volumes [None req-8f1ccd8c-e78a-48e2-8eee-5df5fe169838 tempest-VolumesTestJSON-1005661720 tempest-VolumesTestJSON-1005661720-project] Create volume of 1 GB
Sep 03 15:00:23.748281 dv-cinder-774288-7-iscsi devstack@c-api.service[100661]: DEBUG cinder.volume.api [None req-8f1ccd8c-e78a-48e2-8eee-5df5fe169838 tempest-VolumesTestJSON-1005661720 tempest-VolumesTestJSON-1005661720-project] Availability zone cache updated, next update will occur around 2021-09-03 16:00:23.747277. {{(pid=100661) list_availability_zones /opt/stack/cinder/cinder/volume/api.py:148}}
Sep 03 15:00:23.749059 dv-cinder-774288-7-iscsi devstack@c-api.service[100661]: INFO cinder.volume.api [None req-8f1ccd8c-e78a-48e2-8eee-5df5fe169838 tempest-VolumesTestJSON-1005661720 tempest-VolumesTestJSON-1005661720-project] Availability Zones retrieved successfully.
Sep 03 15:00:23.752959 dv-cinder-774288-7-iscsi devstack@c-api.service[100662]: INFO cinder.api.openstack.wsgi [None req-efa7e301-51d6-4bfd-b01c-b74c7c102e7e tempest-QosSpecsTestJSON-1615834877 tempest-QosSpecsTestJSON-1615834877-project-admin] http://10.222.0.46/volume/v3/2e32b849e4e949eda302cb755ef87e9c/qos-specs/15153f77-8290-4306-a2ba-cc12b85a18b3/associations returned with HTTP 200
Sep 03 15:00:23.756119 dv-cinder-774288-7-iscsi devstack@c-api.service[100662]: [pid: 100662|app: 0|req: 11/22] 10.222.0.46 () {58 vars in 1370 bytes} [Fri Sep 3 15:00:23 2021] GET /volume/v3/2e32b849e4e949eda302cb755ef87e9c/qos-specs/15153f77-8290-4306-a2ba-cc12b85a18b3/associations => generated 448 bytes in 82 msecs (HTTP/1.1 200) 7 headers in 285 bytes (1 switches on core 0)
Sep 03 15:00:23.763500 dv-cinder-774288-7-iscsi devstack@c-api.service[100662]: INFO cinder.api.openstack.wsgi [None req-2a0da071-10cb-4660-809f-120a9e7d115d tempest-GroupTypesTest-919303383 tempest-GroupTypesTest-919303383-project-admin] GET http://10.222.0.46/volume/v3/c3858f0b529f4edd8959077d599d3362/group_types
Sep 03 15:00:23.768503 dv-cinder-774288-7-iscsi devstack@c-api.service[100662]: DEBUG cinder.api.openstack.wsgi [None req-2a0da071-10cb-4660-809f-120a9e7d115d tempest-GroupTypesTest-919303383 tempest-GroupTypesTest-919303383-project-admin] Empty body provided in request {{(pid=100662) get_body /opt/stack/cinder/cinder/api/openstack/wsgi.py:703}}
Sep 03 15:00:23.768792 dv-cinder-774288-7-iscsi devstack@c-api.service[100662]: /usr/local/lib/python3.8/dist-packages/webob/acceptparse.py:1047: DeprecationWarning: The behavior of AcceptValidHeader.best_match is currently being maintained for backward compatibility, but it will be deprecated in the future, as it does not conform to the RFC.
Sep 03 15:00:23.768792 dv-cinder-774288-7-iscsi devstack@c-api.service[100662]: warnings.warn(
Sep 03 15:00:23.769224 dv-cinder-774288-7-iscsi devstack@c-api.service[100662]: DEBUG cinder.api.openstack.wsgi [None req-2a0da071-10cb-4660-809f-120a9e7d115d tempest-GroupTypesTest-919303383 tempest-GroupTypesTest-919303383-project-admin] Calling method 'version_select' {{(pid=100662) _process_stack /opt/stack/cinder/cinder/api/openstack/wsgi.py:856}}
Sep 03 15:00:23.798305 dv-cinder-774288-7-iscsi devstack@c-api.service[100661]: DEBUG cinder.volume.api [None req-8f1ccd8c-e78a-48e2-8eee-5df5fe169838 tempest-VolumesTestJSON-1005661720 tempest-VolumesTestJSON-1005661720-project] Flow 'volume_create_api' (8df920b3-d0b6-45af-b583-ea1d830fc72a) transitioned into state 'RUNNING' from state 'PENDING' {{(pid=100661) _flow_receiver /usr/local/lib/python3.8/dist-packages/taskflow/listeners/logging.py:141}}
Sep 03 15:00:23.802438 dv-cinder-774288-7-iscsi devstack@c-api.service[100661]: DEBUG cinder.volume.api [None req-8f1ccd8c-e78a-48e2-8eee-5df5fe169838 tempest-VolumesTestJSON-1005661720 tempest-VolumesTestJSON-1005661720-project] Task 'cinder.volume.flows.api.create_volume.ExtractVolumeRequestTask;volume:create' (2e0ca3e1-4c86-4676-84de-faf8d46dcbd9) transitioned into state 'RUNNING' from state 'PENDING' {{(pid=100661) _task_receiver /usr/local/lib/python3.8/dist-packages/taskflow/listeners/logging.py:190}}
Sep 03 15:00:23.804858 dv-cinder-774288-7-iscsi devstack@c-api.service[100661]: DEBUG cinder.volume.flows.api.create_volume [None req-8f1ccd8c-e78a-48e2-8eee-5df5fe169838 tempest-VolumesTestJSON-1005661720 tempest-VolumesTestJSON-1005661720-project] Validating volume size '1' using validate_int {{(pid=100661) _extract_size /opt/stack/cinder/cinder/volume/flows/api/create_volume.py:225}}
Sep 03 15:00:23.813729 dv-cinder-774288-7-iscsi devstack@c-api.service[100662]: /usr/local/lib/python3.8/dist-packages/oslo_context/context.py:105: DeprecationWarning: Policy enforcement is depending on the value of is_admin. This key is deprecated. Please update your policy file to use the standard policy values.
Sep 03 15:00:23.813729 dv-cinder-774288-7-iscsi devstack@c-api.service[100662]: warnings.warn('Policy enforcement is depending on the value of '
Sep 03 15:00:23.820627 dv-cinder-774288-7-iscsi devstack@c-api.service[100662]: INFO cinder.api.openstack.wsgi [None req-2a0da071-10cb-4660-809f-120a9e7d115d tempest-GroupTypesTest-919303383 tempest-GroupTypesTest-919303383-project-admin] http://10.222.0.46/volume/v3/c3858f0b529f4edd8959077d599d3362/group_types returned with HTTP 200
Sep 03 15:00:23.821478 dv-cinder-774288-7-iscsi devstack@c-api.service[100662]: [pid: 100662|app: 0|req: 12/23] 10.222.0.46 () {60 vars in 1267 bytes} [Fri Sep 3 15:00:23 2021] GET /volume/v3/c3858f0b529f4edd8959077d599d3362/group_types => generated 499 bytes in 65 msecs (HTTP/1.1 200) 7 headers in 286 bytes (1 switches on core 0)
Sep 03 15:00:23.831480 dv-cinder-774288-7-iscsi devstack@c-api.service[100662]: INFO cinder.api.openstack.wsgi [None req-b8814ce9-f0fb-4dd0-bae0-0d9b2c74593c tempest-QosSpecsTestJSON-1615834877 tempest-QosSpecsTestJSON-1615834877-project-admin] GET http://10.222.0.46/volume/v3/2e32b849e4e949eda302cb755ef87e9c/qos-specs/15153f77-8290-4306-a2ba-cc12b85a18b3/disassociate?vol_type_id=21404613-659f-418f-8b6b-b3e5f4ca7b9e
Sep 03 15:00:23.834961 dv-cinder-774288-7-iscsi devstack@c-api.service[100662]: DEBUG cinder.api.openstack.wsgi [None req-b8814ce9-f0fb-4dd0-bae0-0d9b2c74593c tempest-QosSpecsTestJSON-1615834877 tempest-QosSpecsTestJSON-1615834877-project-admin] Empty body provided in request {{(pid=100662) get_body /opt/stack/cinder/cinder/api/openstack/wsgi.py:703}}
Sep 03 15:00:23.835581 dv-cinder-774288-7-iscsi devstack@c-api.service[100662]: DEBUG cinder.api.openstack.wsgi [None req-b8814ce9-f0fb-4dd0-bae0-0d9b2c74593c tempest-QosSpecsTestJSON-1615834877 tempest-QosSpecsTestJSON-1615834877-project-admin] Calling method 'disassociate' {{(pid=100662) _process_stack /opt/stack/cinder/cinder/api/openstack/wsgi.py:856}}
Sep 03 15:00:23.841213 dv-cinder-774288-7-iscsi devstack@c-api.service[100662]: DEBUG cinder.api.contrib.qos_specs_manage [None req-b8814ce9-f0fb-4dd0-bae0-0d9b2c74593c tempest-QosSpecsTestJSON-1615834877 tempest-QosSpecsTestJSON-1615834877-project-admin] Disassociate qos_spec: 15153f77-8290-4306-a2ba-cc12b85a18b3 from type: 21404613-659f-418f-8b6b-b3e5f4ca7b9e {{(pid=100662) disassociate /opt/stack/cinder/cinder/api/contrib/qos_specs_manage.py:327}}
Sep 03 15:00:23.874186 dv-cinder-774288-7-iscsi devstack@c-api.service[100661]: DEBUG cinder.volume.api [None req-8f1ccd8c-e78a-48e2-8eee-5df5fe169838 tempest-VolumesTestJSON-1005661720 tempest-VolumesTestJSON-1005661720-project] Task 'cinder.volume.flows.api.create_volume.ExtractVolumeRequestTask;volume:create' (2e0ca3e1-4c86-4676-84de-faf8d46dcbd9) transitioned into state 'SUCCESS' from state 'RUNNING' with result '{'size': 1, 'snapshot_id': None, 'source_volid': None, 'volume_type': VolumeType(created_at=2021-09-03T14:51:15Z,deleted=False,deleted_at=None,description='Default Volume Type',extra_specs={},id=c6f1a5d1-30f6-4a25-9d8c-1bea4bfaaf94,is_public=True,name='__DEFAULT__',projects=[],qos_specs=,qos_specs_id=None,updated_at=2021-09-03T14:51:15Z), 'volume_type_id': 'c6f1a5d1-30f6-4a25-9d8c-1bea4bfaaf94', 'encryption_key_id': None, 'qos_specs': None, 'consistencygroup_id': None, 'cgsnapshot_id': None, 'group_id': None, 'replication_status': 'disabled', 'refresh_az': False, 'backup_id': None, 'multiattach': False, 'availability_zones': ['nova']}' {{(pid=100661) _task_receiver /usr/local/lib/python3.8/dist-packages/taskflow/listeners/logging.py:178}}
Sep 03 15:00:23.876599 dv-cinder-774288-7-iscsi devstack@c-api.service[100662]: INFO cinder.api.openstack.wsgi [None req-b8814ce9-f0fb-4dd0-bae0-0d9b2c74593c tempest-QosSpecsTestJSON-1615834877 tempest-QosSpecsTestJSON-1615834877-project-admin] http://10.222.0.46/volume/v3/2e32b849e4e949eda302cb755ef87e9c/qos-specs/15153f77-8290-4306-a2ba-cc12b85a18b3/disassociate?vol_type_id=21404613-659f-418f-8b6b-b3e5f4ca7b9e returned with HTTP 202
Sep 03 15:00:23.877100 dv-cinder-774288-7-iscsi devstack@c-api.service[100661]: DEBUG cinder.volume.api [None req-8f1ccd8c-e78a-48e2-8eee-5df5fe169838 tempest-VolumesTestJSON-1005661720 tempest-VolumesTestJSON-1005661720-project] Task 'cinder.volume.flows.api.create_volume.QuotaReserveTask;volume:create' (d71bf645-4d4e-4253-9c18-ead634a85f6d) transitioned into state 'RUNNING' from state 'PENDING' {{(pid=100661) _task_receiver /usr/local/lib/python3.8/dist-packages/taskflow/listeners/logging.py:190}}
Sep 03 15:00:23.878225 dv-cinder-774288-7-iscsi devstack@c-api.service[100662]: [pid: 100662|app: 0|req: 13/24] 10.222.0.46 () {58 vars in 1467 bytes} [Fri Sep 3 15:00:23 2021] GET /volume/v3/2e32b849e4e949eda302cb755ef87e9c/qos-specs/15153f77-8290-4306-a2ba-cc12b85a18b3/disassociate?vol_type_id=21404613-659f-418f-8b6b-b3e5f4ca7b9e => generated 0 bytes in 56 msecs (HTTP/1.1 202) 6 headers in 233 bytes (1 switches on core 0)
Sep 03 15:00:23.884576 dv-cinder-774288-7-iscsi devstack@c-api.service[100662]: INFO cinder.api.openstack.wsgi [None req-16e67c3e-3f1d-426e-bd94-080ff5d4f0f0 tempest-GroupTypesTest-919303383 tempest-GroupTypesTest-919303383-project-admin] PUT http://10.222.0.46/volume/v3/c3858f0b529f4edd8959077d599d3362/group_types/53739291-c75e-40f5-bdbf-7e6ea8f94901
Sep 03 15:00:23.885505 dv-cinder-774288-7-iscsi devstack@c-api.service[100662]: /usr/local/lib/python3.8/dist-packages/webob/acceptparse.py:1047: DeprecationWarning: The behavior of AcceptValidHeader.best_match is currently being maintained for backward compatibility, but it will be deprecated in the future, as it does not conform to the RFC.
Sep 03 15:00:23.885505 dv-cinder-774288-7-iscsi devstack@c-api.service[100662]: warnings.warn(
Sep 03 15:00:23.886292 dv-cinder-774288-7-iscsi devstack@c-api.service[100662]: DEBUG cinder.api.openstack.wsgi [None req-16e67c3e-3f1d-426e-bd94-080ff5d4f0f0 tempest-GroupTypesTest-919303383 tempest-GroupTypesTest-919303383-project-admin] Action: 'update', calling method: version_select, body: {"group_type": {"name": "tempest-GroupTypesTest-updated-group-type-1405803754", "description": "updated-group-type-desc"}} {{(pid=100662) _process_stack /opt/stack/cinder/cinder/api/openstack/wsgi.py:854}}
Sep 03 15:00:23.906705 dv-cinder-774288-7-iscsi devstack@c-api.service[100662]: /usr/local/lib/python3.8/dist-packages/oslo_context/context.py:105: DeprecationWarning: Policy enforcement is depending on the value of is_admin. This key is deprecated. Please update your policy file to use the standard policy values.
Sep 03 15:00:23.906705 dv-cinder-774288-7-iscsi devstack@c-api.service[100662]: warnings.warn('Policy enforcement is depending on the value of '
Sep 03 15:00:23.941608 dv-cinder-774288-7-iscsi devstack@c-api.service[100661]: WARNING cinder.quota [None req-8f1ccd8c-e78a-48e2-8eee-5df5fe169838 tempest-VolumesTestJSON-1005661720 tempest-VolumesTestJSON-1005661720-project] Deprecated: Default quota for resource: volumes___DEFAULT__ is set by the default quota flag: quota_volumes___DEFAULT__, it is now deprecated. Please use the default quota class for default quota.
Sep 03 15:00:23.942582 dv-cinder-774288-7-iscsi devstack@c-api.service[100661]: WARNING cinder.quota [None req-8f1ccd8c-e78a-48e2-8eee-5df5fe169838 tempest-VolumesTestJSON-1005661720 tempest-VolumesTestJSON-1005661720-project] Deprecated: Default quota for resource: gigabytes___DEFAULT__ is set by the default quota flag: quota_gigabytes___DEFAULT__, it is now deprecated. Please use the default quota class for default quota.
Sep 03 15:00:23.947744 dv-cinder-774288-7-iscsi devstack@c-api.service[100662]: INFO cinder.api.openstack.wsgi [None req-16e67c3e-3f1d-426e-bd94-080ff5d4f0f0 tempest-GroupTypesTest-919303383 tempest-GroupTypesTest-919303383-project-admin] http://10.222.0.46/volume/v3/c3858f0b529f4edd8959077d599d3362/group_types/53739291-c75e-40f5-bdbf-7e6ea8f94901 returned with HTTP 200
Sep 03 15:00:23.953148 dv-cinder-774288-7-iscsi devstack@c-api.service[100662]: [pid: 100662|app: 0|req: 14/25] 10.222.0.46 () {62 vars in 1399 bytes} [Fri Sep 3 15:00:23 2021] PUT /volume/v3/c3858f0b529f4edd8959077d599d3362/group_types/53739291-c75e-40f5-bdbf-7e6ea8f94901 => generated 255 bytes in 74 msecs (HTTP/1.1 200) 7 headers in 286 bytes (1 switches on core 0)
Sep 03 15:00:23.965189 dv-cinder-774288-7-iscsi devstack@c-api.service[100662]: INFO cinder.api.openstack.wsgi [None req-4b94ea3d-3e87-474f-be84-5502f3ee81f5 tempest-QosSpecsTestJSON-1615834877 tempest-QosSpecsTestJSON-1615834877-project-admin] GET http://10.222.0.46/volume/v3/2e32b849e4e949eda302cb755ef87e9c/qos-specs/15153f77-8290-4306-a2ba-cc12b85a18b3/associations
Sep 03 15:00:23.965683 dv-cinder-774288-7-iscsi devstack@c-api.service[100662]: DEBUG cinder.api.openstack.wsgi [None req-4b94ea3d-3e87-474f-be84-5502f3ee81f5 tempest-QosSpecsTestJSON-1615834877 tempest-QosSpecsTestJSON-1615834877-project-admin] Empty body provided in request {{(pid=100662) get_body /opt/stack/cinder/cinder/api/openstack/wsgi.py:703}}
Sep 03 15:00:23.969624 dv-cinder-774288-7-iscsi devstack@c-api.service[100662]: DEBUG cinder.api.openstack.wsgi [None req-4b94ea3d-3e87-474f-be84-5502f3ee81f5 tempest-QosSpecsTestJSON-1615834877 tempest-QosSpecsTestJSON-1615834877-project-admin] Calling method 'associations' {{(pid=100662) _process_stack /opt/stack/cinder/cinder/api/openstack/wsgi.py:856}}
Sep 03 15:00:23.971298 dv-cinder-774288-7-iscsi devstack@c-api.service[100662]: DEBUG cinder.api.contrib.qos_specs_manage [None req-4b94ea3d-3e87-474f-be84-5502f3ee81f5 tempest-QosSpecsTestJSON-1615834877 tempest-QosSpecsTestJSON-1615834877-project-admin] Get associations for qos_spec id: 15153f77-8290-4306-a2ba-cc12b85a18b3 {{(pid=100662) associations /opt/stack/cinder/cinder/api/contrib/qos_specs_manage.py:233}}
Sep 03 15:00:23.987462 dv-cinder-774288-7-iscsi devstack@c-api.service[100661]: DEBUG cinder.quota [None req-8f1ccd8c-e78a-48e2-8eee-5df5fe169838 tempest-VolumesTestJSON-1005661720 tempest-VolumesTestJSON-1005661720-project] Created reservations ['576575b2-fab3-4326-831c-688d7902754b', '8c6d04c7-e37f-499d-92f2-823eadd443ed', '392f83b8-b51e-47bb-9606-3f71b7ff1a30', '49b6b732-156e-40dd-b811-54101a6d1b92'] {{(pid=100661) reserve /opt/stack/cinder/cinder/quota.py:755}}
Sep 03 15:00:23.990055 dv-cinder-774288-7-iscsi devstack@c-api.service[100661]: DEBUG cinder.volume.api [None req-8f1ccd8c-e78a-48e2-8eee-5df5fe169838 tempest-VolumesTestJSON-1005661720 tempest-VolumesTestJSON-1005661720-project] Task 'cinder.volume.flows.api.create_volume.QuotaReserveTask;volume:create' (d71bf645-4d4e-4253-9c18-ead634a85f6d) transitioned into state 'SUCCESS' from state 'RUNNING' with result '{'reservations': ['576575b2-fab3-4326-831c-688d7902754b', '8c6d04c7-e37f-499d-92f2-823eadd443ed', '392f83b8-b51e-47bb-9606-3f71b7ff1a30', '49b6b732-156e-40dd-b811-54101a6d1b92']}' {{(pid=100661) _task_receiver /usr/local/lib/python3.8/dist-packages/taskflow/listeners/logging.py:178}}
Sep 03 15:00:23.993651 dv-cinder-774288-7-iscsi devstack@c-api.service[100661]: DEBUG cinder.volume.api [None req-8f1ccd8c-e78a-48e2-8eee-5df5fe169838 tempest-VolumesTestJSON-1005661720 tempest-VolumesTestJSON-1005661720-project] Task 'cinder.volume.flows.api.create_volume.EntryCreateTask;volume:create' (fe658489-b556-4816-8835-3ad6a90b7a69) transitioned into state 'RUNNING' from state 'PENDING' {{(pid=100661) _task_receiver /usr/local/lib/python3.8/dist-packages/taskflow/listeners/logging.py:190}}
Sep 03 15:00:24.024344 dv-cinder-774288-7-iscsi devstack@c-api.service[100662]: INFO cinder.api.openstack.wsgi [None req-4b94ea3d-3e87-474f-be84-5502f3ee81f5 tempest-QosSpecsTestJSON-1615834877 tempest-QosSpecsTestJSON-1615834877-project-admin] http://10.222.0.46/volume/v3/2e32b849e4e949eda302cb755ef87e9c/qos-specs/15153f77-8290-4306-a2ba-cc12b85a18b3/associations returned with HTTP 200
Sep 03 15:00:24.027365 dv-cinder-774288-7-iscsi devstack@c-api.service[100662]: [pid: 100662|app: 0|req: 15/26] 10.222.0.46 () {58 vars in 1370 bytes} [Fri Sep 3 15:00:23 2021] GET /volume/v3/2e32b849e4e949eda302cb755ef87e9c/qos-specs/15153f77-8290-4306-a2ba-cc12b85a18b3/associations => generated 306 bytes in 73 msecs (HTTP/1.1 200) 7 headers in 285 bytes (1 switches on core 0)
Sep 03 15:00:24.036524 dv-cinder-774288-7-iscsi devstack@c-api.service[100662]: INFO cinder.api.openstack.wsgi [None req-3ee7c16e-a4cc-4738-83f0-1cfeb46067cc tempest-GroupTypesTest-919303383 tempest-GroupTypesTest-919303383-project-admin] GET http://10.222.0.46/volume/v3/c3858f0b529f4edd8959077d599d3362/group_types/53739291-c75e-40f5-bdbf-7e6ea8f94901
Sep 03 15:00:24.037208 dv-cinder-774288-7-iscsi devstack@c-api.service[100662]: DEBUG cinder.api.openstack.wsgi [None req-3ee7c16e-a4cc-4738-83f0-1cfeb46067cc tempest-GroupTypesTest-919303383 tempest-GroupTypesTest-919303383-project-admin] Empty body provided in request {{(pid=100662) get_body /opt/stack/cinder/cinder/api/openstack/wsgi.py:703}}
Sep 03 15:00:24.037382 dv-cinder-774288-7-iscsi devstack@c-api.service[100662]: /usr/local/lib/python3.8/dist-packages/webob/acceptparse.py:1047: DeprecationWarning: The behavior of AcceptValidHeader.best_match is currently being maintained for backward compatibility, but it will be deprecated in the future, as it does not conform to the RFC.
Sep 03 15:00:24.037382 dv-cinder-774288-7-iscsi devstack@c-api.service[100662]: warnings.warn(
Sep 03 15:00:24.037834 dv-cinder-774288-7-iscsi devstack@c-api.service[100662]: DEBUG cinder.api.openstack.wsgi [None req-3ee7c16e-a4cc-4738-83f0-1cfeb46067cc tempest-GroupTypesTest-919303383 tempest-GroupTypesTest-919303383-project-admin] Calling method 'version_select' {{(pid=100662) _process_stack /opt/stack/cinder/cinder/api/openstack/wsgi.py:856}}
Sep 03 15:00:24.052031 dv-cinder-774288-7-iscsi devstack@c-api.service[100662]: /usr/local/lib/python3.8/dist-packages/oslo_context/context.py:105: DeprecationWarning: Policy enforcement is depending on the value of is_admin. This key is deprecated. Please update your policy file to use the standard policy values.
Sep 03 15:00:24.052031 dv-cinder-774288-7-iscsi devstack@c-api.service[100662]: warnings.warn('Policy enforcement is depending on the value of '
Sep 03 15:00:24.061742 dv-cinder-774288-7-iscsi devstack@c-api.service[100662]: INFO cinder.api.openstack.wsgi [None req-3ee7c16e-a4cc-4738-83f0-1cfeb46067cc tempest-GroupTypesTest-919303383 tempest-GroupTypesTest-919303383-project-admin] http://10.222.0.46/volume/v3/c3858f0b529f4edd8959077d599d3362/group_types/53739291-c75e-40f5-bdbf-7e6ea8f94901 returned with HTTP 200
Sep 03 15:00:24.065723 dv-cinder-774288-7-iscsi devstack@c-api.service[100662]: [pid: 100662|app: 0|req: 16/27] 10.222.0.46 () {60 vars in 1378 bytes} [Fri Sep 3 15:00:24 2021] GET /volume/v3/c3858f0b529f4edd8959077d599d3362/group_types/53739291-c75e-40f5-bdbf-7e6ea8f94901 => generated 255 bytes in 38 msecs (HTTP/1.1 200) 7 headers in 286 bytes (1 switches on core 0)
Sep 03 15:00:24.079830 dv-cinder-774288-7-iscsi devstack@c-api.service[100661]: DEBUG cinder.volume.api [None req-8f1ccd8c-e78a-48e2-8eee-5df5fe169838 tempest-VolumesTestJSON-1005661720 tempest-VolumesTestJSON-1005661720-project] Task 'cinder.volume.flows.api.create_volume.EntryCreateTask;volume:create' (fe658489-b556-4816-8835-3ad6a90b7a69) transitioned into state 'SUCCESS' from state 'RUNNING' with result '{'volume_id': '1c7d38eb-feb5-4947-aeb7-2b00dabcac34', 'volume_properties': VolumeProperties(attach_status='detached',availability_zone='nova',cgsnapshot_id=None,consistencygroup_id=None,display_description=None,display_name='tempest-VolumesTestJSON-volume-168663259',encryption_key_id=None,group_id=None,group_type_id=,metadata={Type='work'},multiattach=False,project_id='3d24d46b78d7485cb3c270d8326aed87',qos_specs=None,replication_status=,reservations=['576575b2-fab3-4326-831c-688d7902754b','8c6d04c7-e37f-499d-92f2-823eadd443ed','392f83b8-b51e-47bb-9606-3f71b7ff1a30','49b6b732-156e-40dd-b811-54101a6d1b92'],size=1,snapshot_id=None,source_replicaid=,source_volid=None,status='creating',user_id='a99dc039eb5740548a2b8634e5de651b',volume_type_id=c6f1a5d1-30f6-4a25-9d8c-1bea4bfaaf94), 'volume': Volume(_name_id=None,admin_metadata=,attach_status='detached',availability_zone='nova',bootable=False,cluster=,cluster_name=None,consistencygroup=,consistencygroup_id=None,created_at=2021-09-03T15:00:24Z,deleted=False,deleted_at=None,display_description=None,display_name='tempest-VolumesTestJSON-volume-168663259',ec2_id=None,encryption_key_id=None,glance_metadata=,group=,group_id=None,host=None,id=1c7d38eb-feb5-4947-aeb7-2b00dabcac34,launched_at=None,metadata={Type='work'},migration_status=None,multiattach=False,previous_status=None,project_id='3d24d46b78d7485cb3c270d8326aed87',provider_auth=None,provider_geometry=None,provider_id=None,provider_location=None,replication_driver_data=None,replication_extended_status=None,replication_status=None,scheduled_at=None,service_uuid=None,shared_targets=True,size=1,snapshot_id=None,snapshots=,source_volid=None,status='creating',terminated_at=None,updated_at=None,use_quota=True,user_id='a99dc039eb5740548a2b8634e5de651b',volume_attachment=,volume_type=VolumeType(c6f1a5d1-30f6-4a25-9d8c-1bea4bfaaf94),volume_type_id=c6f1a5d1-30f6-4a25-9d8c-1bea4bfaaf94)}' {{(pid=100661) _task_receiver /usr/local/lib/python3.8/dist-packages/taskflow/listeners/logging.py:178}}
Sep 03 15:00:24.082905 dv-cinder-774288-7-iscsi devstack@c-api.service[100661]: DEBUG cinder.volume.api [None req-8f1ccd8c-e78a-48e2-8eee-5df5fe169838 tempest-VolumesTestJSON-1005661720 tempest-VolumesTestJSON-1005661720-project] Task 'cinder.volume.flows.api.create_volume.QuotaCommitTask;volume:create' (73ff5583-fe2e-4666-9446-b8bdfd75669d) transitioned into state 'RUNNING' from state 'PENDING' {{(pid=100661) _task_receiver /usr/local/lib/python3.8/dist-packages/taskflow/listeners/logging.py:190}}
Sep 03 15:00:24.089627 dv-cinder-774288-7-iscsi devstack@c-api.service[100662]: INFO cinder.api.openstack.wsgi [None req-ac19b556-a23f-4bc3-a539-9ea2b2166bb1 tempest-QosSpecsTestJSON-1615834877 tempest-QosSpecsTestJSON-1615834877-project-admin] GET http://10.222.0.46/volume/v3/2e32b849e4e949eda302cb755ef87e9c/qos-specs/15153f77-8290-4306-a2ba-cc12b85a18b3/disassociate_all
Sep 03 15:00:24.091050 dv-cinder-774288-7-iscsi devstack@c-api.service[100662]: DEBUG cinder.api.openstack.wsgi [None req-ac19b556-a23f-4bc3-a539-9ea2b2166bb1 tempest-QosSpecsTestJSON-1615834877 tempest-QosSpecsTestJSON-1615834877-project-admin] Empty body provided in request {{(pid=100662) get_body /opt/stack/cinder/cinder/api/openstack/wsgi.py:703}}
Sep 03 15:00:24.091489 dv-cinder-774288-7-iscsi devstack@c-api.service[100662]: DEBUG cinder.api.openstack.wsgi [None req-ac19b556-a23f-4bc3-a539-9ea2b2166bb1 tempest-QosSpecsTestJSON-1615834877 tempest-QosSpecsTestJSON-1615834877-project-admin] Calling method 'disassociate_all' {{(pid=100662) _process_stack /opt/stack/cinder/cinder/api/openstack/wsgi.py:856}}
Sep 03 15:00:24.094920 dv-cinder-774288-7-iscsi devstack@c-api.service[100662]: DEBUG cinder.api.contrib.qos_specs_manage [None req-ac19b556-a23f-4bc3-a539-9ea2b2166bb1 tempest-QosSpecsTestJSON-1615834877 tempest-QosSpecsTestJSON-1615834877-project-admin] Disassociate qos_spec: 15153f77-8290-4306-a2ba-cc12b85a18b3 from all. {{(pid=100662) disassociate_all /opt/stack/cinder/cinder/api/contrib/qos_specs_manage.py:361}}
