Sep 03 15:00:51.209161 dv-cinder-774288-7-iscsi devstack@c-api.service[100661]: INFO cinder.api.openstack.wsgi [None req-bb4f47c8-2d4b-453a-8cf4-fa0d4d36a1a4 tempest-VolumeTypesAccessTest-450825579 tempest-VolumeTypesAccessTest-450825579-project-admin] http://10.222.0.46/volume/v3/8b927e47a92d471c88dcbb2c70d18512/types/ab09b8e8-1f35-4246-8682-b535dfb2942d/action returned with HTTP 202
Sep 03 15:00:51.210697 dv-cinder-774288-7-iscsi devstack@c-api.service[100661]: [pid: 100661|app: 0|req: 78/171] 10.222.0.46 () {60 vars in 1361 bytes} [Fri Sep 3 15:00:51 2021] POST /volume/v3/8b927e47a92d471c88dcbb2c70d18512/types/ab09b8e8-1f35-4246-8682-b535dfb2942d/action => generated 0 bytes in 81 msecs (HTTP/1.1 202) 6 headers in 233 bytes (1 switches on core 0)
Sep 03 15:00:51.215049 dv-cinder-774288-7-iscsi devstack@c-api.service[100661]: INFO cinder.api.openstack.wsgi [None req-55051be8-535a-4a87-b5be-9a0970d12931 tempest-GroupsV314Test-1910941808 tempest-GroupsV314Test-1910941808-project-admin] GET http://10.222.0.46/volume/v3/26c122a6e7b245bbb87e89dd78230603/types/aa5322f7-72bd-41ab-af14-4e1b1bfe274b
Sep 03 15:00:51.215494 dv-cinder-774288-7-iscsi devstack@c-api.service[100661]: DEBUG cinder.api.openstack.wsgi [None req-55051be8-535a-4a87-b5be-9a0970d12931 tempest-GroupsV314Test-1910941808 tempest-GroupsV314Test-1910941808-project-admin] Empty body provided in request {{(pid=100661) get_body /opt/stack/cinder/cinder/api/openstack/wsgi.py:703}}
Sep 03 15:00:51.215902 dv-cinder-774288-7-iscsi devstack@c-api.service[100661]: DEBUG cinder.api.openstack.wsgi [None req-55051be8-535a-4a87-b5be-9a0970d12931 tempest-GroupsV314Test-1910941808 tempest-GroupsV314Test-1910941808-project-admin] Calling method 'show' {{(pid=100661) _process_stack /opt/stack/cinder/cinder/api/openstack/wsgi.py:856}}
Sep 03 15:00:51.226577 dv-cinder-774288-7-iscsi devstack@c-api.service[100661]: INFO cinder.api.openstack.wsgi [None req-55051be8-535a-4a87-b5be-9a0970d12931 tempest-GroupsV314Test-1910941808 tempest-GroupsV314Test-1910941808-project-admin] http://10.222.0.46/volume/v3/26c122a6e7b245bbb87e89dd78230603/types/aa5322f7-72bd-41ab-af14-4e1b1bfe274b returned with HTTP 404
Sep 03 15:00:51.230693 dv-cinder-774288-7-iscsi devstack@c-api.service[100661]: [pid: 100661|app: 0|req: 79/172] 10.222.0.46 () {58 vars in 1319 bytes} [Fri Sep 3 15:00:51 2021] GET /volume/v3/26c122a6e7b245bbb87e89dd78230603/types/aa5322f7-72bd-41ab-af14-4e1b1bfe274b => generated 114 bytes in 17 msecs (HTTP/1.1 404) 7 headers in 292 bytes (1 switches on core 0)
Sep 03 15:00:51.266908 dv-cinder-774288-7-iscsi devstack@c-api.service[100661]: INFO cinder.api.openstack.wsgi [None req-105ff149-d8a8-4659-9450-8a9d03927e1a tempest-GroupSnapshotsTest-1508878506 tempest-GroupSnapshotsTest-1508878506-project] GET http://10.222.0.46/volume/v3/8f2834da1e0c40ba9ba5b5e59040017e/groups/9593e9fc-af2f-4a32-8c07-e6f5d568fce0
Sep 03 15:00:51.270286 dv-cinder-774288-7-iscsi devstack@c-api.service[100662]: ERROR cinder.volume.api [None req-fda7687d-d5df-49f0-a649-43f0b1ea66ee tempest-VolumeQuotasNegativeTestJSON-558458593 tempest-VolumeQuotasNegativeTestJSON-558458593-project] Quota exceeded for a4e686965a6a451e8f01b8b2137d9d81, tried to extend volume by 1G, (1G of 1G already consumed).: cinder.exception.OverQuota: Quota exceeded for resources: ['gigabytes']
Sep 03 15:00:51.276329 dv-cinder-774288-7-iscsi devstack@c-api.service[100661]: DEBUG cinder.api.openstack.wsgi [None req-105ff149-d8a8-4659-9450-8a9d03927e1a tempest-GroupSnapshotsTest-1508878506 tempest-GroupSnapshotsTest-1508878506-project] Empty body provided in request {{(pid=100661) get_body /opt/stack/cinder/cinder/api/openstack/wsgi.py:703}}
Sep 03 15:00:51.278028 dv-cinder-774288-7-iscsi devstack@c-api.service[100661]: DEBUG cinder.api.openstack.wsgi [None req-105ff149-d8a8-4659-9450-8a9d03927e1a tempest-GroupSnapshotsTest-1508878506 tempest-GroupSnapshotsTest-1508878506-project] Calling method 'version_select' {{(pid=100661) _process_stack /opt/stack/cinder/cinder/api/openstack/wsgi.py:856}}
Sep 03 15:00:51.278551 dv-cinder-774288-7-iscsi devstack@c-api.service[100661]: DEBUG cinder.api.v3.groups [None req-105ff149-d8a8-4659-9450-8a9d03927e1a tempest-GroupSnapshotsTest-1508878506 tempest-GroupSnapshotsTest-1508878506-project] show called for member 9593e9fc-af2f-4a32-8c07-e6f5d568fce0 {{(pid=100661) show /opt/stack/cinder/cinder/api/v3/groups.py:58}}
Sep 03 15:00:51.303687 dv-cinder-774288-7-iscsi devstack@c-api.service[100662]: INFO cinder.api.middleware.fault [None req-fda7687d-d5df-49f0-a649-43f0b1ea66ee tempest-VolumeQuotasNegativeTestJSON-558458593 tempest-VolumeQuotasNegativeTestJSON-558458593-project] http://10.222.0.46/volume/v3/a4e686965a6a451e8f01b8b2137d9d81/volumes/f5f03d80-dbf9-4a29-9132-3be1649ce929/action returned with HTTP 413
Sep 03 15:00:51.305268 dv-cinder-774288-7-iscsi devstack@c-api.service[100661]: /usr/local/lib/python3.8/dist-packages/oslo_context/context.py:105: DeprecationWarning: Policy enforcement is depending on the value of is_admin. This key is deprecated. Please update your policy file to use the standard policy values.
Sep 03 15:00:51.305268 dv-cinder-774288-7-iscsi devstack@c-api.service[100661]: warnings.warn('Policy enforcement is depending on the value of '
Sep 03 15:00:51.319806 dv-cinder-774288-7-iscsi devstack@c-api.service[100662]: [pid: 100662|app: 0|req: 94/173] 10.222.0.46 () {60 vars in 1367 bytes} [Fri Sep 3 15:00:51 2021] POST /volume/v3/a4e686965a6a451e8f01b8b2137d9d81/volumes/f5f03d80-dbf9-4a29-9132-3be1649ce929/action => generated 208 bytes in 236 msecs (HTTP/1.1 413) 8 headers in 323 bytes (1 switches on core 0)
Sep 03 15:00:51.334200 dv-cinder-774288-7-iscsi devstack@c-api.service[100662]: INFO cinder.api.openstack.wsgi [None req-a0b44f3c-766f-48a6-9873-e1b87ed27d5e tempest-VolumeTypesAccessTest-450825579 tempest-VolumeTypesAccessTest-450825579-project-admin] POST http://10.222.0.46/volume/v3/8b927e47a92d471c88dcbb2c70d18512/types
Sep 03 15:00:51.334605 dv-cinder-774288-7-iscsi devstack@c-api.service[100662]: /usr/local/lib/python3.8/dist-packages/webob/acceptparse.py:1047: DeprecationWarning: The behavior of AcceptValidHeader.best_match is currently being maintained for backward compatibility, but it will be deprecated in the future, as it does not conform to the RFC.
Sep 03 15:00:51.334605 dv-cinder-774288-7-iscsi devstack@c-api.service[100662]: warnings.warn(
Sep 03 15:00:51.335105 dv-cinder-774288-7-iscsi devstack@c-api.service[100662]: DEBUG cinder.api.openstack.wsgi [None req-a0b44f3c-766f-48a6-9873-e1b87ed27d5e tempest-VolumeTypesAccessTest-450825579 tempest-VolumeTypesAccessTest-450825579-project-admin] Action: 'create', calling method: _create, body: {"volume_type": {"name": "tempest-VolumeTypesAccessTest-volume-type-501815172", "os-volume-type-access:is_public": false}} {{(pid=100662) _process_stack /opt/stack/cinder/cinder/api/openstack/wsgi.py:854}}
Sep 03 15:00:51.376453 dv-cinder-774288-7-iscsi devstack@c-api.service[100661]: INFO cinder.api.openstack.wsgi [None req-105ff149-d8a8-4659-9450-8a9d03927e1a tempest-GroupSnapshotsTest-1508878506 tempest-GroupSnapshotsTest-1508878506-project] http://10.222.0.46/volume/v3/8f2834da1e0c40ba9ba5b5e59040017e/groups/9593e9fc-af2f-4a32-8c07-e6f5d568fce0 returned with HTTP 200
Sep 03 15:00:51.377264 dv-cinder-774288-7-iscsi devstack@c-api.service[100661]: [pid: 100661|app: 0|req: 80/174] 10.222.0.46 () {60 vars in 1363 bytes} [Fri Sep 3 15:00:51 2021] GET /volume/v3/8f2834da1e0c40ba9ba5b5e59040017e/groups/9593e9fc-af2f-4a32-8c07-e6f5d568fce0 => generated 416 bytes in 148 msecs (HTTP/1.1 200) 7 headers in 286 bytes (1 switches on core 0)
Sep 03 15:00:51.404375 dv-cinder-774288-7-iscsi devstack@c-api.service[100662]: INFO cinder.api.openstack.wsgi [None req-a0b44f3c-766f-48a6-9873-e1b87ed27d5e tempest-VolumeTypesAccessTest-450825579 tempest-VolumeTypesAccessTest-450825579-project-admin] http://10.222.0.46/volume/v3/8b927e47a92d471c88dcbb2c70d18512/types returned with HTTP 200
Sep 03 15:00:51.412885 dv-cinder-774288-7-iscsi devstack@c-api.service[100662]: [pid: 100662|app: 0|req: 95/175] 10.222.0.46 () {60 vars in 1230 bytes} [Fri Sep 3 15:00:51 2021] POST /volume/v3/8b927e47a92d471c88dcbb2c70d18512/types => generated 228 bytes in 96 msecs (HTTP/1.1 200) 7 headers in 285 bytes (1 switches on core 0)
Sep 03 15:00:51.420128 dv-cinder-774288-7-iscsi devstack@c-api.service[100661]: INFO cinder.api.openstack.wsgi [None req-31920dbe-03b2-4f4b-b7be-7e817481e4fc tempest-VolumeQuotasNegativeTestJSON-558458593 tempest-VolumeQuotasNegativeTestJSON-558458593-project] DELETE http://10.222.0.46/volume/v3/a4e686965a6a451e8f01b8b2137d9d81/volumes/f5f03d80-dbf9-4a29-9132-3be1649ce929
Sep 03 15:00:51.420597 dv-cinder-774288-7-iscsi devstack@c-api.service[100661]: DEBUG cinder.api.openstack.wsgi [None req-31920dbe-03b2-4f4b-b7be-7e817481e4fc tempest-VolumeQuotasNegativeTestJSON-558458593 tempest-VolumeQuotasNegativeTestJSON-558458593-project] Empty body provided in request {{(pid=100661) get_body /opt/stack/cinder/cinder/api/openstack/wsgi.py:703}}
Sep 03 15:00:51.420775 dv-cinder-774288-7-iscsi devstack@c-api.service[100661]: /usr/local/lib/python3.8/dist-packages/webob/acceptparse.py:1047: DeprecationWarning: The behavior of AcceptValidHeader.best_match is currently being maintained for backward compatibility, but it will be deprecated in the future, as it does not conform to the RFC.
Sep 03 15:00:51.420775 dv-cinder-774288-7-iscsi devstack@c-api.service[100661]: warnings.warn(
Sep 03 15:00:51.421092 dv-cinder-774288-7-iscsi devstack@c-api.service[100661]: DEBUG cinder.api.openstack.wsgi [None req-31920dbe-03b2-4f4b-b7be-7e817481e4fc tempest-VolumeQuotasNegativeTestJSON-558458593 tempest-VolumeQuotasNegativeTestJSON-558458593-project] Calling method 'delete' {{(pid=100661) _process_stack /opt/stack/cinder/cinder/api/openstack/wsgi.py:856}}
Sep 03 15:00:51.421493 dv-cinder-774288-7-iscsi devstack@c-api.service[100661]: INFO cinder.api.v3.volumes [None req-31920dbe-03b2-4f4b-b7be-7e817481e4fc tempest-VolumeQuotasNegativeTestJSON-558458593 tempest-VolumeQuotasNegativeTestJSON-558458593-project] Delete volume with id: f5f03d80-dbf9-4a29-9132-3be1649ce929
Sep 03 15:00:51.422867 dv-cinder-774288-7-iscsi devstack@c-api.service[100662]: INFO cinder.api.openstack.wsgi [None req-1b442dbc-23d9-4e4e-a924-035e363045d8 tempest-GroupSnapshotsTest-1508878506 tempest-GroupSnapshotsTest-1508878506-project] GET http://10.222.0.46/volume/v3/8f2834da1e0c40ba9ba5b5e59040017e/volumes/detail
Sep 03 15:00:51.424675 dv-cinder-774288-7-iscsi devstack@c-api.service[100662]: DEBUG cinder.api.openstack.wsgi [None req-1b442dbc-23d9-4e4e-a924-035e363045d8 tempest-GroupSnapshotsTest-1508878506 tempest-GroupSnapshotsTest-1508878506-project] Empty body provided in request {{(pid=100662) get_body /opt/stack/cinder/cinder/api/openstack/wsgi.py:703}}
Sep 03 15:00:51.425111 dv-cinder-774288-7-iscsi devstack@c-api.service[100662]: DEBUG cinder.api.openstack.wsgi [None req-1b442dbc-23d9-4e4e-a924-035e363045d8 tempest-GroupSnapshotsTest-1508878506 tempest-GroupSnapshotsTest-1508878506-project] Calling method 'detail' {{(pid=100662) _process_stack /opt/stack/cinder/cinder/api/openstack/wsgi.py:856}}
Sep 03 15:00:51.426008 dv-cinder-774288-7-iscsi devstack@c-api.service[100662]: DEBUG cinder.api.api_utils [None req-1b442dbc-23d9-4e4e-a924-035e363045d8 tempest-GroupSnapshotsTest-1508878506 tempest-GroupSnapshotsTest-1508878506-project] Removing options '' from query. {{(pid=100662) remove_invalid_filter_options /opt/stack/cinder/cinder/api/api_utils.py:73}}
Sep 03 15:00:51.430426 dv-cinder-774288-7-iscsi devstack@c-api.service[100662]: DEBUG cinder.volume.api [None req-1b442dbc-23d9-4e4e-a924-035e363045d8 tempest-GroupSnapshotsTest-1508878506 tempest-GroupSnapshotsTest-1508878506-project] Searching by: MultiDict([('no_migration_targets', True)]). {{(pid=100662) get_all /opt/stack/cinder/cinder/volume/api.py:619}}
Sep 03 15:00:51.489373 dv-cinder-774288-7-iscsi devstack@c-api.service[100661]: /usr/local/lib/python3.8/dist-packages/oslo_context/context.py:105: DeprecationWarning: Policy enforcement is depending on the value of is_admin. This key is deprecated. Please update your policy file to use the standard policy values.
Sep 03 15:00:51.489373 dv-cinder-774288-7-iscsi devstack@c-api.service[100661]: warnings.warn('Policy enforcement is depending on the value of '
Sep 03 15:00:51.490602 dv-cinder-774288-7-iscsi devstack@c-api.service[100661]: INFO cinder.volume.api [None req-31920dbe-03b2-4f4b-b7be-7e817481e4fc tempest-VolumeQuotasNegativeTestJSON-558458593 tempest-VolumeQuotasNegativeTestJSON-558458593-project] Volume info retrieved successfully.
Sep 03 15:00:51.565569 dv-cinder-774288-7-iscsi devstack@c-api.service[100661]: INFO cinder.volume.api [None req-31920dbe-03b2-4f4b-b7be-7e817481e4fc tempest-VolumeQuotasNegativeTestJSON-558458593 tempest-VolumeQuotasNegativeTestJSON-558458593-project] Delete volume request issued successfully.
Sep 03 15:00:51.565983 dv-cinder-774288-7-iscsi devstack@c-api.service[100661]: INFO cinder.api.openstack.wsgi [None req-31920dbe-03b2-4f4b-b7be-7e817481e4fc tempest-VolumeQuotasNegativeTestJSON-558458593 tempest-VolumeQuotasNegativeTestJSON-558458593-project] http://10.222.0.46/volume/v3/a4e686965a6a451e8f01b8b2137d9d81/volumes/f5f03d80-dbf9-4a29-9132-3be1649ce929 returned with HTTP 202
Sep 03 15:00:51.566841 dv-cinder-774288-7-iscsi devstack@c-api.service[100661]: [pid: 100661|app: 0|req: 81/176] 10.222.0.46 () {58 vars in 1328 bytes} [Fri Sep 3 15:00:51 2021] DELETE /volume/v3/a4e686965a6a451e8f01b8b2137d9d81/volumes/f5f03d80-dbf9-4a29-9132-3be1649ce929 => generated 0 bytes in 189 msecs (HTTP/1.1 202) 6 headers in 233 bytes (1 switches on core 0)
Sep 03 15:00:51.579159 dv-cinder-774288-7-iscsi devstack@c-api.service[100661]: INFO cinder.api.openstack.wsgi [None req-e38255ca-2e64-4117-ab81-cd4f4038cb08 tempest-VolumeTypesAccessTest-450825579 tempest-VolumeTypesAccessTest-450825579-project-admin] POST http://10.222.0.46/volume/v3/8b927e47a92d471c88dcbb2c70d18512/types/6606ca39-2c20-4142-9a77-82d0bb54cbf8/action
Sep 03 15:00:51.579580 dv-cinder-774288-7-iscsi devstack@c-api.service[100661]: /usr/local/lib/python3.8/dist-packages/webob/acceptparse.py:1047: DeprecationWarning: The behavior of AcceptValidHeader.best_match is currently being maintained for backward compatibility, but it will be deprecated in the future, as it does not conform to the RFC.
Sep 03 15:00:51.579580 dv-cinder-774288-7-iscsi devstack@c-api.service[100661]: warnings.warn(
Sep 03 15:00:51.580088 dv-cinder-774288-7-iscsi devstack@c-api.service[100661]: DEBUG cinder.api.openstack.wsgi [None req-e38255ca-2e64-4117-ab81-cd4f4038cb08 tempest-VolumeTypesAccessTest-450825579 tempest-VolumeTypesAccessTest-450825579-project-admin] Action body: b'{"addProjectAccess": {"project": "af4df571a9ae4f8591a3be4e9f17d77d"}}' {{(pid=100661) get_method /opt/stack/cinder/cinder/api/openstack/wsgi.py:971}}
Sep 03 15:00:51.580411 dv-cinder-774288-7-iscsi devstack@c-api.service[100661]: DEBUG cinder.api.openstack.wsgi [None req-e38255ca-2e64-4117-ab81-cd4f4038cb08 tempest-VolumeTypesAccessTest-450825579 tempest-VolumeTypesAccessTest-450825579-project-admin] Action: 'action', calling method: _addProjectAccess, body: {"addProjectAccess": {"project": "af4df571a9ae4f8591a3be4e9f17d77d"}} {{(pid=100661) _process_stack /opt/stack/cinder/cinder/api/openstack/wsgi.py:854}}
Sep 03 15:00:51.583320 dv-cinder-774288-7-iscsi devstack@c-api.service[100662]: INFO cinder.volume.api [None req-1b442dbc-23d9-4e4e-a924-035e363045d8 tempest-GroupSnapshotsTest-1508878506 tempest-GroupSnapshotsTest-1508878506-project] Get all volumes completed successfully.
Sep 03 15:00:51.589104 dv-cinder-774288-7-iscsi devstack@c-api.service[100662]: WARNING stevedore.named [None req-1b442dbc-23d9-4e4e-a924-035e363045d8 tempest-GroupSnapshotsTest-1508878506 tempest-GroupSnapshotsTest-1508878506-project] Could not load cinder.keymgr.conf_key_mgr.ConfKeyManager
Sep 03 15:00:51.589759 dv-cinder-774288-7-iscsi devstack@c-api.service[100662]: WARNING castellan.key_manager [None req-1b442dbc-23d9-4e4e-a924-035e363045d8 tempest-GroupSnapshotsTest-1508878506 tempest-GroupSnapshotsTest-1508878506-project] Deprecation Warning : cinder.keymgr.conf_key_mgr.ConfKeyManager is not a stevedore based driver, trying to load it as a class: stevedore.exception.NoMatches: No 'castellan.drivers' driver found, looking for 'cinder.keymgr.conf_key_mgr.ConfKeyManager'
Sep 03 15:00:51.598003 dv-cinder-774288-7-iscsi devstack@c-api.service[100662]: DEBUG oslo_db.sqlalchemy.engines [None req-1b442dbc-23d9-4e4e-a924-035e363045d8 tempest-GroupSnapshotsTest-1508878506 tempest-GroupSnapshotsTest-1508878506-project] MySQL server mode set to STRICT_TRANS_TABLES,STRICT_ALL_TABLES,NO_ZERO_IN_DATE,NO_ZERO_DATE,ERROR_FOR_DIVISION_BY_ZERO,TRADITIONAL,NO_ENGINE_SUBSTITUTION {{(pid=100662) _check_effective_sql_mode /usr/local/lib/python3.8/dist-packages/oslo_db/sqlalchemy/engines.py:314}}
Sep 03 15:00:51.607551 dv-cinder-774288-7-iscsi devstack@c-api.service[100662]: /usr/local/lib/python3.8/dist-packages/oslo_context/context.py:105: DeprecationWarning: Policy enforcement is depending on the value of is_admin. This key is deprecated. Please update your policy file to use the standard policy values.
Sep 03 15:00:51.607551 dv-cinder-774288-7-iscsi devstack@c-api.service[100662]: warnings.warn('Policy enforcement is depending on the value of '
Sep 03 15:00:51.625150 dv-cinder-774288-7-iscsi devstack@c-api.service[100662]: WARNING stevedore.named [None req-1b442dbc-23d9-4e4e-a924-035e363045d8 tempest-GroupSnapshotsTest-1508878506 tempest-GroupSnapshotsTest-1508878506-project] Could not load cinder.keymgr.conf_key_mgr.ConfKeyManager
Sep 03 15:00:51.625955 dv-cinder-774288-7-iscsi devstack@c-api.service[100662]: WARNING castellan.key_manager [None req-1b442dbc-23d9-4e4e-a924-035e363045d8 tempest-GroupSnapshotsTest-1508878506 tempest-GroupSnapshotsTest-1508878506-project] Deprecation Warning : cinder.keymgr.conf_key_mgr.ConfKeyManager is not a stevedore based driver, trying to load it as a class: stevedore.exception.NoMatches: No 'castellan.drivers' driver found, looking for 'cinder.keymgr.conf_key_mgr.ConfKeyManager'
Sep 03 15:00:51.635259 dv-cinder-774288-7-iscsi devstack@c-api.service[100662]: DEBUG oslo_db.sqlalchemy.engines [None req-1b442dbc-23d9-4e4e-a924-035e363045d8 tempest-GroupSnapshotsTest-1508878506 tempest-GroupSnapshotsTest-1508878506-project] MySQL server mode set to STRICT_TRANS_TABLES,STRICT_ALL_TABLES,NO_ZERO_IN_DATE,NO_ZERO_DATE,ERROR_FOR_DIVISION_BY_ZERO,TRADITIONAL,NO_ENGINE_SUBSTITUTION {{(pid=100662) _check_effective_sql_mode /usr/local/lib/python3.8/dist-packages/oslo_db/sqlalchemy/engines.py:314}}
Sep 03 15:00:51.635883 dv-cinder-774288-7-iscsi devstack@c-api.service[100661]: INFO cinder.api.openstack.wsgi [None req-e38255ca-2e64-4117-ab81-cd4f4038cb08 tempest-VolumeTypesAccessTest-450825579 tempest-VolumeTypesAccessTest-450825579-project-admin] http://10.222.0.46/volume/v3/8b927e47a92d471c88dcbb2c70d18512/types/6606ca39-2c20-4142-9a77-82d0bb54cbf8/action returned with HTTP 202
Sep 03 15:00:51.638445 dv-cinder-774288-7-iscsi devstack@c-api.service[100661]: [pid: 100661|app: 0|req: 82/177] 10.222.0.46 () {60 vars in 1361 bytes} [Fri Sep 3 15:00:51 2021] POST /volume/v3/8b927e47a92d471c88dcbb2c70d18512/types/6606ca39-2c20-4142-9a77-82d0bb54cbf8/action => generated 0 bytes in 71 msecs (HTTP/1.1 202) 6 headers in 233 bytes (1 switches on core 0)
Sep 03 15:00:51.645248 dv-cinder-774288-7-iscsi devstack@c-api.service[100661]: INFO cinder.api.openstack.wsgi [None req-0b32c917-aa48-4c02-a440-0c5b92be9e95 tempest-VolumeQuotasNegativeTestJSON-558458593 tempest-VolumeQuotasNegativeTestJSON-558458593-project] GET http://10.222.0.46/volume/v3/a4e686965a6a451e8f01b8b2137d9d81/volumes/f5f03d80-dbf9-4a29-9132-3be1649ce929
Sep 03 15:00:51.645959 dv-cinder-774288-7-iscsi devstack@c-api.service[100662]: /usr/local/lib/python3.8/dist-packages/oslo_context/context.py:105: DeprecationWarning: Policy enforcement is depending on the value of is_admin. This key is deprecated. Please update your policy file to use the standard policy values.
Sep 03 15:00:51.645959 dv-cinder-774288-7-iscsi devstack@c-api.service[100662]: warnings.warn('Policy enforcement is depending on the value of '
Sep 03 15:00:51.646242 dv-cinder-774288-7-iscsi devstack@c-api.service[100661]: DEBUG cinder.api.openstack.wsgi [None req-0b32c917-aa48-4c02-a440-0c5b92be9e95 tempest-VolumeQuotasNegativeTestJSON-558458593 tempest-VolumeQuotasNegativeTestJSON-558458593-project] Empty body provided in request {{(pid=100661) get_body /opt/stack/cinder/cinder/api/openstack/wsgi.py:703}}
Sep 03 15:00:51.648412 dv-cinder-774288-7-iscsi devstack@c-api.service[100661]: DEBUG cinder.api.openstack.wsgi [None req-0b32c917-aa48-4c02-a440-0c5b92be9e95 tempest-VolumeQuotasNegativeTestJSON-558458593 tempest-VolumeQuotasNegativeTestJSON-558458593-project] Calling method 'show' {{(pid=100661) _process_stack /opt/stack/cinder/cinder/api/openstack/wsgi.py:856}}
Sep 03 15:00:51.662078 dv-cinder-774288-7-iscsi devstack@c-api.service[100662]: INFO cinder.api.openstack.wsgi [None req-1b442dbc-23d9-4e4e-a924-035e363045d8 tempest-GroupSnapshotsTest-1508878506 tempest-GroupSnapshotsTest-1508878506-project] http://10.222.0.46/volume/v3/8f2834da1e0c40ba9ba5b5e59040017e/volumes/detail returned with HTTP 200
Sep 03 15:00:51.663502 dv-cinder-774288-7-iscsi devstack@c-api.service[100662]: [pid: 100662|app: 0|req: 96/178] 10.222.0.46 () {60 vars in 1276 bytes} [Fri Sep 3 15:00:51 2021] GET /volume/v3/8f2834da1e0c40ba9ba5b5e59040017e/volumes/detail => generated 1987 bytes in 250 msecs (HTTP/1.1 200) 7 headers in 287 bytes (1 switches on core 0)
Sep 03 15:00:51.668096 dv-cinder-774288-7-iscsi devstack@c-api.service[100662]: INFO cinder.api.openstack.wsgi [None req-158319c1-0a4c-4bf9-b9ff-1425d49b34d1 tempest-VolumeTypesAccessTest-450825579 tempest-VolumeTypesAccessTest-450825579-project-admin] POST http://10.222.0.46/volume/v3/8b927e47a92d471c88dcbb2c70d18512/types/6606ca39-2c20-4142-9a77-82d0bb54cbf8/action
Sep 03 15:00:51.668683 dv-cinder-774288-7-iscsi devstack@c-api.service[100662]: /usr/local/lib/python3.8/dist-packages/webob/acceptparse.py:1047: DeprecationWarning: The behavior of AcceptValidHeader.best_match is currently being maintained for backward compatibility, but it will be deprecated in the future, as it does not conform to the RFC.
Sep 03 15:00:51.668683 dv-cinder-774288-7-iscsi devstack@c-api.service[100662]: warnings.warn(
Sep 03 15:00:51.669449 dv-cinder-774288-7-iscsi devstack@c-api.service[100662]: DEBUG cinder.api.openstack.wsgi [None req-158319c1-0a4c-4bf9-b9ff-1425d49b34d1 tempest-VolumeTypesAccessTest-450825579 tempest-VolumeTypesAccessTest-450825579-project-admin] Action body: b'{"addProjectAccess": {"project": "a60187a69d73482ab93ed7ff1bc4b7cd"}}' {{(pid=100662) get_method /opt/stack/cinder/cinder/api/openstack/wsgi.py:971}}
Sep 03 15:00:51.670078 dv-cinder-774288-7-iscsi devstack@c-api.service[100662]: DEBUG cinder.api.openstack.wsgi [None req-158319c1-0a4c-4bf9-b9ff-1425d49b34d1 tempest-VolumeTypesAccessTest-450825579 tempest-VolumeTypesAccessTest-450825579-project-admin] Action: 'action', calling method: _addProjectAccess, body: {"addProjectAccess": {"project": "a60187a69d73482ab93ed7ff1bc4b7cd"}} {{(pid=100662) _process_stack /opt/stack/cinder/cinder/api/openstack/wsgi.py:854}}
Sep 03 15:00:51.693462 dv-cinder-774288-7-iscsi devstack@c-api.service[100661]: /usr/local/lib/python3.8/dist-packages/oslo_context/context.py:105: DeprecationWarning: Policy enforcement is depending on the value of is_admin. This key is deprecated. Please update your policy file to use the standard policy values.
Sep 03 15:00:51.693462 dv-cinder-774288-7-iscsi devstack@c-api.service[100661]: warnings.warn('Policy enforcement is depending on the value of '
Sep 03 15:00:51.703927 dv-cinder-774288-7-iscsi devstack@c-api.service[100662]: INFO cinder.api.openstack.wsgi [None req-158319c1-0a4c-4bf9-b9ff-1425d49b34d1 tempest-VolumeTypesAccessTest-450825579 tempest-VolumeTypesAccessTest-450825579-project-admin] http://10.222.0.46/volume/v3/8b927e47a92d471c88dcbb2c70d18512/types/6606ca39-2c20-4142-9a77-82d0bb54cbf8/action returned with HTTP 202
Sep 03 15:00:51.705618 dv-cinder-774288-7-iscsi devstack@c-api.service[100662]: [pid: 100662|app: 0|req: 97/179] 10.222.0.46 () {60 vars in 1361 bytes} [Fri Sep 3 15:00:51 2021] POST /volume/v3/8b927e47a92d471c88dcbb2c70d18512/types/6606ca39-2c20-4142-9a77-82d0bb54cbf8/action => generated 0 bytes in 41 msecs (HTTP/1.1 202) 6 headers in 233 bytes (1 switches on core 0)
Sep 03 15:00:51.720710 dv-cinder-774288-7-iscsi devstack@c-api.service[100662]: INFO cinder.api.openstack.wsgi [None req-65f499dd-0e1d-42a3-9a7f-e5bff0472165 tempest-GroupSnapshotsTest-1508878506 tempest-GroupSnapshotsTest-1508878506-project] POST http://10.222.0.46/volume/v3/8f2834da1e0c40ba9ba5b5e59040017e/groups/9593e9fc-af2f-4a32-8c07-e6f5d568fce0/action
Sep 03 15:00:51.722474 dv-cinder-774288-7-iscsi devstack@c-api.service[100662]: DEBUG cinder.api.openstack.wsgi [None req-65f499dd-0e1d-42a3-9a7f-e5bff0472165 tempest-GroupSnapshotsTest-1508878506 tempest-GroupSnapshotsTest-1508878506-project] Action body: b'{"delete": {"delete-volumes": true}}' {{(pid=100662) get_method /opt/stack/cinder/cinder/api/openstack/wsgi.py:971}}
Sep 03 15:00:51.722849 dv-cinder-774288-7-iscsi devstack@c-api.service[100662]: DEBUG cinder.api.openstack.wsgi [None req-65f499dd-0e1d-42a3-9a7f-e5bff0472165 tempest-GroupSnapshotsTest-1508878506 tempest-GroupSnapshotsTest-1508878506-project] Action: 'action', calling method: delete_group, body: {"delete": {"delete-volumes": true}} {{(pid=100662) _process_stack /opt/stack/cinder/cinder/api/openstack/wsgi.py:854}}
Sep 03 15:00:51.725628 dv-cinder-774288-7-iscsi devstack@c-api.service[100661]: INFO cinder.volume.api [None req-0b32c917-aa48-4c02-a440-0c5b92be9e95 tempest-VolumeQuotasNegativeTestJSON-558458593 tempest-VolumeQuotasNegativeTestJSON-558458593-project] Volume info retrieved successfully.
Sep 03 15:00:51.726135 dv-cinder-774288-7-iscsi devstack@c-api.service[100662]: DEBUG cinder.api.v3.groups [None req-65f499dd-0e1d-42a3-9a7f-e5bff0472165 tempest-GroupSnapshotsTest-1508878506 tempest-GroupSnapshotsTest-1508878506-project] delete called for group 9593e9fc-af2f-4a32-8c07-e6f5d568fce0 {{(pid=100662) _delete /opt/stack/cinder/cinder/api/v3/groups.py:117}}
Sep 03 15:00:51.726462 dv-cinder-774288-7-iscsi devstack@c-api.service[100662]: INFO cinder.api.v3.groups [None req-65f499dd-0e1d-42a3-9a7f-e5bff0472165 tempest-GroupSnapshotsTest-1508878506 tempest-GroupSnapshotsTest-1508878506-project] Delete group with id: 9593e9fc-af2f-4a32-8c07-e6f5d568fce0
Sep 03 15:00:51.745161 dv-cinder-774288-7-iscsi devstack@c-api.service[100662]: /usr/local/lib/python3.8/dist-packages/oslo_context/context.py:105: DeprecationWarning: Policy enforcement is depending on the value of is_admin. This key is deprecated. Please update your policy file to use the standard policy values.
Sep 03 15:00:51.745161 dv-cinder-774288-7-iscsi devstack@c-api.service[100662]: warnings.warn('Policy enforcement is depending on the value of '
Sep 03 15:00:51.778476 dv-cinder-774288-7-iscsi devstack@c-api.service[100661]: INFO cinder.api.openstack.wsgi [None req-0b32c917-aa48-4c02-a440-0c5b92be9e95 tempest-VolumeQuotasNegativeTestJSON-558458593 tempest-VolumeQuotasNegativeTestJSON-558458593-project] http://10.222.0.46/volume/v3/a4e686965a6a451e8f01b8b2137d9d81/volumes/f5f03d80-dbf9-4a29-9132-3be1649ce929 returned with HTTP 200
Sep 03 15:00:51.780449 dv-cinder-774288-7-iscsi devstack@c-api.service[100661]: [pid: 100661|app: 0|req: 83/180] 10.222.0.46 () {58 vars in 1325 bytes} [Fri Sep 3 15:00:51 2021] GET /volume/v3/a4e686965a6a451e8f01b8b2137d9d81/volumes/f5f03d80-dbf9-4a29-9132-3be1649ce929 => generated 920 bytes in 141 msecs (HTTP/1.1 200) 7 headers in 285 bytes (1 switches on core 0)
Sep 03 15:00:51.812590 dv-cinder-774288-7-iscsi devstack@c-api.service[100661]: INFO cinder.api.openstack.wsgi [None req-d60b3c18-4dce-4f34-8d71-9e882053ac2d tempest-VolumeTypesAccessTest-450825579 tempest-VolumeTypesAccessTest-450825579-project-admin] GET http://10.222.0.46/volume/v3/8b927e47a92d471c88dcbb2c70d18512/types/6606ca39-2c20-4142-9a77-82d0bb54cbf8/os-volume-type-access
Sep 03 15:00:51.815538 dv-cinder-774288-7-iscsi devstack@c-api.service[100661]: DEBUG cinder.api.openstack.wsgi [None req-d60b3c18-4dce-4f34-8d71-9e882053ac2d tempest-VolumeTypesAccessTest-450825579 tempest-VolumeTypesAccessTest-450825579-project-admin] Empty body provided in request {{(pid=100661) get_body /opt/stack/cinder/cinder/api/openstack/wsgi.py:703}}
Sep 03 15:00:51.815726 dv-cinder-774288-7-iscsi devstack@c-api.service[100661]: /usr/local/lib/python3.8/dist-packages/webob/acceptparse.py:1047: DeprecationWarning: The behavior of AcceptValidHeader.best_match is currently being maintained for backward compatibility, but it will be deprecated in the future, as it does not conform to the RFC.
Sep 03 15:00:51.815726 dv-cinder-774288-7-iscsi devstack@c-api.service[100661]: warnings.warn(
Sep 03 15:00:51.816080 dv-cinder-774288-7-iscsi devstack@c-api.service[100661]: DEBUG cinder.api.openstack.wsgi [None req-d60b3c18-4dce-4f34-8d71-9e882053ac2d tempest-VolumeTypesAccessTest-450825579 tempest-VolumeTypesAccessTest-450825579-project-admin] Calling method 'index' {{(pid=100661) _process_stack /opt/stack/cinder/cinder/api/openstack/wsgi.py:856}}
Sep 03 15:00:51.868837 dv-cinder-774288-7-iscsi devstack@c-api.service[100661]: INFO cinder.api.openstack.wsgi [None req-d60b3c18-4dce-4f34-8d71-9e882053ac2d tempest-VolumeTypesAccessTest-450825579 tempest-VolumeTypesAccessTest-450825579-project-admin] http://10.222.0.46/volume/v3/8b927e47a92d471c88dcbb2c70d18512/types/6606ca39-2c20-4142-9a77-82d0bb54cbf8/os-volume-type-access returned with HTTP 200
Sep 03 15:00:51.871524 dv-cinder-774288-7-iscsi devstack@c-api.service[100661]: [pid: 100661|app: 0|req: 84/181] 10.222.0.46 () {58 vars in 1385 bytes} [Fri Sep 3 15:00:51 2021] GET /volume/v3/8b927e47a92d471c88dcbb2c70d18512/types/6606ca39-2c20-4142-9a77-82d0bb54cbf8/os-volume-type-access => generated 244 bytes in 91 msecs (HTTP/1.1 200) 7 headers in 285 bytes (1 switches on core 0)
Sep 03 15:00:51.882575 dv-cinder-774288-7-iscsi devstack@c-api.service[100661]: INFO cinder.api.openstack.wsgi [None req-a691226e-3860-4101-8e27-9ee9c7648a13 tempest-VolumeTypesAccessTest-450825579 tempest-VolumeTypesAccessTest-450825579-project-admin] POST http://10.222.0.46/volume/v3/8b927e47a92d471c88dcbb2c70d18512/types/6606ca39-2c20-4142-9a77-82d0bb54cbf8/action
Sep 03 15:00:51.884734 dv-cinder-774288-7-iscsi devstack@c-api.service[100661]: DEBUG cinder.api.openstack.wsgi [None req-a691226e-3860-4101-8e27-9ee9c7648a13 tempest-VolumeTypesAccessTest-450825579 tempest-VolumeTypesAccessTest-450825579-project-admin] Action body: b'{"removeProjectAccess": {"project": "a60187a69d73482ab93ed7ff1bc4b7cd"}}' {{(pid=100661) get_method /opt/stack/cinder/cinder/api/openstack/wsgi.py:971}}
Sep 03 15:00:51.885055 dv-cinder-774288-7-iscsi devstack@c-api.service[100661]: DEBUG cinder.api.openstack.wsgi [None req-a691226e-3860-4101-8e27-9ee9c7648a13 tempest-VolumeTypesAccessTest-450825579 tempest-VolumeTypesAccessTest-450825579-project-admin] Action: 'action', calling method: _removeProjectAccess, body: {"removeProjectAccess": {"project": "a60187a69d73482ab93ed7ff1bc4b7cd"}} {{(pid=100661) _process_stack /opt/stack/cinder/cinder/api/openstack/wsgi.py:854}}
Sep 03 15:00:51.895654 dv-cinder-774288-7-iscsi devstack@c-api.service[100662]: INFO cinder.api.openstack.wsgi [None req-65f499dd-0e1d-42a3-9a7f-e5bff0472165 tempest-GroupSnapshotsTest-1508878506 tempest-GroupSnapshotsTest-1508878506-project] http://10.222.0.46/volume/v3/8f2834da1e0c40ba9ba5b5e59040017e/groups/9593e9fc-af2f-4a32-8c07-e6f5d568fce0/action returned with HTTP 202
Sep 03 15:00:51.900438 dv-cinder-774288-7-iscsi devstack@c-api.service[100662]: [pid: 100662|app: 0|req: 98/182] 10.222.0.46 () {62 vars in 1405 bytes} [Fri Sep 3 15:00:51 2021] POST /volume/v3/8f2834da1e0c40ba9ba5b5e59040017e/groups/9593e9fc-af2f-4a32-8c07-e6f5d568fce0/action => generated 0 bytes in 191 msecs (HTTP/1.1 202) 6 headers in 234 bytes (1 switches on core 0)
Sep 03 15:00:51.909772 dv-cinder-774288-7-iscsi devstack@c-api.service[100662]: INFO cinder.api.openstack.wsgi [None req-7c6ca35e-63df-4205-ac03-4a59715e1a91 tempest-GroupSnapshotsTest-1508878506 tempest-GroupSnapshotsTest-1508878506-project] GET http://10.222.0.46/volume/v3/8f2834da1e0c40ba9ba5b5e59040017e/volumes/1dc6e422-7fcd-4c35-b6d2-229b51e70d19
Sep 03 15:00:51.911129 dv-cinder-774288-7-iscsi devstack@c-api.service[100662]: DEBUG cinder.api.openstack.wsgi [None req-7c6ca35e-63df-4205-ac03-4a59715e1a91 tempest-GroupSnapshotsTest-1508878506 tempest-GroupSnapshotsTest-1508878506-project] Empty body provided in request {{(pid=100662) get_body /opt/stack/cinder/cinder/api/openstack/wsgi.py:703}}
Sep 03 15:00:51.911404 dv-cinder-774288-7-iscsi devstack@c-api.service[100662]: /usr/local/lib/python3.8/dist-packages/webob/acceptparse.py:1047: DeprecationWarning: The behavior of AcceptValidHeader.best_match is currently being maintained for backward compatibility, but it will be deprecated in the future, as it does not conform to the RFC.
Sep 03 15:00:51.911404 dv-cinder-774288-7-iscsi devstack@c-api.service[100662]: warnings.warn(
Sep 03 15:00:51.911876 dv-cinder-774288-7-iscsi devstack@c-api.service[100662]: DEBUG cinder.api.openstack.wsgi [None req-7c6ca35e-63df-4205-ac03-4a59715e1a91 tempest-GroupSnapshotsTest-1508878506 tempest-GroupSnapshotsTest-1508878506-project] Calling method 'show' {{(pid=100662) _process_stack /opt/stack/cinder/cinder/api/openstack/wsgi.py:856}}
Sep 03 15:00:51.919951 dv-cinder-774288-7-iscsi devstack@c-api.service[100661]: INFO cinder.api.openstack.wsgi [None req-a691226e-3860-4101-8e27-9ee9c7648a13 tempest-VolumeTypesAccessTest-450825579 tempest-VolumeTypesAccessTest-450825579-project-admin] http://10.222.0.46/volume/v3/8b927e47a92d471c88dcbb2c70d18512/types/6606ca39-2c20-4142-9a77-82d0bb54cbf8/action returned with HTTP 202
Sep 03 15:00:51.921652 dv-cinder-774288-7-iscsi devstack@c-api.service[100661]: [pid: 100661|app: 0|req: 85/183] 10.222.0.46 () {60 vars in 1361 bytes} [Fri Sep 3 15:00:51 2021] POST /volume/v3/8b927e47a92d471c88dcbb2c70d18512/types/6606ca39-2c20-4142-9a77-82d0bb54cbf8/action => generated 0 bytes in 44 msecs (HTTP/1.1 202) 6 headers in 233 bytes (1 switches on core 0)
Sep 03 15:00:51.930704 dv-cinder-774288-7-iscsi devstack@c-api.service[100661]: INFO cinder.api.openstack.wsgi [None req-3801f9b5-1a77-47fa-9bec-48e6b27592a4 tempest-VolumeTypesAccessTest-450825579 tempest-VolumeTypesAccessTest-450825579-project-admin] POST http://10.222.0.46/volume/v3/8b927e47a92d471c88dcbb2c70d18512/types/6606ca39-2c20-4142-9a77-82d0bb54cbf8/action
Sep 03 15:00:51.931388 dv-cinder-774288-7-iscsi devstack@c-api.service[100661]: DEBUG cinder.api.openstack.wsgi [None req-3801f9b5-1a77-47fa-9bec-48e6b27592a4 tempest-VolumeTypesAccessTest-450825579 tempest-VolumeTypesAccessTest-450825579-project-admin] Action body: b'{"removeProjectAccess": {"project": "af4df571a9ae4f8591a3be4e9f17d77d"}}' {{(pid=100661) get_method /opt/stack/cinder/cinder/api/openstack/wsgi.py:971}}
Sep 03 15:00:51.935352 dv-cinder-774288-7-iscsi devstack@c-api.service[100661]: DEBUG cinder.api.openstack.wsgi [None req-3801f9b5-1a77-47fa-9bec-48e6b27592a4 tempest-VolumeTypesAccessTest-450825579 tempest-VolumeTypesAccessTest-450825579-project-admin] Action: 'action', calling method: _removeProjectAccess, body: {"removeProjectAccess": {"project": "af4df571a9ae4f8591a3be4e9f17d77d"}} {{(pid=100661) _process_stack /opt/stack/cinder/cinder/api/openstack/wsgi.py:854}}
Sep 03 15:00:51.946469 dv-cinder-774288-7-iscsi devstack@c-api.service[100662]: /usr/local/lib/python3.8/dist-packages/oslo_context/context.py:105: DeprecationWarning: Policy enforcement is depending on the value of is_admin. This key is deprecated. Please update your policy file to use the standard policy values.
Sep 03 15:00:51.946469 dv-cinder-774288-7-iscsi devstack@c-api.service[100662]: warnings.warn('Policy enforcement is depending on the value of '
Sep 03 15:00:51.956544 dv-cinder-774288-7-iscsi devstack@c-api.service[100662]: INFO cinder.volume.api [None req-7c6ca35e-63df-4205-ac03-4a59715e1a91 tempest-GroupSnapshotsTest-1508878506 tempest-GroupSnapshotsTest-1508878506-project] Volume info retrieved successfully.
Sep 03 15:00:51.966825 dv-cinder-774288-7-iscsi devstack@c-api.service[100662]: WARNING stevedore.named [None req-7c6ca35e-63df-4205-ac03-4a59715e1a91 tempest-GroupSnapshotsTest-1508878506 tempest-GroupSnapshotsTest-1508878506-project] Could not load cinder.keymgr.conf_key_mgr.ConfKeyManager
Sep 03 15:00:51.967311 dv-cinder-774288-7-iscsi devstack@c-api.service[100662]: WARNING castellan.key_manager [None req-7c6ca35e-63df-4205-ac03-4a59715e1a91 tempest-GroupSnapshotsTest-1508878506 tempest-GroupSnapshotsTest-1508878506-project] Deprecation Warning : cinder.keymgr.conf_key_mgr.ConfKeyManager is not a stevedore based driver, trying to load it as a class: stevedore.exception.NoMatches: No 'castellan.drivers' driver found, looking for 'cinder.keymgr.conf_key_mgr.ConfKeyManager'
Sep 03 15:00:51.976247 dv-cinder-774288-7-iscsi devstack@c-api.service[100661]: INFO cinder.api.openstack.wsgi [None req-3801f9b5-1a77-47fa-9bec-48e6b27592a4 tempest-VolumeTypesAccessTest-450825579 tempest-VolumeTypesAccessTest-450825579-project-admin] http://10.222.0.46/volume/v3/8b927e47a92d471c88dcbb2c70d18512/types/6606ca39-2c20-4142-9a77-82d0bb54cbf8/action returned with HTTP 202
Sep 03 15:00:51.982667 dv-cinder-774288-7-iscsi devstack@c-api.service[100661]: [pid: 100661|app: 0|req: 86/184] 10.222.0.46 () {60 vars in 1361 bytes} [Fri Sep 3 15:00:51 2021] POST /volume/v3/8b927e47a92d471c88dcbb2c70d18512/types/6606ca39-2c20-4142-9a77-82d0bb54cbf8/action => generated 0 bytes in 57 msecs (HTTP/1.1 202) 6 headers in 233 bytes (1 switches on core 0)
Sep 03 15:00:51.987592 dv-cinder-774288-7-iscsi devstack@c-api.service[100661]: INFO cinder.api.openstack.wsgi [None req-6e8b75d0-4961-4790-a747-e8d7d7ffd492 tempest-VolumeTypesAccessTest-450825579 tempest-VolumeTypesAccessTest-450825579-project-admin] DELETE http://10.222.0.46/volume/v3/8b927e47a92d471c88dcbb2c70d18512/types/6606ca39-2c20-4142-9a77-82d0bb54cbf8
Sep 03 15:00:51.988080 dv-cinder-774288-7-iscsi devstack@c-api.service[100661]: DEBUG cinder.api.openstack.wsgi [None req-6e8b75d0-4961-4790-a747-e8d7d7ffd492 tempest-VolumeTypesAccessTest-450825579 tempest-VolumeTypesAccessTest-450825579-project-admin] Empty body provided in request {{(pid=100661) get_body /opt/stack/cinder/cinder/api/openstack/wsgi.py:703}}
Sep 03 15:00:51.988612 dv-cinder-774288-7-iscsi devstack@c-api.service[100661]: DEBUG cinder.api.openstack.wsgi [None req-6e8b75d0-4961-4790-a747-e8d7d7ffd492 tempest-VolumeTypesAccessTest-450825579 tempest-VolumeTypesAccessTest-450825579-project-admin] Calling method '_delete' {{(pid=100661) _process_stack /opt/stack/cinder/cinder/api/openstack/wsgi.py:856}}
Sep 03 15:00:51.993153 dv-cinder-774288-7-iscsi devstack@c-api.service[100662]: DEBUG oslo_db.sqlalchemy.engines [None req-7c6ca35e-63df-4205-ac03-4a59715e1a91 tempest-GroupSnapshotsTest-1508878506 tempest-GroupSnapshotsTest-1508878506-project] MySQL server mode set to STRICT_TRANS_TABLES,STRICT_ALL_TABLES,NO_ZERO_IN_DATE,NO_ZERO_DATE,ERROR_FOR_DIVISION_BY_ZERO,TRADITIONAL,NO_ENGINE_SUBSTITUTION {{(pid=100662) _check_effective_sql_mode /usr/local/lib/python3.8/dist-packages/oslo_db/sqlalchemy/engines.py:314}}
Sep 03 15:00:52.005088 dv-cinder-774288-7-iscsi devstack@c-api.service[100662]: /usr/local/lib/python3.8/dist-packages/oslo_context/context.py:105: DeprecationWarning: Policy enforcement is depending on the value of is_admin. This key is deprecated. Please update your policy file to use the standard policy values.
Sep 03 15:00:52.005088 dv-cinder-774288-7-iscsi devstack@c-api.service[100662]: warnings.warn('Policy enforcement is depending on the value of '
Sep 03 15:00:52.031513 dv-cinder-774288-7-iscsi devstack@c-api.service[100662]: INFO cinder.api.openstack.wsgi [None req-7c6ca35e-63df-4205-ac03-4a59715e1a91 tempest-GroupSnapshotsTest-1508878506 tempest-GroupSnapshotsTest-1508878506-project] http://10.222.0.46/volume/v3/8f2834da1e0c40ba9ba5b5e59040017e/volumes/1dc6e422-7fcd-4c35-b6d2-229b51e70d19 returned with HTTP 200
Sep 03 15:00:52.033057 dv-cinder-774288-7-iscsi devstack@c-api.service[100662]: [pid: 100662|app: 0|req: 99/185] 10.222.0.46 () {60 vars in 1366 bytes} [Fri Sep 3 15:00:51 2021] GET /volume/v3/8f2834da1e0c40ba9ba5b5e59040017e/volumes/1dc6e422-7fcd-4c35-b6d2-229b51e70d19 => generated 992 bytes in 132 msecs (HTTP/1.1 200) 7 headers in 286 bytes (1 switches on core 0)
Sep 03 15:00:52.087747 dv-cinder-774288-7-iscsi devstack@c-api.service[100661]: INFO cinder.api.openstack.wsgi [None req-6e8b75d0-4961-4790-a747-e8d7d7ffd492 tempest-VolumeTypesAccessTest-450825579 tempest-VolumeTypesAccessTest-450825579-project-admin] http://10.222.0.46/volume/v3/8b927e47a92d471c88dcbb2c70d18512/types/6606ca39-2c20-4142-9a77-82d0bb54cbf8 returned with HTTP 202
Sep 03 15:00:52.092477 dv-cinder-774288-7-iscsi devstack@c-api.service[100661]: [pid: 100661|app: 0|req: 87/186] 10.222.0.46 () {58 vars in 1322 bytes} [Fri Sep 3 15:00:51 2021] DELETE /volume/v3/8b927e47a92d471c88dcbb2c70d18512/types/6606ca39-2c20-4142-9a77-82d0bb54cbf8 => generated 0 bytes in 109 msecs (HTTP/1.1 202) 6 headers in 233 bytes (1 switches on core 0)
Sep 03 15:00:52.099017 dv-cinder-774288-7-iscsi devstack@c-api.service[100662]: INFO cinder.api.openstack.wsgi [None req-685a9fad-f0c2-4015-87b5-c4f2a499b6ce tempest-VolumeTypesAccessTest-450825579 tempest-VolumeTypesAccessTest-450825579-project-admin] GET http://10.222.0.46/volume/v3/8b927e47a92d471c88dcbb2c70d18512/types/6606ca39-2c20-4142-9a77-82d0bb54cbf8
Sep 03 15:00:52.100389 dv-cinder-774288-7-iscsi devstack@c-api.service[100662]: DEBUG cinder.api.openstack.wsgi [None req-685a9fad-f0c2-4015-87b5-c4f2a499b6ce tempest-VolumeTypesAccessTest-450825579 tempest-VolumeTypesAccessTest-450825579-project-admin] Empty body provided in request {{(pid=100662) get_body /opt/stack/cinder/cinder/api/openstack/wsgi.py:703}}
Sep 03 15:00:52.100507 dv-cinder-774288-7-iscsi devstack@c-api.service[100662]: /usr/local/lib/python3.8/dist-packages/webob/acceptparse.py:1047: DeprecationWarning: The behavior of AcceptValidHeader.best_match is currently being maintained for backward compatibility, but it will be deprecated in the future, as it does not conform to the RFC.
Sep 03 15:00:52.100507 dv-cinder-774288-7-iscsi devstack@c-api.service[100662]: warnings.warn(
Sep 03 15:00:52.100788 dv-cinder-774288-7-iscsi devstack@c-api.service[100662]: DEBUG cinder.api.openstack.wsgi [None req-685a9fad-f0c2-4015-87b5-c4f2a499b6ce tempest-VolumeTypesAccessTest-450825579 tempest-VolumeTypesAccessTest-450825579-project-admin] Calling method 'show' {{(pid=100662) _process_stack /opt/stack/cinder/cinder/api/openstack/wsgi.py:856}}
Sep 03 15:00:52.122504 dv-cinder-774288-7-iscsi devstack@c-api.service[100662]: INFO cinder.api.openstack.wsgi [None req-685a9fad-f0c2-4015-87b5-c4f2a499b6ce tempest-VolumeTypesAccessTest-450825579 tempest-VolumeTypesAccessTest-450825579-project-admin] http://10.222.0.46/volume/v3/8b927e47a92d471c88dcbb2c70d18512/types/6606ca39-2c20-4142-9a77-82d0bb54cbf8 returned with HTTP 404
Sep 03 15:00:52.124570 dv-cinder-774288-7-iscsi devstack@c-api.service[100662]: [pid: 100662|app: 0|req: 100/187] 10.222.0.46 () {58 vars in 1319 bytes} [Fri Sep 3 15:00:52 2021] GET /volume/v3/8b927e47a92d471c88dcbb2c70d18512/types/6606ca39-2c20-4142-9a77-82d0bb54cbf8 => generated 114 bytes in 32 msecs (HTTP/1.1 404) 7 headers in 292 bytes (2 switches on core 0)
Sep 03 15:00:52.133884 dv-cinder-774288-7-iscsi devstack@c-api.service[100661]: INFO cinder.api.openstack.wsgi [None req-de8bb5fb-e7b3-4cc0-b88b-f6aa25cfb0e7 tempest-VolumeTypesAccessTest-89074404 tempest-VolumeTypesAccessTest-89074404-project] DELETE http://10.222.0.46/volume/v3/af4df571a9ae4f8591a3be4e9f17d77d/volumes/f08a6403-6a2f-4f44-bec9-f4b434088137
Sep 03 15:00:52.134468 dv-cinder-774288-7-iscsi devstack@c-api.service[100661]: DEBUG cinder.api.openstack.wsgi [None req-de8bb5fb-e7b3-4cc0-b88b-f6aa25cfb0e7 tempest-VolumeTypesAccessTest-89074404 tempest-VolumeTypesAccessTest-89074404-project] Empty body provided in request {{(pid=100661) get_body /opt/stack/cinder/cinder/api/openstack/wsgi.py:703}}
Sep 03 15:00:52.134973 dv-cinder-774288-7-iscsi devstack@c-api.service[100661]: DEBUG cinder.api.openstack.wsgi [None req-de8bb5fb-e7b3-4cc0-b88b-f6aa25cfb0e7 tempest-VolumeTypesAccessTest-89074404 tempest-VolumeTypesAccessTest-89074404-project] Calling method 'delete' {{(pid=100661) _process_stack /opt/stack/cinder/cinder/api/openstack/wsgi.py:856}}
Sep 03 15:00:52.135484 dv-cinder-774288-7-iscsi devstack@c-api.service[100661]: INFO cinder.api.v3.volumes [None req-de8bb5fb-e7b3-4cc0-b88b-f6aa25cfb0e7 tempest-VolumeTypesAccessTest-89074404 tempest-VolumeTypesAccessTest-89074404-project] Delete volume with id: f08a6403-6a2f-4f44-bec9-f4b434088137
Sep 03 15:00:52.172136 dv-cinder-774288-7-iscsi devstack@c-api.service[100661]: /usr/local/lib/python3.8/dist-packages/oslo_context/context.py:105: DeprecationWarning: Policy enforcement is depending on the value of is_admin. This key is deprecated. Please update your policy file to use the standard policy values.
Sep 03 15:00:52.172136 dv-cinder-774288-7-iscsi devstack@c-api.service[100661]: warnings.warn('Policy enforcement is depending on the value of '
Sep 03 15:00:52.175196 dv-cinder-774288-7-iscsi devstack@c-api.service[100661]: INFO cinder.volume.api [None req-de8bb5fb-e7b3-4cc0-b88b-f6aa25cfb0e7 tempest-VolumeTypesAccessTest-89074404 tempest-VolumeTypesAccessTest-89074404-project] Volume info retrieved successfully.
Sep 03 15:00:52.231288 dv-cinder-774288-7-iscsi devstack@c-api.service[100661]: INFO cinder.volume.api [None req-de8bb5fb-e7b3-4cc0-b88b-f6aa25cfb0e7 tempest-VolumeTypesAccessTest-89074404 tempest-VolumeTypesAccessTest-89074404-project] Delete volume request issued successfully.
Sep 03 15:00:52.232410 dv-cinder-774288-7-iscsi devstack@c-api.service[100661]: INFO cinder.api.openstack.wsgi [None req-de8bb5fb-e7b3-4cc0-b88b-f6aa25cfb0e7 tempest-VolumeTypesAccessTest-89074404 tempest-VolumeTypesAccessTest-89074404-project] http://10.222.0.46/volume/v3/af4df571a9ae4f8591a3be4e9f17d77d/volumes/f08a6403-6a2f-4f44-bec9-f4b434088137 returned with HTTP 202
Sep 03 15:00:52.233197 dv-cinder-774288-7-iscsi devstack@c-api.service[100661]: [pid: 100661|app: 0|req: 88/188] 10.222.0.46 () {58 vars in 1328 bytes} [Fri Sep 3 15:00:52 2021] DELETE /volume/v3/af4df571a9ae4f8591a3be4e9f17d77d/volumes/f08a6403-6a2f-4f44-bec9-f4b434088137 => generated 0 bytes in 104 msecs (HTTP/1.1 202) 6 headers in 233 bytes (1 switches on core 0)
Sep 03 15:00:52.242691 dv-cinder-774288-7-iscsi devstack@c-api.service[100662]: INFO cinder.api.openstack.wsgi [None req-a9ecae47-6c75-48c4-9dba-dab232d171c6 tempest-VolumeTypesAccessTest-89074404 tempest-VolumeTypesAccessTest-89074404-project] GET http://10.222.0.46/volume/v3/af4df571a9ae4f8591a3be4e9f17d77d/volumes/f08a6403-6a2f-4f44-bec9-f4b434088137
Sep 03 15:00:52.242821 dv-cinder-774288-7-iscsi devstack@c-api.service[100662]: DEBUG cinder.api.openstack.wsgi [None req-a9ecae47-6c75-48c4-9dba-dab232d171c6 tempest-VolumeTypesAccessTest-89074404 tempest-VolumeTypesAccessTest-89074404-project] Empty body provided in request {{(pid=100662) get_body /opt/stack/cinder/cinder/api/openstack/wsgi.py:703}}
Sep 03 15:00:52.243214 dv-cinder-774288-7-iscsi devstack@c-api.service[100662]: DEBUG cinder.api.openstack.wsgi [None req-a9ecae47-6c75-48c4-9dba-dab232d171c6 tempest-VolumeTypesAccessTest-89074404 tempest-VolumeTypesAccessTest-89074404-project] Calling method 'show' {{(pid=100662) _process_stack /opt/stack/cinder/cinder/api/openstack/wsgi.py:856}}
Sep 03 15:00:52.273048 dv-cinder-774288-7-iscsi devstack@c-api.service[100662]: /usr/local/lib/python3.8/dist-packages/oslo_context/context.py:105: DeprecationWarning: Policy enforcement is depending on the value of is_admin. This key is deprecated. Please update your policy file to use the standard policy values.
Sep 03 15:00:52.273048 dv-cinder-774288-7-iscsi devstack@c-api.service[100662]: warnings.warn('Policy enforcement is depending on the value of '
Sep 03 15:00:52.292001 dv-cinder-774288-7-iscsi devstack@c-api.service[100662]: INFO cinder.volume.api [None req-a9ecae47-6c75-48c4-9dba-dab232d171c6 tempest-VolumeTypesAccessTest-89074404 tempest-VolumeTypesAccessTest-89074404-project] Volume info retrieved successfully.
Sep 03 15:00:52.322793 dv-cinder-774288-7-iscsi devstack@c-api.service[100662]: INFO cinder.api.openstack.wsgi [None req-a9ecae47-6c75-48c4-9dba-dab232d171c6 tempest-VolumeTypesAccessTest-89074404 tempest-VolumeTypesAccessTest-89074404-project] http://10.222.0.46/volume/v3/af4df571a9ae4f8591a3be4e9f17d77d/volumes/f08a6403-6a2f-4f44-bec9-f4b434088137 returned with HTTP 200
Sep 03 15:00:52.323550 dv-cinder-774288-7-iscsi devstack@c-api.service[100662]: [pid: 100662|app: 0|req: 101/189] 10.222.0.46 () {58 vars in 1325 bytes} [Fri Sep 3 15:00:52 2021] GET /volume/v3/af4df571a9ae4f8591a3be4e9f17d77d/volumes/f08a6403-6a2f-4f44-bec9-f4b434088137 => generated 953 bytes in 86 msecs (HTTP/1.1 200) 7 headers in 285 bytes (1 switches on core 0)
