Aug 24 19:52:14.386071 dv-cinder-774288-6-smb devstack@c-api.service[100669]: INFO cinder.api.openstack.wsgi [None req-584ca68e-3a47-46b1-a696-ddfa3712b979 admin admin] http://10.222.0.36/volume/v3/fcd4e9f0b78d4e46aed0630f67af6749/types returned with HTTP 200
Aug 24 19:52:14.386976 dv-cinder-774288-6-smb devstack@c-api.service[100669]: [pid: 100669|app: 0|req: 2/2] 10.222.0.36 () {60 vars in 1238 bytes} [Tue Aug 24 19:52:13 2021] POST /volume/v3/fcd4e9f0b78d4e46aed0630f67af6749/types => generated 186 bytes in 687 msecs (HTTP/1.1 200) 7 headers in 285 bytes (1 switches on core 0)
Aug 24 19:52:14.840590 dv-cinder-774288-6-smb devstack@c-api.service[100670]: INFO cinder.api.openstack.wsgi [req-584ca68e-3a47-46b1-a696-ddfa3712b979 req-87460e78-1bb0-45df-bfd1-9c6760a8dae3 admin admin] POST http://10.222.0.36/volume/v3/fcd4e9f0b78d4e46aed0630f67af6749/types/03d894ad-a84c-44f0-8030-ae8b0b1fd98f/extra_specs
Aug 24 19:52:14.842096 dv-cinder-774288-6-smb devstack@c-api.service[100670]: /usr/local/lib/python3.8/dist-packages/webob/acceptparse.py:1047: DeprecationWarning: The behavior of AcceptValidHeader.best_match is currently being maintained for backward compatibility, but it will be deprecated in the future, as it does not conform to the RFC.
Aug 24 19:52:14.842096 dv-cinder-774288-6-smb devstack@c-api.service[100670]: warnings.warn(
Aug 24 19:52:14.842611 dv-cinder-774288-6-smb devstack@c-api.service[100670]: DEBUG cinder.api.openstack.wsgi [req-584ca68e-3a47-46b1-a696-ddfa3712b979 req-87460e78-1bb0-45df-bfd1-9c6760a8dae3 admin admin] Action: 'create', calling method: create, body: {"extra_specs": {"volume_backend_name": "lvmdriver-1"}} {{(pid=100670) _process_stack /opt/stack/cinder/cinder/api/openstack/wsgi.py:854}}
Aug 24 19:52:14.844582 dv-cinder-774288-6-smb devstack@c-api.service[100670]: /usr/local/lib/python3.8/dist-packages/oslo_context/context.py:105: DeprecationWarning: Policy enforcement is depending on the value of is_admin. This key is deprecated. Please update your policy file to use the standard policy values.
Aug 24 19:52:14.844582 dv-cinder-774288-6-smb devstack@c-api.service[100670]: warnings.warn('Policy enforcement is depending on the value of '
Aug 24 19:52:14.852745 dv-cinder-774288-6-smb devstack@c-api.service[100670]: DEBUG oslo_db.sqlalchemy.engines [req-584ca68e-3a47-46b1-a696-ddfa3712b979 req-87460e78-1bb0-45df-bfd1-9c6760a8dae3 admin admin] MySQL server mode set to STRICT_TRANS_TABLES,STRICT_ALL_TABLES,NO_ZERO_IN_DATE,NO_ZERO_DATE,ERROR_FOR_DIVISION_BY_ZERO,TRADITIONAL,NO_ENGINE_SUBSTITUTION {{(pid=100670) _check_effective_sql_mode /usr/local/lib/python3.8/dist-packages/oslo_db/sqlalchemy/engines.py:314}}
Aug 24 19:52:14.971505 dv-cinder-774288-6-smb devstack@c-api.service[100670]: INFO cinder.api.openstack.wsgi [req-584ca68e-3a47-46b1-a696-ddfa3712b979 req-87460e78-1bb0-45df-bfd1-9c6760a8dae3 admin admin] http://10.222.0.36/volume/v3/fcd4e9f0b78d4e46aed0630f67af6749/types/03d894ad-a84c-44f0-8030-ae8b0b1fd98f/extra_specs returned with HTTP 200
Aug 24 19:52:14.972473 dv-cinder-774288-6-smb devstack@c-api.service[100670]: [pid: 100670|app: 0|req: 1/3] 10.222.0.36 () {62 vars in 1455 bytes} [Tue Aug 24 19:52:14 2021] POST /volume/v3/fcd4e9f0b78d4e46aed0630f67af6749/types/03d894ad-a84c-44f0-8030-ae8b0b1fd98f/extra_specs => generated 55 bytes in 579 msecs (HTTP/1.1 200) 7 headers in 284 bytes (1 switches on core 0)
Aug 24 19:53:09.027681 dv-cinder-774288-6-smb devstack@c-api.service[100669]: INFO cinder.api.openstack.wsgi [None req-584ca68e-3a47-46b1-a696-ddfa3712b979 admin admin] GET http://10.222.0.36/volume//
Aug 24 19:53:09.028168 dv-cinder-774288-6-smb devstack@c-api.service[100669]: DEBUG cinder.api.openstack.wsgi [None req-584ca68e-3a47-46b1-a696-ddfa3712b979 admin admin] Empty body provided in request {{(pid=100669) get_body /opt/stack/cinder/cinder/api/openstack/wsgi.py:703}}
Aug 24 19:53:09.028490 dv-cinder-774288-6-smb devstack@c-api.service[100669]: DEBUG cinder.api.openstack.wsgi [None req-584ca68e-3a47-46b1-a696-ddfa3712b979 admin admin] Calling method 'all' {{(pid=100669) _process_stack /opt/stack/cinder/cinder/api/openstack/wsgi.py:856}}
Aug 24 19:53:09.029593 dv-cinder-774288-6-smb devstack@c-api.service[100669]: INFO cinder.api.openstack.wsgi [None req-584ca68e-3a47-46b1-a696-ddfa3712b979 admin admin] http://10.222.0.36/volume// returned with HTTP 300
Aug 24 19:53:09.030101 dv-cinder-774288-6-smb devstack@c-api.service[100669]: [pid: 100669|app: 0|req: 3/4] 10.222.0.36 () {56 vars in 1099 bytes} [Tue Aug 24 19:53:09 2021] GET /volume/ => generated 386 bytes in 3 msecs (HTTP/1.1 300) 5 headers in 169 bytes (1 switches on core 0)
Aug 24 19:55:33.311540 dv-cinder-774288-6-smb devstack@c-api.service[100670]: INFO cinder.api.openstack.wsgi [None req-9c7b9c08-92d1-4887-840e-e2576abfc0bf tempest-verify_tempest_config-2078718 tempest-verify_tempest_config-2078718-project] GET http://10.222.0.36/volume/v3/b012ef98ce1f4548965ca5dd4a1a193a/extensions
Aug 24 19:55:33.312083 dv-cinder-774288-6-smb devstack@c-api.service[100670]: DEBUG cinder.api.openstack.wsgi [None req-9c7b9c08-92d1-4887-840e-e2576abfc0bf tempest-verify_tempest_config-2078718 tempest-verify_tempest_config-2078718-project] Empty body provided in request {{(pid=100670) get_body /opt/stack/cinder/cinder/api/openstack/wsgi.py:703}}
Aug 24 19:55:33.312378 dv-cinder-774288-6-smb devstack@c-api.service[100670]: DEBUG cinder.api.openstack.wsgi [None req-9c7b9c08-92d1-4887-840e-e2576abfc0bf tempest-verify_tempest_config-2078718 tempest-verify_tempest_config-2078718-project] Calling method 'index' {{(pid=100670) _process_stack /opt/stack/cinder/cinder/api/openstack/wsgi.py:856}}
Aug 24 19:55:33.313077 dv-cinder-774288-6-smb devstack@c-api.service[100670]: INFO cinder.api.openstack.wsgi [None req-9c7b9c08-92d1-4887-840e-e2576abfc0bf tempest-verify_tempest_config-2078718 tempest-verify_tempest_config-2078718-project] http://10.222.0.36/volume/v3/b012ef98ce1f4548965ca5dd4a1a193a/extensions returned with HTTP 200
Aug 24 19:55:33.314620 dv-cinder-774288-6-smb devstack@c-api.service[100670]: [pid: 100670|app: 0|req: 2/5] 10.222.0.36 () {58 vars in 1223 bytes} [Tue Aug 24 19:55:33 2021] GET /volume/v3/b012ef98ce1f4548965ca5dd4a1a193a/extensions => generated 5245 bytes in 8 msecs (HTTP/1.1 200) 7 headers in 286 bytes (1 switches on core 0)
Aug 24 19:57:37.747118 dv-cinder-774288-6-smb devstack@c-api.service[100669]: INFO cinder.api.openstack.wsgi [None req-36d81af7-e634-4bd4-a290-6fe61f86f88c admin admin] GET http://10.222.0.36/volume/v3/fcd4e9f0b78d4e46aed0630f67af6749/os-services
Aug 24 19:57:37.747637 dv-cinder-774288-6-smb devstack@c-api.service[100669]: DEBUG cinder.api.openstack.wsgi [None req-36d81af7-e634-4bd4-a290-6fe61f86f88c admin admin] Empty body provided in request {{(pid=100669) get_body /opt/stack/cinder/cinder/api/openstack/wsgi.py:703}}
Aug 24 19:57:37.748081 dv-cinder-774288-6-smb devstack@c-api.service[100669]: DEBUG cinder.api.openstack.wsgi [None req-36d81af7-e634-4bd4-a290-6fe61f86f88c admin admin] Calling method 'index' {{(pid=100669) _process_stack /opt/stack/cinder/cinder/api/openstack/wsgi.py:856}}
Aug 24 19:57:37.757041 dv-cinder-774288-6-smb devstack@c-api.service[100669]: INFO cinder.api.openstack.wsgi [None req-36d81af7-e634-4bd4-a290-6fe61f86f88c admin admin] http://10.222.0.36/volume/v3/fcd4e9f0b78d4e46aed0630f67af6749/os-services returned with HTTP 200
Aug 24 19:57:37.757773 dv-cinder-774288-6-smb devstack@c-api.service[100669]: [pid: 100669|app: 0|req: 4/6] 10.222.0.36 () {56 vars in 1202 bytes} [Tue Aug 24 19:57:37 2021] GET /volume/v3/fcd4e9f0b78d4e46aed0630f67af6749/os-services => generated 640 bytes in 108 msecs (HTTP/1.1 200) 7 headers in 285 bytes (1 switches on core 0)
Aug 24 19:57:40.039216 dv-cinder-774288-6-smb devstack@c-api.service[100670]: INFO cinder.api.openstack.wsgi [None req-8a29a197-f0c7-4634-92b6-8bf281ab1a98 admin admin] GET http://10.222.0.36/volume/v3/fcd4e9f0b78d4e46aed0630f67af6749/os-services
Aug 24 19:57:40.039686 dv-cinder-774288-6-smb devstack@c-api.service[100670]: DEBUG cinder.api.openstack.wsgi [None req-8a29a197-f0c7-4634-92b6-8bf281ab1a98 admin admin] Empty body provided in request {{(pid=100670) get_body /opt/stack/cinder/cinder/api/openstack/wsgi.py:703}}
Aug 24 19:57:40.040065 dv-cinder-774288-6-smb devstack@c-api.service[100670]: DEBUG cinder.api.openstack.wsgi [None req-8a29a197-f0c7-4634-92b6-8bf281ab1a98 admin admin] Calling method 'index' {{(pid=100670) _process_stack /opt/stack/cinder/cinder/api/openstack/wsgi.py:856}}
Aug 24 19:57:40.048644 dv-cinder-774288-6-smb devstack@c-api.service[100670]: INFO cinder.api.openstack.wsgi [None req-8a29a197-f0c7-4634-92b6-8bf281ab1a98 admin admin] http://10.222.0.36/volume/v3/fcd4e9f0b78d4e46aed0630f67af6749/os-services returned with HTTP 200
Aug 24 19:57:40.049332 dv-cinder-774288-6-smb devstack@c-api.service[100670]: [pid: 100670|app: 0|req: 3/7] 10.222.0.36 () {56 vars in 1202 bytes} [Tue Aug 24 19:57:39 2021] GET /volume/v3/fcd4e9f0b78d4e46aed0630f67af6749/os-services => generated 640 bytes in 102 msecs (HTTP/1.1 200) 7 headers in 285 bytes (1 switches on core 0)
Aug 24 19:59:15.778473 dv-cinder-774288-6-smb devstack@c-api.service[100669]: INFO cinder.api.openstack.wsgi [None req-afde6389-0398-43a9-9655-75ec9c15eb57 tempest-VolumesTestJSON-1827240757 tempest-VolumesTestJSON-1827240757-project] POST http://10.222.0.36/volume/v3/767dfd1adefb4a18a1683ede5d52a72a/volumes
Aug 24 19:59:15.779381 dv-cinder-774288-6-smb devstack@c-api.service[100669]: DEBUG cinder.api.openstack.wsgi [None req-afde6389-0398-43a9-9655-75ec9c15eb57 tempest-VolumesTestJSON-1827240757 tempest-VolumesTestJSON-1827240757-project] Action: 'create', calling method: create, body: {"volume": {"metadata": {"Type": "work"}, "size": 1, "display_name": "tempest-VolumesTestJSON-volume-188480903"}} {{(pid=100669) _process_stack /opt/stack/cinder/cinder/api/openstack/wsgi.py:854}}
Aug 24 19:59:15.781258 dv-cinder-774288-6-smb devstack@c-api.service[100669]: DEBUG cinder.api.v3.volumes [None req-afde6389-0398-43a9-9655-75ec9c15eb57 tempest-VolumesTestJSON-1827240757 tempest-VolumesTestJSON-1827240757-project] Create volume request body: {'volume': {'metadata': {'Type': 'work'}, 'size': 1, 'display_name': 'tempest-VolumesTestJSON-volume-188480903'}} {{(pid=100669) create /opt/stack/cinder/cinder/api/v3/volumes.py:290}}
Aug 24 19:59:15.783373 dv-cinder-774288-6-smb devstack@c-api.service[100669]: INFO cinder.api.v3.volumes [None req-afde6389-0398-43a9-9655-75ec9c15eb57 tempest-VolumesTestJSON-1827240757 tempest-VolumesTestJSON-1827240757-project] Create volume of 1 GB
Aug 24 19:59:15.799790 dv-cinder-774288-6-smb devstack@c-api.service[100669]: DEBUG cinder.volume.api [None req-afde6389-0398-43a9-9655-75ec9c15eb57 tempest-VolumesTestJSON-1827240757 tempest-VolumesTestJSON-1827240757-project] Availability zone cache updated, next update will occur around 2021-08-24 20:59:15.798842. {{(pid=100669) list_availability_zones /opt/stack/cinder/cinder/volume/api.py:148}}
Aug 24 19:59:15.800368 dv-cinder-774288-6-smb devstack@c-api.service[100669]: INFO cinder.volume.api [None req-afde6389-0398-43a9-9655-75ec9c15eb57 tempest-VolumesTestJSON-1827240757 tempest-VolumesTestJSON-1827240757-project] Availability Zones retrieved successfully.
Aug 24 19:59:15.855980 dv-cinder-774288-6-smb devstack@c-api.service[100669]: DEBUG cinder.volume.api [None req-afde6389-0398-43a9-9655-75ec9c15eb57 tempest-VolumesTestJSON-1827240757 tempest-VolumesTestJSON-1827240757-project] Flow 'volume_create_api' (f3f619aa-c4a4-41d1-936e-d28d3c8e1a41) transitioned into state 'RUNNING' from state 'PENDING' {{(pid=100669) _flow_receiver /usr/local/lib/python3.8/dist-packages/taskflow/listeners/logging.py:141}}
Aug 24 19:59:15.859406 dv-cinder-774288-6-smb devstack@c-api.service[100669]: DEBUG cinder.volume.api [None req-afde6389-0398-43a9-9655-75ec9c15eb57 tempest-VolumesTestJSON-1827240757 tempest-VolumesTestJSON-1827240757-project] Task 'cinder.volume.flows.api.create_volume.ExtractVolumeRequestTask;volume:create' (d726fa03-bdfb-431a-9339-60b9ac2fe0c5) transitioned into state 'RUNNING' from state 'PENDING' {{(pid=100669) _task_receiver /usr/local/lib/python3.8/dist-packages/taskflow/listeners/logging.py:190}}
Aug 24 19:59:15.861493 dv-cinder-774288-6-smb devstack@c-api.service[100669]: DEBUG cinder.volume.flows.api.create_volume [None req-afde6389-0398-43a9-9655-75ec9c15eb57 tempest-VolumesTestJSON-1827240757 tempest-VolumesTestJSON-1827240757-project] Validating volume size '1' using validate_int {{(pid=100669) _extract_size /opt/stack/cinder/cinder/volume/flows/api/create_volume.py:225}}
Aug 24 19:59:15.944412 dv-cinder-774288-6-smb devstack@c-api.service[100669]: DEBUG cinder.volume.api [None req-afde6389-0398-43a9-9655-75ec9c15eb57 tempest-VolumesTestJSON-1827240757 tempest-VolumesTestJSON-1827240757-project] Task 'cinder.volume.flows.api.create_volume.ExtractVolumeRequestTask;volume:create' (d726fa03-bdfb-431a-9339-60b9ac2fe0c5) transitioned into state 'SUCCESS' from state 'RUNNING' with result '{'size': 1, 'snapshot_id': None, 'source_volid': None, 'volume_type': VolumeType(created_at=2021-08-24T19:49:38Z,deleted=False,deleted_at=None,description='Default Volume Type',extra_specs={},id=58373327-788b-4c85-9b06-789d00901122,is_public=True,name='__DEFAULT__',projects=[],qos_specs=,qos_specs_id=None,updated_at=2021-08-24T19:49:38Z), 'volume_type_id': '58373327-788b-4c85-9b06-789d00901122', 'encryption_key_id': None, 'qos_specs': None, 'consistencygroup_id': None, 'cgsnapshot_id': None, 'group_id': None, 'replication_status': 'disabled', 'refresh_az': False, 'backup_id': None, 'multiattach': False, 'availability_zones': ['nova']}' {{(pid=100669) _task_receiver /usr/local/lib/python3.8/dist-packages/taskflow/listeners/logging.py:178}}
Aug 24 19:59:15.946836 dv-cinder-774288-6-smb devstack@c-api.service[100669]: DEBUG cinder.volume.api [None req-afde6389-0398-43a9-9655-75ec9c15eb57 tempest-VolumesTestJSON-1827240757 tempest-VolumesTestJSON-1827240757-project] Task 'cinder.volume.flows.api.create_volume.QuotaReserveTask;volume:create' (28295e9f-ad38-4029-8f9e-1bf8195d7d26) transitioned into state 'RUNNING' from state 'PENDING' {{(pid=100669) _task_receiver /usr/local/lib/python3.8/dist-packages/taskflow/listeners/logging.py:190}}
Aug 24 19:59:16.061819 dv-cinder-774288-6-smb devstack@c-api.service[100669]: WARNING cinder.quota [None req-afde6389-0398-43a9-9655-75ec9c15eb57 tempest-VolumesTestJSON-1827240757 tempest-VolumesTestJSON-1827240757-project] Deprecated: Default quota for resource: volumes___DEFAULT__ is set by the default quota flag: quota_volumes___DEFAULT__, it is now deprecated. Please use the default quota class for default quota.
Aug 24 19:59:16.062581 dv-cinder-774288-6-smb devstack@c-api.service[100669]: WARNING cinder.quota [None req-afde6389-0398-43a9-9655-75ec9c15eb57 tempest-VolumesTestJSON-1827240757 tempest-VolumesTestJSON-1827240757-project] Deprecated: Default quota for resource: gigabytes___DEFAULT__ is set by the default quota flag: quota_gigabytes___DEFAULT__, it is now deprecated. Please use the default quota class for default quota.
Aug 24 19:59:16.253866 dv-cinder-774288-6-smb devstack@c-api.service[100669]: DEBUG cinder.quota [None req-afde6389-0398-43a9-9655-75ec9c15eb57 tempest-VolumesTestJSON-1827240757 tempest-VolumesTestJSON-1827240757-project] Created reservations ['9699e980-ac51-4e75-808e-063ffebb9453', '76a3b707-3f76-48e3-b521-302c66b76c52', '9641d649-2a51-4979-a6b3-648e94bd5a9d', '51ccfaef-b158-47a6-a3fb-9e60bcf4d0d3'] {{(pid=100669) reserve /opt/stack/cinder/cinder/quota.py:755}}
Aug 24 19:59:16.256073 dv-cinder-774288-6-smb devstack@c-api.service[100669]: DEBUG cinder.volume.api [None req-afde6389-0398-43a9-9655-75ec9c15eb57 tempest-VolumesTestJSON-1827240757 tempest-VolumesTestJSON-1827240757-project] Task 'cinder.volume.flows.api.create_volume.QuotaReserveTask;volume:create' (28295e9f-ad38-4029-8f9e-1bf8195d7d26) transitioned into state 'SUCCESS' from state 'RUNNING' with result '{'reservations': ['9699e980-ac51-4e75-808e-063ffebb9453', '76a3b707-3f76-48e3-b521-302c66b76c52', '9641d649-2a51-4979-a6b3-648e94bd5a9d', '51ccfaef-b158-47a6-a3fb-9e60bcf4d0d3']}' {{(pid=100669) _task_receiver /usr/local/lib/python3.8/dist-packages/taskflow/listeners/logging.py:178}}
Aug 24 19:59:16.258231 dv-cinder-774288-6-smb devstack@c-api.service[100669]: DEBUG cinder.volume.api [None req-afde6389-0398-43a9-9655-75ec9c15eb57 tempest-VolumesTestJSON-1827240757 tempest-VolumesTestJSON-1827240757-project] Task 'cinder.volume.flows.api.create_volume.EntryCreateTask;volume:create' (6e11ed15-6e6e-4da4-b32f-b387e6b9273c) transitioned into state 'RUNNING' from state 'PENDING' {{(pid=100669) _task_receiver /usr/local/lib/python3.8/dist-packages/taskflow/listeners/logging.py:190}}
Aug 24 19:59:16.445699 dv-cinder-774288-6-smb devstack@c-api.service[100669]: DEBUG cinder.volume.api [None req-afde6389-0398-43a9-9655-75ec9c15eb57 tempest-VolumesTestJSON-1827240757 tempest-VolumesTestJSON-1827240757-project] Task 'cinder.volume.flows.api.create_volume.EntryCreateTask;volume:create' (6e11ed15-6e6e-4da4-b32f-b387e6b9273c) transitioned into state 'SUCCESS' from state 'RUNNING' with result '{'volume_id': 'e649ef5e-b0ea-478c-b419-f1c5032ee09c', 'volume_properties': VolumeProperties(attach_status='detached',availability_zone='nova',cgsnapshot_id=None,consistencygroup_id=None,display_description=None,display_name='tempest-VolumesTestJSON-volume-188480903',encryption_key_id=None,group_id=None,group_type_id=,metadata={Type='work'},multiattach=False,project_id='767dfd1adefb4a18a1683ede5d52a72a',qos_specs=None,replication_status=,reservations=['9699e980-ac51-4e75-808e-063ffebb9453','76a3b707-3f76-48e3-b521-302c66b76c52','9641d649-2a51-4979-a6b3-648e94bd5a9d','51ccfaef-b158-47a6-a3fb-9e60bcf4d0d3'],size=1,snapshot_id=None,source_replicaid=,source_volid=None,status='creating',user_id='8c6597f37f124fb992fc99f7eee676d7',volume_type_id=58373327-788b-4c85-9b06-789d00901122), 'volume': Volume(_name_id=None,admin_metadata=,attach_status='detached',availability_zone='nova',bootable=False,cluster=,cluster_name=None,consistencygroup=,consistencygroup_id=None,created_at=2021-08-24T19:59:16Z,deleted=False,deleted_at=None,display_description=None,display_name='tempest-VolumesTestJSON-volume-188480903',ec2_id=None,encryption_key_id=None,glance_metadata=,group=,group_id=None,host=None,id=e649ef5e-b0ea-478c-b419-f1c5032ee09c,launched_at=None,metadata={Type='work'},migration_status=None,multiattach=False,previous_status=None,project_id='767dfd1adefb4a18a1683ede5d52a72a',provider_auth=None,provider_geometry=None,provider_id=None,provider_location=None,replication_driver_data=None,replication_extended_status=None,replication_status=None,scheduled_at=None,service_uuid=None,shared_targets=True,size=1,snapshot_id=None,snapshots=,source_volid=None,status='creating',terminated_at=None,updated_at=None,user_id='8c6597f37f124fb992fc99f7eee676d7',volume_attachment=,volume_type=VolumeType(58373327-788b-4c85-9b06-789d00901122),volume_type_id=58373327-788b-4c85-9b06-789d00901122)}' {{(pid=100669) _task_receiver /usr/local/lib/python3.8/dist-packages/taskflow/listeners/logging.py:178}}
Aug 24 19:59:16.450835 dv-cinder-774288-6-smb devstack@c-api.service[100669]: DEBUG cinder.volume.api [None req-afde6389-0398-43a9-9655-75ec9c15eb57 tempest-VolumesTestJSON-1827240757 tempest-VolumesTestJSON-1827240757-project] Task 'cinder.volume.flows.api.create_volume.QuotaCommitTask;volume:create' (395b5d1f-50fc-41d3-b3d9-4a174eaa7a67) transitioned into state 'RUNNING' from state 'PENDING' {{(pid=100669) _task_receiver /usr/local/lib/python3.8/dist-packages/taskflow/listeners/logging.py:190}}
Aug 24 19:59:16.512122 dv-cinder-774288-6-smb devstack@c-api.service[100669]: DEBUG cinder.volume.api [None req-afde6389-0398-43a9-9655-75ec9c15eb57 tempest-VolumesTestJSON-1827240757 tempest-VolumesTestJSON-1827240757-project] Task 'cinder.volume.flows.api.create_volume.QuotaCommitTask;volume:create' (395b5d1f-50fc-41d3-b3d9-4a174eaa7a67) transitioned into state 'SUCCESS' from state 'RUNNING' with result '{'volume_properties': VolumeProperties(attach_status='detached',availability_zone='nova',cgsnapshot_id=None,consistencygroup_id=None,display_description=None,display_name='tempest-VolumesTestJSON-volume-188480903',encryption_key_id=None,group_id=None,group_type_id=,metadata={Type='work'},multiattach=False,project_id='767dfd1adefb4a18a1683ede5d52a72a',qos_specs=None,replication_status=,reservations=['9699e980-ac51-4e75-808e-063ffebb9453','76a3b707-3f76-48e3-b521-302c66b76c52','9641d649-2a51-4979-a6b3-648e94bd5a9d','51ccfaef-b158-47a6-a3fb-9e60bcf4d0d3'],size=1,snapshot_id=None,source_replicaid=,source_volid=None,status='creating',user_id='8c6597f37f124fb992fc99f7eee676d7',volume_type_id=58373327-788b-4c85-9b06-789d00901122)}' {{(pid=100669) _task_receiver /usr/local/lib/python3.8/dist-packages/taskflow/listeners/logging.py:178}}
Aug 24 19:59:16.519444 dv-cinder-774288-6-smb devstack@c-api.service[100669]: DEBUG cinder.volume.api [None req-afde6389-0398-43a9-9655-75ec9c15eb57 tempest-VolumesTestJSON-1827240757 tempest-VolumesTestJSON-1827240757-project] Task 'cinder.volume.flows.api.create_volume.VolumeCastTask;volume:create' (4b5e2493-9c8e-44c1-a667-75415791ad5b) transitioned into state 'RUNNING' from state 'PENDING' {{(pid=100669) _task_receiver /usr/local/lib/python3.8/dist-packages/taskflow/listeners/logging.py:190}}
Aug 24 19:59:16.627549 dv-cinder-774288-6-smb devstack@c-api.service[100669]: DEBUG cinder.volume.api [None req-afde6389-0398-43a9-9655-75ec9c15eb57 tempest-VolumesTestJSON-1827240757 tempest-VolumesTestJSON-1827240757-project] Task 'cinder.volume.flows.api.create_volume.VolumeCastTask;volume:create' (4b5e2493-9c8e-44c1-a667-75415791ad5b) transitioned into state 'SUCCESS' from state 'RUNNING' with result 'None' {{(pid=100669) _task_receiver /usr/local/lib/python3.8/dist-packages/taskflow/listeners/logging.py:178}}
Aug 24 19:59:16.630548 dv-cinder-774288-6-smb devstack@c-api.service[100669]: DEBUG cinder.volume.api [None req-afde6389-0398-43a9-9655-75ec9c15eb57 tempest-VolumesTestJSON-1827240757 tempest-VolumesTestJSON-1827240757-project] Flow 'volume_create_api' (f3f619aa-c4a4-41d1-936e-d28d3c8e1a41) transitioned into state 'SUCCESS' from state 'RUNNING' {{(pid=100669) _flow_receiver /usr/local/lib/python3.8/dist-packages/taskflow/listeners/logging.py:141}}
Aug 24 19:59:16.631683 dv-cinder-774288-6-smb devstack@c-api.service[100669]: INFO cinder.volume.api [None req-afde6389-0398-43a9-9655-75ec9c15eb57 tempest-VolumesTestJSON-1827240757 tempest-VolumesTestJSON-1827240757-project] Create volume request issued successfully.
Aug 24 19:59:16.684662 dv-cinder-774288-6-smb devstack@c-api.service[100670]: INFO cinder.api.openstack.wsgi [None req-eb261875-fda6-424f-a4cc-8542da5e551c tempest-QosSpecsTestJSON-2062365515 tempest-QosSpecsTestJSON-2062365515-project-admin] POST http://10.222.0.36/volume/v3/47c16772d682407ca194c2be8a3d8414/qos-specs
Aug 24 19:59:16.687067 dv-cinder-774288-6-smb devstack@c-api.service[100670]: DEBUG cinder.api.openstack.wsgi [None req-eb261875-fda6-424f-a4cc-8542da5e551c tempest-QosSpecsTestJSON-2062365515 tempest-QosSpecsTestJSON-2062365515-project-admin] Action: 'create', calling method: create, body: {"qos_specs": {"name": "tempest-QosSpecsTestJSON-QoS-1708174341", "consumer": "front-end", "read_iops_sec": "2000"}} {{(pid=100670) _process_stack /opt/stack/cinder/cinder/api/openstack/wsgi.py:854}}
Aug 24 19:59:16.689837 dv-cinder-774288-6-smb devstack@c-api.service[100669]: INFO cinder.api.openstack.wsgi [None req-afde6389-0398-43a9-9655-75ec9c15eb57 tempest-VolumesTestJSON-1827240757 tempest-VolumesTestJSON-1827240757-project] http://10.222.0.36/volume/v3/767dfd1adefb4a18a1683ede5d52a72a/volumes returned with HTTP 202
Aug 24 19:59:16.693358 dv-cinder-774288-6-smb devstack@c-api.service[100669]: [pid: 100669|app: 0|req: 5/8] 10.222.0.36 () {60 vars in 1236 bytes} [Tue Aug 24 19:59:15 2021] POST /volume/v3/767dfd1adefb4a18a1683ede5d52a72a/volumes => generated 828 bytes in 1162 msecs (HTTP/1.1 202) 7 headers in 291 bytes (1 switches on core 0)
Aug 24 19:59:16.698463 dv-cinder-774288-6-smb devstack@c-api.service[100670]: DEBUG cinder.volume.qos_specs [None req-eb261875-fda6-424f-a4cc-8542da5e551c tempest-QosSpecsTestJSON-2062365515 tempest-QosSpecsTestJSON-2062365515-project-admin] Dict for qos_specs: {'name': 'tempest-QosSpecsTestJSON-QoS-1708174341', 'consumer': 'front-end', 'specs': {'read_iops_sec': '2000'}} {{(pid=100670) create /opt/stack/cinder/cinder/volume/qos_specs.py:64}}
Aug 24 19:59:16.742917 dv-cinder-774288-6-smb devstack@c-api.service[100670]: DEBUG cinder.db.sqlalchemy.api [None req-eb261875-fda6-424f-a4cc-8542da5e551c tempest-QosSpecsTestJSON-2062365515 tempest-QosSpecsTestJSON-2062365515-project-admin] DB qos_specs_create(): root {'id': '52b88338-85cd-4f73-b756-0b7b95a14c2f', 'key': 'QoS_Specs_Name', 'value': 'tempest-QosSpecsTestJSON-QoS-1708174341'} {{(pid=100670) qos_specs_create /opt/stack/cinder/cinder/db/sqlalchemy/api.py:4604}}
Aug 24 19:59:16.767735 dv-cinder-774288-6-smb devstack@c-api.service[100670]: INFO cinder.api.openstack.wsgi [None req-eb261875-fda6-424f-a4cc-8542da5e551c tempest-QosSpecsTestJSON-2062365515 tempest-QosSpecsTestJSON-2062365515-project-admin] http://10.222.0.36/volume/v3/47c16772d682407ca194c2be8a3d8414/qos-specs returned with HTTP 200
Aug 24 19:59:16.769417 dv-cinder-774288-6-smb devstack@c-api.service[100670]: [pid: 100670|app: 0|req: 4/9] 10.222.0.36 () {60 vars in 1242 bytes} [Tue Aug 24 19:59:16 2021] POST /volume/v3/47c16772d682407ca194c2be8a3d8414/qos-specs => generated 459 bytes in 260 msecs (HTTP/1.1 200) 7 headers in 285 bytes (1 switches on core 0)
Aug 24 19:59:16.774081 dv-cinder-774288-6-smb devstack@c-api.service[100670]: INFO cinder.api.openstack.wsgi [None req-c46c43ee-3e6a-492e-b831-8e04bdf595dc tempest-VolumesTestJSON-1827240757 tempest-VolumesTestJSON-1827240757-project] GET http://10.222.0.36/volume/v3/767dfd1adefb4a18a1683ede5d52a72a/volumes/e649ef5e-b0ea-478c-b419-f1c5032ee09c
Aug 24 19:59:16.776729 dv-cinder-774288-6-smb devstack@c-api.service[100670]: DEBUG cinder.api.openstack.wsgi [None req-c46c43ee-3e6a-492e-b831-8e04bdf595dc tempest-VolumesTestJSON-1827240757 tempest-VolumesTestJSON-1827240757-project] Empty body provided in request {{(pid=100670) get_body /opt/stack/cinder/cinder/api/openstack/wsgi.py:703}}
Aug 24 19:59:16.776908 dv-cinder-774288-6-smb devstack@c-api.service[100670]: /usr/local/lib/python3.8/dist-packages/webob/acceptparse.py:1047: DeprecationWarning: The behavior of AcceptValidHeader.best_match is currently being maintained for backward compatibility, but it will be deprecated in the future, as it does not conform to the RFC.
Aug 24 19:59:16.776908 dv-cinder-774288-6-smb devstack@c-api.service[100670]: warnings.warn(
Aug 24 19:59:16.779031 dv-cinder-774288-6-smb devstack@c-api.service[100670]: DEBUG cinder.api.openstack.wsgi [None req-c46c43ee-3e6a-492e-b831-8e04bdf595dc tempest-VolumesTestJSON-1827240757 tempest-VolumesTestJSON-1827240757-project] Calling method 'show' {{(pid=100670) _process_stack /opt/stack/cinder/cinder/api/openstack/wsgi.py:856}}
Aug 24 19:59:16.784241 dv-cinder-774288-6-smb devstack@c-api.service[100669]: WARNING keystonemiddleware.auth_token [None req-afde6389-0398-43a9-9655-75ec9c15eb57 tempest-VolumesTestJSON-1827240757 tempest-VolumesTestJSON-1827240757-project] A valid token was submitted as a service token, but it was not a valid service token. This is incorrect but backwards compatible behaviour. This will be removed in future releases.
Aug 24 19:59:16.787582 dv-cinder-774288-6-smb devstack@c-api.service[100669]: INFO cinder.api.openstack.wsgi [req-e1a2cb25-2242-41bb-babb-1674d3af44c7 req-262f49ba-ca66-4b8b-9305-ed3d9193fe7d tempest-VolumesGetTestJSON-1740168790 tempest-VolumesGetTestJSON-1740168790-project] POST http://10.222.0.36/volume/v3/da066b5b48ce46989c1fb588a08e8ab3/volumes
Aug 24 19:59:16.788069 dv-cinder-774288-6-smb devstack@c-api.service[100669]: /usr/local/lib/python3.8/dist-packages/webob/acceptparse.py:1047: DeprecationWarning: The behavior of AcceptValidHeader.best_match is currently being maintained for backward compatibility, but it will be deprecated in the future, as it does not conform to the RFC.
Aug 24 19:59:16.788069 dv-cinder-774288-6-smb devstack@c-api.service[100669]: warnings.warn(
Aug 24 19:59:16.788582 dv-cinder-774288-6-smb devstack@c-api.service[100669]: DEBUG cinder.api.openstack.wsgi [req-e1a2cb25-2242-41bb-babb-1674d3af44c7 req-262f49ba-ca66-4b8b-9305-ed3d9193fe7d tempest-VolumesGetTestJSON-1740168790 tempest-VolumesGetTestJSON-1740168790-project] Action: 'create', calling method: create, body: {"volume": {"size": 1, "consistencygroup_id": null, "snapshot_id": null, "name": "tempest-VolumesGetTestJSON-Volume-88011801", "description": null, "volume_type": null, "availability_zone": null, "metadata": {"Type": "work"}, "imageRef": null, "source_volid": null, "backup_id": null}} {{(pid=100669) _process_stack /opt/stack/cinder/cinder/api/openstack/wsgi.py:854}}
Aug 24 19:59:16.790138 dv-cinder-774288-6-smb devstack@c-api.service[100669]: DEBUG cinder.api.v3.volumes [req-e1a2cb25-2242-41bb-babb-1674d3af44c7 req-262f49ba-ca66-4b8b-9305-ed3d9193fe7d tempest-VolumesGetTestJSON-1740168790 tempest-VolumesGetTestJSON-1740168790-project] Create volume request body: {'volume': {'size': 1, 'consistencygroup_id': None, 'snapshot_id': None, 'name': 'tempest-VolumesGetTestJSON-Volume-88011801', 'description': None, 'volume_type': None, 'availability_zone': None, 'metadata': {'Type': 'work'}, 'imageRef': None, 'source_volid': None, 'backup_id': None}} {{(pid=100669) create /opt/stack/cinder/cinder/api/v3/volumes.py:290}}
Aug 24 19:59:16.790579 dv-cinder-774288-6-smb devstack@c-api.service[100669]: INFO cinder.api.v3.volumes [req-e1a2cb25-2242-41bb-babb-1674d3af44c7 req-262f49ba-ca66-4b8b-9305-ed3d9193fe7d tempest-VolumesGetTestJSON-1740168790 tempest-VolumesGetTestJSON-1740168790-project] Create volume of 1 GB
Aug 24 19:59:16.791270 dv-cinder-774288-6-smb devstack@c-api.service[100669]: /usr/local/lib/python3.8/dist-packages/oslo_context/context.py:105: DeprecationWarning: Policy enforcement is depending on the value of is_admin. This key is deprecated. Please update your policy file to use the standard policy values.
Aug 24 19:59:16.791270 dv-cinder-774288-6-smb devstack@c-api.service[100669]: warnings.warn('Policy enforcement is depending on the value of '
Aug 24 19:59:16.803050 dv-cinder-774288-6-smb devstack@c-api.service[100669]: INFO cinder.volume.api [req-e1a2cb25-2242-41bb-babb-1674d3af44c7 req-262f49ba-ca66-4b8b-9305-ed3d9193fe7d tempest-VolumesGetTestJSON-1740168790 tempest-VolumesGetTestJSON-1740168790-project] Availability Zones retrieved successfully.
Aug 24 19:59:16.838406 dv-cinder-774288-6-smb devstack@c-api.service[100669]: DEBUG cinder.volume.api [req-e1a2cb25-2242-41bb-babb-1674d3af44c7 req-262f49ba-ca66-4b8b-9305-ed3d9193fe7d tempest-VolumesGetTestJSON-1740168790 tempest-VolumesGetTestJSON-1740168790-project] Flow 'volume_create_api' (9a580d91-6a96-4a12-b494-cf4ae4895537) transitioned into state 'RUNNING' from state 'PENDING' {{(pid=100669) _flow_receiver /usr/local/lib/python3.8/dist-packages/taskflow/listeners/logging.py:141}}
Aug 24 19:59:16.849166 dv-cinder-774288-6-smb devstack@c-api.service[100669]: DEBUG cinder.volume.api [req-e1a2cb25-2242-41bb-babb-1674d3af44c7 req-262f49ba-ca66-4b8b-9305-ed3d9193fe7d tempest-VolumesGetTestJSON-1740168790 tempest-VolumesGetTestJSON-1740168790-project] Task 'cinder.volume.flows.api.create_volume.ExtractVolumeRequestTask;volume:create' (5aa9ca9b-91d3-44c9-93b8-a910394abbd6) transitioned into state 'RUNNING' from state 'PENDING' {{(pid=100669) _task_receiver /usr/local/lib/python3.8/dist-packages/taskflow/listeners/logging.py:190}}
Aug 24 19:59:16.855515 dv-cinder-774288-6-smb devstack@c-api.service[100669]: DEBUG cinder.volume.flows.api.create_volume [req-e1a2cb25-2242-41bb-babb-1674d3af44c7 req-262f49ba-ca66-4b8b-9305-ed3d9193fe7d tempest-VolumesGetTestJSON-1740168790 tempest-VolumesGetTestJSON-1740168790-project] Validating volume size '1' using validate_int {{(pid=100669) _extract_size /opt/stack/cinder/cinder/volume/flows/api/create_volume.py:225}}
Aug 24 19:59:16.921101 dv-cinder-774288-6-smb devstack@c-api.service[100669]: DEBUG cinder.volume.api [req-e1a2cb25-2242-41bb-babb-1674d3af44c7 req-262f49ba-ca66-4b8b-9305-ed3d9193fe7d tempest-VolumesGetTestJSON-1740168790 tempest-VolumesGetTestJSON-1740168790-project] Task 'cinder.volume.flows.api.create_volume.ExtractVolumeRequestTask;volume:create' (5aa9ca9b-91d3-44c9-93b8-a910394abbd6) transitioned into state 'SUCCESS' from state 'RUNNING' with result '{'size': 1, 'snapshot_id': None, 'source_volid': None, 'volume_type': VolumeType(created_at=2021-08-24T19:49:38Z,deleted=False,deleted_at=None,description='Default Volume Type',extra_specs={},id=58373327-788b-4c85-9b06-789d00901122,is_public=True,name='__DEFAULT__',projects=[],qos_specs=,qos_specs_id=None,updated_at=2021-08-24T19:49:38Z), 'volume_type_id': '58373327-788b-4c85-9b06-789d00901122', 'encryption_key_id': None, 'qos_specs': None, 'consistencygroup_id': None, 'cgsnapshot_id': None, 'group_id': None, 'replication_status': 'disabled', 'refresh_az': False, 'backup_id': None, 'multiattach': False, 'availability_zones': ['nova']}' {{(pid=100669) _task_receiver /usr/local/lib/python3.8/dist-packages/taskflow/listeners/logging.py:178}}
Aug 24 19:59:16.923276 dv-cinder-774288-6-smb devstack@c-api.service[100669]: DEBUG cinder.volume.api [req-e1a2cb25-2242-41bb-babb-1674d3af44c7 req-262f49ba-ca66-4b8b-9305-ed3d9193fe7d tempest-VolumesGetTestJSON-1740168790 tempest-VolumesGetTestJSON-1740168790-project] Task 'cinder.volume.flows.api.create_volume.QuotaReserveTask;volume:create' (5e043869-6736-4c90-870b-737372da9283) transitioned into state 'RUNNING' from state 'PENDING' {{(pid=100669) _task_receiver /usr/local/lib/python3.8/dist-packages/taskflow/listeners/logging.py:190}}
Aug 24 19:59:16.941218 dv-cinder-774288-6-smb devstack@c-api.service[100670]: /usr/local/lib/python3.8/dist-packages/oslo_context/context.py:105: DeprecationWarning: Policy enforcement is depending on the value of is_admin. This key is deprecated. Please update your policy file to use the standard policy values.
Aug 24 19:59:16.941218 dv-cinder-774288-6-smb devstack@c-api.service[100670]: warnings.warn('Policy enforcement is depending on the value of '
Aug 24 19:59:16.954560 dv-cinder-774288-6-smb devstack@c-api.service[100670]: INFO cinder.volume.api [None req-c46c43ee-3e6a-492e-b831-8e04bdf595dc tempest-VolumesTestJSON-1827240757 tempest-VolumesTestJSON-1827240757-project] Volume info retrieved successfully.
Aug 24 19:59:17.031108 dv-cinder-774288-6-smb devstack@c-api.service[100670]: INFO cinder.api.openstack.wsgi [None req-c46c43ee-3e6a-492e-b831-8e04bdf595dc tempest-VolumesTestJSON-1827240757 tempest-VolumesTestJSON-1827240757-project] http://10.222.0.36/volume/v3/767dfd1adefb4a18a1683ede5d52a72a/volumes/e649ef5e-b0ea-478c-b419-f1c5032ee09c returned with HTTP 200
Aug 24 19:59:17.031853 dv-cinder-774288-6-smb devstack@c-api.service[100670]: [pid: 100670|app: 0|req: 5/10] 10.222.0.36 () {58 vars in 1325 bytes} [Tue Aug 24 19:59:16 2021] GET /volume/v3/767dfd1adefb4a18a1683ede5d52a72a/volumes/e649ef5e-b0ea-478c-b419-f1c5032ee09c => generated 896 bytes in 263 msecs (HTTP/1.1 200) 7 headers in 285 bytes (1 switches on core 0)
Aug 24 19:59:17.041853 dv-cinder-774288-6-smb devstack@c-api.service[100670]: INFO cinder.api.openstack.wsgi [None req-46c1d6d3-31c9-4377-bacd-ed23ad52ce61 tempest-QosSpecsTestJSON-2062365515 tempest-QosSpecsTestJSON-2062365515-project-admin] POST http://10.222.0.36/volume/v3/47c16772d682407ca194c2be8a3d8414/types
Aug 24 19:59:17.042252 dv-cinder-774288-6-smb devstack@c-api.service[100670]: /usr/local/lib/python3.8/dist-packages/webob/acceptparse.py:1047: DeprecationWarning: The behavior of AcceptValidHeader.best_match is currently being maintained for backward compatibility, but it will be deprecated in the future, as it does not conform to the RFC.
Aug 24 19:59:17.042252 dv-cinder-774288-6-smb devstack@c-api.service[100670]: warnings.warn(
Aug 24 19:59:17.051071 dv-cinder-774288-6-smb devstack@c-api.service[100670]: DEBUG cinder.api.openstack.wsgi [None req-46c1d6d3-31c9-4377-bacd-ed23ad52ce61 tempest-QosSpecsTestJSON-2062365515 tempest-QosSpecsTestJSON-2062365515-project-admin] Action: 'create', calling method: _create, body: {"volume_type": {"name": "tempest-QosSpecsTestJSON-volume-type-1195203579"}} {{(pid=100670) _process_stack /opt/stack/cinder/cinder/api/openstack/wsgi.py:854}}
Aug 24 19:59:17.098574 dv-cinder-774288-6-smb devstack@c-api.service[100669]: DEBUG cinder.quota [req-e1a2cb25-2242-41bb-babb-1674d3af44c7 req-262f49ba-ca66-4b8b-9305-ed3d9193fe7d tempest-VolumesGetTestJSON-1740168790 tempest-VolumesGetTestJSON-1740168790-project] Created reservations ['477eaaec-6f2a-40e1-a303-a3c04c437e81', 'a4a3fcd2-c2db-40d9-bf77-e7e140fafd63', 'fd671b7d-375b-42dd-be7d-0ee49cec679e', '812629a2-5449-445b-b605-09a47a67f2ba'] {{(pid=100669) reserve /opt/stack/cinder/cinder/quota.py:755}}
Aug 24 19:59:17.101277 dv-cinder-774288-6-smb devstack@c-api.service[100669]: DEBUG cinder.volume.api [req-e1a2cb25-2242-41bb-babb-1674d3af44c7 req-262f49ba-ca66-4b8b-9305-ed3d9193fe7d tempest-VolumesGetTestJSON-1740168790 tempest-VolumesGetTestJSON-1740168790-project] Task 'cinder.volume.flows.api.create_volume.QuotaReserveTask;volume:create' (5e043869-6736-4c90-870b-737372da9283) transitioned into state 'SUCCESS' from state 'RUNNING' with result '{'reservations': ['477eaaec-6f2a-40e1-a303-a3c04c437e81', 'a4a3fcd2-c2db-40d9-bf77-e7e140fafd63', 'fd671b7d-375b-42dd-be7d-0ee49cec679e', '812629a2-5449-445b-b605-09a47a67f2ba']}' {{(pid=100669) _task_receiver /usr/local/lib/python3.8/dist-packages/taskflow/listeners/logging.py:178}}
Aug 24 19:59:17.107146 dv-cinder-774288-6-smb devstack@c-api.service[100669]: DEBUG cinder.volume.api [req-e1a2cb25-2242-41bb-babb-1674d3af44c7 req-262f49ba-ca66-4b8b-9305-ed3d9193fe7d tempest-VolumesGetTestJSON-1740168790 tempest-VolumesGetTestJSON-1740168790-project] Task 'cinder.volume.flows.api.create_volume.EntryCreateTask;volume:create' (b2442c2c-0299-4437-9526-1f3cd6dfe7e0) transitioned into state 'RUNNING' from state 'PENDING' {{(pid=100669) _task_receiver /usr/local/lib/python3.8/dist-packages/taskflow/listeners/logging.py:190}}
Aug 24 19:59:17.155326 dv-cinder-774288-6-smb devstack@c-api.service[100670]: INFO cinder.api.openstack.wsgi [None req-46c1d6d3-31c9-4377-bacd-ed23ad52ce61 tempest-QosSpecsTestJSON-2062365515 tempest-QosSpecsTestJSON-2062365515-project-admin] http://10.222.0.36/volume/v3/47c16772d682407ca194c2be8a3d8414/types returned with HTTP 200
Aug 24 19:59:17.158599 dv-cinder-774288-6-smb devstack@c-api.service[100670]: [pid: 100670|app: 0|req: 6/11] 10.222.0.36 () {60 vars in 1229 bytes} [Tue Aug 24 19:59:17 2021] POST /volume/v3/47c16772d682407ca194c2be8a3d8414/types => generated 222 bytes in 122 msecs (HTTP/1.1 200) 7 headers in 285 bytes (1 switches on core 0)
Aug 24 19:59:17.161446 dv-cinder-774288-6-smb devstack@c-api.service[100669]: DEBUG cinder.volume.api [req-e1a2cb25-2242-41bb-babb-1674d3af44c7 req-262f49ba-ca66-4b8b-9305-ed3d9193fe7d tempest-VolumesGetTestJSON-1740168790 tempest-VolumesGetTestJSON-1740168790-project] Task 'cinder.volume.flows.api.create_volume.EntryCreateTask;volume:create' (b2442c2c-0299-4437-9526-1f3cd6dfe7e0) transitioned into state 'SUCCESS' from state 'RUNNING' with result '{'volume_id': '97ff4dad-5227-4023-9751-933538e2565a', 'volume_properties': VolumeProperties(attach_status='detached',availability_zone='nova',cgsnapshot_id=None,consistencygroup_id=None,display_description=None,display_name='tempest-VolumesGetTestJSON-Volume-88011801',encryption_key_id=None,group_id=None,group_type_id=,metadata={Type='work'},multiattach=False,project_id='da066b5b48ce46989c1fb588a08e8ab3',qos_specs=None,replication_status=,reservations=['477eaaec-6f2a-40e1-a303-a3c04c437e81','a4a3fcd2-c2db-40d9-bf77-e7e140fafd63','fd671b7d-375b-42dd-be7d-0ee49cec679e','812629a2-5449-445b-b605-09a47a67f2ba'],size=1,snapshot_id=None,source_replicaid=,source_volid=None,status='creating',user_id='1f7a04b07b484dadac6b4dc0b527c245',volume_type_id=58373327-788b-4c85-9b06-789d00901122), 'volume': Volume(_name_id=None,admin_metadata=,attach_status='detached',availability_zone='nova',bootable=False,cluster=,cluster_name=None,consistencygroup=,consistencygroup_id=None,created_at=2021-08-24T19:59:17Z,deleted=False,deleted_at=None,display_description=None,display_name='tempest-VolumesGetTestJSON-Volume-88011801',ec2_id=None,encryption_key_id=None,glance_metadata=,group=,group_id=None,host=None,id=97ff4dad-5227-4023-9751-933538e2565a,launched_at=None,metadata={Type='work'},migration_status=None,multiattach=False,previous_status=None,project_id='da066b5b48ce46989c1fb588a08e8ab3',provider_auth=None,provider_geometry=None,provider_id=None,provider_location=None,replication_driver_data=None,replication_extended_status=None,replication_status=None,scheduled_at=None,service_uuid=None,shared_targets=True,size=1,snapshot_id=None,snapshots=,source_volid=None,status='creating',terminated_at=None,updated_at=None,user_id='1f7a04b07b484dadac6b4dc0b527c245',volume_attachment=,volume_type=VolumeType(58373327-788b-4c85-9b06-789d00901122),volume_type_id=58373327-788b-4c85-9b06-789d00901122)}' {{(pid=100669) _task_receiver /usr/local/lib/python3.8/dist-packages/taskflow/listeners/logging.py:178}}
Aug 24 19:59:17.163768 dv-cinder-774288-6-smb devstack@c-api.service[100669]: DEBUG cinder.volume.api [req-e1a2cb25-2242-41bb-babb-1674d3af44c7 req-262f49ba-ca66-4b8b-9305-ed3d9193fe7d tempest-VolumesGetTestJSON-1740168790 tempest-VolumesGetTestJSON-1740168790-project] Task 'cinder.volume.flows.api.create_volume.QuotaCommitTask;volume:create' (5f08c69c-fb4a-4d56-a3f3-c46ee0812425) transitioned into state 'RUNNING' from state 'PENDING' {{(pid=100669) _task_receiver /usr/local/lib/python3.8/dist-packages/taskflow/listeners/logging.py:190}}
Aug 24 19:59:17.170587 dv-cinder-774288-6-smb devstack@c-api.service[100670]: INFO cinder.api.openstack.wsgi [None req-627dd711-2098-49b8-9387-7bc941afd708 tempest-QosSpecsTestJSON-2062365515 tempest-QosSpecsTestJSON-2062365515-project-admin] POST http://10.222.0.36/volume/v3/47c16772d682407ca194c2be8a3d8414/types
Aug 24 19:59:17.182784 dv-cinder-774288-6-smb devstack@c-api.service[100670]: DEBUG cinder.api.openstack.wsgi [None req-627dd711-2098-49b8-9387-7bc941afd708 tempest-QosSpecsTestJSON-2062365515 tempest-QosSpecsTestJSON-2062365515-project-admin] Action: 'create', calling method: _create, body: {"volume_type": {"name": "tempest-QosSpecsTestJSON-volume-type-2048473310"}} {{(pid=100670) _process_stack /opt/stack/cinder/cinder/api/openstack/wsgi.py:854}}
Aug 24 19:59:17.195158 dv-cinder-774288-6-smb devstack@c-api.service[100669]: DEBUG cinder.volume.api [req-e1a2cb25-2242-41bb-babb-1674d3af44c7 req-262f49ba-ca66-4b8b-9305-ed3d9193fe7d tempest-VolumesGetTestJSON-1740168790 tempest-VolumesGetTestJSON-1740168790-project] Task 'cinder.volume.flows.api.create_volume.QuotaCommitTask;volume:create' (5f08c69c-fb4a-4d56-a3f3-c46ee0812425) transitioned into state 'SUCCESS' from state 'RUNNING' with result '{'volume_properties': VolumeProperties(attach_status='detached',availability_zone='nova',cgsnapshot_id=None,consistencygroup_id=None,display_description=None,display_name='tempest-VolumesGetTestJSON-Volume-88011801',encryption_key_id=None,group_id=None,group_type_id=,metadata={Type='work'},multiattach=False,project_id='da066b5b48ce46989c1fb588a08e8ab3',qos_specs=None,replication_status=,reservations=['477eaaec-6f2a-40e1-a303-a3c04c437e81','a4a3fcd2-c2db-40d9-bf77-e7e140fafd63','fd671b7d-375b-42dd-be7d-0ee49cec679e','812629a2-5449-445b-b605-09a47a67f2ba'],size=1,snapshot_id=None,source_replicaid=,source_volid=None,status='creating',user_id='1f7a04b07b484dadac6b4dc0b527c245',volume_type_id=58373327-788b-4c85-9b06-789d00901122)}' {{(pid=100669) _task_receiver /usr/local/lib/python3.8/dist-packages/taskflow/listeners/logging.py:178}}
Aug 24 19:59:17.198599 dv-cinder-774288-6-smb devstack@c-api.service[100669]: DEBUG cinder.volume.api [req-e1a2cb25-2242-41bb-babb-1674d3af44c7 req-262f49ba-ca66-4b8b-9305-ed3d9193fe7d tempest-VolumesGetTestJSON-1740168790 tempest-VolumesGetTestJSON-1740168790-project] Task 'cinder.volume.flows.api.create_volume.VolumeCastTask;volume:create' (94f8b886-9da9-40ff-b87d-41e91ac9d591) transitioned into state 'RUNNING' from state 'PENDING' {{(pid=100669) _task_receiver /usr/local/lib/python3.8/dist-packages/taskflow/listeners/logging.py:190}}
Aug 24 19:59:17.241177 dv-cinder-774288-6-smb devstack@c-api.service[100670]: INFO cinder.api.openstack.wsgi [None req-627dd711-2098-49b8-9387-7bc941afd708 tempest-QosSpecsTestJSON-2062365515 tempest-QosSpecsTestJSON-2062365515-project-admin] http://10.222.0.36/volume/v3/47c16772d682407ca194c2be8a3d8414/types returned with HTTP 200
Aug 24 19:59:17.242593 dv-cinder-774288-6-smb devstack@c-api.service[100669]: DEBUG cinder.volume.api [req-e1a2cb25-2242-41bb-babb-1674d3af44c7 req-262f49ba-ca66-4b8b-9305-ed3d9193fe7d tempest-VolumesGetTestJSON-1740168790 tempest-VolumesGetTestJSON-1740168790-project] Task 'cinder.volume.flows.api.create_volume.VolumeCastTask;volume:create' (94f8b886-9da9-40ff-b87d-41e91ac9d591) transitioned into state 'SUCCESS' from state 'RUNNING' with result 'None' {{(pid=100669) _task_receiver /usr/local/lib/python3.8/dist-packages/taskflow/listeners/logging.py:178}}
Aug 24 19:59:17.247256 dv-cinder-774288-6-smb devstack@c-api.service[100669]: DEBUG cinder.volume.api [req-e1a2cb25-2242-41bb-babb-1674d3af44c7 req-262f49ba-ca66-4b8b-9305-ed3d9193fe7d tempest-VolumesGetTestJSON-1740168790 tempest-VolumesGetTestJSON-1740168790-project] Flow 'volume_create_api' (9a580d91-6a96-4a12-b494-cf4ae4895537) transitioned into state 'SUCCESS' from state 'RUNNING' {{(pid=100669) _flow_receiver /usr/local/lib/python3.8/dist-packages/taskflow/listeners/logging.py:141}}
Aug 24 19:59:17.247526 dv-cinder-774288-6-smb devstack@c-api.service[100670]: [pid: 100670|app: 0|req: 7/12] 10.222.0.36 () {60 vars in 1229 bytes} [Tue Aug 24 19:59:17 2021] POST /volume/v3/47c16772d682407ca194c2be8a3d8414/types => generated 222 bytes in 84 msecs (HTTP/1.1 200) 7 headers in 285 bytes (2 switches on core 0)
Aug 24 19:59:17.248284 dv-cinder-774288-6-smb devstack@c-api.service[100669]: INFO cinder.volume.api [req-e1a2cb25-2242-41bb-babb-1674d3af44c7 req-262f49ba-ca66-4b8b-9305-ed3d9193fe7d tempest-VolumesGetTestJSON-1740168790 tempest-VolumesGetTestJSON-1740168790-project] Create volume request issued successfully.
Aug 24 19:59:17.258862 dv-cinder-774288-6-smb devstack@c-api.service[100670]: INFO cinder.api.openstack.wsgi [None req-f2b1e36a-a8ad-482c-b55b-8ccc7932cdf2 tempest-QosSpecsTestJSON-2062365515 tempest-QosSpecsTestJSON-2062365515-project-admin] POST http://10.222.0.36/volume/v3/47c16772d682407ca194c2be8a3d8414/types
Aug 24 19:59:17.261065 dv-cinder-774288-6-smb devstack@c-api.service[100670]: DEBUG cinder.api.openstack.wsgi [None req-f2b1e36a-a8ad-482c-b55b-8ccc7932cdf2 tempest-QosSpecsTestJSON-2062365515 tempest-QosSpecsTestJSON-2062365515-project-admin] Action: 'create', calling method: _create, body: {"volume_type": {"name": "tempest-QosSpecsTestJSON-volume-type-817644459"}} {{(pid=100670) _process_stack /opt/stack/cinder/cinder/api/openstack/wsgi.py:854}}
Aug 24 19:59:17.267486 dv-cinder-774288-6-smb devstack@c-api.service[100669]: INFO cinder.api.openstack.wsgi [req-e1a2cb25-2242-41bb-babb-1674d3af44c7 req-262f49ba-ca66-4b8b-9305-ed3d9193fe7d tempest-VolumesGetTestJSON-1740168790 tempest-VolumesGetTestJSON-1740168790-project] http://10.222.0.36/volume/v3/da066b5b48ce46989c1fb588a08e8ab3/volumes returned with HTTP 202
Aug 24 19:59:17.269086 dv-cinder-774288-6-smb devstack@c-api.service[100669]: [pid: 100669|app: 0|req: 6/13] 10.222.0.36 () {64 vars in 1522 bytes} [Tue Aug 24 19:59:16 2021] POST /volume/v3/da066b5b48ce46989c1fb588a08e8ab3/volumes => generated 830 bytes in 575 msecs (HTTP/1.1 202) 7 headers in 291 bytes (1 switches on core 0)
Aug 24 19:59:17.283730 dv-cinder-774288-6-smb devstack@c-api.service[100669]: INFO cinder.api.openstack.wsgi [req-e1a2cb25-2242-41bb-babb-1674d3af44c7 req-254970c7-a619-458d-80ac-698cfb68df5d tempest-VolumesGetTestJSON-1740168790 tempest-VolumesGetTestJSON-1740168790-project] GET http://10.222.0.36/volume/v3/da066b5b48ce46989c1fb588a08e8ab3/volumes/97ff4dad-5227-4023-9751-933538e2565a
Aug 24 19:59:17.285306 dv-cinder-774288-6-smb devstack@c-api.service[100669]: DEBUG cinder.api.openstack.wsgi [req-e1a2cb25-2242-41bb-babb-1674d3af44c7 req-254970c7-a619-458d-80ac-698cfb68df5d tempest-VolumesGetTestJSON-1740168790 tempest-VolumesGetTestJSON-1740168790-project] Empty body provided in request {{(pid=100669) get_body /opt/stack/cinder/cinder/api/openstack/wsgi.py:703}}
Aug 24 19:59:17.285840 dv-cinder-774288-6-smb devstack@c-api.service[100669]: /usr/local/lib/python3.8/dist-packages/webob/acceptparse.py:1047: DeprecationWarning: The behavior of AcceptValidHeader.best_match is currently being maintained for backward compatibility, but it will be deprecated in the future, as it does not conform to the RFC.
Aug 24 19:59:17.285840 dv-cinder-774288-6-smb devstack@c-api.service[100669]: warnings.warn(
Aug 24 19:59:17.286496 dv-cinder-774288-6-smb devstack@c-api.service[100669]: DEBUG cinder.api.openstack.wsgi [req-e1a2cb25-2242-41bb-babb-1674d3af44c7 req-254970c7-a619-458d-80ac-698cfb68df5d tempest-VolumesGetTestJSON-1740168790 tempest-VolumesGetTestJSON-1740168790-project] Calling method 'show' {{(pid=100669) _process_stack /opt/stack/cinder/cinder/api/openstack/wsgi.py:856}}
