Feb 01 18:48:13.373515 dv-cinder-774288-14-iscsi devstack@n-api.service[123279]: DEBUG oslo_concurrency.lockutils [None req-3616b6ee-f957-46a7-bafb-e5b0bb2beabb tempest-AttachVolumeTestJSON-1214365778 tempest-AttachVolumeTestJSON-1214365778-project] Lock "198ffc50-13ff-4a88-9247-92111e78d194" "released" by "nova.context.set_target_cell..get_or_set_cached_cell_and_set_connections" :: held 0.001s {{(pid=123279) inner /usr/local/lib/python3.8/dist-packages/oslo_concurrency/lockutils.py:400}}
Feb 01 18:48:13.374464 dv-cinder-774288-14-iscsi devstack@n-api.service[123279]: DEBUG oslo_concurrency.lockutils [None req-3616b6ee-f957-46a7-bafb-e5b0bb2beabb tempest-AttachVolumeTestJSON-1214365778 tempest-AttachVolumeTestJSON-1214365778-project] Lock "198ffc50-13ff-4a88-9247-92111e78d194" acquired by "nova.context.set_target_cell..get_or_set_cached_cell_and_set_connections" :: waited 0.000s {{(pid=123279) inner /usr/local/lib/python3.8/dist-packages/oslo_concurrency/lockutils.py:386}}
Feb 01 18:48:13.375061 dv-cinder-774288-14-iscsi devstack@n-api.service[123279]: DEBUG oslo_concurrency.lockutils [None req-3616b6ee-f957-46a7-bafb-e5b0bb2beabb tempest-AttachVolumeTestJSON-1214365778 tempest-AttachVolumeTestJSON-1214365778-project] Lock "198ffc50-13ff-4a88-9247-92111e78d194" "released" by "nova.context.set_target_cell..get_or_set_cached_cell_and_set_connections" :: held 0.001s {{(pid=123279) inner /usr/local/lib/python3.8/dist-packages/oslo_concurrency/lockutils.py:400}}
Feb 01 18:48:13.521857 dv-cinder-774288-14-iscsi devstack@n-api.service[123278]: DEBUG nova.virt.hardware [None req-abdde034-9137-4b12-8c34-a3387370cb22 tempest-VolumesActionsTest-801628718 tempest-VolumesActionsTest-801628718-project] Flavor limits 0:0:0 {{(pid=123278) get_cpu_topology_constraints /opt/stack/nova/nova/virt/hardware.py:343}}
Feb 01 18:48:13.522452 dv-cinder-774288-14-iscsi devstack@n-api.service[123278]: DEBUG nova.virt.hardware [None req-abdde034-9137-4b12-8c34-a3387370cb22 tempest-VolumesActionsTest-801628718 tempest-VolumesActionsTest-801628718-project] Image limits 0:0:0 {{(pid=123278) get_cpu_topology_constraints /opt/stack/nova/nova/virt/hardware.py:347}}
Feb 01 18:48:13.522730 dv-cinder-774288-14-iscsi devstack@n-api.service[123278]: DEBUG nova.virt.hardware [None req-abdde034-9137-4b12-8c34-a3387370cb22 tempest-VolumesActionsTest-801628718 tempest-VolumesActionsTest-801628718-project] Flavor pref 0:0:0 {{(pid=123278) get_cpu_topology_constraints /opt/stack/nova/nova/virt/hardware.py:383}}
Feb 01 18:48:13.523141 dv-cinder-774288-14-iscsi devstack@n-api.service[123278]: DEBUG nova.virt.hardware [None req-abdde034-9137-4b12-8c34-a3387370cb22 tempest-VolumesActionsTest-801628718 tempest-VolumesActionsTest-801628718-project] Image pref 0:0:0 {{(pid=123278) get_cpu_topology_constraints /opt/stack/nova/nova/virt/hardware.py:387}}
Feb 01 18:48:13.523629 dv-cinder-774288-14-iscsi devstack@n-api.service[123278]: DEBUG nova.virt.hardware [None req-abdde034-9137-4b12-8c34-a3387370cb22 tempest-VolumesActionsTest-801628718 tempest-VolumesActionsTest-801628718-project] Chose sockets=0, cores=0, threads=0; limits were sockets=65536, cores=65536, threads=65536 {{(pid=123278) get_cpu_topology_constraints /opt/stack/nova/nova/virt/hardware.py:425}}
Feb 01 18:48:13.539576 dv-cinder-774288-14-iscsi devstack@n-api.service[123278]: DEBUG oslo_concurrency.lockutils [None req-abdde034-9137-4b12-8c34-a3387370cb22 tempest-VolumesActionsTest-801628718 tempest-VolumesActionsTest-801628718-project] Lock "00000000-0000-0000-0000-000000000000" acquired by "nova.context.set_target_cell..get_or_set_cached_cell_and_set_connections" :: waited 0.000s {{(pid=123278) inner /usr/local/lib/python3.8/dist-packages/oslo_concurrency/lockutils.py:386}}
Feb 01 18:48:13.540623 dv-cinder-774288-14-iscsi devstack@n-api.service[123278]: DEBUG oslo_concurrency.lockutils [None req-abdde034-9137-4b12-8c34-a3387370cb22 tempest-VolumesActionsTest-801628718 tempest-VolumesActionsTest-801628718-project] Lock "00000000-0000-0000-0000-000000000000" "released" by "nova.context.set_target_cell..get_or_set_cached_cell_and_set_connections" :: held 0.001s {{(pid=123278) inner /usr/local/lib/python3.8/dist-packages/oslo_concurrency/lockutils.py:400}}
Feb 01 18:48:13.541480 dv-cinder-774288-14-iscsi devstack@n-api.service[123278]: DEBUG oslo_concurrency.lockutils [None req-abdde034-9137-4b12-8c34-a3387370cb22 tempest-VolumesActionsTest-801628718 tempest-VolumesActionsTest-801628718-project] Lock "198ffc50-13ff-4a88-9247-92111e78d194" acquired by "nova.context.set_target_cell..get_or_set_cached_cell_and_set_connections" :: waited 0.000s {{(pid=123278) inner /usr/local/lib/python3.8/dist-packages/oslo_concurrency/lockutils.py:386}}
Feb 01 18:48:13.541953 dv-cinder-774288-14-iscsi devstack@n-api.service[123278]: DEBUG oslo_concurrency.lockutils [None req-abdde034-9137-4b12-8c34-a3387370cb22 tempest-VolumesActionsTest-801628718 tempest-VolumesActionsTest-801628718-project] Lock "198ffc50-13ff-4a88-9247-92111e78d194" "released" by "nova.context.set_target_cell..get_or_set_cached_cell_and_set_connections" :: held 0.000s {{(pid=123278) inner /usr/local/lib/python3.8/dist-packages/oslo_concurrency/lockutils.py:400}}
Feb 01 18:48:13.572211 dv-cinder-774288-14-iscsi devstack@n-api.service[123278]: DEBUG nova.quota [None req-abdde034-9137-4b12-8c34-a3387370cb22 tempest-VolumesActionsTest-801628718 tempest-VolumesActionsTest-801628718-project] Getting quotas for project c919a01a24ba4655af2e51e824383fa9. Resources: {'ram', 'instances', 'cores'} {{(pid=123278) _get_quotas /opt/stack/nova/nova/quota.py:387}}
Feb 01 18:48:13.576847 dv-cinder-774288-14-iscsi devstack@n-api.service[123278]: DEBUG nova.quota [None req-abdde034-9137-4b12-8c34-a3387370cb22 tempest-VolumesActionsTest-801628718 tempest-VolumesActionsTest-801628718-project] Getting quotas for user 62826d9f8ed54d61adb5bbafa39db7bb and project c919a01a24ba4655af2e51e824383fa9. Resources: {'ram', 'instances', 'cores'} {{(pid=123278) _get_quotas /opt/stack/nova/nova/quota.py:377}}
Feb 01 18:48:13.589736 dv-cinder-774288-14-iscsi devstack@n-api.service[123278]: DEBUG nova.compute.api [None req-abdde034-9137-4b12-8c34-a3387370cb22 tempest-VolumesActionsTest-801628718 tempest-VolumesActionsTest-801628718-project] Going to run 1 instances... {{(pid=123278) _provision_instances /opt/stack/nova/nova/compute/api.py:1350}}
Feb 01 18:48:13.592593 dv-cinder-774288-14-iscsi devstack@n-api.service[123278]: DEBUG nova.compute.api [None req-abdde034-9137-4b12-8c34-a3387370cb22 tempest-VolumesActionsTest-801628718 tempest-VolumesActionsTest-801628718-project] [instance: 3a8dff2d-e22c-47f1-80d7-ed1c0c9d4de9] block_device_mapping [BlockDeviceMapping(attachment_id=,boot_index=0,connection_info=None,created_at=,delete_on_termination=True,deleted=,deleted_at=,destination_type='local',device_name=None,device_type='disk',disk_bus=None,guest_format=None,id=,image_id='f6d14207-6da3-4e98-87af-bfcb0cd46cc0',instance=,instance_uuid=,no_device=False,snapshot_id=None,source_type='image',tag=None,updated_at=,uuid=,volume_id=None,volume_size=None,volume_type=None)] {{(pid=123278) _bdm_validate_set_size_and_instance /opt/stack/nova/nova/compute/api.py:1757}}
Feb 01 18:48:13.665004 dv-cinder-774288-14-iscsi devstack@n-api.service[123278]: INFO nova.api.openstack.requestlog [None req-abdde034-9137-4b12-8c34-a3387370cb22 tempest-VolumesActionsTest-801628718 tempest-VolumesActionsTest-801628718-project] 10.222.0.31 "POST /compute/v2.1/servers" status: 202 len: 380 microversion: 2.1 time: 1.646253
Feb 01 18:48:13.666351 dv-cinder-774288-14-iscsi devstack@n-api.service[123278]: [pid: 123278|app: 0|req: 79/142] 10.222.0.31 () {60 vars in 1146 bytes} [Tue Feb 1 18:48:12 2022] POST /compute/v2.1/servers => generated 380 bytes in 1648 msecs (HTTP/1.1 202) 10 headers in 451 bytes (1 switches on core 0)
Feb 01 18:48:13.674373 dv-cinder-774288-14-iscsi devstack@n-api.service[123278]: DEBUG nova.api.openstack.wsgi [req-2bdcf026-6ba8-4154-9044-0dad055ddced req-fa3e4f59-aa83-4cd6-9cc1-6df000ac29f9 service nova] Action: 'create', calling method: >, body: {"events": [{"name": "network-changed", "server_uuid": "776e995b-6b94-426b-b810-76b459523fdf", "tag": "2d515610-86ef-4c8f-b5f8-9135dbcf3b8b"}]} {{(pid=123278) _process_stack /opt/stack/nova/nova/api/openstack/wsgi.py:511}}
Feb 01 18:48:13.677531 dv-cinder-774288-14-iscsi devstack@n-api.service[123278]: /usr/local/lib/python3.8/dist-packages/oslo_policy/policy.py:1119: UserWarning: Policy "os_compute_api:os-server-external-events:create": "rule:system_admin_api" failed scope check. The token used to make the request was project scoped but the policy requires ['system'] scope. This behavior may change in the future where using the intended scope is required
Feb 01 18:48:13.677531 dv-cinder-774288-14-iscsi devstack@n-api.service[123278]: warnings.warn(msg)
Feb 01 18:48:13.690731 dv-cinder-774288-14-iscsi devstack@n-api.service[123278]: DEBUG oslo_concurrency.lockutils [req-2bdcf026-6ba8-4154-9044-0dad055ddced req-fa3e4f59-aa83-4cd6-9cc1-6df000ac29f9 service nova] Lock "198ffc50-13ff-4a88-9247-92111e78d194" acquired by "nova.context.set_target_cell..get_or_set_cached_cell_and_set_connections" :: waited 0.000s {{(pid=123278) inner /usr/local/lib/python3.8/dist-packages/oslo_concurrency/lockutils.py:386}}
Feb 01 18:48:13.691191 dv-cinder-774288-14-iscsi devstack@n-api.service[123278]: DEBUG oslo_concurrency.lockutils [req-2bdcf026-6ba8-4154-9044-0dad055ddced req-fa3e4f59-aa83-4cd6-9cc1-6df000ac29f9 service nova] Lock "198ffc50-13ff-4a88-9247-92111e78d194" "released" by "nova.context.set_target_cell..get_or_set_cached_cell_and_set_connections" :: held 0.001s {{(pid=123278) inner /usr/local/lib/python3.8/dist-packages/oslo_concurrency/lockutils.py:400}}
Feb 01 18:48:13.705048 dv-cinder-774288-14-iscsi devstack@n-api.service[123278]: INFO nova.api.openstack.compute.server_external_events [req-2bdcf026-6ba8-4154-9044-0dad055ddced req-fa3e4f59-aa83-4cd6-9cc1-6df000ac29f9 service nova] Creating event network-changed:2d515610-86ef-4c8f-b5f8-9135dbcf3b8b for instance 776e995b-6b94-426b-b810-76b459523fdf on hv-cinder-77428
Feb 01 18:48:13.708675 dv-cinder-774288-14-iscsi devstack@n-api.service[123279]: DEBUG nova.policy [None req-3616b6ee-f957-46a7-bafb-e5b0bb2beabb tempest-AttachVolumeTestJSON-1214365778 tempest-AttachVolumeTestJSON-1214365778-project] Policy check for os_compute_api:os-extended-server-attributes failed with credentials {'is_admin': False, 'user_id': '5e393fc21f404ddaab71925519ca19ad', 'user_domain_id': 'default', 'system_scope': None, 'domain_id': None, 'project_id': 'c1f3957e2db84d628128076327c3411f', 'project_domain_id': 'default', 'roles': ['reader', 'member'], 'is_admin_project': True, 'service_user_id': None, 'service_user_domain_id': None, 'service_project_id': None, 'service_project_domain_id': None, 'service_roles': []} {{(pid=123279) authorize /opt/stack/nova/nova/policy.py:199}}
Feb 01 18:48:13.717617 dv-cinder-774288-14-iscsi devstack@n-api.service[123279]: INFO nova.api.openstack.requestlog [None req-3616b6ee-f957-46a7-bafb-e5b0bb2beabb tempest-AttachVolumeTestJSON-1214365778 tempest-AttachVolumeTestJSON-1214365778-project] 10.222.0.31 "GET /compute/v2.1/servers/776e995b-6b94-426b-b810-76b459523fdf" status: 200 len: 1550 microversion: 2.1 time: 0.359469
Feb 01 18:48:13.728532 dv-cinder-774288-14-iscsi devstack@n-api.service[123278]: INFO nova.api.openstack.requestlog [req-2bdcf026-6ba8-4154-9044-0dad055ddced req-fa3e4f59-aa83-4cd6-9cc1-6df000ac29f9 service nova] 10.222.0.31 "POST /compute/v2.1/os-server-external-events" status: 200 len: 179 microversion: 2.1 time: 0.057509
Feb 01 18:48:13.728532 dv-cinder-774288-14-iscsi devstack@n-api.service[123278]: [pid: 123278|app: 0|req: 80/143] 10.222.0.31 () {64 vars in 1317 bytes} [Tue Feb 1 18:48:13 2022] POST /compute/v2.1/os-server-external-events => generated 179 bytes in 59 msecs (HTTP/1.1 200) 9 headers in 357 bytes (1 switches on core 0)
Feb 01 18:48:13.730991 dv-cinder-774288-14-iscsi devstack@n-api.service[123279]: [pid: 123279|app: 0|req: 64/144] 10.222.0.31 () {58 vars in 1235 bytes} [Tue Feb 1 18:48:13 2022] GET /compute/v2.1/servers/776e995b-6b94-426b-b810-76b459523fdf => generated 1550 bytes in 373 msecs (HTTP/1.1 200) 9 headers in 358 bytes (1 switches on core 0)
Feb 01 18:48:13.731473 dv-cinder-774288-14-iscsi devstack@n-api.service[123278]: DEBUG nova.api.openstack.wsgi [None req-a6968622-c959-48a2-acb2-6fe803344816 tempest-VolumesActionsTest-801628718 tempest-VolumesActionsTest-801628718-project] Calling method '>' {{(pid=123278) _process_stack /opt/stack/nova/nova/api/openstack/wsgi.py:513}}
Feb 01 18:48:13.732178 dv-cinder-774288-14-iscsi devstack@n-api.service[123278]: DEBUG nova.compute.api [None req-a6968622-c959-48a2-acb2-6fe803344816 tempest-VolumesActionsTest-801628718 tempest-VolumesActionsTest-801628718-project] [instance: 3a8dff2d-e22c-47f1-80d7-ed1c0c9d4de9] Fetching instance by UUID {{(pid=123278) get /opt/stack/nova/nova/compute/api.py:2865}}
Feb 01 18:48:13.822280 dv-cinder-774288-14-iscsi devstack@n-api.service[123278]: DEBUG nova.policy [None req-a6968622-c959-48a2-acb2-6fe803344816 tempest-VolumesActionsTest-801628718 tempest-VolumesActionsTest-801628718-project] Policy check for os_compute_api:os-extended-server-attributes failed with credentials {'is_admin': False, 'user_id': '62826d9f8ed54d61adb5bbafa39db7bb', 'user_domain_id': 'default', 'system_scope': None, 'domain_id': None, 'project_id': 'c919a01a24ba4655af2e51e824383fa9', 'project_domain_id': 'default', 'roles': ['reader', 'member'], 'is_admin_project': True, 'service_user_id': None, 'service_user_domain_id': None, 'service_project_id': None, 'service_project_domain_id': None, 'service_roles': []} {{(pid=123278) authorize /opt/stack/nova/nova/policy.py:199}}
Feb 01 18:48:13.839097 dv-cinder-774288-14-iscsi devstack@n-api.service[123278]: INFO nova.api.openstack.requestlog [None req-a6968622-c959-48a2-acb2-6fe803344816 tempest-VolumesActionsTest-801628718 tempest-VolumesActionsTest-801628718-project] 10.222.0.31 "GET /compute/v2.1/servers/3a8dff2d-e22c-47f1-80d7-ed1c0c9d4de9" status: 200 len: 1213 microversion: 2.1 time: 0.111331
Feb 01 18:48:13.839687 dv-cinder-774288-14-iscsi devstack@n-api.service[123278]: [pid: 123278|app: 0|req: 81/145] 10.222.0.31 () {58 vars in 1235 bytes} [Tue Feb 1 18:48:13 2022] GET /compute/v2.1/servers/3a8dff2d-e22c-47f1-80d7-ed1c0c9d4de9 => generated 1213 bytes in 113 msecs (HTTP/1.1 200) 9 headers in 358 bytes (1 switches on core 0)
Feb 01 18:48:14.009847 dv-cinder-774288-14-iscsi devstack@n-api.service[123279]: DEBUG nova.api.openstack.wsgi [None req-16789ed5-212e-4220-8fc7-3f75a2109769 tempest-AttachVolumeShelveTestJSON-1765448099 tempest-AttachVolumeShelveTestJSON-1765448099-project] Calling method '>' {{(pid=123279) _process_stack /opt/stack/nova/nova/api/openstack/wsgi.py:513}}
Feb 01 18:48:14.010605 dv-cinder-774288-14-iscsi devstack@n-api.service[123279]: DEBUG nova.compute.api [None req-16789ed5-212e-4220-8fc7-3f75a2109769 tempest-AttachVolumeShelveTestJSON-1765448099 tempest-AttachVolumeShelveTestJSON-1765448099-project] [instance: 18fe4ba0-2a23-4517-98ed-ba753b996719] Fetching instance by UUID {{(pid=123279) get /opt/stack/nova/nova/compute/api.py:2865}}
Feb 01 18:48:14.021116 dv-cinder-774288-14-iscsi devstack@n-api.service[123279]: DEBUG oslo_concurrency.lockutils [None req-16789ed5-212e-4220-8fc7-3f75a2109769 tempest-AttachVolumeShelveTestJSON-1765448099 tempest-AttachVolumeShelveTestJSON-1765448099-project] Lock "198ffc50-13ff-4a88-9247-92111e78d194" acquired by "nova.context.set_target_cell..get_or_set_cached_cell_and_set_connections" :: waited 0.000s {{(pid=123279) inner /usr/local/lib/python3.8/dist-packages/oslo_concurrency/lockutils.py:386}}
Feb 01 18:48:14.021826 dv-cinder-774288-14-iscsi devstack@n-api.service[123279]: DEBUG oslo_concurrency.lockutils [None req-16789ed5-212e-4220-8fc7-3f75a2109769 tempest-AttachVolumeShelveTestJSON-1765448099 tempest-AttachVolumeShelveTestJSON-1765448099-project] Lock "198ffc50-13ff-4a88-9247-92111e78d194" "released" by "nova.context.set_target_cell..get_or_set_cached_cell_and_set_connections" :: held 0.001s {{(pid=123279) inner /usr/local/lib/python3.8/dist-packages/oslo_concurrency/lockutils.py:400}}
Feb 01 18:48:14.022800 dv-cinder-774288-14-iscsi devstack@n-api.service[123279]: DEBUG oslo_concurrency.lockutils [None req-16789ed5-212e-4220-8fc7-3f75a2109769 tempest-AttachVolumeShelveTestJSON-1765448099 tempest-AttachVolumeShelveTestJSON-1765448099-project] Lock "198ffc50-13ff-4a88-9247-92111e78d194" acquired by "nova.context.set_target_cell..get_or_set_cached_cell_and_set_connections" :: waited 0.000s {{(pid=123279) inner /usr/local/lib/python3.8/dist-packages/oslo_concurrency/lockutils.py:386}}
Feb 01 18:48:14.028388 dv-cinder-774288-14-iscsi devstack@n-api.service[123278]: DEBUG nova.api.openstack.wsgi [req-09070258-ef6f-49c8-befe-a21f54ffa4f7 req-eb71e733-9e85-4409-b65d-23db60478905 service nova] Action: 'create', calling method: >, body: {"events": [{"name": "network-changed", "server_uuid": "18fe4ba0-2a23-4517-98ed-ba753b996719", "tag": "bf312a13-3b3a-4fa4-ae75-b66a04f07ec3"}]} {{(pid=123278) _process_stack /opt/stack/nova/nova/api/openstack/wsgi.py:511}}
Feb 01 18:48:14.029943 dv-cinder-774288-14-iscsi devstack@n-api.service[123278]: /usr/local/lib/python3.8/dist-packages/oslo_policy/policy.py:1119: UserWarning: Policy "os_compute_api:os-server-external-events:create": "rule:system_admin_api" failed scope check. The token used to make the request was project scoped but the policy requires ['system'] scope. This behavior may change in the future where using the intended scope is required
Feb 01 18:48:14.029943 dv-cinder-774288-14-iscsi devstack@n-api.service[123278]: warnings.warn(msg)
Feb 01 18:48:14.036810 dv-cinder-774288-14-iscsi devstack@n-api.service[123279]: DEBUG oslo_concurrency.lockutils [None req-16789ed5-212e-4220-8fc7-3f75a2109769 tempest-AttachVolumeShelveTestJSON-1765448099 tempest-AttachVolumeShelveTestJSON-1765448099-project] Lock "198ffc50-13ff-4a88-9247-92111e78d194" "released" by "nova.context.set_target_cell..get_or_set_cached_cell_and_set_connections" :: held 0.014s {{(pid=123279) inner /usr/local/lib/python3.8/dist-packages/oslo_concurrency/lockutils.py:400}}
Feb 01 18:48:14.044873 dv-cinder-774288-14-iscsi devstack@n-api.service[123278]: DEBUG oslo_concurrency.lockutils [req-09070258-ef6f-49c8-befe-a21f54ffa4f7 req-eb71e733-9e85-4409-b65d-23db60478905 service nova] Lock "198ffc50-13ff-4a88-9247-92111e78d194" acquired by "nova.context.set_target_cell..get_or_set_cached_cell_and_set_connections" :: waited 0.000s {{(pid=123278) inner /usr/local/lib/python3.8/dist-packages/oslo_concurrency/lockutils.py:386}}
Feb 01 18:48:14.045327 dv-cinder-774288-14-iscsi devstack@n-api.service[123278]: DEBUG oslo_concurrency.lockutils [req-09070258-ef6f-49c8-befe-a21f54ffa4f7 req-eb71e733-9e85-4409-b65d-23db60478905 service nova] Lock "198ffc50-13ff-4a88-9247-92111e78d194" "released" by "nova.context.set_target_cell..get_or_set_cached_cell_and_set_connections" :: held 0.001s {{(pid=123278) inner /usr/local/lib/python3.8/dist-packages/oslo_concurrency/lockutils.py:400}}
Feb 01 18:48:14.071486 dv-cinder-774288-14-iscsi devstack@n-api.service[123278]: INFO nova.api.openstack.compute.server_external_events [req-09070258-ef6f-49c8-befe-a21f54ffa4f7 req-eb71e733-9e85-4409-b65d-23db60478905 service nova] Creating event network-changed:bf312a13-3b3a-4fa4-ae75-b66a04f07ec3 for instance 18fe4ba0-2a23-4517-98ed-ba753b996719 on hv-cinder-77428
Feb 01 18:48:14.080794 dv-cinder-774288-14-iscsi devstack@n-api.service[123278]: INFO nova.api.openstack.requestlog [req-09070258-ef6f-49c8-befe-a21f54ffa4f7 req-eb71e733-9e85-4409-b65d-23db60478905 service nova] 10.222.0.31 "POST /compute/v2.1/os-server-external-events" status: 200 len: 179 microversion: 2.1 time: 0.053577
Feb 01 18:48:14.084047 dv-cinder-774288-14-iscsi devstack@n-api.service[123278]: [pid: 123278|app: 0|req: 82/146] 10.222.0.31 () {64 vars in 1317 bytes} [Tue Feb 1 18:48:14 2022] POST /compute/v2.1/os-server-external-events => generated 179 bytes in 60 msecs (HTTP/1.1 200) 9 headers in 357 bytes (1 switches on core 0)
Feb 01 18:48:14.258067 dv-cinder-774288-14-iscsi devstack@n-api.service[123279]: DEBUG nova.policy [None req-16789ed5-212e-4220-8fc7-3f75a2109769 tempest-AttachVolumeShelveTestJSON-1765448099 tempest-AttachVolumeShelveTestJSON-1765448099-project] Policy check for os_compute_api:os-extended-server-attributes failed with credentials {'is_admin': False, 'user_id': '48c09f05216f43c3906843ec196205bf', 'user_domain_id': 'default', 'system_scope': None, 'domain_id': None, 'project_id': 'a973b02f065c4069a16db170534cf59b', 'project_domain_id': 'default', 'roles': ['reader', 'member'], 'is_admin_project': True, 'service_user_id': None, 'service_user_domain_id': None, 'service_project_id': None, 'service_project_domain_id': None, 'service_roles': []} {{(pid=123279) authorize /opt/stack/nova/nova/policy.py:199}}
Feb 01 18:48:14.273994 dv-cinder-774288-14-iscsi devstack@n-api.service[123279]: DEBUG nova.policy [None req-16789ed5-212e-4220-8fc7-3f75a2109769 tempest-AttachVolumeShelveTestJSON-1765448099 tempest-AttachVolumeShelveTestJSON-1765448099-project] Policy check for os_compute_api:servers:show:host_status failed with credentials {'is_admin': False, 'user_id': '48c09f05216f43c3906843ec196205bf', 'user_domain_id': 'default', 'system_scope': None, 'domain_id': None, 'project_id': 'a973b02f065c4069a16db170534cf59b', 'project_domain_id': 'default', 'roles': ['reader', 'member'], 'is_admin_project': True, 'service_user_id': None, 'service_user_domain_id': None, 'service_project_id': None, 'service_project_domain_id': None, 'service_roles': []} {{(pid=123279) authorize /opt/stack/nova/nova/policy.py:199}}
Feb 01 18:48:14.277343 dv-cinder-774288-14-iscsi devstack@n-api.service[123279]: DEBUG nova.policy [None req-16789ed5-212e-4220-8fc7-3f75a2109769 tempest-AttachVolumeShelveTestJSON-1765448099 tempest-AttachVolumeShelveTestJSON-1765448099-project] Policy check for os_compute_api:servers:show:host_status:unknown-only failed with credentials {'is_admin': False, 'user_id': '48c09f05216f43c3906843ec196205bf', 'user_domain_id': 'default', 'system_scope': None, 'domain_id': None, 'project_id': 'a973b02f065c4069a16db170534cf59b', 'project_domain_id': 'default', 'roles': ['reader', 'member'], 'is_admin_project': True, 'service_user_id': None, 'service_user_domain_id': None, 'service_project_id': None, 'service_project_domain_id': None, 'service_roles': []} {{(pid=123279) authorize /opt/stack/nova/nova/policy.py:199}}
Feb 01 18:48:14.278578 dv-cinder-774288-14-iscsi devstack@n-api.service[123279]: INFO nova.api.openstack.requestlog [None req-16789ed5-212e-4220-8fc7-3f75a2109769 tempest-AttachVolumeShelveTestJSON-1765448099 tempest-AttachVolumeShelveTestJSON-1765448099-project] 10.222.0.31 "GET /compute/v2.1/servers/18fe4ba0-2a23-4517-98ed-ba753b996719" status: 200 len: 1597 microversion: 2.20 time: 0.272675
Feb 01 18:48:14.279602 dv-cinder-774288-14-iscsi devstack@n-api.service[123279]: [pid: 123279|app: 0|req: 65/147] 10.222.0.31 () {60 vars in 1276 bytes} [Tue Feb 1 18:48:14 2022] GET /compute/v2.1/servers/18fe4ba0-2a23-4517-98ed-ba753b996719 => generated 1597 bytes in 274 msecs (HTTP/1.1 200) 9 headers in 360 bytes (1 switches on core 0)
Feb 01 18:48:14.736618 dv-cinder-774288-14-iscsi devstack@n-api.service[123278]: DEBUG nova.api.openstack.wsgi [None req-a614f65f-9ff5-4e29-bfd8-ac6b38e638b6 tempest-AttachVolumeTestJSON-1214365778 tempest-AttachVolumeTestJSON-1214365778-project] Calling method '>' {{(pid=123278) _process_stack /opt/stack/nova/nova/api/openstack/wsgi.py:513}}
Feb 01 18:48:14.737320 dv-cinder-774288-14-iscsi devstack@n-api.service[123278]: DEBUG nova.compute.api [None req-a614f65f-9ff5-4e29-bfd8-ac6b38e638b6 tempest-AttachVolumeTestJSON-1214365778 tempest-AttachVolumeTestJSON-1214365778-project] [instance: 776e995b-6b94-426b-b810-76b459523fdf] Fetching instance by UUID {{(pid=123278) get /opt/stack/nova/nova/compute/api.py:2865}}
Feb 01 18:48:14.744640 dv-cinder-774288-14-iscsi devstack@n-api.service[123278]: DEBUG oslo_concurrency.lockutils [None req-a614f65f-9ff5-4e29-bfd8-ac6b38e638b6 tempest-AttachVolumeTestJSON-1214365778 tempest-AttachVolumeTestJSON-1214365778-project] Lock "198ffc50-13ff-4a88-9247-92111e78d194" acquired by "nova.context.set_target_cell..get_or_set_cached_cell_and_set_connections" :: waited 0.000s {{(pid=123278) inner /usr/local/lib/python3.8/dist-packages/oslo_concurrency/lockutils.py:386}}
Feb 01 18:48:14.745090 dv-cinder-774288-14-iscsi devstack@n-api.service[123278]: DEBUG oslo_concurrency.lockutils [None req-a614f65f-9ff5-4e29-bfd8-ac6b38e638b6 tempest-AttachVolumeTestJSON-1214365778 tempest-AttachVolumeTestJSON-1214365778-project] Lock "198ffc50-13ff-4a88-9247-92111e78d194" "released" by "nova.context.set_target_cell..get_or_set_cached_cell_and_set_connections" :: held 0.001s {{(pid=123278) inner /usr/local/lib/python3.8/dist-packages/oslo_concurrency/lockutils.py:400}}
Feb 01 18:48:14.745880 dv-cinder-774288-14-iscsi devstack@n-api.service[123278]: DEBUG oslo_concurrency.lockutils [None req-a614f65f-9ff5-4e29-bfd8-ac6b38e638b6 tempest-AttachVolumeTestJSON-1214365778 tempest-AttachVolumeTestJSON-1214365778-project] Lock "198ffc50-13ff-4a88-9247-92111e78d194" acquired by "nova.context.set_target_cell..get_or_set_cached_cell_and_set_connections" :: waited 0.000s {{(pid=123278) inner /usr/local/lib/python3.8/dist-packages/oslo_concurrency/lockutils.py:386}}
Feb 01 18:48:14.746321 dv-cinder-774288-14-iscsi devstack@n-api.service[123278]: DEBUG oslo_concurrency.lockutils [None req-a614f65f-9ff5-4e29-bfd8-ac6b38e638b6 tempest-AttachVolumeTestJSON-1214365778 tempest-AttachVolumeTestJSON-1214365778-project] Lock "198ffc50-13ff-4a88-9247-92111e78d194" "released" by "nova.context.set_target_cell..get_or_set_cached_cell_and_set_connections" :: held 0.000s {{(pid=123278) inner /usr/local/lib/python3.8/dist-packages/oslo_concurrency/lockutils.py:400}}
Feb 01 18:48:14.856244 dv-cinder-774288-14-iscsi devstack@n-api.service[123279]: DEBUG nova.api.openstack.wsgi [None req-00db9063-f8f0-4abc-9ffa-28c4ce7c54db tempest-VolumesActionsTest-801628718 tempest-VolumesActionsTest-801628718-project] Calling method '>' {{(pid=123279) _process_stack /opt/stack/nova/nova/api/openstack/wsgi.py:513}}
Feb 01 18:48:14.857596 dv-cinder-774288-14-iscsi devstack@n-api.service[123279]: DEBUG nova.compute.api [None req-00db9063-f8f0-4abc-9ffa-28c4ce7c54db tempest-VolumesActionsTest-801628718 tempest-VolumesActionsTest-801628718-project] [instance: 3a8dff2d-e22c-47f1-80d7-ed1c0c9d4de9] Fetching instance by UUID {{(pid=123279) get /opt/stack/nova/nova/compute/api.py:2865}}
Feb 01 18:48:14.864914 dv-cinder-774288-14-iscsi devstack@n-api.service[123279]: DEBUG oslo_concurrency.lockutils [None req-00db9063-f8f0-4abc-9ffa-28c4ce7c54db tempest-VolumesActionsTest-801628718 tempest-VolumesActionsTest-801628718-project] Lock "198ffc50-13ff-4a88-9247-92111e78d194" acquired by "nova.context.set_target_cell..get_or_set_cached_cell_and_set_connections" :: waited 0.000s {{(pid=123279) inner /usr/local/lib/python3.8/dist-packages/oslo_concurrency/lockutils.py:386}}
Feb 01 18:48:14.880239 dv-cinder-774288-14-iscsi devstack@n-api.service[123279]: DEBUG oslo_concurrency.lockutils [None req-00db9063-f8f0-4abc-9ffa-28c4ce7c54db tempest-VolumesActionsTest-801628718 tempest-VolumesActionsTest-801628718-project] Lock "198ffc50-13ff-4a88-9247-92111e78d194" "released" by "nova.context.set_target_cell..get_or_set_cached_cell_and_set_connections" :: held 0.015s {{(pid=123279) inner /usr/local/lib/python3.8/dist-packages/oslo_concurrency/lockutils.py:400}}
Feb 01 18:48:14.881101 dv-cinder-774288-14-iscsi devstack@n-api.service[123279]: DEBUG oslo_concurrency.lockutils [None req-00db9063-f8f0-4abc-9ffa-28c4ce7c54db tempest-VolumesActionsTest-801628718 tempest-VolumesActionsTest-801628718-project] Lock "198ffc50-13ff-4a88-9247-92111e78d194" acquired by "nova.context.set_target_cell..get_or_set_cached_cell_and_set_connections" :: waited 0.000s {{(pid=123279) inner /usr/local/lib/python3.8/dist-packages/oslo_concurrency/lockutils.py:386}}
Feb 01 18:48:14.881548 dv-cinder-774288-14-iscsi devstack@n-api.service[123279]: DEBUG oslo_concurrency.lockutils [None req-00db9063-f8f0-4abc-9ffa-28c4ce7c54db tempest-VolumesActionsTest-801628718 tempest-VolumesActionsTest-801628718-project] Lock "198ffc50-13ff-4a88-9247-92111e78d194" "released" by "nova.context.set_target_cell..get_or_set_cached_cell_and_set_connections" :: held 0.000s {{(pid=123279) inner /usr/local/lib/python3.8/dist-packages/oslo_concurrency/lockutils.py:400}}
Feb 01 18:48:14.946623 dv-cinder-774288-14-iscsi devstack@n-api.service[123278]: DEBUG nova.policy [None req-a614f65f-9ff5-4e29-bfd8-ac6b38e638b6 tempest-AttachVolumeTestJSON-1214365778 tempest-AttachVolumeTestJSON-1214365778-project] Policy check for os_compute_api:os-extended-server-attributes failed with credentials {'is_admin': False, 'user_id': '5e393fc21f404ddaab71925519ca19ad', 'user_domain_id': 'default', 'system_scope': None, 'domain_id': None, 'project_id': 'c1f3957e2db84d628128076327c3411f', 'project_domain_id': 'default', 'roles': ['reader', 'member'], 'is_admin_project': True, 'service_user_id': None, 'service_user_domain_id': None, 'service_project_id': None, 'service_project_domain_id': None, 'service_roles': []} {{(pid=123278) authorize /opt/stack/nova/nova/policy.py:199}}
Feb 01 18:48:14.955909 dv-cinder-774288-14-iscsi devstack@n-api.service[123278]: INFO nova.api.openstack.requestlog [None req-a614f65f-9ff5-4e29-bfd8-ac6b38e638b6 tempest-AttachVolumeTestJSON-1214365778 tempest-AttachVolumeTestJSON-1214365778-project] 10.222.0.31 "GET /compute/v2.1/servers/776e995b-6b94-426b-b810-76b459523fdf" status: 200 len: 1550 microversion: 2.1 time: 0.223247
Feb 01 18:48:14.956503 dv-cinder-774288-14-iscsi devstack@n-api.service[123278]: [pid: 123278|app: 0|req: 83/148] 10.222.0.31 () {58 vars in 1235 bytes} [Tue Feb 1 18:48:14 2022] GET /compute/v2.1/servers/776e995b-6b94-426b-b810-76b459523fdf => generated 1550 bytes in 225 msecs (HTTP/1.1 200) 9 headers in 358 bytes (1 switches on core 0)
Feb 01 18:48:14.963394 dv-cinder-774288-14-iscsi devstack@n-api.service[123279]: DEBUG nova.policy [None req-00db9063-f8f0-4abc-9ffa-28c4ce7c54db tempest-VolumesActionsTest-801628718 tempest-VolumesActionsTest-801628718-project] Policy check for os_compute_api:os-extended-server-attributes failed with credentials {'is_admin': False, 'user_id': '62826d9f8ed54d61adb5bbafa39db7bb', 'user_domain_id': 'default', 'system_scope': None, 'domain_id': None, 'project_id': 'c919a01a24ba4655af2e51e824383fa9', 'project_domain_id': 'default', 'roles': ['reader', 'member'], 'is_admin_project': True, 'service_user_id': None, 'service_user_domain_id': None, 'service_project_id': None, 'service_project_domain_id': None, 'service_roles': []} {{(pid=123279) authorize /opt/stack/nova/nova/policy.py:199}}
Feb 01 18:48:14.973884 dv-cinder-774288-14-iscsi devstack@n-api.service[123279]: INFO nova.api.openstack.requestlog [None req-00db9063-f8f0-4abc-9ffa-28c4ce7c54db tempest-VolumesActionsTest-801628718 tempest-VolumesActionsTest-801628718-project] 10.222.0.31 "GET /compute/v2.1/servers/3a8dff2d-e22c-47f1-80d7-ed1c0c9d4de9" status: 200 len: 1217 microversion: 2.1 time: 0.121622
Feb 01 18:48:14.974520 dv-cinder-774288-14-iscsi devstack@n-api.service[123279]: [pid: 123279|app: 0|req: 66/149] 10.222.0.31 () {58 vars in 1235 bytes} [Tue Feb 1 18:48:14 2022] GET /compute/v2.1/servers/3a8dff2d-e22c-47f1-80d7-ed1c0c9d4de9 => generated 1217 bytes in 123 msecs (HTTP/1.1 200) 9 headers in 358 bytes (1 switches on core 0)
Feb 01 18:48:15.298936 dv-cinder-774288-14-iscsi devstack@n-api.service[123278]: DEBUG nova.api.openstack.wsgi [None req-33a9dc0d-b467-4ba9-a5a8-ff3334cd0c8b tempest-AttachVolumeShelveTestJSON-1765448099 tempest-AttachVolumeShelveTestJSON-1765448099-project] Calling method '>' {{(pid=123278) _process_stack /opt/stack/nova/nova/api/openstack/wsgi.py:513}}
Feb 01 18:48:15.299428 dv-cinder-774288-14-iscsi devstack@n-api.service[123278]: DEBUG nova.compute.api [None req-33a9dc0d-b467-4ba9-a5a8-ff3334cd0c8b tempest-AttachVolumeShelveTestJSON-1765448099 tempest-AttachVolumeShelveTestJSON-1765448099-project] [instance: 18fe4ba0-2a23-4517-98ed-ba753b996719] Fetching instance by UUID {{(pid=123278) get /opt/stack/nova/nova/compute/api.py:2865}}
Feb 01 18:48:15.308452 dv-cinder-774288-14-iscsi devstack@n-api.service[123278]: DEBUG oslo_concurrency.lockutils [None req-33a9dc0d-b467-4ba9-a5a8-ff3334cd0c8b tempest-AttachVolumeShelveTestJSON-1765448099 tempest-AttachVolumeShelveTestJSON-1765448099-project] Lock "198ffc50-13ff-4a88-9247-92111e78d194" acquired by "nova.context.set_target_cell..get_or_set_cached_cell_and_set_connections" :: waited 0.000s {{(pid=123278) inner /usr/local/lib/python3.8/dist-packages/oslo_concurrency/lockutils.py:386}}
Feb 01 18:48:15.309103 dv-cinder-774288-14-iscsi devstack@n-api.service[123278]: DEBUG oslo_concurrency.lockutils [None req-33a9dc0d-b467-4ba9-a5a8-ff3334cd0c8b tempest-AttachVolumeShelveTestJSON-1765448099 tempest-AttachVolumeShelveTestJSON-1765448099-project] Lock "198ffc50-13ff-4a88-9247-92111e78d194" "released" by "nova.context.set_target_cell..get_or_set_cached_cell_and_set_connections" :: held 0.001s {{(pid=123278) inner /usr/local/lib/python3.8/dist-packages/oslo_concurrency/lockutils.py:400}}
Feb 01 18:48:15.310086 dv-cinder-774288-14-iscsi devstack@n-api.service[123278]: DEBUG oslo_concurrency.lockutils [None req-33a9dc0d-b467-4ba9-a5a8-ff3334cd0c8b tempest-AttachVolumeShelveTestJSON-1765448099 tempest-AttachVolumeShelveTestJSON-1765448099-project] Lock "198ffc50-13ff-4a88-9247-92111e78d194" acquired by "nova.context.set_target_cell..get_or_set_cached_cell_and_set_connections" :: waited 0.000s {{(pid=123278) inner /usr/local/lib/python3.8/dist-packages/oslo_concurrency/lockutils.py:386}}
Feb 01 18:48:15.310713 dv-cinder-774288-14-iscsi devstack@n-api.service[123278]: DEBUG oslo_concurrency.lockutils [None req-33a9dc0d-b467-4ba9-a5a8-ff3334cd0c8b tempest-AttachVolumeShelveTestJSON-1765448099 tempest-AttachVolumeShelveTestJSON-1765448099-project] Lock "198ffc50-13ff-4a88-9247-92111e78d194" "released" by "nova.context.set_target_cell..get_or_set_cached_cell_and_set_connections" :: held 0.001s {{(pid=123278) inner /usr/local/lib/python3.8/dist-packages/oslo_concurrency/lockutils.py:400}}
Feb 01 18:48:15.671468 dv-cinder-774288-14-iscsi devstack@n-api.service[123278]: DEBUG nova.policy [None req-33a9dc0d-b467-4ba9-a5a8-ff3334cd0c8b tempest-AttachVolumeShelveTestJSON-1765448099 tempest-AttachVolumeShelveTestJSON-1765448099-project] Policy check for os_compute_api:os-extended-server-attributes failed with credentials {'is_admin': False, 'user_id': '48c09f05216f43c3906843ec196205bf', 'user_domain_id': 'default', 'system_scope': None, 'domain_id': None, 'project_id': 'a973b02f065c4069a16db170534cf59b', 'project_domain_id': 'default', 'roles': ['reader', 'member'], 'is_admin_project': True, 'service_user_id': None, 'service_user_domain_id': None, 'service_project_id': None, 'service_project_domain_id': None, 'service_roles': []} {{(pid=123278) authorize /opt/stack/nova/nova/policy.py:199}}
Feb 01 18:48:15.686339 dv-cinder-774288-14-iscsi devstack@n-api.service[123278]: DEBUG nova.policy [None req-33a9dc0d-b467-4ba9-a5a8-ff3334cd0c8b tempest-AttachVolumeShelveTestJSON-1765448099 tempest-AttachVolumeShelveTestJSON-1765448099-project] Policy check for os_compute_api:servers:show:host_status failed with credentials {'is_admin': False, 'user_id': '48c09f05216f43c3906843ec196205bf', 'user_domain_id': 'default', 'system_scope': None, 'domain_id': None, 'project_id': 'a973b02f065c4069a16db170534cf59b', 'project_domain_id': 'default', 'roles': ['reader', 'member'], 'is_admin_project': True, 'service_user_id': None, 'service_user_domain_id': None, 'service_project_id': None, 'service_project_domain_id': None, 'service_roles': []} {{(pid=123278) authorize /opt/stack/nova/nova/policy.py:199}}
Feb 01 18:48:15.688289 dv-cinder-774288-14-iscsi devstack@n-api.service[123278]: DEBUG nova.policy [None req-33a9dc0d-b467-4ba9-a5a8-ff3334cd0c8b tempest-AttachVolumeShelveTestJSON-1765448099 tempest-AttachVolumeShelveTestJSON-1765448099-project] Policy check for os_compute_api:servers:show:host_status:unknown-only failed with credentials {'is_admin': False, 'user_id': '48c09f05216f43c3906843ec196205bf', 'user_domain_id': 'default', 'system_scope': None, 'domain_id': None, 'project_id': 'a973b02f065c4069a16db170534cf59b', 'project_domain_id': 'default', 'roles': ['reader', 'member'], 'is_admin_project': True, 'service_user_id': None, 'service_user_domain_id': None, 'service_project_id': None, 'service_project_domain_id': None, 'service_roles': []} {{(pid=123278) authorize /opt/stack/nova/nova/policy.py:199}}
Feb 01 18:48:15.690145 dv-cinder-774288-14-iscsi devstack@n-api.service[123278]: INFO nova.api.openstack.requestlog [None req-33a9dc0d-b467-4ba9-a5a8-ff3334cd0c8b tempest-AttachVolumeShelveTestJSON-1765448099 tempest-AttachVolumeShelveTestJSON-1765448099-project] 10.222.0.31 "GET /compute/v2.1/servers/18fe4ba0-2a23-4517-98ed-ba753b996719" status: 200 len: 1597 microversion: 2.20 time: 0.396250
Feb 01 18:48:15.704952 dv-cinder-774288-14-iscsi devstack@n-api.service[123278]: [pid: 123278|app: 0|req: 84/150] 10.222.0.31 () {60 vars in 1276 bytes} [Tue Feb 1 18:48:15 2022] GET /compute/v2.1/servers/18fe4ba0-2a23-4517-98ed-ba753b996719 => generated 1597 bytes in 411 msecs (HTTP/1.1 200) 9 headers in 360 bytes (1 switches on core 0)
Feb 01 18:48:15.977702 dv-cinder-774288-14-iscsi devstack@n-api.service[123279]: DEBUG nova.api.openstack.wsgi [None req-440fbe50-eb2f-453f-a8fc-63cc4c83ac06 tempest-AttachVolumeTestJSON-1214365778 tempest-AttachVolumeTestJSON-1214365778-project] Calling method '>' {{(pid=123279) _process_stack /opt/stack/nova/nova/api/openstack/wsgi.py:513}}
Feb 01 18:48:15.980702 dv-cinder-774288-14-iscsi devstack@n-api.service[123279]: DEBUG nova.compute.api [None req-440fbe50-eb2f-453f-a8fc-63cc4c83ac06 tempest-AttachVolumeTestJSON-1214365778 tempest-AttachVolumeTestJSON-1214365778-project] [instance: 776e995b-6b94-426b-b810-76b459523fdf] Fetching instance by UUID {{(pid=123279) get /opt/stack/nova/nova/compute/api.py:2865}}
Feb 01 18:48:15.991935 dv-cinder-774288-14-iscsi devstack@n-api.service[123279]: DEBUG oslo_concurrency.lockutils [None req-440fbe50-eb2f-453f-a8fc-63cc4c83ac06 tempest-AttachVolumeTestJSON-1214365778 tempest-AttachVolumeTestJSON-1214365778-project] Lock "198ffc50-13ff-4a88-9247-92111e78d194" acquired by "nova.context.set_target_cell..get_or_set_cached_cell_and_set_connections" :: waited 0.000s {{(pid=123279) inner /usr/local/lib/python3.8/dist-packages/oslo_concurrency/lockutils.py:386}}
Feb 01 18:48:15.994243 dv-cinder-774288-14-iscsi devstack@n-api.service[123278]: DEBUG nova.api.openstack.wsgi [None req-5900d555-6b38-4ac7-8360-9d2139dd0b3d tempest-VolumesActionsTest-801628718 tempest-VolumesActionsTest-801628718-project] Calling method '>' {{(pid=123278) _process_stack /opt/stack/nova/nova/api/openstack/wsgi.py:513}}
Feb 01 18:48:15.994893 dv-cinder-774288-14-iscsi devstack@n-api.service[123278]: DEBUG nova.compute.api [None req-5900d555-6b38-4ac7-8360-9d2139dd0b3d tempest-VolumesActionsTest-801628718 tempest-VolumesActionsTest-801628718-project] [instance: 3a8dff2d-e22c-47f1-80d7-ed1c0c9d4de9] Fetching instance by UUID {{(pid=123278) get /opt/stack/nova/nova/compute/api.py:2865}}
Feb 01 18:48:15.995518 dv-cinder-774288-14-iscsi devstack@n-api.service[123279]: DEBUG oslo_concurrency.lockutils [None req-440fbe50-eb2f-453f-a8fc-63cc4c83ac06 tempest-AttachVolumeTestJSON-1214365778 tempest-AttachVolumeTestJSON-1214365778-project] Lock "198ffc50-13ff-4a88-9247-92111e78d194" "released" by "nova.context.set_target_cell..get_or_set_cached_cell_and_set_connections" :: held 0.004s {{(pid=123279) inner /usr/local/lib/python3.8/dist-packages/oslo_concurrency/lockutils.py:400}}
Feb 01 18:48:15.998245 dv-cinder-774288-14-iscsi devstack@n-api.service[123279]: DEBUG oslo_concurrency.lockutils [None req-440fbe50-eb2f-453f-a8fc-63cc4c83ac06 tempest-AttachVolumeTestJSON-1214365778 tempest-AttachVolumeTestJSON-1214365778-project] Lock "198ffc50-13ff-4a88-9247-92111e78d194" acquired by "nova.context.set_target_cell..get_or_set_cached_cell_and_set_connections" :: waited 0.000s {{(pid=123279) inner /usr/local/lib/python3.8/dist-packages/oslo_concurrency/lockutils.py:386}}
Feb 01 18:48:15.999057 dv-cinder-774288-14-iscsi devstack@n-api.service[123279]: DEBUG oslo_concurrency.lockutils [None req-440fbe50-eb2f-453f-a8fc-63cc4c83ac06 tempest-AttachVolumeTestJSON-1214365778 tempest-AttachVolumeTestJSON-1214365778-project] Lock "198ffc50-13ff-4a88-9247-92111e78d194" "released" by "nova.context.set_target_cell..get_or_set_cached_cell_and_set_connections" :: held 0.001s {{(pid=123279) inner /usr/local/lib/python3.8/dist-packages/oslo_concurrency/lockutils.py:400}}
Feb 01 18:48:16.009493 dv-cinder-774288-14-iscsi devstack@n-api.service[123278]: DEBUG oslo_concurrency.lockutils [None req-5900d555-6b38-4ac7-8360-9d2139dd0b3d tempest-VolumesActionsTest-801628718 tempest-VolumesActionsTest-801628718-project] Lock "198ffc50-13ff-4a88-9247-92111e78d194" acquired by "nova.context.set_target_cell..get_or_set_cached_cell_and_set_connections" :: waited 0.000s {{(pid=123278) inner /usr/local/lib/python3.8/dist-packages/oslo_concurrency/lockutils.py:386}}
Feb 01 18:48:16.010062 dv-cinder-774288-14-iscsi devstack@n-api.service[123278]: DEBUG oslo_concurrency.lockutils [None req-5900d555-6b38-4ac7-8360-9d2139dd0b3d tempest-VolumesActionsTest-801628718 tempest-VolumesActionsTest-801628718-project] Lock "198ffc50-13ff-4a88-9247-92111e78d194" "released" by "nova.context.set_target_cell..get_or_set_cached_cell_and_set_connections" :: held 0.001s {{(pid=123278) inner /usr/local/lib/python3.8/dist-packages/oslo_concurrency/lockutils.py:400}}
Feb 01 18:48:16.010847 dv-cinder-774288-14-iscsi devstack@n-api.service[123278]: DEBUG oslo_concurrency.lockutils [None req-5900d555-6b38-4ac7-8360-9d2139dd0b3d tempest-VolumesActionsTest-801628718 tempest-VolumesActionsTest-801628718-project] Lock "198ffc50-13ff-4a88-9247-92111e78d194" acquired by "nova.context.set_target_cell..get_or_set_cached_cell_and_set_connections" :: waited 0.000s {{(pid=123278) inner /usr/local/lib/python3.8/dist-packages/oslo_concurrency/lockutils.py:386}}
Feb 01 18:48:16.011435 dv-cinder-774288-14-iscsi devstack@n-api.service[123278]: DEBUG oslo_concurrency.lockutils [None req-5900d555-6b38-4ac7-8360-9d2139dd0b3d tempest-VolumesActionsTest-801628718 tempest-VolumesActionsTest-801628718-project] Lock "198ffc50-13ff-4a88-9247-92111e78d194" "released" by "nova.context.set_target_cell..get_or_set_cached_cell_and_set_connections" :: held 0.001s {{(pid=123278) inner /usr/local/lib/python3.8/dist-packages/oslo_concurrency/lockutils.py:400}}
Feb 01 18:48:16.106865 dv-cinder-774288-14-iscsi devstack@n-api.service[123278]: DEBUG nova.policy [None req-5900d555-6b38-4ac7-8360-9d2139dd0b3d tempest-VolumesActionsTest-801628718 tempest-VolumesActionsTest-801628718-project] Policy check for os_compute_api:os-extended-server-attributes failed with credentials {'is_admin': False, 'user_id': '62826d9f8ed54d61adb5bbafa39db7bb', 'user_domain_id': 'default', 'system_scope': None, 'domain_id': None, 'project_id': 'c919a01a24ba4655af2e51e824383fa9', 'project_domain_id': 'default', 'roles': ['reader', 'member'], 'is_admin_project': True, 'service_user_id': None, 'service_user_domain_id': None, 'service_project_id': None, 'service_project_domain_id': None, 'service_roles': []} {{(pid=123278) authorize /opt/stack/nova/nova/policy.py:199}}
Feb 01 18:48:16.117562 dv-cinder-774288-14-iscsi devstack@n-api.service[123278]: INFO nova.api.openstack.requestlog [None req-5900d555-6b38-4ac7-8360-9d2139dd0b3d tempest-VolumesActionsTest-801628718 tempest-VolumesActionsTest-801628718-project] 10.222.0.31 "GET /compute/v2.1/servers/3a8dff2d-e22c-47f1-80d7-ed1c0c9d4de9" status: 200 len: 1265 microversion: 2.1 time: 0.128913
Feb 01 18:48:16.129960 dv-cinder-774288-14-iscsi devstack@n-api.service[123278]: [pid: 123278|app: 0|req: 85/151] 10.222.0.31 () {58 vars in 1235 bytes} [Tue Feb 1 18:48:15 2022] GET /compute/v2.1/servers/3a8dff2d-e22c-47f1-80d7-ed1c0c9d4de9 => generated 1265 bytes in 142 msecs (HTTP/1.1 200) 9 headers in 358 bytes (2 switches on core 0)
Feb 01 18:48:16.219478 dv-cinder-774288-14-iscsi devstack@n-api.service[123279]: DEBUG nova.policy [None req-440fbe50-eb2f-453f-a8fc-63cc4c83ac06 tempest-AttachVolumeTestJSON-1214365778 tempest-AttachVolumeTestJSON-1214365778-project] Policy check for os_compute_api:os-extended-server-attributes failed with credentials {'is_admin': False, 'user_id': '5e393fc21f404ddaab71925519ca19ad', 'user_domain_id': 'default', 'system_scope': None, 'domain_id': None, 'project_id': 'c1f3957e2db84d628128076327c3411f', 'project_domain_id': 'default', 'roles': ['reader', 'member'], 'is_admin_project': True, 'service_user_id': None, 'service_user_domain_id': None, 'service_project_id': None, 'service_project_domain_id': None, 'service_roles': []} {{(pid=123279) authorize /opt/stack/nova/nova/policy.py:199}}
Feb 01 18:48:16.227827 dv-cinder-774288-14-iscsi devstack@n-api.service[123279]: INFO nova.api.openstack.requestlog [None req-440fbe50-eb2f-453f-a8fc-63cc4c83ac06 tempest-AttachVolumeTestJSON-1214365778 tempest-AttachVolumeTestJSON-1214365778-project] 10.222.0.31 "GET /compute/v2.1/servers/776e995b-6b94-426b-b810-76b459523fdf" status: 200 len: 1669 microversion: 2.1 time: 0.256726
Feb 01 18:48:16.239377 dv-cinder-774288-14-iscsi devstack@n-api.service[123279]: [pid: 123279|app: 0|req: 67/152] 10.222.0.31 () {58 vars in 1235 bytes} [Tue Feb 1 18:48:15 2022] GET /compute/v2.1/servers/776e995b-6b94-426b-b810-76b459523fdf => generated 1669 bytes in 270 msecs (HTTP/1.1 200) 9 headers in 358 bytes (1 switches on core 0)
Feb 01 18:48:16.246644 dv-cinder-774288-14-iscsi devstack@n-api.service[123278]: DEBUG nova.api.openstack.wsgi [None req-8eda4119-d08f-457e-bc7b-e530779dc418 tempest-AttachVolumeTestJSON-1214365778 tempest-AttachVolumeTestJSON-1214365778-project] Calling method '>' {{(pid=123278) _process_stack /opt/stack/nova/nova/api/openstack/wsgi.py:513}}
Feb 01 18:48:16.247464 dv-cinder-774288-14-iscsi devstack@n-api.service[123278]: DEBUG nova.compute.api [None req-8eda4119-d08f-457e-bc7b-e530779dc418 tempest-AttachVolumeTestJSON-1214365778 tempest-AttachVolumeTestJSON-1214365778-project] [instance: 776e995b-6b94-426b-b810-76b459523fdf] Fetching instance by UUID {{(pid=123278) get /opt/stack/nova/nova/compute/api.py:2865}}
Feb 01 18:48:16.255234 dv-cinder-774288-14-iscsi devstack@n-api.service[123278]: DEBUG oslo_concurrency.lockutils [None req-8eda4119-d08f-457e-bc7b-e530779dc418 tempest-AttachVolumeTestJSON-1214365778 tempest-AttachVolumeTestJSON-1214365778-project] Lock "198ffc50-13ff-4a88-9247-92111e78d194" acquired by "nova.context.set_target_cell..get_or_set_cached_cell_and_set_connections" :: waited 0.000s {{(pid=123278) inner /usr/local/lib/python3.8/dist-packages/oslo_concurrency/lockutils.py:386}}
Feb 01 18:48:16.256564 dv-cinder-774288-14-iscsi devstack@n-api.service[123278]: DEBUG oslo_concurrency.lockutils [None req-8eda4119-d08f-457e-bc7b-e530779dc418 tempest-AttachVolumeTestJSON-1214365778 tempest-AttachVolumeTestJSON-1214365778-project] Lock "198ffc50-13ff-4a88-9247-92111e78d194" "released" by "nova.context.set_target_cell..get_or_set_cached_cell_and_set_connections" :: held 0.001s {{(pid=123278) inner /usr/local/lib/python3.8/dist-packages/oslo_concurrency/lockutils.py:400}}
Feb 01 18:48:16.257037 dv-cinder-774288-14-iscsi devstack@n-api.service[123278]: DEBUG oslo_concurrency.lockutils [None req-8eda4119-d08f-457e-bc7b-e530779dc418 tempest-AttachVolumeTestJSON-1214365778 tempest-AttachVolumeTestJSON-1214365778-project] Lock "198ffc50-13ff-4a88-9247-92111e78d194" acquired by "nova.context.set_target_cell..get_or_set_cached_cell_and_set_connections" :: waited 0.000s {{(pid=123278) inner /usr/local/lib/python3.8/dist-packages/oslo_concurrency/lockutils.py:386}}
Feb 01 18:48:16.257626 dv-cinder-774288-14-iscsi devstack@n-api.service[123278]: DEBUG oslo_concurrency.lockutils [None req-8eda4119-d08f-457e-bc7b-e530779dc418 tempest-AttachVolumeTestJSON-1214365778 tempest-AttachVolumeTestJSON-1214365778-project] Lock "198ffc50-13ff-4a88-9247-92111e78d194" "released" by "nova.context.set_target_cell..get_or_set_cached_cell_and_set_connections" :: held 0.001s {{(pid=123278) inner /usr/local/lib/python3.8/dist-packages/oslo_concurrency/lockutils.py:400}}
Feb 01 18:48:16.295230 dv-cinder-774288-14-iscsi devstack@n-api.service[123278]: INFO nova.api.openstack.requestlog [None req-8eda4119-d08f-457e-bc7b-e530779dc418 tempest-AttachVolumeTestJSON-1214365778 tempest-AttachVolumeTestJSON-1214365778-project] 10.222.0.31 "GET /compute/v2.1/servers/776e995b-6b94-426b-b810-76b459523fdf/ips" status: 200 len: 146 microversion: 2.1 time: 0.052414
Feb 01 18:48:16.299216 dv-cinder-774288-14-iscsi devstack@n-api.service[123278]: [pid: 123278|app: 0|req: 86/153] 10.222.0.31 () {58 vars in 1247 bytes} [Tue Feb 1 18:48:16 2022] GET /compute/v2.1/servers/776e995b-6b94-426b-b810-76b459523fdf/ips => generated 146 bytes in 57 msecs (HTTP/1.1 200) 9 headers in 357 bytes (1 switches on core 0)
Feb 01 18:48:16.711152 dv-cinder-774288-14-iscsi devstack@n-api.service[123279]: DEBUG nova.api.openstack.wsgi [None req-6a4ce9ea-ace2-4d2b-bcb7-781231a907d9 tempest-AttachVolumeShelveTestJSON-1765448099 tempest-AttachVolumeShelveTestJSON-1765448099-project] Calling method '>' {{(pid=123279) _process_stack /opt/stack/nova/nova/api/openstack/wsgi.py:513}}
