Jun 09 21:54:55.195850 dv-cinder-774286-15-iscsi neutron-server[91685]: DEBUG neutron.api.rpc.handlers.resources_rpc [None req-d17fd1f4-ed59-40ee-9a8c-58d1906f399f admin admin] Pushing event deleted for resources: {'SecurityGroup': ['ID=df4d7502-cfa7-4df7-9cfd-7f966bfb1f1b,revision_number=None']} {{(pid=91685) push /opt/stack/neutron/neutron/api/rpc/handlers/resources_rpc.py:237}}
Jun 09 21:54:55.203289 dv-cinder-774286-15-iscsi neutron-server[91685]: DEBUG oslo_concurrency.lockutils [None req-d17fd1f4-ed59-40ee-9a8c-58d1906f399f admin admin] Lock "event-dispatch" released by "neutron.plugins.ml2.ovo_rpc._ObjectChangeHandler.dispatch_events" :: held 0.025s {{(pid=91685) inner /usr/local/lib/python3.8/dist-packages/oslo_concurrency/lockutils.py:367}}
Jun 09 21:54:55.275244 dv-cinder-774286-15-iscsi neutron-server[91686]: INFO neutron.wsgi [req-1a15ba85-f7f4-43cf-a39e-72e712855d53 req-37bd4d8f-dd8a-4a1a-83d1-8865aeb528f4 service neutron] 10.222.0.26 "GET /v2.0/networks/61c156ee-d505-40b7-9c18-ed5b1e54b63d?fields=segments HTTP/1.1" status: 200 len: 212 time: 0.5322800
Jun 09 21:54:55.284781 dv-cinder-774286-15-iscsi neutron-server[91686]: DEBUG neutron.pecan_wsgi.hooks.policy_enforcement [req-f0d4103f-c45e-447c-ab96-7d1d57632003 req-b727e252-9616-4aef-9eba-744d83e0c8f4 tempest-AttachVolumeTestJSON-1223222168 tempest-AttachVolumeTestJSON-1223222168-project] Attributes excluded by policy engine: ['standard_attr_id', 'vlan_transparent', 'provider:network_type', 'provider:physical_network', 'provider:segmentation_id'] {{(pid=91686) _exclude_attributes_by_policy /opt/stack/neutron/neutron/pecan_wsgi/hooks/policy_enforcement.py:255}}
Jun 09 21:54:55.286926 dv-cinder-774286-15-iscsi neutron-server[91686]: INFO neutron.wsgi [req-f0d4103f-c45e-447c-ab96-7d1d57632003 req-b727e252-9616-4aef-9eba-744d83e0c8f4 tempest-AttachVolumeTestJSON-1223222168 tempest-AttachVolumeTestJSON-1223222168-project] 10.222.0.26 "GET /v2.0/networks?id=053f7334-f91e-4e83-8350-b0dac27ad99b HTTP/1.1" status: 200 len: 810 time: 0.5099142
Jun 09 21:54:55.351466 dv-cinder-774286-15-iscsi neutron-server[91685]: DEBUG neutron.wsgi [-] (91685) accepted ('10.222.0.26', 46468) {{(pid=91685) server /usr/local/lib/python3.8/dist-packages/eventlet/wsgi.py:992}}
Jun 09 21:54:55.377844 dv-cinder-774286-15-iscsi neutron-server[91685]: DEBUG neutron_lib.callbacks.manager [None req-da42e3c9-183f-4e2a-b02b-c0a1ba245433 admin admin] Notify callbacks [] for security_group, before_create {{(pid=91685) _notify_loop /usr/local/lib/python3.8/dist-packages/neutron_lib/callbacks/manager.py:192}}
Jun 09 21:54:55.529301 dv-cinder-774286-15-iscsi neutron-server[91685]: DEBUG neutron_lib.callbacks.manager [None req-da42e3c9-183f-4e2a-b02b-c0a1ba245433 admin admin] Notify callbacks [] for security_group, precommit_create {{(pid=91685) _notify_loop /usr/local/lib/python3.8/dist-packages/neutron_lib/callbacks/manager.py:192}}
Jun 09 21:54:55.539782 dv-cinder-774286-15-iscsi neutron-server[91685]: DEBUG neutron_lib.callbacks.manager [None req-da42e3c9-183f-4e2a-b02b-c0a1ba245433 admin admin] Notify callbacks ['neutron.plugins.ml2.ovo_rpc._ObjectChangeHandler.handle_event-7996173'] for security_group, after_create {{(pid=91685) _notify_loop /usr/local/lib/python3.8/dist-packages/neutron_lib/callbacks/manager.py:192}}
Jun 09 21:54:55.559613 dv-cinder-774286-15-iscsi neutron-server[91685]: DEBUG oslo_concurrency.lockutils [None req-0c89dce7-fb86-4b57-a179-822137ad5963 admin admin] Lock "event-dispatch" acquired by "neutron.plugins.ml2.ovo_rpc._ObjectChangeHandler.dispatch_events" :: waited 0.000s {{(pid=91685) inner /usr/local/lib/python3.8/dist-packages/oslo_concurrency/lockutils.py:355}}
Jun 09 21:54:55.662607 dv-cinder-774286-15-iscsi neutron-server[91685]: INFO neutron.wsgi [None req-da42e3c9-183f-4e2a-b02b-c0a1ba245433 admin admin] 10.222.0.26 "GET /v2.0/security-groups?tenant_id=65baffd49b794f9f847edb6a917c160a&name=default HTTP/1.1" status: 200 len: 2979 time: 0.3100410
Jun 09 21:54:55.664786 dv-cinder-774286-15-iscsi neutron-server[91685]: DEBUG neutron.api.rpc.handlers.resources_rpc [None req-da42e3c9-183f-4e2a-b02b-c0a1ba245433 admin admin] Pushing event updated for resources: {'SecurityGroup': ['ID=0abc70bc-f8ce-4775-813a-82054ad3bba5,revision_number=1']} {{(pid=91685) push /opt/stack/neutron/neutron/api/rpc/handlers/resources_rpc.py:237}}
Jun 09 21:54:55.668149 dv-cinder-774286-15-iscsi neutron-server[91685]: DEBUG neutron.wsgi [-] (91685) accepted ('10.222.0.26', 46474) {{(pid=91685) server /usr/local/lib/python3.8/dist-packages/eventlet/wsgi.py:992}}
Jun 09 21:54:55.670335 dv-cinder-774286-15-iscsi neutron-server[91686]: INFO neutron.wsgi [req-f0d4103f-c45e-447c-ab96-7d1d57632003 req-099cba51-e3e9-4f9f-ae84-1cf21b5674ab tempest-AttachVolumeTestJSON-1223222168 tempest-AttachVolumeTestJSON-1223222168-project] 10.222.0.26 "GET /v2.0/quotas/32dd714a98654f4da3b8043c1bbc15df HTTP/1.1" status: 200 len: 375 time: 0.0553644
Jun 09 21:54:55.687524 dv-cinder-774286-15-iscsi neutron-server[91685]: DEBUG oslo_concurrency.lockutils [None req-da42e3c9-183f-4e2a-b02b-c0a1ba245433 admin admin] Lock "event-dispatch" released by "neutron.plugins.ml2.ovo_rpc._ObjectChangeHandler.dispatch_events" :: held 0.128s {{(pid=91685) inner /usr/local/lib/python3.8/dist-packages/oslo_concurrency/lockutils.py:367}}
Jun 09 21:54:55.770930 dv-cinder-774286-15-iscsi neutron-server[91685]: DEBUG neutron_lib.callbacks.manager [None req-9276f929-266d-45c6-b136-b2412dfc635c admin admin] Notify callbacks [] for security_group, before_delete {{(pid=91685) _notify_loop /usr/local/lib/python3.8/dist-packages/neutron_lib/callbacks/manager.py:192}}
Jun 09 21:54:55.846127 dv-cinder-774286-15-iscsi neutron-server[91685]: DEBUG neutron_lib.callbacks.manager [None req-9276f929-266d-45c6-b136-b2412dfc635c admin admin] Notify callbacks [] for security_group, precommit_delete {{(pid=91685) _notify_loop /usr/local/lib/python3.8/dist-packages/neutron_lib/callbacks/manager.py:192}}
Jun 09 21:54:55.852683 dv-cinder-774286-15-iscsi neutron-server[91687]: DEBUG neutron.plugins.ml2.rpc [None req-8cfe6c99-d88a-414c-aab7-48a8dfc36bbe None None] Device 4843a380-ae6e-4438-b39d-fbf97340ef7e up at agent ovs-agent-dv-cinder-774286-15-iscsi {{(pid=91687) update_device_up /opt/stack/neutron/neutron/plugins/ml2/rpc.py:278}}
Jun 09 21:54:55.935847 dv-cinder-774286-15-iscsi neutron-server[91686]: INFO neutron.wsgi [req-1a15ba85-f7f4-43cf-a39e-72e712855d53 req-c5f34314-8f50-41e5-b525-47aeab10a183 service neutron] 10.222.0.26 "GET /v2.0/networks/61c156ee-d505-40b7-9c18-ed5b1e54b63d?fields=provider%3Aphysical_network&fields=provider%3Anetwork_type HTTP/1.1" status: 200 len: 281 time: 0.6449139
Jun 09 21:54:55.955012 dv-cinder-774286-15-iscsi neutron-server[91685]: DEBUG neutron_lib.callbacks.manager [None req-9276f929-266d-45c6-b136-b2412dfc635c admin admin] Notify callbacks ['neutron.plugins.ml2.ovo_rpc._ObjectChangeHandler.handle_event-7996173'] for security_group, after_delete {{(pid=91685) _notify_loop /usr/local/lib/python3.8/dist-packages/neutron_lib/callbacks/manager.py:192}}
Jun 09 21:54:55.959548 dv-cinder-774286-15-iscsi neutron-server[91685]: DEBUG neutron_lib.callbacks.manager [None req-9276f929-266d-45c6-b136-b2412dfc635c admin admin] Notify callbacks [] for security_group, before_response {{(pid=91685) _notify_loop /usr/local/lib/python3.8/dist-packages/neutron_lib/callbacks/manager.py:192}}
Jun 09 21:54:55.961568 dv-cinder-774286-15-iscsi neutron-server[91685]: INFO neutron.wsgi [None req-9276f929-266d-45c6-b136-b2412dfc635c admin admin] 10.222.0.26 "DELETE /v2.0/security-groups/0abc70bc-f8ce-4775-813a-82054ad3bba5 HTTP/1.1" status: 204 len: 168 time: 0.2923801
Jun 09 21:54:55.962837 dv-cinder-774286-15-iscsi neutron-server[91685]: DEBUG oslo_concurrency.lockutils [None req-c280f897-fd0a-4ee1-bbd1-a4cd1c149b35 admin admin] Lock "event-dispatch" acquired by "neutron.plugins.ml2.ovo_rpc._ObjectChangeHandler.dispatch_events" :: waited 0.000s {{(pid=91685) inner /usr/local/lib/python3.8/dist-packages/oslo_concurrency/lockutils.py:355}}
Jun 09 21:54:56.006539 dv-cinder-774286-15-iscsi neutron-server[91685]: DEBUG neutron.api.rpc.handlers.resources_rpc [None req-9276f929-266d-45c6-b136-b2412dfc635c admin admin] Pushing event deleted for resources: {'SecurityGroup': ['ID=0abc70bc-f8ce-4775-813a-82054ad3bba5,revision_number=None']} {{(pid=91685) push /opt/stack/neutron/neutron/api/rpc/handlers/resources_rpc.py:237}}
Jun 09 21:54:56.014603 dv-cinder-774286-15-iscsi neutron-server[91685]: DEBUG oslo_concurrency.lockutils [None req-9276f929-266d-45c6-b136-b2412dfc635c admin admin] Lock "event-dispatch" released by "neutron.plugins.ml2.ovo_rpc._ObjectChangeHandler.dispatch_events" :: held 0.052s {{(pid=91685) inner /usr/local/lib/python3.8/dist-packages/oslo_concurrency/lockutils.py:367}}
Jun 09 21:54:56.017211 dv-cinder-774286-15-iscsi neutron-server[91686]: DEBUG neutron.db.db_base_plugin_common [req-c4d38e27-a3ab-4645-aedf-5cfb34daf75e req-362cd6fa-92ad-4acc-95d3-96e7fae207d6 tempest-ServerRescueNegativeTestJSON-1871780366 tempest-ServerRescueNegativeTestJSON-1871780366-project] Allocated IP 172.20.0.14 (61c156ee-d505-40b7-9c18-ed5b1e54b63d/f149cfa6-2488-4aed-bb6e-229ec823e8b0/00f53024-8252-4bb1-9fd0-5d154d6e6dd4) {{(pid=91686) _store_ip_allocation /opt/stack/neutron/neutron/db/db_base_plugin_common.py:131}}
Jun 09 21:54:56.086424 dv-cinder-774286-15-iscsi neutron-server[91687]: DEBUG neutron.db.provisioning_blocks [None req-8cfe6c99-d88a-414c-aab7-48a8dfc36bbe None None] Provisioning complete for port 4843a380-ae6e-4438-b39d-fbf97340ef7e triggered by entity L2. {{(pid=91687) provisioning_complete /opt/stack/neutron/neutron/db/provisioning_blocks.py:139}}
Jun 09 21:54:56.088288 dv-cinder-774286-15-iscsi neutron-server[91687]: DEBUG neutron_lib.callbacks.manager [None req-8cfe6c99-d88a-414c-aab7-48a8dfc36bbe None None] Notify callbacks ['neutron.plugins.ml2.plugin.Ml2Plugin._port_provisioned-526714'] for port, provisioning_complete {{(pid=91687) _notify_loop /usr/local/lib/python3.8/dist-packages/neutron_lib/callbacks/manager.py:192}}
Jun 09 21:54:56.171844 dv-cinder-774286-15-iscsi neutron-server[91686]: INFO neutron.wsgi [req-f0d4103f-c45e-447c-ab96-7d1d57632003 req-23d173e9-739d-4253-9ae2-e9f123d54282 tempest-AttachVolumeTestJSON-1223222168 tempest-AttachVolumeTestJSON-1223222168-project] 10.222.0.26 "GET /v2.0/ports?tenant_id=32dd714a98654f4da3b8043c1bbc15df&fields=id HTTP/1.1" status: 200 len: 348 time: 0.4243329
Jun 09 21:54:56.415249 dv-cinder-774286-15-iscsi neutron-server[91685]: DEBUG neutron.wsgi [-] (91685) accepted ('10.222.0.22', 57037) {{(pid=91685) server /usr/local/lib/python3.8/dist-packages/eventlet/wsgi.py:992}}
Jun 09 21:54:56.800398 dv-cinder-774286-15-iscsi neutron-server[91685]: DEBUG neutron.pecan_wsgi.hooks.policy_enforcement [req-c87a71dd-9e62-4dc1-9eb3-168d5db1fc3e req-04c0b973-96d2-4347-b177-f69603e79c6a tempest-AttachVolumeShelveTestJSON-1225120923 tempest-AttachVolumeShelveTestJSON-1225120923-project] Attributes excluded by policy engine: ['standard_attr_id', 'vlan_transparent', 'provider:network_type', 'provider:physical_network', 'provider:segmentation_id'] {{(pid=91685) _exclude_attributes_by_policy /opt/stack/neutron/neutron/pecan_wsgi/hooks/policy_enforcement.py:255}}
Jun 09 21:54:56.802108 dv-cinder-774286-15-iscsi neutron-server[91685]: INFO neutron.wsgi [req-c87a71dd-9e62-4dc1-9eb3-168d5db1fc3e req-04c0b973-96d2-4347-b177-f69603e79c6a tempest-AttachVolumeShelveTestJSON-1225120923 tempest-AttachVolumeShelveTestJSON-1225120923-project] 10.222.0.22 "GET /v2.0/networks?id=7c9b8232-e1d8-42a1-a6fb-10d2995c03a2 HTTP/1.1" status: 200 len: 816 time: 0.3855841
Jun 09 21:54:56.820665 dv-cinder-774286-15-iscsi neutron-server[91686]: INFO neutron.wsgi [req-f0d4103f-c45e-447c-ab96-7d1d57632003 req-6fc90908-6b68-483e-a2e6-24ef8df7f492 service neutron] 10.222.0.26 "GET /v2.0/networks/053f7334-f91e-4e83-8350-b0dac27ad99b?fields=segments HTTP/1.1" status: 200 len: 212 time: 0.6343329
Jun 09 21:54:56.892182 dv-cinder-774286-15-iscsi neutron-server[91685]: INFO neutron.wsgi [req-c87a71dd-9e62-4dc1-9eb3-168d5db1fc3e req-1a5d4ed6-bba0-4865-8f6b-52613f55a9e8 tempest-AttachVolumeShelveTestJSON-1225120923 tempest-AttachVolumeShelveTestJSON-1225120923-project] 10.222.0.22 "GET /v2.0/security-groups?fields=id&fields=name&tenant_id=f8fd85fea18c430db42a6239f71174ad HTTP/1.1" status: 200 len: 379 time: 0.0755825
Jun 09 21:54:56.904829 dv-cinder-774286-15-iscsi neutron-server[91685]: DEBUG neutron.api.v2.base [req-c87a71dd-9e62-4dc1-9eb3-168d5db1fc3e req-bce9a83d-949f-4199-b064-b349dcbe44b4 tempest-AttachVolumeShelveTestJSON-1225120923 tempest-AttachVolumeShelveTestJSON-1225120923-project] Request body: {'port': {'device_id': 'd1ec0545-c723-4eab-a6b7-df5de3cb2d39', 'network_id': '7c9b8232-e1d8-42a1-a6fb-10d2995c03a2', 'admin_state_up': True, 'tenant_id': 'f8fd85fea18c430db42a6239f71174ad', 'security_groups': ['c9e32f3f-bdf4-4b44-bf1f-4be88e49553e']}} {{(pid=91685) prepare_request_body /opt/stack/neutron/neutron/api/v2/base.py:729}}
Jun 09 21:54:56.969071 dv-cinder-774286-15-iscsi neutron-server[91686]: DEBUG neutron_lib.callbacks.manager [req-c4d38e27-a3ab-4645-aedf-5cfb34daf75e req-362cd6fa-92ad-4acc-95d3-96e7fae207d6 tempest-ServerRescueNegativeTestJSON-1871780366 tempest-ServerRescueNegativeTestJSON-1871780366-project] Notify callbacks [] for port, precommit_create {{(pid=91686) _notify_loop /usr/local/lib/python3.8/dist-packages/neutron_lib/callbacks/manager.py:192}}
Jun 09 21:54:56.982624 dv-cinder-774286-15-iscsi neutron-server[91686]: DEBUG neutron.pecan_wsgi.hooks.policy_enforcement [req-038388ff-c28c-494a-aceb-9da2c57186a0 req-67c6dfbc-b898-4c87-83eb-a9c562ab4a1d tempest-DeleteServersTestJSON-1926636302 tempest-DeleteServersTestJSON-1926636302-project] Attributes excluded by policy engine: ['standard_attr_id', 'binding:profile', 'binding:host_id', 'binding:vif_type', 'binding:vif_details'] {{(pid=91686) _exclude_attributes_by_policy /opt/stack/neutron/neutron/pecan_wsgi/hooks/policy_enforcement.py:255}}
Jun 09 21:54:56.996476 dv-cinder-774286-15-iscsi neutron-server[91686]: INFO neutron.wsgi [req-038388ff-c28c-494a-aceb-9da2c57186a0 req-67c6dfbc-b898-4c87-83eb-a9c562ab4a1d tempest-DeleteServersTestJSON-1926636302 tempest-DeleteServersTestJSON-1926636302-project] 10.222.0.26 "GET /v2.0/ports?device_id=a34592f8-0e62-4f1b-b982-874b93cd3ae0 HTTP/1.1" status: 200 len: 945 time: 0.5342665
Jun 09 21:54:57.142217 dv-cinder-774286-15-iscsi neutron-server[91685]: DEBUG neutron.pecan_wsgi.hooks.quota_enforcement [req-c87a71dd-9e62-4dc1-9eb3-168d5db1fc3e req-bce9a83d-949f-4199-b064-b349dcbe44b4 tempest-AttachVolumeShelveTestJSON-1225120923 tempest-AttachVolumeShelveTestJSON-1225120923-project] Made reservation on behalf of f8fd85fea18c430db42a6239f71174ad for: {'port': 1} {{(pid=91685) before /opt/stack/neutron/neutron/pecan_wsgi/hooks/quota_enforcement.py:53}}
Jun 09 21:54:57.149712 dv-cinder-774286-15-iscsi neutron-server[91685]: DEBUG neutron_lib.callbacks.manager [req-c87a71dd-9e62-4dc1-9eb3-168d5db1fc3e req-bce9a83d-949f-4199-b064-b349dcbe44b4 tempest-AttachVolumeShelveTestJSON-1225120923 tempest-AttachVolumeShelveTestJSON-1225120923-project] Notify callbacks ['neutron.plugins.ml2.plugin.SecurityGroupDbMixin._ensure_default_security_group_handler_port-586691'] for port, before_create {{(pid=91685) _notify_loop /usr/local/lib/python3.8/dist-packages/neutron_lib/callbacks/manager.py:192}}
Jun 09 21:54:57.187244 dv-cinder-774286-15-iscsi neutron-server[91686]: INFO neutron.wsgi [req-038388ff-c28c-494a-aceb-9da2c57186a0 req-b2417e74-459f-4a0b-b134-24e3a27b5ddd tempest-DeleteServersTestJSON-1926636302 tempest-DeleteServersTestJSON-1926636302-project] 10.222.0.26 "GET /v2.0/security-groups?id=1b97b2dd-d26e-4497-a71d-82455e0e3bc4&fields=id&fields=name HTTP/1.1" status: 200 len: 286 time: 0.1896443
Jun 09 21:54:57.193760 dv-cinder-774286-15-iscsi neutron-server[91686]: INFO neutron.wsgi [req-f0d4103f-c45e-447c-ab96-7d1d57632003 req-5916d5f2-b7b0-459b-a2c8-2b37bbeaaac0 service neutron] 10.222.0.26 "GET /v2.0/networks/053f7334-f91e-4e83-8350-b0dac27ad99b?fields=provider%3Aphysical_network&fields=provider%3Anetwork_type HTTP/1.1" status: 200 len: 281 time: 0.3610480
Jun 09 21:54:57.221805 dv-cinder-774286-15-iscsi neutron-server[91686]: DEBUG neutron_lib.callbacks.manager [req-c4d38e27-a3ab-4645-aedf-5cfb34daf75e req-362cd6fa-92ad-4acc-95d3-96e7fae207d6 tempest-ServerRescueNegativeTestJSON-1871780366 tempest-ServerRescueNegativeTestJSON-1871780366-project] Notify callbacks ['neutron.plugins.ml2.plugin.SecurityGroupServerNotifierRpcMixin._notify_sg_on_port_after_update-579771', 'neutron.plugins.ml2.ovo_rpc._ObjectChangeHandler.handle_payload_event-46637', 'neutron.api.rpc.agentnotifiers.dhcp_rpc_agent_api.DhcpAgentNotifyAPI._native_event_send_dhcp_notification_payload-8104958', 'neutron.db.l3_dvrscheduler_db._notify_l3_agent_new_port-8793966100345'] for port, after_create {{(pid=91686) _notify_loop /usr/local/lib/python3.8/dist-packages/neutron_lib/callbacks/manager.py:192}}
Jun 09 21:54:57.235266 dv-cinder-774286-15-iscsi neutron-server[91686]: DEBUG oslo_concurrency.lockutils [-] Lock "event-dispatch" acquired by "neutron.plugins.ml2.ovo_rpc._ObjectChangeHandler.dispatch_events" :: waited 0.000s {{(pid=91686) inner /usr/local/lib/python3.8/dist-packages/oslo_concurrency/lockutils.py:355}}
Jun 09 21:54:57.321465 dv-cinder-774286-15-iscsi neutron-server[91686]: DEBUG neutron.api.rpc.handlers.resources_rpc [None req-362cd6fa-92ad-4acc-95d3-96e7fae207d6 tempest-ServerRescueNegativeTestJSON-1871780366 tempest-ServerRescueNegativeTestJSON-1871780366-project] Pushing event updated for resources: {'Port': ['ID=00f53024-8252-4bb1-9fd0-5d154d6e6dd4,revision_number=1']} {{(pid=91686) push /opt/stack/neutron/neutron/api/rpc/handlers/resources_rpc.py:237}}
Jun 09 21:54:57.326548 dv-cinder-774286-15-iscsi neutron-server[91686]: DEBUG oslo_concurrency.lockutils [None req-362cd6fa-92ad-4acc-95d3-96e7fae207d6 tempest-ServerRescueNegativeTestJSON-1871780366 tempest-ServerRescueNegativeTestJSON-1871780366-project] Lock "event-dispatch" released by "neutron.plugins.ml2.ovo_rpc._ObjectChangeHandler.dispatch_events" :: held 0.091s {{(pid=91686) inner /usr/local/lib/python3.8/dist-packages/oslo_concurrency/lockutils.py:367}}
Jun 09 21:54:57.332275 dv-cinder-774286-15-iscsi neutron-server[91686]: DEBUG neutron.scheduler.dhcp_agent_scheduler [req-c4d38e27-a3ab-4645-aedf-5cfb34daf75e req-362cd6fa-92ad-4acc-95d3-96e7fae207d6 tempest-ServerRescueNegativeTestJSON-1871780366 tempest-ServerRescueNegativeTestJSON-1871780366-project] Network 61c156ee-d505-40b7-9c18-ed5b1e54b63d is already hosted by enough agents. {{(pid=91686) _get_dhcp_agents_hosting_network /opt/stack/neutron/neutron/scheduler/dhcp_agent_scheduler.py:275}}
Jun 09 21:54:57.333847 dv-cinder-774286-15-iscsi neutron-server[91686]: DEBUG neutron.scheduler.base_scheduler [req-c4d38e27-a3ab-4645-aedf-5cfb34daf75e req-362cd6fa-92ad-4acc-95d3-96e7fae207d6 tempest-ServerRescueNegativeTestJSON-1871780366 tempest-ServerRescueNegativeTestJSON-1871780366-project] Resources bound (agent type, host, resource id): {{(pid=91686) schedule /opt/stack/neutron/neutron/scheduler/base_scheduler.py:57}}
Jun 09 21:54:57.343266 dv-cinder-774286-15-iscsi neutron-server[91686]: DEBUG neutron.db.l3_dvrscheduler_db [req-c4d38e27-a3ab-4645-aedf-5cfb34daf75e req-362cd6fa-92ad-4acc-95d3-96e7fae207d6 tempest-ServerRescueNegativeTestJSON-1871780366 tempest-ServerRescueNegativeTestJSON-1871780366-project] Received port after_create {{(pid=91686) _notify_l3_agent_new_port /opt/stack/neutron/neutron/db/l3_dvrscheduler_db.py:537}}
Jun 09 21:54:57.350224 dv-cinder-774286-15-iscsi neutron-server[91686]: DEBUG neutron.pecan_wsgi.hooks.policy_enforcement [req-c4d38e27-a3ab-4645-aedf-5cfb34daf75e req-362cd6fa-92ad-4acc-95d3-96e7fae207d6 tempest-ServerRescueNegativeTestJSON-1871780366 tempest-ServerRescueNegativeTestJSON-1871780366-project] Attributes excluded by policy engine: ['standard_attr_id', 'binding:profile', 'binding:host_id', 'binding:vif_type', 'binding:vif_details', 'network'] {{(pid=91686) _exclude_attributes_by_policy /opt/stack/neutron/neutron/pecan_wsgi/hooks/policy_enforcement.py:255}}
Jun 09 21:54:57.351101 dv-cinder-774286-15-iscsi neutron-server[91686]: DEBUG neutron_lib.callbacks.manager [req-c4d38e27-a3ab-4645-aedf-5cfb34daf75e req-362cd6fa-92ad-4acc-95d3-96e7fae207d6 tempest-ServerRescueNegativeTestJSON-1871780366 tempest-ServerRescueNegativeTestJSON-1871780366-project] Notify callbacks ['neutron.notifiers.nova.Notifier._send_nova_notification-23679', 'neutron.api.rpc.agentnotifiers.dhcp_rpc_agent_api.DhcpAgentNotifyAPI._send_dhcp_notification-8104853'] for port, before_response {{(pid=91686) _notify_loop /usr/local/lib/python3.8/dist-packages/neutron_lib/callbacks/manager.py:192}}
Jun 09 21:54:57.374512 dv-cinder-774286-15-iscsi neutron-server[91686]: INFO neutron.wsgi [req-c4d38e27-a3ab-4645-aedf-5cfb34daf75e req-362cd6fa-92ad-4acc-95d3-96e7fae207d6 tempest-ServerRescueNegativeTestJSON-1871780366 tempest-ServerRescueNegativeTestJSON-1871780366-project] 10.222.0.22 "POST /v2.0/ports HTTP/1.1" status: 201 len: 934 time: 2.9770436
Jun 09 21:54:57.397130 dv-cinder-774286-15-iscsi neutron-server[91686]: DEBUG neutron.api.v2.base [req-c4d38e27-a3ab-4645-aedf-5cfb34daf75e req-c36e0367-6535-419c-b33b-bce87c108157 service neutron] Request body: {'port': {'device_id': '1d8f3bbe-1e34-44e7-a9b4-6b22700b0b40', 'device_owner': 'compute:nova', 'binding:host_id': 'hv-cinder-77428'}} {{(pid=91686) prepare_request_body /opt/stack/neutron/neutron/api/v2/base.py:729}}
Jun 09 21:54:57.564146 dv-cinder-774286-15-iscsi neutron-server[91686]: INFO neutron.wsgi [req-a586c0ef-5821-475d-ad86-fd1e68a119fe req-b6d250b8-546b-4643-a917-4c818b10d49f tempest-AttachVolumeShelveTestJSON-1225120923 tempest-AttachVolumeShelveTestJSON-1225120923-project] 10.222.0.26 "GET /v2.0/ports?device_id=d1ec0545-c723-4eab-a6b7-df5de3cb2d39 HTTP/1.1" status: 200 len: 210 time: 0.0713487
Jun 09 21:54:57.598284 dv-cinder-774286-15-iscsi neutron-server[91685]: DEBUG neutron.db.db_base_plugin_common [req-c87a71dd-9e62-4dc1-9eb3-168d5db1fc3e req-bce9a83d-949f-4199-b064-b349dcbe44b4 tempest-AttachVolumeShelveTestJSON-1225120923 tempest-AttachVolumeShelveTestJSON-1225120923-project] Allocated IP 172.20.0.14 (7c9b8232-e1d8-42a1-a6fb-10d2995c03a2/a9abe91a-621c-4390-b0e3-eae45948bbe2/def14648-5e3d-4296-89fe-6798dadc0157) {{(pid=91685) _store_ip_allocation /opt/stack/neutron/neutron/db/db_base_plugin_common.py:131}}
Jun 09 21:54:57.680650 dv-cinder-774286-15-iscsi neutron-server[91687]: DEBUG neutron.plugins.ml2.rpc [None req-50365f90-6657-4446-a64d-890983a3fcaf None None] Device e8900dfc-90ac-4656-a216-97ab4af448a2 up at agent hyperv_hv-cinder-77428 {{(pid=91687) update_device_up /opt/stack/neutron/neutron/plugins/ml2/rpc.py:278}}
Jun 09 21:54:57.789521 dv-cinder-774286-15-iscsi neutron-server[91686]: INFO neutron.wsgi [req-d18a27aa-67c2-4348-ac16-cfc3ce758f3c req-4a1c7fc0-c38d-4c08-b34a-40b09d6575ba tempest-ServerRescueNegativeTestJSON-1871780366 tempest-ServerRescueNegativeTestJSON-1871780366-project] 10.222.0.26 "GET /v2.0/ports?device_id=bde7b03b-eb8d-4f44-99ba-62a521d67e4d HTTP/1.1" status: 200 len: 210 time: 0.0774920
Jun 09 21:54:57.799906 dv-cinder-774286-15-iscsi neutron-server[91686]: INFO neutron.wsgi [req-e027bc5c-67a8-4594-92b8-f0803037e1ce req-2502c4cd-227b-4671-9478-54f1786c0753 tempest-AttachVolumeTestJSON-1223222168 tempest-AttachVolumeTestJSON-1223222168-project] 10.222.0.26 "GET /v2.0/ports?device_id=b0063c1c-1033-4e9d-a39f-f5b4515fabbb HTTP/1.1" status: 200 len: 210 time: 0.1647360
Jun 09 21:54:57.831635 dv-cinder-774286-15-iscsi neutron-server[91686]: DEBUG neutron_lib.callbacks.manager [req-c4d38e27-a3ab-4645-aedf-5cfb34daf75e req-c36e0367-6535-419c-b33b-bce87c108157 service neutron] Notify callbacks ['neutron.plugins.ml2.plugin.SecurityGroupDbMixin._ensure_default_security_group_handler_port-586691'] for port, before_update {{(pid=91686) _notify_loop /usr/local/lib/python3.8/dist-packages/neutron_lib/callbacks/manager.py:192}}
Jun 09 21:54:57.916288 dv-cinder-774286-15-iscsi neutron-server[91687]: DEBUG neutron.db.provisioning_blocks [None req-50365f90-6657-4446-a64d-890983a3fcaf None None] Provisioning for port e8900dfc-90ac-4656-a216-97ab4af448a2 completed by entity L2. {{(pid=91687) provisioning_complete /opt/stack/neutron/neutron/db/provisioning_blocks.py:133}}
Jun 09 21:54:57.928200 dv-cinder-774286-15-iscsi neutron-server[91687]: DEBUG neutron.db.provisioning_blocks [None req-50365f90-6657-4446-a64d-890983a3fcaf None None] Provisioning complete for port e8900dfc-90ac-4656-a216-97ab4af448a2 triggered by entity L2. {{(pid=91687) provisioning_complete /opt/stack/neutron/neutron/db/provisioning_blocks.py:139}}
Jun 09 21:54:57.928602 dv-cinder-774286-15-iscsi neutron-server[91687]: DEBUG neutron_lib.callbacks.manager [None req-50365f90-6657-4446-a64d-890983a3fcaf None None] Notify callbacks ['neutron.plugins.ml2.plugin.Ml2Plugin._port_provisioned-526714'] for port, provisioning_complete {{(pid=91687) _notify_loop /usr/local/lib/python3.8/dist-packages/neutron_lib/callbacks/manager.py:192}}
Jun 09 21:54:57.949890 dv-cinder-774286-15-iscsi neutron-server[91685]: DEBUG neutron_lib.callbacks.manager [req-c87a71dd-9e62-4dc1-9eb3-168d5db1fc3e req-bce9a83d-949f-4199-b064-b349dcbe44b4 tempest-AttachVolumeShelveTestJSON-1225120923 tempest-AttachVolumeShelveTestJSON-1225120923-project] Notify callbacks [] for port, precommit_create {{(pid=91685) _notify_loop /usr/local/lib/python3.8/dist-packages/neutron_lib/callbacks/manager.py:192}}
Jun 09 21:54:57.993596 dv-cinder-774286-15-iscsi neutron-server[91685]: DEBUG neutron.db.provisioning_blocks [req-c87a71dd-9e62-4dc1-9eb3-168d5db1fc3e req-bce9a83d-949f-4199-b064-b349dcbe44b4 tempest-AttachVolumeShelveTestJSON-1225120923 tempest-AttachVolumeShelveTestJSON-1225120923-project] Transition to ACTIVE for port object def14648-5e3d-4296-89fe-6798dadc0157 will not be triggered until provisioned by entity DHCP. {{(pid=91685) add_provisioning_component /opt/stack/neutron/neutron/db/provisioning_blocks.py:73}}
Jun 09 21:54:58.039700 dv-cinder-774286-15-iscsi neutron-server[91685]: DEBUG neutron_lib.callbacks.manager [req-c87a71dd-9e62-4dc1-9eb3-168d5db1fc3e req-bce9a83d-949f-4199-b064-b349dcbe44b4 tempest-AttachVolumeShelveTestJSON-1225120923 tempest-AttachVolumeShelveTestJSON-1225120923-project] Notify callbacks ['neutron.plugins.ml2.plugin.SecurityGroupServerNotifierRpcMixin._notify_sg_on_port_after_update-579771', 'neutron.plugins.ml2.ovo_rpc._ObjectChangeHandler.handle_payload_event-46637', 'neutron.api.rpc.agentnotifiers.dhcp_rpc_agent_api.DhcpAgentNotifyAPI._native_event_send_dhcp_notification_payload-8104958', 'neutron.db.l3_dvrscheduler_db._notify_l3_agent_new_port-8793966100345', 'neutron.services.segments.plugin.NovaSegmentNotifier._notify_port_created-6023402'] for port, after_create {{(pid=91685) _notify_loop /usr/local/lib/python3.8/dist-packages/neutron_lib/callbacks/manager.py:192}}
Jun 09 21:54:58.048471 dv-cinder-774286-15-iscsi neutron-server[91685]: DEBUG oslo_concurrency.lockutils [None req-d1e827d4-9882-4aa3-9346-d0a319be3eb8 admin admin] Lock "event-dispatch" acquired by "neutron.plugins.ml2.ovo_rpc._ObjectChangeHandler.dispatch_events" :: waited 0.000s {{(pid=91685) inner /usr/local/lib/python3.8/dist-packages/oslo_concurrency/lockutils.py:355}}
Jun 09 21:54:58.183616 dv-cinder-774286-15-iscsi neutron-server[91685]: DEBUG neutron.scheduler.dhcp_agent_scheduler [req-c87a71dd-9e62-4dc1-9eb3-168d5db1fc3e req-bce9a83d-949f-4199-b064-b349dcbe44b4 tempest-AttachVolumeShelveTestJSON-1225120923 tempest-AttachVolumeShelveTestJSON-1225120923-project] Network 7c9b8232-e1d8-42a1-a6fb-10d2995c03a2 is already hosted by enough agents. {{(pid=91685) _get_dhcp_agents_hosting_network /opt/stack/neutron/neutron/scheduler/dhcp_agent_scheduler.py:275}}
Jun 09 21:54:58.190930 dv-cinder-774286-15-iscsi neutron-server[91687]: DEBUG neutron_lib.callbacks.manager [None req-50365f90-6657-4446-a64d-890983a3fcaf None None] Notify callbacks ['neutron.plugins.ml2.plugin.SecurityGroupDbMixin._ensure_default_security_group_handler_port-586691'] for port, before_update {{(pid=91687) _notify_loop /usr/local/lib/python3.8/dist-packages/neutron_lib/callbacks/manager.py:192}}
Jun 09 21:54:58.192632 dv-cinder-774286-15-iscsi neutron-server[91685]: DEBUG neutron.scheduler.base_scheduler [req-c87a71dd-9e62-4dc1-9eb3-168d5db1fc3e req-bce9a83d-949f-4199-b064-b349dcbe44b4 tempest-AttachVolumeShelveTestJSON-1225120923 tempest-AttachVolumeShelveTestJSON-1225120923-project] Resources bound (agent type, host, resource id): {{(pid=91685) schedule /opt/stack/neutron/neutron/scheduler/base_scheduler.py:57}}
Jun 09 21:54:58.197161 dv-cinder-774286-15-iscsi neutron-server[91685]: DEBUG neutron.db.l3_dvrscheduler_db [req-c87a71dd-9e62-4dc1-9eb3-168d5db1fc3e req-bce9a83d-949f-4199-b064-b349dcbe44b4 tempest-AttachVolumeShelveTestJSON-1225120923 tempest-AttachVolumeShelveTestJSON-1225120923-project] Received port after_create {{(pid=91685) _notify_l3_agent_new_port /opt/stack/neutron/neutron/db/l3_dvrscheduler_db.py:537}}
Jun 09 21:54:58.253229 dv-cinder-774286-15-iscsi neutron-server[91686]: DEBUG neutron.wsgi [-] (91686) accepted ('10.222.0.22', 57042) {{(pid=91686) server /usr/local/lib/python3.8/dist-packages/eventlet/wsgi.py:992}}
Jun 09 21:54:58.289635 dv-cinder-774286-15-iscsi neutron-server[91687]: DEBUG neutron.plugins.ml2.db [None req-50365f90-6657-4446-a64d-890983a3fcaf None None] For port e8900dfc-90ac-4656-a216-97ab4af448a2, host hv-cinder-77428, got binding levels [PortBindingLevel(driver='hyperv',host='hv-cinder-77428',level=0,port_id=e8900dfc-90ac-4656-a216-97ab4af448a2,segment=NetworkSegment(b7b7f145-46b2-41a6-968f-9c0638a36bfd),segment_id=b7b7f145-46b2-41a6-968f-9c0638a36bfd)] {{(pid=91687) get_binding_level_objs /opt/stack/neutron/neutron/plugins/ml2/db.py:75}}
Jun 09 21:54:58.290616 dv-cinder-774286-15-iscsi neutron-server[91687]: DEBUG neutron.notifiers.nova [-] Sending events: [{'server_uuid': 'a34592f8-0e62-4f1b-b982-874b93cd3ae0', 'name': 'network-vif-plugged', 'status': 'completed', 'tag': 'e8900dfc-90ac-4656-a216-97ab4af448a2'}] {{(pid=91687) send_events /opt/stack/neutron/neutron/notifiers/nova.py:262}}
Jun 09 21:54:58.407171 dv-cinder-774286-15-iscsi neutron-server[91685]: DEBUG neutron.api.rpc.handlers.resources_rpc [None req-bce9a83d-949f-4199-b064-b349dcbe44b4 tempest-AttachVolumeShelveTestJSON-1225120923 tempest-AttachVolumeShelveTestJSON-1225120923-project] Pushing event updated for resources: {'Port': ['ID=def14648-5e3d-4296-89fe-6798dadc0157,revision_number=1']} {{(pid=91685) push /opt/stack/neutron/neutron/api/rpc/handlers/resources_rpc.py:237}}
Jun 09 21:54:58.417267 dv-cinder-774286-15-iscsi neutron-server[91685]: DEBUG oslo_concurrency.lockutils [None req-bce9a83d-949f-4199-b064-b349dcbe44b4 tempest-AttachVolumeShelveTestJSON-1225120923 tempest-AttachVolumeShelveTestJSON-1225120923-project] Lock "event-dispatch" released by "neutron.plugins.ml2.ovo_rpc._ObjectChangeHandler.dispatch_events" :: held 0.369s {{(pid=91685) inner /usr/local/lib/python3.8/dist-packages/oslo_concurrency/lockutils.py:367}}
Jun 09 21:54:58.442700 dv-cinder-774286-15-iscsi neutron-server[91685]: DEBUG neutron.pecan_wsgi.hooks.policy_enforcement [req-c87a71dd-9e62-4dc1-9eb3-168d5db1fc3e req-bce9a83d-949f-4199-b064-b349dcbe44b4 tempest-AttachVolumeShelveTestJSON-1225120923 tempest-AttachVolumeShelveTestJSON-1225120923-project] Attributes excluded by policy engine: ['standard_attr_id', 'binding:profile', 'binding:host_id', 'binding:vif_type', 'binding:vif_details', 'network'] {{(pid=91685) _exclude_attributes_by_policy /opt/stack/neutron/neutron/pecan_wsgi/hooks/policy_enforcement.py:255}}
Jun 09 21:54:58.443371 dv-cinder-774286-15-iscsi neutron-server[91685]: DEBUG neutron_lib.callbacks.manager [req-c87a71dd-9e62-4dc1-9eb3-168d5db1fc3e req-bce9a83d-949f-4199-b064-b349dcbe44b4 tempest-AttachVolumeShelveTestJSON-1225120923 tempest-AttachVolumeShelveTestJSON-1225120923-project] Notify callbacks ['neutron.notifiers.nova.Notifier._send_nova_notification-23679', 'neutron.api.rpc.agentnotifiers.dhcp_rpc_agent_api.DhcpAgentNotifyAPI._send_dhcp_notification-8104853'] for port, before_response {{(pid=91685) _notify_loop /usr/local/lib/python3.8/dist-packages/neutron_lib/callbacks/manager.py:192}}
Jun 09 21:54:58.470281 dv-cinder-774286-15-iscsi neutron-server[91687]: DEBUG neutron_lib.callbacks.manager [None req-50365f90-6657-4446-a64d-890983a3fcaf None None] Notify callbacks ['neutron.plugins.ml2.plugin.SecurityGroupServerNotifierRpcMixin.notify_sg_on_port_change-579714', 'neutron.plugins.ml2.ovo_rpc._ObjectChangeHandler.handle_event-46650', 'neutron.api.rpc.agentnotifiers.dhcp_rpc_agent_api.DhcpAgentNotifyAPI._native_event_send_dhcp_notification-8104839', 'neutron.db.l3_db.L3RpcNotifierMixin._notify_gateway_port_ip_changed-8793966373102', 'neutron.db.l3_dvrscheduler_db._notify_l3_agent_port_update-8793966100363', 'neutron.db.l3_hascheduler_db._notify_l3_agent_ha_port_update-8793966100408'] for port, after_update {{(pid=91687) _notify_loop /usr/local/lib/python3.8/dist-packages/neutron_lib/callbacks/manager.py:192}}
Jun 09 21:54:58.475571 dv-cinder-774286-15-iscsi neutron-server[91687]: DEBUG oslo_concurrency.lockutils [None req-a21302fe-d512-4817-b26f-90f886d43c15 None None] Lock "event-dispatch" acquired by "neutron.plugins.ml2.ovo_rpc._ObjectChangeHandler.dispatch_events" :: waited 0.000s {{(pid=91687) inner /usr/local/lib/python3.8/dist-packages/oslo_concurrency/lockutils.py:355}}
Jun 09 21:54:58.502608 dv-cinder-774286-15-iscsi neutron-server[91685]: INFO neutron.wsgi [req-c87a71dd-9e62-4dc1-9eb3-168d5db1fc3e req-bce9a83d-949f-4199-b064-b349dcbe44b4 tempest-AttachVolumeShelveTestJSON-1225120923 tempest-AttachVolumeShelveTestJSON-1225120923-project] 10.222.0.22 "POST /v2.0/ports HTTP/1.1" status: 201 len: 934 time: 1.6017978
Jun 09 21:54:58.521000 dv-cinder-774286-15-iscsi neutron-server[91685]: DEBUG neutron.api.v2.base [req-c87a71dd-9e62-4dc1-9eb3-168d5db1fc3e req-8e687de7-470f-4b20-ac43-1552ec3d661c service neutron] Request body: {'port': {'device_id': 'd1ec0545-c723-4eab-a6b7-df5de3cb2d39', 'device_owner': 'compute:nova', 'binding:host_id': 'hv-cinder-77428'}} {{(pid=91685) prepare_request_body /opt/stack/neutron/neutron/api/v2/base.py:729}}
Jun 09 21:54:58.652914 dv-cinder-774286-15-iscsi neutron-server[91687]: DEBUG neutron.api.rpc.handlers.resources_rpc [None req-50365f90-6657-4446-a64d-890983a3fcaf None None] Pushing event updated for resources: {'Port': ['ID=e8900dfc-90ac-4656-a216-97ab4af448a2,revision_number=5']} {{(pid=91687) push /opt/stack/neutron/neutron/api/rpc/handlers/resources_rpc.py:237}}
Jun 09 21:54:58.675580 dv-cinder-774286-15-iscsi neutron-server[91687]: DEBUG oslo_concurrency.lockutils [None req-50365f90-6657-4446-a64d-890983a3fcaf None None] Lock "event-dispatch" released by "neutron.plugins.ml2.ovo_rpc._ObjectChangeHandler.dispatch_events" :: held 0.200s {{(pid=91687) inner /usr/local/lib/python3.8/dist-packages/oslo_concurrency/lockutils.py:367}}
Jun 09 21:54:58.771462 dv-cinder-774286-15-iscsi neutron-server[91685]: DEBUG neutron.wsgi [-] (91685) accepted ('10.222.0.26', 46578) {{(pid=91685) server /usr/local/lib/python3.8/dist-packages/eventlet/wsgi.py:992}}
Jun 09 21:54:58.785824 dv-cinder-774286-15-iscsi neutron-server[91687]: DEBUG neutron.db.provisioning_blocks [None req-45ab5814-6d68-49c1-a9b2-5008b87114bc None None] Provisioning for port def14648-5e3d-4296-89fe-6798dadc0157 completed by entity DHCP. {{(pid=91687) provisioning_complete /opt/stack/neutron/neutron/db/provisioning_blocks.py:133}}
Jun 09 21:54:58.800135 dv-cinder-774286-15-iscsi neutron-server[91687]: DEBUG neutron.db.provisioning_blocks [None req-45ab5814-6d68-49c1-a9b2-5008b87114bc None None] Provisioning complete for port def14648-5e3d-4296-89fe-6798dadc0157 triggered by entity DHCP. {{(pid=91687) provisioning_complete /opt/stack/neutron/neutron/db/provisioning_blocks.py:139}}
Jun 09 21:54:58.800836 dv-cinder-774286-15-iscsi neutron-server[91687]: DEBUG neutron_lib.callbacks.manager [None req-45ab5814-6d68-49c1-a9b2-5008b87114bc None None] Notify callbacks ['neutron.plugins.ml2.plugin.Ml2Plugin._port_provisioned-526714'] for port, provisioning_complete {{(pid=91687) _notify_loop /usr/local/lib/python3.8/dist-packages/neutron_lib/callbacks/manager.py:192}}
Jun 09 21:54:58.846792 dv-cinder-774286-15-iscsi neutron-server[91685]: DEBUG neutron_lib.callbacks.manager [req-c87a71dd-9e62-4dc1-9eb3-168d5db1fc3e req-8e687de7-470f-4b20-ac43-1552ec3d661c service neutron] Notify callbacks ['neutron.plugins.ml2.plugin.SecurityGroupDbMixin._ensure_default_security_group_handler_port-586691'] for port, before_update {{(pid=91685) _notify_loop /usr/local/lib/python3.8/dist-packages/neutron_lib/callbacks/manager.py:192}}
Jun 09 21:54:58.978601 dv-cinder-774286-15-iscsi neutron-server[91687]: DEBUG neutron.plugins.ml2.plugin [None req-45ab5814-6d68-49c1-a9b2-5008b87114bc None None] Port def14648-5e3d-4296-89fe-6798dadc0157 cannot update to ACTIVE because it is not bound. {{(pid=91687) _port_provisioned /opt/stack/neutron/neutron/plugins/ml2/plugin.py:337}}
Jun 09 21:54:59.010243 dv-cinder-774286-15-iscsi neutron-server[91686]: DEBUG neutron.pecan_wsgi.hooks.policy_enforcement [req-1a15ba85-f7f4-43cf-a39e-72e712855d53 req-2628b905-f24f-4407-973d-7d39b8f07d0b tempest-ServerRescueNegativeTestJSON-1871780366 tempest-ServerRescueNegativeTestJSON-1871780366-project] Attributes excluded by policy engine: ['standard_attr_id', 'vlan_transparent', 'provider:network_type', 'provider:physical_network', 'provider:segmentation_id'] {{(pid=91686) _exclude_attributes_by_policy /opt/stack/neutron/neutron/pecan_wsgi/hooks/policy_enforcement.py:255}}
Jun 09 21:54:59.011659 dv-cinder-774286-15-iscsi neutron-server[91686]: INFO neutron.wsgi [req-1a15ba85-f7f4-43cf-a39e-72e712855d53 req-2628b905-f24f-4407-973d-7d39b8f07d0b tempest-ServerRescueNegativeTestJSON-1871780366 tempest-ServerRescueNegativeTestJSON-1871780366-project] 10.222.0.22 "GET /v2.0/networks?id=61c156ee-d505-40b7-9c18-ed5b1e54b63d HTTP/1.1" status: 200 len: 819 time: 0.7576203
Jun 09 21:54:59.047804 dv-cinder-774286-15-iscsi neutron-server[91686]: DEBUG neutron.api.v2.base [req-1a15ba85-f7f4-43cf-a39e-72e712855d53 req-a6bdcee5-4680-4252-9f73-7a2482852444 tempest-ServerRescueNegativeTestJSON-1871780366 tempest-ServerRescueNegativeTestJSON-1871780366-project] Request body: {'port': {'device_id': 'bde7b03b-eb8d-4f44-99ba-62a521d67e4d', 'network_id': '61c156ee-d505-40b7-9c18-ed5b1e54b63d', 'admin_state_up': True, 'tenant_id': '8152221f216549788f18e74da3fa52e9'}} {{(pid=91686) prepare_request_body /opt/stack/neutron/neutron/api/v2/base.py:729}}
Jun 09 21:54:59.141217 dv-cinder-774286-15-iscsi neutron-server[91687]: DEBUG novaclient.v2.client [-] REQ: curl -g -i --cacert "/opt/stack/data/ca-bundle.pem" -X POST http://10.222.0.26/compute/v2.1/os-server-external-events -H "Accept: application/json" -H "Content-Type: application/json" -H "User-Agent: python-novaclient" -H "X-Auth-Token: {SHA256}072a4893db11db166e3e0e2e7701ad80c17d033bcad93898f845352227b66352" -H "X-OpenStack-Nova-API-Version: 2.1" -H "X-OpenStack-Request-ID: req-dd08c2d4-ca16-449a-987f-351c07ec5482" -d '{"events": [{"server_uuid": "a34592f8-0e62-4f1b-b982-874b93cd3ae0", "name": "network-vif-plugged", "status": "completed", "tag": "e8900dfc-90ac-4656-a216-97ab4af448a2"}]}' {{(pid=91687) _http_log_request /usr/local/lib/python3.8/dist-packages/keystoneauth1/session.py:519}}
Jun 09 21:54:59.204206 dv-cinder-774286-15-iscsi neutron-server[91686]: DEBUG neutron.pecan_wsgi.hooks.policy_enforcement [req-e34b6f2f-131f-47c8-be8c-87a199c6103c req-7ed3f3e7-6bf1-4d2b-b171-134a3af8b14f tempest-DeleteServersTestJSON-1926636302 tempest-DeleteServersTestJSON-1926636302-project] Attributes excluded by policy engine: ['standard_attr_id', 'binding:profile', 'binding:host_id', 'binding:vif_type', 'binding:vif_details'] {{(pid=91686) _exclude_attributes_by_policy /opt/stack/neutron/neutron/pecan_wsgi/hooks/policy_enforcement.py:255}}
Jun 09 21:54:59.204206 dv-cinder-774286-15-iscsi neutron-server[91686]: INFO neutron.wsgi [req-e34b6f2f-131f-47c8-be8c-87a199c6103c req-7ed3f3e7-6bf1-4d2b-b171-134a3af8b14f tempest-DeleteServersTestJSON-1926636302 tempest-DeleteServersTestJSON-1926636302-project] 10.222.0.26 "GET /v2.0/ports?device_id=a34592f8-0e62-4f1b-b982-874b93cd3ae0 HTTP/1.1" status: 200 len: 946 time: 0.6684706
Jun 09 21:54:59.243539 dv-cinder-774286-15-iscsi neutron-server[91686]: DEBUG neutron.notifiers.nova [req-c4d38e27-a3ab-4645-aedf-5cfb34daf75e req-c36e0367-6535-419c-b33b-bce87c108157 service neutron] Ignoring state change previous_port_status: DOWN current_port_status: DOWN port_id 00f53024-8252-4bb1-9fd0-5d154d6e6dd4 {{(pid=91686) record_port_status_changed /opt/stack/neutron/neutron/notifiers/nova.py:224}}
Jun 09 21:54:59.251256 dv-cinder-774286-15-iscsi neutron-server[91686]: DEBUG neutron_lib.callbacks.manager [req-c4d38e27-a3ab-4645-aedf-5cfb34daf75e req-c36e0367-6535-419c-b33b-bce87c108157 service neutron] Notify callbacks [] for port, precommit_update {{(pid=91686) _notify_loop /usr/local/lib/python3.8/dist-packages/neutron_lib/callbacks/manager.py:192}}
Jun 09 21:54:59.283315 dv-cinder-774286-15-iscsi neutron-server[91686]: DEBUG neutron.db.provisioning_blocks [req-c4d38e27-a3ab-4645-aedf-5cfb34daf75e req-c36e0367-6535-419c-b33b-bce87c108157 service neutron] Transition to ACTIVE for port object 00f53024-8252-4bb1-9fd0-5d154d6e6dd4 will not be triggered until provisioned by entity L2. {{(pid=91686) add_provisioning_component /opt/stack/neutron/neutron/db/provisioning_blocks.py:73}}
Jun 09 21:54:59.303098 dv-cinder-774286-15-iscsi neutron-server[91686]: DEBUG neutron.pecan_wsgi.hooks.policy_enforcement [req-416506d7-82dc-4fa2-a97b-7bd5e62032f3 req-d0f39261-9e25-4235-9253-d03b98040854 tempest-AttachVolumeShelveTestJSON-1225120923 tempest-AttachVolumeShelveTestJSON-1225120923-project] Attributes excluded by policy engine: ['standard_attr_id', 'binding:profile', 'binding:host_id', 'binding:vif_type', 'binding:vif_details'] {{(pid=91686) _exclude_attributes_by_policy /opt/stack/neutron/neutron/pecan_wsgi/hooks/policy_enforcement.py:255}}
Jun 09 21:54:59.305403 dv-cinder-774286-15-iscsi neutron-server[91686]: INFO neutron.wsgi [req-416506d7-82dc-4fa2-a97b-7bd5e62032f3 req-d0f39261-9e25-4235-9253-d03b98040854 tempest-AttachVolumeShelveTestJSON-1225120923 tempest-AttachVolumeShelveTestJSON-1225120923-project] 10.222.0.26 "GET /v2.0/ports?device_id=d1ec0545-c723-4eab-a6b7-df5de3cb2d39 HTTP/1.1" status: 200 len: 932 time: 0.5230463
Jun 09 21:54:59.343629 dv-cinder-774286-15-iscsi neutron-server[91686]: DEBUG neutron_lib.callbacks.manager [req-c4d38e27-a3ab-4645-aedf-5cfb34daf75e req-c36e0367-6535-419c-b33b-bce87c108157 service neutron] Notify callbacks ['neutron.plugins.ml2.plugin.SecurityGroupServerNotifierRpcMixin.notify_sg_on_port_change-579714', 'neutron.plugins.ml2.ovo_rpc._ObjectChangeHandler.handle_event-46650', 'neutron.api.rpc.agentnotifiers.dhcp_rpc_agent_api.DhcpAgentNotifyAPI._native_event_send_dhcp_notification-8104839', 'neutron.db.l3_db.L3RpcNotifierMixin._notify_gateway_port_ip_changed-8793966373102', 'neutron.db.l3_dvrscheduler_db._notify_l3_agent_port_update-8793966100363', 'neutron.db.l3_hascheduler_db._notify_l3_agent_ha_port_update-8793966100408'] for port, after_update {{(pid=91686) _notify_loop /usr/local/lib/python3.8/dist-packages/neutron_lib/callbacks/manager.py:192}}
Jun 09 21:54:59.371705 dv-cinder-774286-15-iscsi neutron-server[91686]: DEBUG oslo_concurrency.lockutils [-] Lock "event-dispatch" acquired by "neutron.plugins.ml2.ovo_rpc._ObjectChangeHandler.dispatch_events" :: waited 0.000s {{(pid=91686) inner /usr/local/lib/python3.8/dist-packages/oslo_concurrency/lockutils.py:355}}
Jun 09 21:54:59.449773 dv-cinder-774286-15-iscsi neutron-server[91686]: DEBUG neutron.api.rpc.handlers.resources_rpc [None req-c36e0367-6535-419c-b33b-bce87c108157 service neutron] Pushing event updated for resources: {'Port': ['ID=00f53024-8252-4bb1-9fd0-5d154d6e6dd4,revision_number=2']} {{(pid=91686) push /opt/stack/neutron/neutron/api/rpc/handlers/resources_rpc.py:237}}
Jun 09 21:54:59.463640 dv-cinder-774286-15-iscsi neutron-server[91686]: DEBUG oslo_concurrency.lockutils [None req-c36e0367-6535-419c-b33b-bce87c108157 service neutron] Lock "event-dispatch" released by "neutron.plugins.ml2.ovo_rpc._ObjectChangeHandler.dispatch_events" :: held 0.092s {{(pid=91686) inner /usr/local/lib/python3.8/dist-packages/oslo_concurrency/lockutils.py:367}}
Jun 09 21:54:59.498538 dv-cinder-774286-15-iscsi neutron-server[91686]: DEBUG neutron.wsgi [-] (91686) accepted ('10.222.0.22', 57051) {{(pid=91686) server /usr/local/lib/python3.8/dist-packages/eventlet/wsgi.py:992}}
Jun 09 21:54:59.501569 dv-cinder-774286-15-iscsi neutron-server[91686]: INFO neutron.wsgi [req-416506d7-82dc-4fa2-a97b-7bd5e62032f3 req-8ae309b8-61aa-4d1f-8977-24c479bec917 tempest-AttachVolumeShelveTestJSON-1225120923 tempest-AttachVolumeShelveTestJSON-1225120923-project] 10.222.0.26 "GET /v2.0/security-groups?id=c9e32f3f-bdf4-4b44-bf1f-4be88e49553e&fields=id&fields=name HTTP/1.1" status: 200 len: 312 time: 0.1758730
Jun 09 21:54:59.610546 dv-cinder-774286-15-iscsi neutron-server[91685]: DEBUG neutron_lib.callbacks.manager [None req-980ed9c2-05e5-4202-a457-4d1c50970bd5 admin admin] Notify callbacks [] for security_group, before_create {{(pid=91685) _notify_loop /usr/local/lib/python3.8/dist-packages/neutron_lib/callbacks/manager.py:192}}
Jun 09 21:54:59.667041 dv-cinder-774286-15-iscsi neutron-server[91686]: INFO neutron.wsgi [req-e34b6f2f-131f-47c8-be8c-87a199c6103c req-d95a8027-eaac-473c-a275-7743d1846b5e tempest-DeleteServersTestJSON-1926636302 tempest-DeleteServersTestJSON-1926636302-project] 10.222.0.26 "GET /v2.0/security-groups?id=1b97b2dd-d26e-4497-a71d-82455e0e3bc4&fields=id&fields=name HTTP/1.1" status: 200 len: 286 time: 0.3551636
Jun 09 21:54:59.760012 dv-cinder-774286-15-iscsi neutron-server[91685]: DEBUG neutron_lib.callbacks.manager [None req-980ed9c2-05e5-4202-a457-4d1c50970bd5 admin admin] Notify callbacks [] for security_group, precommit_create {{(pid=91685) _notify_loop /usr/local/lib/python3.8/dist-packages/neutron_lib/callbacks/manager.py:192}}
Jun 09 21:54:59.763189 dv-cinder-774286-15-iscsi neutron-server[91685]: DEBUG neutron.notifiers.nova [req-c87a71dd-9e62-4dc1-9eb3-168d5db1fc3e req-8e687de7-470f-4b20-ac43-1552ec3d661c service neutron] Ignoring state change previous_port_status: DOWN current_port_status: DOWN port_id def14648-5e3d-4296-89fe-6798dadc0157 {{(pid=91685) record_port_status_changed /opt/stack/neutron/neutron/notifiers/nova.py:224}}
Jun 09 21:54:59.772013 dv-cinder-774286-15-iscsi neutron-server[91685]: DEBUG neutron_lib.callbacks.manager [None req-980ed9c2-05e5-4202-a457-4d1c50970bd5 admin admin] Notify callbacks ['neutron.plugins.ml2.ovo_rpc._ObjectChangeHandler.handle_event-7996173'] for security_group, after_create {{(pid=91685) _notify_loop /usr/local/lib/python3.8/dist-packages/neutron_lib/callbacks/manager.py:192}}
Jun 09 21:54:59.783945 dv-cinder-774286-15-iscsi neutron-server[91685]: DEBUG neutron_lib.callbacks.manager [req-c87a71dd-9e62-4dc1-9eb3-168d5db1fc3e req-8e687de7-470f-4b20-ac43-1552ec3d661c service neutron] Notify callbacks [] for port, precommit_update {{(pid=91685) _notify_loop /usr/local/lib/python3.8/dist-packages/neutron_lib/callbacks/manager.py:192}}
Jun 09 21:54:59.787323 dv-cinder-774286-15-iscsi neutron-server[91685]: DEBUG oslo_concurrency.lockutils [-] Lock "event-dispatch" acquired by "neutron.plugins.ml2.ovo_rpc._ObjectChangeHandler.dispatch_events" :: waited 0.000s {{(pid=91685) inner /usr/local/lib/python3.8/dist-packages/oslo_concurrency/lockutils.py:355}}
Jun 09 21:54:59.829767 dv-cinder-774286-15-iscsi neutron-server[91685]: DEBUG neutron.db.provisioning_blocks [req-c87a71dd-9e62-4dc1-9eb3-168d5db1fc3e req-8e687de7-470f-4b20-ac43-1552ec3d661c service neutron] Transition to ACTIVE for port object def14648-5e3d-4296-89fe-6798dadc0157 will not be triggered until provisioned by entity L2. {{(pid=91685) add_provisioning_component /opt/stack/neutron/neutron/db/provisioning_blocks.py:73}}
Jun 09 21:54:59.840223 dv-cinder-774286-15-iscsi neutron-server[91686]: INFO neutron.wsgi [req-a7b08245-308c-478b-99b8-76cddb4b6a80 req-68067159-c2e7-4502-86e9-f2923894ff12 tempest-AttachVolumeTestJSON-1223222168 tempest-AttachVolumeTestJSON-1223222168-project] 10.222.0.26 "GET /v2.0/ports?device_id=b0063c1c-1033-4e9d-a39f-f5b4515fabbb HTTP/1.1" status: 200 len: 210 time: 0.0718169
Jun 09 21:54:59.842383 dv-cinder-774286-15-iscsi neutron-server[91685]: DEBUG neutron_lib.callbacks.manager [req-c87a71dd-9e62-4dc1-9eb3-168d5db1fc3e req-8e687de7-470f-4b20-ac43-1552ec3d661c service neutron] Notify callbacks ['neutron.plugins.ml2.plugin.SecurityGroupServerNotifierRpcMixin.notify_sg_on_port_change-579714', 'neutron.plugins.ml2.ovo_rpc._ObjectChangeHandler.handle_event-46650', 'neutron.api.rpc.agentnotifiers.dhcp_rpc_agent_api.DhcpAgentNotifyAPI._native_event_send_dhcp_notification-8104839', 'neutron.db.l3_db.L3RpcNotifierMixin._notify_gateway_port_ip_changed-8793966373102', 'neutron.db.l3_dvrscheduler_db._notify_l3_agent_port_update-8793966100363', 'neutron.db.l3_hascheduler_db._notify_l3_agent_ha_port_update-8793966100408', 'neutron.services.segments.plugin.NovaSegmentNotifier._notify_port_updated-6023320'] for port, after_update {{(pid=91685) _notify_loop /usr/local/lib/python3.8/dist-packages/neutron_lib/callbacks/manager.py:192}}
