Feb 21 04:14:44.943010 dv-cinder-773985-36-iscsi devstack@c-api.service[109724]: DEBUG oslo_db.sqlalchemy.engines [None req-fb35f3c6-e75b-4403-b826-db88ff7e139d tempest-GroupsTest-1904922694 tempest-GroupsTest-1904922694-project] MySQL server mode set to STRICT_TRANS_TABLES,STRICT_ALL_TABLES,NO_ZERO_IN_DATE,NO_ZERO_DATE,ERROR_FOR_DIVISION_BY_ZERO,TRADITIONAL,NO_ENGINE_SUBSTITUTION {{(pid=109724) _check_effective_sql_mode /usr/local/lib/python3.8/dist-packages/oslo_db/sqlalchemy/engines.py:314}}
Feb 21 04:14:44.946398 dv-cinder-773985-36-iscsi devstack@c-api.service[109724]: /usr/local/lib/python3.8/dist-packages/oslo_context/context.py:105: DeprecationWarning: Policy enforcement is depending on the value of is_admin. This key is deprecated. Please update your policy file to use the standard policy values.
Feb 21 04:14:44.946398 dv-cinder-773985-36-iscsi devstack@c-api.service[109724]: warnings.warn('Policy enforcement is depending on the value of '
Feb 21 04:14:44.963391 dv-cinder-773985-36-iscsi devstack@c-api.service[109723]: DEBUG oslo_db.sqlalchemy.engines [None req-525f027e-4faf-485b-99dd-dcdcb1414a7e tempest-GroupSnapshotsTest-855471128 tempest-GroupSnapshotsTest-855471128-project] MySQL server mode set to STRICT_TRANS_TABLES,STRICT_ALL_TABLES,NO_ZERO_IN_DATE,NO_ZERO_DATE,ERROR_FOR_DIVISION_BY_ZERO,TRADITIONAL,NO_ENGINE_SUBSTITUTION {{(pid=109723) _check_effective_sql_mode /usr/local/lib/python3.8/dist-packages/oslo_db/sqlalchemy/engines.py:314}}
Feb 21 04:14:44.965932 dv-cinder-773985-36-iscsi devstack@c-api.service[109724]: INFO cinder.api.openstack.wsgi [None req-fb35f3c6-e75b-4403-b826-db88ff7e139d tempest-GroupsTest-1904922694 tempest-GroupsTest-1904922694-project] http://10.222.0.10/volume/v3/bf060b41440e489294ef4d3cb577c18b/volumes/detail returned with HTTP 200
Feb 21 04:14:44.966731 dv-cinder-773985-36-iscsi devstack@c-api.service[109724]: [pid: 109724|app: 0|req: 129/271] 10.222.0.10 () {60 vars in 1275 bytes} [Mon Feb 21 04:14:44 2022] GET /volume/v3/bf060b41440e489294ef4d3cb577c18b/volumes/detail => generated 1961 bytes in 174 msecs (HTTP/1.1 200) 7 headers in 287 bytes (2 switches on core 0)
Feb 21 04:14:44.971013 dv-cinder-773985-36-iscsi devstack@c-api.service[109723]: /usr/local/lib/python3.8/dist-packages/oslo_context/context.py:105: DeprecationWarning: Policy enforcement is depending on the value of is_admin. This key is deprecated. Please update your policy file to use the standard policy values.
Feb 21 04:14:44.971013 dv-cinder-773985-36-iscsi devstack@c-api.service[109723]: warnings.warn('Policy enforcement is depending on the value of '
Feb 21 04:14:44.986550 dv-cinder-773985-36-iscsi devstack@c-api.service[109724]: INFO cinder.api.openstack.wsgi [None req-84be3412-a7c0-4b0f-abfd-9f35b72c98a2 tempest-GroupsTest-1904922694 tempest-GroupsTest-1904922694-project] POST http://10.222.0.10/volume/v3/bf060b41440e489294ef4d3cb577c18b/groups/f15dcc73-ea5b-43d7-a295-c151b4f5596f/action
Feb 21 04:14:44.987860 dv-cinder-773985-36-iscsi devstack@c-api.service[109724]: DEBUG cinder.api.openstack.wsgi [None req-84be3412-a7c0-4b0f-abfd-9f35b72c98a2 tempest-GroupsTest-1904922694 tempest-GroupsTest-1904922694-project] Action body: b'{"delete": {"delete-volumes": true}}' {{(pid=109724) get_method /opt/stack/cinder/cinder/api/openstack/wsgi.py:983}}
Feb 21 04:14:44.988258 dv-cinder-773985-36-iscsi devstack@c-api.service[109724]: DEBUG cinder.api.openstack.wsgi [None req-84be3412-a7c0-4b0f-abfd-9f35b72c98a2 tempest-GroupsTest-1904922694 tempest-GroupsTest-1904922694-project] Action: 'action', calling method: delete_group, body: {"delete": {"delete-volumes": true}} {{(pid=109724) _process_stack /opt/stack/cinder/cinder/api/openstack/wsgi.py:866}}
Feb 21 04:14:44.989337 dv-cinder-773985-36-iscsi devstack@c-api.service[109724]: DEBUG cinder.api.v3.groups [None req-84be3412-a7c0-4b0f-abfd-9f35b72c98a2 tempest-GroupsTest-1904922694 tempest-GroupsTest-1904922694-project] delete called for group f15dcc73-ea5b-43d7-a295-c151b4f5596f {{(pid=109724) _delete /opt/stack/cinder/cinder/api/v3/groups.py:117}}
Feb 21 04:14:44.989915 dv-cinder-773985-36-iscsi devstack@c-api.service[109724]: INFO cinder.api.v3.groups [None req-84be3412-a7c0-4b0f-abfd-9f35b72c98a2 tempest-GroupsTest-1904922694 tempest-GroupsTest-1904922694-project] Delete group with id: f15dcc73-ea5b-43d7-a295-c151b4f5596f
Feb 21 04:14:44.992916 dv-cinder-773985-36-iscsi devstack@c-api.service[109723]: INFO cinder.api.openstack.wsgi [None req-525f027e-4faf-485b-99dd-dcdcb1414a7e tempest-GroupSnapshotsTest-855471128 tempest-GroupSnapshotsTest-855471128-project] http://10.222.0.10/volume/v3/bb0058c0bcb1421091f1e84cb39d82c2/volumes/detail returned with HTTP 200
Feb 21 04:14:44.998266 dv-cinder-773985-36-iscsi devstack@c-api.service[109723]: [pid: 109723|app: 0|req: 143/272] 10.222.0.10 () {60 vars in 1275 bytes} [Mon Feb 21 04:14:44 2022] GET /volume/v3/bb0058c0bcb1421091f1e84cb39d82c2/volumes/detail => generated 1004 bytes in 190 msecs (HTTP/1.1 200) 7 headers in 287 bytes (1 switches on core 0)
Feb 21 04:14:45.008328 dv-cinder-773985-36-iscsi devstack@c-api.service[109724]: /usr/local/lib/python3.8/dist-packages/oslo_context/context.py:105: DeprecationWarning: Policy enforcement is depending on the value of is_admin. This key is deprecated. Please update your policy file to use the standard policy values.
Feb 21 04:14:45.008328 dv-cinder-773985-36-iscsi devstack@c-api.service[109724]: warnings.warn('Policy enforcement is depending on the value of '
Feb 21 04:14:45.009666 dv-cinder-773985-36-iscsi devstack@c-api.service[109723]: INFO cinder.api.openstack.wsgi [None req-15331443-87db-44dd-a823-a8c45843eb9b tempest-GroupSnapshotsTest-855471128 tempest-GroupSnapshotsTest-855471128-project] POST http://10.222.0.10/volume/v3/bb0058c0bcb1421091f1e84cb39d82c2/groups/5a5bd3a3-acc3-4b25-873d-6cdaf52d3c02/action
Feb 21 04:14:45.010424 dv-cinder-773985-36-iscsi devstack@c-api.service[109723]: DEBUG cinder.api.openstack.wsgi [None req-15331443-87db-44dd-a823-a8c45843eb9b tempest-GroupSnapshotsTest-855471128 tempest-GroupSnapshotsTest-855471128-project] Action body: b'{"delete": {"delete-volumes": true}}' {{(pid=109723) get_method /opt/stack/cinder/cinder/api/openstack/wsgi.py:983}}
Feb 21 04:14:45.010865 dv-cinder-773985-36-iscsi devstack@c-api.service[109723]: DEBUG cinder.api.openstack.wsgi [None req-15331443-87db-44dd-a823-a8c45843eb9b tempest-GroupSnapshotsTest-855471128 tempest-GroupSnapshotsTest-855471128-project] Action: 'action', calling method: delete_group, body: {"delete": {"delete-volumes": true}} {{(pid=109723) _process_stack /opt/stack/cinder/cinder/api/openstack/wsgi.py:866}}
Feb 21 04:14:45.011526 dv-cinder-773985-36-iscsi devstack@c-api.service[109723]: DEBUG cinder.api.v3.groups [None req-15331443-87db-44dd-a823-a8c45843eb9b tempest-GroupSnapshotsTest-855471128 tempest-GroupSnapshotsTest-855471128-project] delete called for group 5a5bd3a3-acc3-4b25-873d-6cdaf52d3c02 {{(pid=109723) _delete /opt/stack/cinder/cinder/api/v3/groups.py:117}}
Feb 21 04:14:45.011808 dv-cinder-773985-36-iscsi devstack@c-api.service[109723]: INFO cinder.api.v3.groups [None req-15331443-87db-44dd-a823-a8c45843eb9b tempest-GroupSnapshotsTest-855471128 tempest-GroupSnapshotsTest-855471128-project] Delete group with id: 5a5bd3a3-acc3-4b25-873d-6cdaf52d3c02
Feb 21 04:14:45.029279 dv-cinder-773985-36-iscsi devstack@c-api.service[109723]: /usr/local/lib/python3.8/dist-packages/oslo_context/context.py:105: DeprecationWarning: Policy enforcement is depending on the value of is_admin. This key is deprecated. Please update your policy file to use the standard policy values.
Feb 21 04:14:45.029279 dv-cinder-773985-36-iscsi devstack@c-api.service[109723]: warnings.warn('Policy enforcement is depending on the value of '
Feb 21 04:14:45.117254 dv-cinder-773985-36-iscsi devstack@c-api.service[109724]: INFO cinder.api.openstack.wsgi [None req-84be3412-a7c0-4b0f-abfd-9f35b72c98a2 tempest-GroupsTest-1904922694 tempest-GroupsTest-1904922694-project] http://10.222.0.10/volume/v3/bf060b41440e489294ef4d3cb577c18b/groups/f15dcc73-ea5b-43d7-a295-c151b4f5596f/action returned with HTTP 202
Feb 21 04:14:45.118943 dv-cinder-773985-36-iscsi devstack@c-api.service[109724]: [pid: 109724|app: 0|req: 130/273] 10.222.0.10 () {62 vars in 1404 bytes} [Mon Feb 21 04:14:44 2022] POST /volume/v3/bf060b41440e489294ef4d3cb577c18b/groups/f15dcc73-ea5b-43d7-a295-c151b4f5596f/action => generated 0 bytes in 139 msecs (HTTP/1.1 202) 6 headers in 234 bytes (1 switches on core 0)
Feb 21 04:14:45.132278 dv-cinder-773985-36-iscsi devstack@c-api.service[109724]: INFO cinder.api.openstack.wsgi [None req-e9103fdb-e029-4068-ad5a-119127b260a7 tempest-GroupsTest-1904922694 tempest-GroupsTest-1904922694-project] GET http://10.222.0.10/volume/v3/bf060b41440e489294ef4d3cb577c18b/volumes/c6334f38-a7c2-4df9-a870-2f3b86e9255f
Feb 21 04:14:45.132805 dv-cinder-773985-36-iscsi devstack@c-api.service[109723]: INFO cinder.api.openstack.wsgi [None req-15331443-87db-44dd-a823-a8c45843eb9b tempest-GroupSnapshotsTest-855471128 tempest-GroupSnapshotsTest-855471128-project] http://10.222.0.10/volume/v3/bb0058c0bcb1421091f1e84cb39d82c2/groups/5a5bd3a3-acc3-4b25-873d-6cdaf52d3c02/action returned with HTTP 202
Feb 21 04:14:45.134608 dv-cinder-773985-36-iscsi devstack@c-api.service[109723]: [pid: 109723|app: 0|req: 144/274] 10.222.0.10 () {62 vars in 1404 bytes} [Mon Feb 21 04:14:45 2022] POST /volume/v3/bb0058c0bcb1421091f1e84cb39d82c2/groups/5a5bd3a3-acc3-4b25-873d-6cdaf52d3c02/action => generated 0 bytes in 129 msecs (HTTP/1.1 202) 6 headers in 234 bytes (2 switches on core 0)
Feb 21 04:14:45.134720 dv-cinder-773985-36-iscsi devstack@c-api.service[109724]: DEBUG cinder.api.openstack.wsgi [None req-e9103fdb-e029-4068-ad5a-119127b260a7 tempest-GroupsTest-1904922694 tempest-GroupsTest-1904922694-project] Empty body provided in request {{(pid=109724) get_body /opt/stack/cinder/cinder/api/openstack/wsgi.py:715}}
Feb 21 04:14:45.136157 dv-cinder-773985-36-iscsi devstack@c-api.service[109724]: DEBUG cinder.api.openstack.wsgi [None req-e9103fdb-e029-4068-ad5a-119127b260a7 tempest-GroupsTest-1904922694 tempest-GroupsTest-1904922694-project] Calling method 'show' {{(pid=109724) _process_stack /opt/stack/cinder/cinder/api/openstack/wsgi.py:868}}
Feb 21 04:14:45.143504 dv-cinder-773985-36-iscsi devstack@c-api.service[109723]: INFO cinder.api.openstack.wsgi [None req-8c1e68fa-6cfb-4e60-893b-3f491d519511 tempest-GroupSnapshotsTest-855471128 tempest-GroupSnapshotsTest-855471128-project] GET http://10.222.0.10/volume/v3/bb0058c0bcb1421091f1e84cb39d82c2/volumes/ef0e703c-4733-42f2-8e48-42dc29020b44
Feb 21 04:14:45.144262 dv-cinder-773985-36-iscsi devstack@c-api.service[109723]: DEBUG cinder.api.openstack.wsgi [None req-8c1e68fa-6cfb-4e60-893b-3f491d519511 tempest-GroupSnapshotsTest-855471128 tempest-GroupSnapshotsTest-855471128-project] Empty body provided in request {{(pid=109723) get_body /opt/stack/cinder/cinder/api/openstack/wsgi.py:715}}
Feb 21 04:14:45.146193 dv-cinder-773985-36-iscsi devstack@c-api.service[109723]: DEBUG cinder.api.openstack.wsgi [None req-8c1e68fa-6cfb-4e60-893b-3f491d519511 tempest-GroupSnapshotsTest-855471128 tempest-GroupSnapshotsTest-855471128-project] Calling method 'show' {{(pid=109723) _process_stack /opt/stack/cinder/cinder/api/openstack/wsgi.py:868}}
Feb 21 04:14:45.165022 dv-cinder-773985-36-iscsi devstack@c-api.service[109724]: /usr/local/lib/python3.8/dist-packages/oslo_context/context.py:105: DeprecationWarning: Policy enforcement is depending on the value of is_admin. This key is deprecated. Please update your policy file to use the standard policy values.
Feb 21 04:14:45.165022 dv-cinder-773985-36-iscsi devstack@c-api.service[109724]: warnings.warn('Policy enforcement is depending on the value of '
Feb 21 04:14:45.171332 dv-cinder-773985-36-iscsi devstack@c-api.service[109723]: /usr/local/lib/python3.8/dist-packages/oslo_context/context.py:105: DeprecationWarning: Policy enforcement is depending on the value of is_admin. This key is deprecated. Please update your policy file to use the standard policy values.
Feb 21 04:14:45.171332 dv-cinder-773985-36-iscsi devstack@c-api.service[109723]: warnings.warn('Policy enforcement is depending on the value of '
Feb 21 04:14:45.174753 dv-cinder-773985-36-iscsi devstack@c-api.service[109724]: INFO cinder.volume.api [None req-e9103fdb-e029-4068-ad5a-119127b260a7 tempest-GroupsTest-1904922694 tempest-GroupsTest-1904922694-project] Volume info retrieved successfully.
Feb 21 04:14:45.182009 dv-cinder-773985-36-iscsi devstack@c-api.service[109723]: INFO cinder.volume.api [None req-8c1e68fa-6cfb-4e60-893b-3f491d519511 tempest-GroupSnapshotsTest-855471128 tempest-GroupSnapshotsTest-855471128-project] Volume info retrieved successfully.
Feb 21 04:14:45.182820 dv-cinder-773985-36-iscsi devstack@c-api.service[109724]: WARNING stevedore.named [None req-e9103fdb-e029-4068-ad5a-119127b260a7 tempest-GroupsTest-1904922694 tempest-GroupsTest-1904922694-project] Could not load cinder.keymgr.conf_key_mgr.ConfKeyManager
Feb 21 04:14:45.183344 dv-cinder-773985-36-iscsi devstack@c-api.service[109724]: WARNING castellan.key_manager [None req-e9103fdb-e029-4068-ad5a-119127b260a7 tempest-GroupsTest-1904922694 tempest-GroupsTest-1904922694-project] Deprecation Warning : cinder.keymgr.conf_key_mgr.ConfKeyManager is not a stevedore based driver, trying to load it as a class: stevedore.exception.NoMatches: No 'castellan.drivers' driver found, looking for 'cinder.keymgr.conf_key_mgr.ConfKeyManager'
Feb 21 04:14:45.184786 dv-cinder-773985-36-iscsi devstack@c-api.service[109723]: WARNING stevedore.named [None req-8c1e68fa-6cfb-4e60-893b-3f491d519511 tempest-GroupSnapshotsTest-855471128 tempest-GroupSnapshotsTest-855471128-project] Could not load cinder.keymgr.conf_key_mgr.ConfKeyManager
Feb 21 04:14:45.185384 dv-cinder-773985-36-iscsi devstack@c-api.service[109723]: WARNING castellan.key_manager [None req-8c1e68fa-6cfb-4e60-893b-3f491d519511 tempest-GroupSnapshotsTest-855471128 tempest-GroupSnapshotsTest-855471128-project] Deprecation Warning : cinder.keymgr.conf_key_mgr.ConfKeyManager is not a stevedore based driver, trying to load it as a class: stevedore.exception.NoMatches: No 'castellan.drivers' driver found, looking for 'cinder.keymgr.conf_key_mgr.ConfKeyManager'
Feb 21 04:14:45.199122 dv-cinder-773985-36-iscsi devstack@c-api.service[109723]: DEBUG oslo_db.sqlalchemy.engines [None req-8c1e68fa-6cfb-4e60-893b-3f491d519511 tempest-GroupSnapshotsTest-855471128 tempest-GroupSnapshotsTest-855471128-project] MySQL server mode set to STRICT_TRANS_TABLES,STRICT_ALL_TABLES,NO_ZERO_IN_DATE,NO_ZERO_DATE,ERROR_FOR_DIVISION_BY_ZERO,TRADITIONAL,NO_ENGINE_SUBSTITUTION {{(pid=109723) _check_effective_sql_mode /usr/local/lib/python3.8/dist-packages/oslo_db/sqlalchemy/engines.py:314}}
Feb 21 04:14:45.207449 dv-cinder-773985-36-iscsi devstack@c-api.service[109724]: DEBUG oslo_db.sqlalchemy.engines [None req-e9103fdb-e029-4068-ad5a-119127b260a7 tempest-GroupsTest-1904922694 tempest-GroupsTest-1904922694-project] MySQL server mode set to STRICT_TRANS_TABLES,STRICT_ALL_TABLES,NO_ZERO_IN_DATE,NO_ZERO_DATE,ERROR_FOR_DIVISION_BY_ZERO,TRADITIONAL,NO_ENGINE_SUBSTITUTION {{(pid=109724) _check_effective_sql_mode /usr/local/lib/python3.8/dist-packages/oslo_db/sqlalchemy/engines.py:314}}
Feb 21 04:14:45.213461 dv-cinder-773985-36-iscsi devstack@c-api.service[109723]: /usr/local/lib/python3.8/dist-packages/oslo_context/context.py:105: DeprecationWarning: Policy enforcement is depending on the value of is_admin. This key is deprecated. Please update your policy file to use the standard policy values.
Feb 21 04:14:45.213461 dv-cinder-773985-36-iscsi devstack@c-api.service[109723]: warnings.warn('Policy enforcement is depending on the value of '
Feb 21 04:14:45.213880 dv-cinder-773985-36-iscsi devstack@c-api.service[109724]: /usr/local/lib/python3.8/dist-packages/oslo_context/context.py:105: DeprecationWarning: Policy enforcement is depending on the value of is_admin. This key is deprecated. Please update your policy file to use the standard policy values.
Feb 21 04:14:45.213880 dv-cinder-773985-36-iscsi devstack@c-api.service[109724]: warnings.warn('Policy enforcement is depending on the value of '
Feb 21 04:14:45.239562 dv-cinder-773985-36-iscsi devstack@c-api.service[109724]: INFO cinder.api.openstack.wsgi [None req-e9103fdb-e029-4068-ad5a-119127b260a7 tempest-GroupsTest-1904922694 tempest-GroupsTest-1904922694-project] http://10.222.0.10/volume/v3/bf060b41440e489294ef4d3cb577c18b/volumes/c6334f38-a7c2-4df9-a870-2f3b86e9255f returned with HTTP 200
Feb 21 04:14:45.240471 dv-cinder-773985-36-iscsi devstack@c-api.service[109724]: [pid: 109724|app: 0|req: 131/275] 10.222.0.10 () {60 vars in 1365 bytes} [Mon Feb 21 04:14:45 2022] GET /volume/v3/bf060b41440e489294ef4d3cb577c18b/volumes/c6334f38-a7c2-4df9-a870-2f3b86e9255f => generated 983 bytes in 117 msecs (HTTP/1.1 200) 7 headers in 286 bytes (1 switches on core 0)
Feb 21 04:14:45.243724 dv-cinder-773985-36-iscsi devstack@c-api.service[109723]: INFO cinder.api.openstack.wsgi [None req-8c1e68fa-6cfb-4e60-893b-3f491d519511 tempest-GroupSnapshotsTest-855471128 tempest-GroupSnapshotsTest-855471128-project] http://10.222.0.10/volume/v3/bb0058c0bcb1421091f1e84cb39d82c2/volumes/ef0e703c-4733-42f2-8e48-42dc29020b44 returned with HTTP 200
Feb 21 04:14:45.244457 dv-cinder-773985-36-iscsi devstack@c-api.service[109723]: [pid: 109723|app: 0|req: 145/276] 10.222.0.10 () {60 vars in 1365 bytes} [Mon Feb 21 04:14:45 2022] GET /volume/v3/bb0058c0bcb1421091f1e84cb39d82c2/volumes/ef0e703c-4733-42f2-8e48-42dc29020b44 => generated 1000 bytes in 106 msecs (HTTP/1.1 200) 7 headers in 287 bytes (2 switches on core 0)
Feb 21 04:14:45.722535 dv-cinder-773985-36-iscsi devstack@c-api.service[109724]: INFO cinder.api.openstack.wsgi [None req-d812a89e-cfd5-41cf-bf23-8740750497a6 tempest-VolumesMetadataTest-1032090691 tempest-VolumesMetadataTest-1032090691-project] GET http://10.222.0.10/volume/v3/135d0df0ac20485e85e66b42b26d1680/volumes/cfe49bbf-6947-4e91-abc5-8f1cd1288e58
Feb 21 04:14:45.723652 dv-cinder-773985-36-iscsi devstack@c-api.service[109724]: DEBUG cinder.api.openstack.wsgi [None req-d812a89e-cfd5-41cf-bf23-8740750497a6 tempest-VolumesMetadataTest-1032090691 tempest-VolumesMetadataTest-1032090691-project] Empty body provided in request {{(pid=109724) get_body /opt/stack/cinder/cinder/api/openstack/wsgi.py:715}}
Feb 21 04:14:45.724276 dv-cinder-773985-36-iscsi devstack@c-api.service[109724]: DEBUG cinder.api.openstack.wsgi [None req-d812a89e-cfd5-41cf-bf23-8740750497a6 tempest-VolumesMetadataTest-1032090691 tempest-VolumesMetadataTest-1032090691-project] Calling method 'show' {{(pid=109724) _process_stack /opt/stack/cinder/cinder/api/openstack/wsgi.py:868}}
Feb 21 04:14:45.743490 dv-cinder-773985-36-iscsi devstack@c-api.service[109724]: INFO cinder.api.openstack.wsgi [None req-d812a89e-cfd5-41cf-bf23-8740750497a6 tempest-VolumesMetadataTest-1032090691 tempest-VolumesMetadataTest-1032090691-project] http://10.222.0.10/volume/v3/135d0df0ac20485e85e66b42b26d1680/volumes/cfe49bbf-6947-4e91-abc5-8f1cd1288e58 returned with HTTP 404
Feb 21 04:14:45.745227 dv-cinder-773985-36-iscsi devstack@c-api.service[109724]: [pid: 109724|app: 0|req: 132/277] 10.222.0.10 () {58 vars in 1324 bytes} [Mon Feb 21 04:14:45 2022] GET /volume/v3/135d0df0ac20485e85e66b42b26d1680/volumes/cfe49bbf-6947-4e91-abc5-8f1cd1288e58 => generated 109 bytes in 30 msecs (HTTP/1.1 404) 7 headers in 292 bytes (1 switches on core 0)
Feb 21 04:14:46.264779 dv-cinder-773985-36-iscsi devstack@c-api.service[109723]: INFO cinder.api.openstack.wsgi [None req-2bf39d8f-c617-44c6-88a3-8e1ce7f8c3e3 tempest-GroupsTest-1904922694 tempest-GroupsTest-1904922694-project] GET http://10.222.0.10/volume/v3/bf060b41440e489294ef4d3cb577c18b/volumes/c6334f38-a7c2-4df9-a870-2f3b86e9255f
Feb 21 04:14:46.265335 dv-cinder-773985-36-iscsi devstack@c-api.service[109723]: DEBUG cinder.api.openstack.wsgi [None req-2bf39d8f-c617-44c6-88a3-8e1ce7f8c3e3 tempest-GroupsTest-1904922694 tempest-GroupsTest-1904922694-project] Empty body provided in request {{(pid=109723) get_body /opt/stack/cinder/cinder/api/openstack/wsgi.py:715}}
Feb 21 04:14:46.265707 dv-cinder-773985-36-iscsi devstack@c-api.service[109724]: INFO cinder.api.openstack.wsgi [None req-53ebab7b-78bb-4221-ba33-352b37a88ef0 tempest-GroupSnapshotsTest-855471128 tempest-GroupSnapshotsTest-855471128-project] GET http://10.222.0.10/volume/v3/bb0058c0bcb1421091f1e84cb39d82c2/volumes/ef0e703c-4733-42f2-8e48-42dc29020b44
Feb 21 04:14:46.265916 dv-cinder-773985-36-iscsi devstack@c-api.service[109723]: DEBUG cinder.api.openstack.wsgi [None req-2bf39d8f-c617-44c6-88a3-8e1ce7f8c3e3 tempest-GroupsTest-1904922694 tempest-GroupsTest-1904922694-project] Calling method 'show' {{(pid=109723) _process_stack /opt/stack/cinder/cinder/api/openstack/wsgi.py:868}}
Feb 21 04:14:46.266697 dv-cinder-773985-36-iscsi devstack@c-api.service[109724]: DEBUG cinder.api.openstack.wsgi [None req-53ebab7b-78bb-4221-ba33-352b37a88ef0 tempest-GroupSnapshotsTest-855471128 tempest-GroupSnapshotsTest-855471128-project] Empty body provided in request {{(pid=109724) get_body /opt/stack/cinder/cinder/api/openstack/wsgi.py:715}}
Feb 21 04:14:46.267375 dv-cinder-773985-36-iscsi devstack@c-api.service[109724]: DEBUG cinder.api.openstack.wsgi [None req-53ebab7b-78bb-4221-ba33-352b37a88ef0 tempest-GroupSnapshotsTest-855471128 tempest-GroupSnapshotsTest-855471128-project] Calling method 'show' {{(pid=109724) _process_stack /opt/stack/cinder/cinder/api/openstack/wsgi.py:868}}
Feb 21 04:14:46.279182 dv-cinder-773985-36-iscsi devstack@c-api.service[109724]: INFO cinder.api.openstack.wsgi [None req-53ebab7b-78bb-4221-ba33-352b37a88ef0 tempest-GroupSnapshotsTest-855471128 tempest-GroupSnapshotsTest-855471128-project] http://10.222.0.10/volume/v3/bb0058c0bcb1421091f1e84cb39d82c2/volumes/ef0e703c-4733-42f2-8e48-42dc29020b44 returned with HTTP 404
Feb 21 04:14:46.284643 dv-cinder-773985-36-iscsi devstack@c-api.service[109724]: [pid: 109724|app: 0|req: 133/278] 10.222.0.10 () {60 vars in 1365 bytes} [Mon Feb 21 04:14:46 2022] GET /volume/v3/bb0058c0bcb1421091f1e84cb39d82c2/volumes/ef0e703c-4733-42f2-8e48-42dc29020b44 => generated 109 bytes in 22 msecs (HTTP/1.1 404) 7 headers in 293 bytes (1 switches on core 0)
Feb 21 04:14:46.289187 dv-cinder-773985-36-iscsi devstack@c-api.service[109724]: INFO cinder.api.openstack.wsgi [None req-f72f77fb-366a-4126-aabc-ede115fe6850 tempest-GroupSnapshotsTest-855471128 tempest-GroupSnapshotsTest-855471128-project] GET http://10.222.0.10/volume/v3/bb0058c0bcb1421091f1e84cb39d82c2/groups/5a5bd3a3-acc3-4b25-873d-6cdaf52d3c02
Feb 21 04:14:46.290033 dv-cinder-773985-36-iscsi devstack@c-api.service[109723]: INFO cinder.api.openstack.wsgi [None req-2bf39d8f-c617-44c6-88a3-8e1ce7f8c3e3 tempest-GroupsTest-1904922694 tempest-GroupsTest-1904922694-project] http://10.222.0.10/volume/v3/bf060b41440e489294ef4d3cb577c18b/volumes/c6334f38-a7c2-4df9-a870-2f3b86e9255f returned with HTTP 404
Feb 21 04:14:46.290333 dv-cinder-773985-36-iscsi devstack@c-api.service[109724]: DEBUG cinder.api.openstack.wsgi [None req-f72f77fb-366a-4126-aabc-ede115fe6850 tempest-GroupSnapshotsTest-855471128 tempest-GroupSnapshotsTest-855471128-project] Empty body provided in request {{(pid=109724) get_body /opt/stack/cinder/cinder/api/openstack/wsgi.py:715}}
Feb 21 04:14:46.291258 dv-cinder-773985-36-iscsi devstack@c-api.service[109724]: DEBUG cinder.api.openstack.wsgi [None req-f72f77fb-366a-4126-aabc-ede115fe6850 tempest-GroupSnapshotsTest-855471128 tempest-GroupSnapshotsTest-855471128-project] Calling method 'version_select' {{(pid=109724) _process_stack /opt/stack/cinder/cinder/api/openstack/wsgi.py:868}}
Feb 21 04:14:46.291801 dv-cinder-773985-36-iscsi devstack@c-api.service[109724]: DEBUG cinder.api.v3.groups [None req-f72f77fb-366a-4126-aabc-ede115fe6850 tempest-GroupSnapshotsTest-855471128 tempest-GroupSnapshotsTest-855471128-project] show called for member 5a5bd3a3-acc3-4b25-873d-6cdaf52d3c02 {{(pid=109724) show /opt/stack/cinder/cinder/api/v3/groups.py:58}}
Feb 21 04:14:46.296429 dv-cinder-773985-36-iscsi devstack@c-api.service[109723]: [pid: 109723|app: 0|req: 146/279] 10.222.0.10 () {60 vars in 1365 bytes} [Mon Feb 21 04:14:46 2022] GET /volume/v3/bf060b41440e489294ef4d3cb577c18b/volumes/c6334f38-a7c2-4df9-a870-2f3b86e9255f => generated 109 bytes in 36 msecs (HTTP/1.1 404) 7 headers in 293 bytes (1 switches on core 0)
Feb 21 04:14:46.311419 dv-cinder-773985-36-iscsi devstack@c-api.service[109723]: INFO cinder.api.openstack.wsgi [None req-0b05dd20-71c1-463e-84ad-bec9c801658e tempest-GroupsTest-1904922694 tempest-GroupsTest-1904922694-project] GET http://10.222.0.10/volume/v3/bf060b41440e489294ef4d3cb577c18b/volumes/ccbf697e-61a4-47b8-a82f-bd60fab89874
Feb 21 04:14:46.311863 dv-cinder-773985-36-iscsi devstack@c-api.service[109723]: DEBUG cinder.api.openstack.wsgi [None req-0b05dd20-71c1-463e-84ad-bec9c801658e tempest-GroupsTest-1904922694 tempest-GroupsTest-1904922694-project] Empty body provided in request {{(pid=109723) get_body /opt/stack/cinder/cinder/api/openstack/wsgi.py:715}}
Feb 21 04:14:46.312256 dv-cinder-773985-36-iscsi devstack@c-api.service[109723]: DEBUG cinder.api.openstack.wsgi [None req-0b05dd20-71c1-463e-84ad-bec9c801658e tempest-GroupsTest-1904922694 tempest-GroupsTest-1904922694-project] Calling method 'show' {{(pid=109723) _process_stack /opt/stack/cinder/cinder/api/openstack/wsgi.py:868}}
Feb 21 04:14:46.321403 dv-cinder-773985-36-iscsi devstack@c-api.service[109724]: INFO cinder.api.openstack.wsgi [None req-f72f77fb-366a-4126-aabc-ede115fe6850 tempest-GroupSnapshotsTest-855471128 tempest-GroupSnapshotsTest-855471128-project] http://10.222.0.10/volume/v3/bb0058c0bcb1421091f1e84cb39d82c2/groups/5a5bd3a3-acc3-4b25-873d-6cdaf52d3c02 returned with HTTP 404
Feb 21 04:14:46.326512 dv-cinder-773985-36-iscsi devstack@c-api.service[109724]: [pid: 109724|app: 0|req: 134/280] 10.222.0.10 () {60 vars in 1362 bytes} [Mon Feb 21 04:14:46 2022] GET /volume/v3/bb0058c0bcb1421091f1e84cb39d82c2/groups/5a5bd3a3-acc3-4b25-873d-6cdaf52d3c02 => generated 108 bytes in 38 msecs (HTTP/1.1 404) 7 headers in 293 bytes (1 switches on core 0)
Feb 21 04:14:46.332278 dv-cinder-773985-36-iscsi devstack@c-api.service[109724]: INFO cinder.api.openstack.wsgi [None req-5308fe4e-a80d-46c8-abd7-ee47446e12ae tempest-GroupSnapshotsTest-2061563279 tempest-GroupSnapshotsTest-2061563279-project-admin] DELETE http://10.222.0.10/volume/v3/97ee7a931fd341cbb2c1c419abbe05ba/group_types/c472d4e9-da76-42bc-879d-c0f0d006fef3
Feb 21 04:14:46.333124 dv-cinder-773985-36-iscsi devstack@c-api.service[109724]: DEBUG cinder.api.openstack.wsgi [None req-5308fe4e-a80d-46c8-abd7-ee47446e12ae tempest-GroupSnapshotsTest-2061563279 tempest-GroupSnapshotsTest-2061563279-project-admin] Empty body provided in request {{(pid=109724) get_body /opt/stack/cinder/cinder/api/openstack/wsgi.py:715}}
Feb 21 04:14:46.334327 dv-cinder-773985-36-iscsi devstack@c-api.service[109724]: DEBUG cinder.api.openstack.wsgi [None req-5308fe4e-a80d-46c8-abd7-ee47446e12ae tempest-GroupSnapshotsTest-2061563279 tempest-GroupSnapshotsTest-2061563279-project-admin] Calling method 'version_select' {{(pid=109724) _process_stack /opt/stack/cinder/cinder/api/openstack/wsgi.py:868}}
Feb 21 04:14:46.353820 dv-cinder-773985-36-iscsi devstack@c-api.service[109723]: /usr/local/lib/python3.8/dist-packages/oslo_context/context.py:105: DeprecationWarning: Policy enforcement is depending on the value of is_admin. This key is deprecated. Please update your policy file to use the standard policy values.
Feb 21 04:14:46.353820 dv-cinder-773985-36-iscsi devstack@c-api.service[109723]: warnings.warn('Policy enforcement is depending on the value of '
Feb 21 04:14:46.374019 dv-cinder-773985-36-iscsi devstack@c-api.service[109723]: INFO cinder.volume.api [None req-0b05dd20-71c1-463e-84ad-bec9c801658e tempest-GroupsTest-1904922694 tempest-GroupsTest-1904922694-project] Volume info retrieved successfully.
Feb 21 04:14:46.377765 dv-cinder-773985-36-iscsi devstack@c-api.service[109724]: INFO cinder.api.openstack.wsgi [None req-5308fe4e-a80d-46c8-abd7-ee47446e12ae tempest-GroupSnapshotsTest-2061563279 tempest-GroupSnapshotsTest-2061563279-project-admin] http://10.222.0.10/volume/v3/97ee7a931fd341cbb2c1c419abbe05ba/group_types/c472d4e9-da76-42bc-879d-c0f0d006fef3 returned with HTTP 202
Feb 21 04:14:46.379222 dv-cinder-773985-36-iscsi devstack@c-api.service[109724]: [pid: 109724|app: 0|req: 135/281] 10.222.0.10 () {60 vars in 1380 bytes} [Mon Feb 21 04:14:46 2022] DELETE /volume/v3/97ee7a931fd341cbb2c1c419abbe05ba/group_types/c472d4e9-da76-42bc-879d-c0f0d006fef3 => generated 0 bytes in 52 msecs (HTTP/1.1 202) 6 headers in 234 bytes (1 switches on core 0)
Feb 21 04:14:46.385899 dv-cinder-773985-36-iscsi devstack@c-api.service[109723]: WARNING stevedore.named [None req-0b05dd20-71c1-463e-84ad-bec9c801658e tempest-GroupsTest-1904922694 tempest-GroupsTest-1904922694-project] Could not load cinder.keymgr.conf_key_mgr.ConfKeyManager
Feb 21 04:14:46.386293 dv-cinder-773985-36-iscsi devstack@c-api.service[109723]: WARNING castellan.key_manager [None req-0b05dd20-71c1-463e-84ad-bec9c801658e tempest-GroupsTest-1904922694 tempest-GroupsTest-1904922694-project] Deprecation Warning : cinder.keymgr.conf_key_mgr.ConfKeyManager is not a stevedore based driver, trying to load it as a class: stevedore.exception.NoMatches: No 'castellan.drivers' driver found, looking for 'cinder.keymgr.conf_key_mgr.ConfKeyManager'
Feb 21 04:14:46.393319 dv-cinder-773985-36-iscsi devstack@c-api.service[109724]: INFO cinder.api.openstack.wsgi [None req-6b4aae25-cfb9-4d44-80d5-dd11481f12f7 tempest-GroupSnapshotsTest-2061563279 tempest-GroupSnapshotsTest-2061563279-project-admin] POST http://10.222.0.10/volume/v3/97ee7a931fd341cbb2c1c419abbe05ba/types
Feb 21 04:14:46.394556 dv-cinder-773985-36-iscsi devstack@c-api.service[109724]: DEBUG cinder.api.openstack.wsgi [None req-6b4aae25-cfb9-4d44-80d5-dd11481f12f7 tempest-GroupSnapshotsTest-2061563279 tempest-GroupSnapshotsTest-2061563279-project-admin] Action: 'create', calling method: _create, body: {"volume_type": {"name": "tempest-GroupSnapshotsTest-volume-type-1888299745"}} {{(pid=109724) _process_stack /opt/stack/cinder/cinder/api/openstack/wsgi.py:866}}
Feb 21 04:14:46.397382 dv-cinder-773985-36-iscsi devstack@c-api.service[109723]: DEBUG oslo_db.sqlalchemy.engines [None req-0b05dd20-71c1-463e-84ad-bec9c801658e tempest-GroupsTest-1904922694 tempest-GroupsTest-1904922694-project] MySQL server mode set to STRICT_TRANS_TABLES,STRICT_ALL_TABLES,NO_ZERO_IN_DATE,NO_ZERO_DATE,ERROR_FOR_DIVISION_BY_ZERO,TRADITIONAL,NO_ENGINE_SUBSTITUTION {{(pid=109723) _check_effective_sql_mode /usr/local/lib/python3.8/dist-packages/oslo_db/sqlalchemy/engines.py:314}}
Feb 21 04:14:46.406621 dv-cinder-773985-36-iscsi devstack@c-api.service[109723]: /usr/local/lib/python3.8/dist-packages/oslo_context/context.py:105: DeprecationWarning: Policy enforcement is depending on the value of is_admin. This key is deprecated. Please update your policy file to use the standard policy values.
Feb 21 04:14:46.406621 dv-cinder-773985-36-iscsi devstack@c-api.service[109723]: warnings.warn('Policy enforcement is depending on the value of '
Feb 21 04:14:46.423054 dv-cinder-773985-36-iscsi devstack@c-api.service[109724]: INFO cinder.api.openstack.wsgi [None req-6b4aae25-cfb9-4d44-80d5-dd11481f12f7 tempest-GroupSnapshotsTest-2061563279 tempest-GroupSnapshotsTest-2061563279-project-admin] http://10.222.0.10/volume/v3/97ee7a931fd341cbb2c1c419abbe05ba/types returned with HTTP 200
Feb 21 04:14:46.423288 dv-cinder-773985-36-iscsi devstack@c-api.service[109723]: INFO cinder.api.openstack.wsgi [None req-0b05dd20-71c1-463e-84ad-bec9c801658e tempest-GroupsTest-1904922694 tempest-GroupsTest-1904922694-project] http://10.222.0.10/volume/v3/bf060b41440e489294ef4d3cb577c18b/volumes/ccbf697e-61a4-47b8-a82f-bd60fab89874 returned with HTTP 200
Feb 21 04:14:46.423991 dv-cinder-773985-36-iscsi devstack@c-api.service[109724]: [pid: 109724|app: 0|req: 136/282] 10.222.0.10 () {60 vars in 1228 bytes} [Mon Feb 21 04:14:46 2022] POST /volume/v3/97ee7a931fd341cbb2c1c419abbe05ba/types => generated 224 bytes in 35 msecs (HTTP/1.1 200) 7 headers in 285 bytes (1 switches on core 0)
Feb 21 04:14:46.432461 dv-cinder-773985-36-iscsi devstack@c-api.service[109723]: [pid: 109723|app: 0|req: 147/283] 10.222.0.10 () {60 vars in 1365 bytes} [Mon Feb 21 04:14:46 2022] GET /volume/v3/bf060b41440e489294ef4d3cb577c18b/volumes/ccbf697e-61a4-47b8-a82f-bd60fab89874 => generated 982 bytes in 122 msecs (HTTP/1.1 200) 7 headers in 286 bytes (1 switches on core 0)
Feb 21 04:14:46.433377 dv-cinder-773985-36-iscsi devstack@c-api.service[109723]: INFO cinder.api.openstack.wsgi [None req-7fd88494-2902-4d41-bdb8-58eba6d14edc tempest-GroupSnapshotsTest-2061563279 tempest-GroupSnapshotsTest-2061563279-project-admin] POST http://10.222.0.10/volume/v3/97ee7a931fd341cbb2c1c419abbe05ba/group_types
Feb 21 04:14:46.434104 dv-cinder-773985-36-iscsi devstack@c-api.service[109723]: DEBUG cinder.api.openstack.wsgi [None req-7fd88494-2902-4d41-bdb8-58eba6d14edc tempest-GroupSnapshotsTest-2061563279 tempest-GroupSnapshotsTest-2061563279-project-admin] Action: 'create', calling method: version_select, body: {"group_type": {"name": "tempest-GroupSnapshotsTest-group-type-815009001"}} {{(pid=109723) _process_stack /opt/stack/cinder/cinder/api/openstack/wsgi.py:866}}
Feb 21 04:14:46.456938 dv-cinder-773985-36-iscsi devstack@c-api.service[109723]: INFO cinder.api.openstack.wsgi [None req-7fd88494-2902-4d41-bdb8-58eba6d14edc tempest-GroupSnapshotsTest-2061563279 tempest-GroupSnapshotsTest-2061563279-project-admin] http://10.222.0.10/volume/v3/97ee7a931fd341cbb2c1c419abbe05ba/group_types returned with HTTP 202
Feb 21 04:14:46.458043 dv-cinder-773985-36-iscsi devstack@c-api.service[109723]: [pid: 109723|app: 0|req: 148/284] 10.222.0.10 () {62 vars in 1287 bytes} [Mon Feb 21 04:14:46 2022] POST /volume/v3/97ee7a931fd341cbb2c1c419abbe05ba/group_types => generated 180 bytes in 28 msecs (HTTP/1.1 202) 7 headers in 292 bytes (2 switches on core 0)
Feb 21 04:14:46.468545 dv-cinder-773985-36-iscsi devstack@c-api.service[109724]: INFO cinder.api.openstack.wsgi [None req-38e35cd8-b307-401d-8a64-fb657a82eb90 tempest-GroupSnapshotsTest-855471128 tempest-GroupSnapshotsTest-855471128-project] POST http://10.222.0.10/volume/v3/bb0058c0bcb1421091f1e84cb39d82c2/groups
Feb 21 04:14:46.470045 dv-cinder-773985-36-iscsi devstack@c-api.service[109724]: DEBUG cinder.api.openstack.wsgi [None req-38e35cd8-b307-401d-8a64-fb657a82eb90 tempest-GroupSnapshotsTest-855471128 tempest-GroupSnapshotsTest-855471128-project] Action: 'create', calling method: version_select, body: {"group": {"group_type": "67b66ab1-6d30-4c24-8483-716881cb72be", "volume_types": ["15d4f1cf-9490-498a-94a5-fc72e74b1a78"], "name": "tempest-GroupSnapshotsTest-Group-874953978"}} {{(pid=109724) _process_stack /opt/stack/cinder/cinder/api/openstack/wsgi.py:866}}
Feb 21 04:14:46.471138 dv-cinder-773985-36-iscsi devstack@c-api.service[109724]: DEBUG cinder.api.v3.groups [None req-38e35cd8-b307-401d-8a64-fb657a82eb90 tempest-GroupSnapshotsTest-855471128 tempest-GroupSnapshotsTest-855471128-project] Creating new group {'group': {'group_type': '67b66ab1-6d30-4c24-8483-716881cb72be', 'volume_types': ['15d4f1cf-9490-498a-94a5-fc72e74b1a78'], 'name': 'tempest-GroupSnapshotsTest-Group-874953978'}} {{(pid=109724) create /opt/stack/cinder/cinder/api/v3/groups.py:190}}
Feb 21 04:14:46.476781 dv-cinder-773985-36-iscsi devstack@c-api.service[109724]: INFO cinder.api.v3.groups [None req-38e35cd8-b307-401d-8a64-fb657a82eb90 tempest-GroupSnapshotsTest-855471128 tempest-GroupSnapshotsTest-855471128-project] Creating group tempest-GroupSnapshotsTest-Group-874953978.
Feb 21 04:14:46.491324 dv-cinder-773985-36-iscsi devstack@c-api.service[109724]: INFO cinder.volume.api [None req-38e35cd8-b307-401d-8a64-fb657a82eb90 tempest-GroupSnapshotsTest-855471128 tempest-GroupSnapshotsTest-855471128-project] Availability Zones retrieved successfully.
Feb 21 04:14:46.515348 dv-cinder-773985-36-iscsi devstack@c-api.service[109724]: DEBUG cinder.quota [None req-38e35cd8-b307-401d-8a64-fb657a82eb90 tempest-GroupSnapshotsTest-855471128 tempest-GroupSnapshotsTest-855471128-project] Created reservations ['c9a4ffa2-b05a-4197-875e-c01938b13f6e'] {{(pid=109724) reserve /opt/stack/cinder/cinder/quota.py:755}}
Feb 21 04:14:46.552172 dv-cinder-773985-36-iscsi devstack@c-api.service[109724]: INFO cinder.api.openstack.wsgi [None req-38e35cd8-b307-401d-8a64-fb657a82eb90 tempest-GroupSnapshotsTest-855471128 tempest-GroupSnapshotsTest-855471128-project] http://10.222.0.10/volume/v3/bb0058c0bcb1421091f1e84cb39d82c2/groups returned with HTTP 202
Feb 21 04:14:46.553178 dv-cinder-773985-36-iscsi devstack@c-api.service[109724]: [pid: 109724|app: 0|req: 137/285] 10.222.0.10 () {62 vars in 1273 bytes} [Mon Feb 21 04:14:46 2022] POST /volume/v3/bb0058c0bcb1421091f1e84cb39d82c2/groups => generated 111 bytes in 90 msecs (HTTP/1.1 202) 7 headers in 292 bytes (2 switches on core 0)
Feb 21 04:14:46.569261 dv-cinder-773985-36-iscsi devstack@c-api.service[109723]: INFO cinder.api.openstack.wsgi [None req-8b20e0f6-8c42-4555-b879-32661df1de29 tempest-GroupSnapshotsTest-855471128 tempest-GroupSnapshotsTest-855471128-project] GET http://10.222.0.10/volume/v3/bb0058c0bcb1421091f1e84cb39d82c2/groups/92528806-0142-497a-8e5c-2aba9734bdea
Feb 21 04:14:46.576243 dv-cinder-773985-36-iscsi devstack@c-api.service[109723]: DEBUG cinder.api.openstack.wsgi [None req-8b20e0f6-8c42-4555-b879-32661df1de29 tempest-GroupSnapshotsTest-855471128 tempest-GroupSnapshotsTest-855471128-project] Empty body provided in request {{(pid=109723) get_body /opt/stack/cinder/cinder/api/openstack/wsgi.py:715}}
Feb 21 04:14:46.576801 dv-cinder-773985-36-iscsi devstack@c-api.service[109723]: DEBUG cinder.api.openstack.wsgi [None req-8b20e0f6-8c42-4555-b879-32661df1de29 tempest-GroupSnapshotsTest-855471128 tempest-GroupSnapshotsTest-855471128-project] Calling method 'version_select' {{(pid=109723) _process_stack /opt/stack/cinder/cinder/api/openstack/wsgi.py:868}}
Feb 21 04:14:46.577162 dv-cinder-773985-36-iscsi devstack@c-api.service[109723]: DEBUG cinder.api.v3.groups [None req-8b20e0f6-8c42-4555-b879-32661df1de29 tempest-GroupSnapshotsTest-855471128 tempest-GroupSnapshotsTest-855471128-project] show called for member 92528806-0142-497a-8e5c-2aba9734bdea {{(pid=109723) show /opt/stack/cinder/cinder/api/v3/groups.py:58}}
Feb 21 04:14:46.583916 dv-cinder-773985-36-iscsi devstack@c-api.service[109723]: /usr/local/lib/python3.8/dist-packages/oslo_context/context.py:105: DeprecationWarning: Policy enforcement is depending on the value of is_admin. This key is deprecated. Please update your policy file to use the standard policy values.
Feb 21 04:14:46.583916 dv-cinder-773985-36-iscsi devstack@c-api.service[109723]: warnings.warn('Policy enforcement is depending on the value of '
Feb 21 04:14:46.613387 dv-cinder-773985-36-iscsi devstack@c-api.service[109723]: INFO cinder.api.openstack.wsgi [None req-8b20e0f6-8c42-4555-b879-32661df1de29 tempest-GroupSnapshotsTest-855471128 tempest-GroupSnapshotsTest-855471128-project] http://10.222.0.10/volume/v3/bb0058c0bcb1421091f1e84cb39d82c2/groups/92528806-0142-497a-8e5c-2aba9734bdea returned with HTTP 200
Feb 21 04:14:46.613650 dv-cinder-773985-36-iscsi devstack@c-api.service[109723]: [pid: 109723|app: 0|req: 149/286] 10.222.0.10 () {60 vars in 1362 bytes} [Mon Feb 21 04:14:46 2022] GET /volume/v3/bb0058c0bcb1421091f1e84cb39d82c2/groups/92528806-0142-497a-8e5c-2aba9734bdea => generated 391 bytes in 56 msecs (HTTP/1.1 200) 7 headers in 286 bytes (1 switches on core 0)
Feb 21 04:14:46.772278 dv-cinder-773985-36-iscsi devstack@c-api.service[109724]: INFO cinder.api.openstack.wsgi [None req-2e7473e4-79be-4e50-9728-02a80af17ba9 tempest-UserMessagesTest-523716495 tempest-UserMessagesTest-523716495-project-admin] POST http://10.222.0.10/volume/v3/bf4f06af15bc40b0bd625041e3f0e132/types
Feb 21 04:14:46.773337 dv-cinder-773985-36-iscsi devstack@c-api.service[109724]: DEBUG cinder.api.openstack.wsgi [None req-2e7473e4-79be-4e50-9728-02a80af17ba9 tempest-UserMessagesTest-523716495 tempest-UserMessagesTest-523716495-project-admin] Action: 'create', calling method: _create, body: {"volume_type": {"name": "tempest-UserMessagesTest-volume-type-1372867736", "extra_specs": {"storage_protocol": "tempest-storage_protocol-124415914", "vendor_name": "tempest-vendor_name-1828396134"}}} {{(pid=109724) _process_stack /opt/stack/cinder/cinder/api/openstack/wsgi.py:866}}
Feb 21 04:14:46.774517 dv-cinder-773985-36-iscsi devstack@c-api.service[109724]: /usr/local/lib/python3.8/dist-packages/oslo_context/context.py:105: DeprecationWarning: Policy enforcement is depending on the value of is_admin. This key is deprecated. Please update your policy file to use the standard policy values.
Feb 21 04:14:46.774517 dv-cinder-773985-36-iscsi devstack@c-api.service[109724]: warnings.warn('Policy enforcement is depending on the value of '
Feb 21 04:14:46.812276 dv-cinder-773985-36-iscsi devstack@c-api.service[109724]: INFO cinder.api.openstack.wsgi [None req-2e7473e4-79be-4e50-9728-02a80af17ba9 tempest-UserMessagesTest-523716495 tempest-UserMessagesTest-523716495-project-admin] http://10.222.0.10/volume/v3/bf4f06af15bc40b0bd625041e3f0e132/types returned with HTTP 200
Feb 21 04:14:46.814050 dv-cinder-773985-36-iscsi devstack@c-api.service[109724]: [pid: 109724|app: 0|req: 138/287] 10.222.0.10 () {60 vars in 1229 bytes} [Mon Feb 21 04:14:46 2022] POST /volume/v3/bf4f06af15bc40b0bd625041e3f0e132/types => generated 327 bytes in 186 msecs (HTTP/1.1 200) 7 headers in 285 bytes (1 switches on core 0)
Feb 21 04:14:47.001788 dv-cinder-773985-36-iscsi devstack@c-api.service[109723]: INFO cinder.api.openstack.wsgi [None req-ff6e5a1e-f3db-47ee-b05a-70d2d47bdef6 tempest-UserMessagesTest-1424960278 tempest-UserMessagesTest-1424960278-project] POST http://10.222.0.10/volume/v3/bcd7570e4f1441ceb1c2aa95111eb368/volumes
Feb 21 04:14:47.002523 dv-cinder-773985-36-iscsi devstack@c-api.service[109723]: DEBUG cinder.api.openstack.wsgi [None req-ff6e5a1e-f3db-47ee-b05a-70d2d47bdef6 tempest-UserMessagesTest-1424960278 tempest-UserMessagesTest-1424960278-project] Action: 'create', calling method: create, body: {"volume": {"volume_type": "8b904fc7-d1c3-4511-8719-bd813d32bf2b", "size": 1, "name": "tempest-UserMessagesTest-Volume-769633773"}} {{(pid=109723) _process_stack /opt/stack/cinder/cinder/api/openstack/wsgi.py:866}}
Feb 21 04:14:47.003462 dv-cinder-773985-36-iscsi devstack@c-api.service[109723]: DEBUG cinder.api.v3.volumes [None req-ff6e5a1e-f3db-47ee-b05a-70d2d47bdef6 tempest-UserMessagesTest-1424960278 tempest-UserMessagesTest-1424960278-project] Create volume request body: {'volume': {'volume_type': '8b904fc7-d1c3-4511-8719-bd813d32bf2b', 'size': 1, 'name': 'tempest-UserMessagesTest-Volume-769633773'}} {{(pid=109723) create /opt/stack/cinder/cinder/api/v3/volumes.py:298}}
Feb 21 04:14:47.017133 dv-cinder-773985-36-iscsi devstack@c-api.service[109723]: INFO cinder.api.v3.volumes [None req-ff6e5a1e-f3db-47ee-b05a-70d2d47bdef6 tempest-UserMessagesTest-1424960278 tempest-UserMessagesTest-1424960278-project] Create volume of 1 GB
Feb 21 04:14:47.018264 dv-cinder-773985-36-iscsi devstack@c-api.service[109723]: /usr/local/lib/python3.8/dist-packages/oslo_context/context.py:105: DeprecationWarning: Policy enforcement is depending on the value of is_admin. This key is deprecated. Please update your policy file to use the standard policy values.
Feb 21 04:14:47.018264 dv-cinder-773985-36-iscsi devstack@c-api.service[109723]: warnings.warn('Policy enforcement is depending on the value of '
Feb 21 04:14:47.019595 dv-cinder-773985-36-iscsi devstack@c-api.service[109723]: INFO cinder.volume.api [None req-ff6e5a1e-f3db-47ee-b05a-70d2d47bdef6 tempest-UserMessagesTest-1424960278 tempest-UserMessagesTest-1424960278-project] Availability Zones retrieved successfully.
Feb 21 04:14:47.034674 dv-cinder-773985-36-iscsi devstack@c-api.service[109723]: DEBUG cinder.volume.api [None req-ff6e5a1e-f3db-47ee-b05a-70d2d47bdef6 tempest-UserMessagesTest-1424960278 tempest-UserMessagesTest-1424960278-project] Flow 'volume_create_api' (83ea730a-1d6e-4bd1-a65a-a1a5fb87f9f1) transitioned into state 'RUNNING' from state 'PENDING' {{(pid=109723) _flow_receiver /usr/local/lib/python3.8/dist-packages/taskflow/listeners/logging.py:141}}
Feb 21 04:14:47.037212 dv-cinder-773985-36-iscsi devstack@c-api.service[109723]: DEBUG cinder.volume.api [None req-ff6e5a1e-f3db-47ee-b05a-70d2d47bdef6 tempest-UserMessagesTest-1424960278 tempest-UserMessagesTest-1424960278-project] Task 'cinder.volume.flows.api.create_volume.ExtractVolumeRequestTask;volume:create' (417fae98-81e5-4bd8-ada9-eb93e84ef617) transitioned into state 'RUNNING' from state 'PENDING' {{(pid=109723) _task_receiver /usr/local/lib/python3.8/dist-packages/taskflow/listeners/logging.py:190}}
Feb 21 04:14:47.039564 dv-cinder-773985-36-iscsi devstack@c-api.service[109723]: DEBUG cinder.volume.flows.api.create_volume [None req-ff6e5a1e-f3db-47ee-b05a-70d2d47bdef6 tempest-UserMessagesTest-1424960278 tempest-UserMessagesTest-1424960278-project] Validating volume size '1' using validate_int {{(pid=109723) _extract_size /opt/stack/cinder/cinder/volume/flows/api/create_volume.py:225}}
Feb 21 04:14:47.067780 dv-cinder-773985-36-iscsi devstack@c-api.service[109723]: DEBUG cinder.volume.api [None req-ff6e5a1e-f3db-47ee-b05a-70d2d47bdef6 tempest-UserMessagesTest-1424960278 tempest-UserMessagesTest-1424960278-project] Task 'cinder.volume.flows.api.create_volume.ExtractVolumeRequestTask;volume:create' (417fae98-81e5-4bd8-ada9-eb93e84ef617) transitioned into state 'SUCCESS' from state 'RUNNING' with result '{'size': 1, 'snapshot_id': None, 'source_volid': None, 'volume_type': VolumeType(created_at=2022-02-21T04:14:47Z,deleted=False,deleted_at=None,description=None,extra_specs={storage_protocol='tempest-storage_protocol-124415914',vendor_name='tempest-vendor_name-1828396134'},id=8b904fc7-d1c3-4511-8719-bd813d32bf2b,is_public=True,name='tempest-UserMessagesTest-volume-type-1372867736',projects=[],qos_specs=,qos_specs_id=None,updated_at=None), 'volume_type_id': '8b904fc7-d1c3-4511-8719-bd813d32bf2b', 'encryption_key_id': None, 'qos_specs': None, 'consistencygroup_id': None, 'cgsnapshot_id': None, 'group_id': None, 'replication_status': 'disabled', 'refresh_az': False, 'backup_id': None, 'multiattach': False, 'availability_zones': ['nova']}' {{(pid=109723) _task_receiver /usr/local/lib/python3.8/dist-packages/taskflow/listeners/logging.py:178}}
Feb 21 04:14:47.070016 dv-cinder-773985-36-iscsi devstack@c-api.service[109723]: DEBUG cinder.volume.api [None req-ff6e5a1e-f3db-47ee-b05a-70d2d47bdef6 tempest-UserMessagesTest-1424960278 tempest-UserMessagesTest-1424960278-project] Task 'cinder.volume.flows.api.create_volume.QuotaReserveTask;volume:create' (e8f72335-c5cd-42b6-9202-b99739a86d80) transitioned into state 'RUNNING' from state 'PENDING' {{(pid=109723) _task_receiver /usr/local/lib/python3.8/dist-packages/taskflow/listeners/logging.py:190}}
Feb 21 04:14:47.102187 dv-cinder-773985-36-iscsi devstack@c-api.service[109723]: WARNING cinder.quota [None req-ff6e5a1e-f3db-47ee-b05a-70d2d47bdef6 tempest-UserMessagesTest-1424960278 tempest-UserMessagesTest-1424960278-project] Deprecated: Default quota for resource: volumes_tempest-UserMessagesTest-volume-type-1372867736 is set by the default quota flag: quota_volumes_tempest-UserMessagesTest-volume-type-1372867736, it is now deprecated. Please use the default quota class for default quota.
Feb 21 04:14:47.102938 dv-cinder-773985-36-iscsi devstack@c-api.service[109723]: WARNING cinder.quota [None req-ff6e5a1e-f3db-47ee-b05a-70d2d47bdef6 tempest-UserMessagesTest-1424960278 tempest-UserMessagesTest-1424960278-project] Deprecated: Default quota for resource: gigabytes_tempest-UserMessagesTest-volume-type-1372867736 is set by the default quota flag: quota_gigabytes_tempest-UserMessagesTest-volume-type-1372867736, it is now deprecated. Please use the default quota class for default quota.
Feb 21 04:14:47.150098 dv-cinder-773985-36-iscsi devstack@c-api.service[109723]: DEBUG cinder.quota [None req-ff6e5a1e-f3db-47ee-b05a-70d2d47bdef6 tempest-UserMessagesTest-1424960278 tempest-UserMessagesTest-1424960278-project] Created reservations ['dce2da45-3711-4bb5-98dd-b6012f72ccff', 'b84b30fc-2981-4020-822e-a763b8b1cfa6', '701950e2-29ee-46db-a60e-1a043540f621', '67f2b98a-a893-49e6-bdf5-38e2061c6e08'] {{(pid=109723) reserve /opt/stack/cinder/cinder/quota.py:755}}
Feb 21 04:14:47.151800 dv-cinder-773985-36-iscsi devstack@c-api.service[109723]: DEBUG cinder.volume.api [None req-ff6e5a1e-f3db-47ee-b05a-70d2d47bdef6 tempest-UserMessagesTest-1424960278 tempest-UserMessagesTest-1424960278-project] Task 'cinder.volume.flows.api.create_volume.QuotaReserveTask;volume:create' (e8f72335-c5cd-42b6-9202-b99739a86d80) transitioned into state 'SUCCESS' from state 'RUNNING' with result '{'reservations': ['dce2da45-3711-4bb5-98dd-b6012f72ccff', 'b84b30fc-2981-4020-822e-a763b8b1cfa6', '701950e2-29ee-46db-a60e-1a043540f621', '67f2b98a-a893-49e6-bdf5-38e2061c6e08']}' {{(pid=109723) _task_receiver /usr/local/lib/python3.8/dist-packages/taskflow/listeners/logging.py:178}}
Feb 21 04:14:47.153980 dv-cinder-773985-36-iscsi devstack@c-api.service[109723]: DEBUG cinder.volume.api [None req-ff6e5a1e-f3db-47ee-b05a-70d2d47bdef6 tempest-UserMessagesTest-1424960278 tempest-UserMessagesTest-1424960278-project] Task 'cinder.volume.flows.api.create_volume.EntryCreateTask;volume:create' (2afcc032-16d0-4731-ad11-e448dde65464) transitioned into state 'RUNNING' from state 'PENDING' {{(pid=109723) _task_receiver /usr/local/lib/python3.8/dist-packages/taskflow/listeners/logging.py:190}}
