Feb 21 04:14:17.180139 dv-cinder-773985-36-iscsi devstack@c-api.service[109724]: DEBUG oslo_db.sqlalchemy.engines [None req-c37fdd6c-0996-4a3b-9246-af761322ad0a tempest-GroupsV314Test-1083614730 tempest-GroupsV314Test-1083614730-project] MySQL server mode set to STRICT_TRANS_TABLES,STRICT_ALL_TABLES,NO_ZERO_IN_DATE,NO_ZERO_DATE,ERROR_FOR_DIVISION_BY_ZERO,TRADITIONAL,NO_ENGINE_SUBSTITUTION {{(pid=109724) _check_effective_sql_mode /usr/local/lib/python3.8/dist-packages/oslo_db/sqlalchemy/engines.py:314}}
Feb 21 04:14:17.201215 dv-cinder-773985-36-iscsi devstack@c-api.service[109724]: /usr/local/lib/python3.8/dist-packages/oslo_context/context.py:105: DeprecationWarning: Policy enforcement is depending on the value of is_admin. This key is deprecated. Please update your policy file to use the standard policy values.
Feb 21 04:14:17.201215 dv-cinder-773985-36-iscsi devstack@c-api.service[109724]: warnings.warn('Policy enforcement is depending on the value of '
Feb 21 04:14:17.222493 dv-cinder-773985-36-iscsi devstack@c-api.service[109724]: INFO cinder.api.openstack.wsgi [None req-c37fdd6c-0996-4a3b-9246-af761322ad0a tempest-GroupsV314Test-1083614730 tempest-GroupsV314Test-1083614730-project] http://10.222.0.10/volume/v3/9f3b5d11034248c2af11c51fb6faa89a/volumes returned with HTTP 202
Feb 21 04:14:17.226352 dv-cinder-773985-36-iscsi devstack@c-api.service[109724]: [pid: 109724|app: 0|req: 38/84] 10.222.0.10 () {62 vars in 1276 bytes} [Mon Feb 21 04:14:15 2022] POST /volume/v3/9f3b5d11034248c2af11c51fb6faa89a/volumes => generated 898 bytes in 1494 msecs (HTTP/1.1 202) 7 headers in 292 bytes (2 switches on core 0)
Feb 21 04:14:17.251512 dv-cinder-773985-36-iscsi devstack@c-api.service[109723]: INFO cinder.api.openstack.wsgi [None req-121996d3-86bc-4f64-9725-11a472d57126 tempest-GroupsV314Test-1083614730 tempest-GroupsV314Test-1083614730-project] GET http://10.222.0.10/volume/v3/9f3b5d11034248c2af11c51fb6faa89a/volumes/ceda0c39-3718-43fc-b41d-a781c7eab1d8
Feb 21 04:14:17.253177 dv-cinder-773985-36-iscsi devstack@c-api.service[109723]: DEBUG cinder.api.openstack.wsgi [None req-121996d3-86bc-4f64-9725-11a472d57126 tempest-GroupsV314Test-1083614730 tempest-GroupsV314Test-1083614730-project] Empty body provided in request {{(pid=109723) get_body /opt/stack/cinder/cinder/api/openstack/wsgi.py:715}}
Feb 21 04:14:17.253793 dv-cinder-773985-36-iscsi devstack@c-api.service[109723]: DEBUG cinder.api.openstack.wsgi [None req-121996d3-86bc-4f64-9725-11a472d57126 tempest-GroupsV314Test-1083614730 tempest-GroupsV314Test-1083614730-project] Calling method 'show' {{(pid=109723) _process_stack /opt/stack/cinder/cinder/api/openstack/wsgi.py:868}}
Feb 21 04:14:17.397960 dv-cinder-773985-36-iscsi devstack@c-api.service[109723]: /usr/local/lib/python3.8/dist-packages/oslo_context/context.py:105: DeprecationWarning: Policy enforcement is depending on the value of is_admin. This key is deprecated. Please update your policy file to use the standard policy values.
Feb 21 04:14:17.397960 dv-cinder-773985-36-iscsi devstack@c-api.service[109723]: warnings.warn('Policy enforcement is depending on the value of '
Feb 21 04:14:17.449188 dv-cinder-773985-36-iscsi devstack@c-api.service[109723]: INFO cinder.volume.api [None req-121996d3-86bc-4f64-9725-11a472d57126 tempest-GroupsV314Test-1083614730 tempest-GroupsV314Test-1083614730-project] Volume info retrieved successfully.
Feb 21 04:14:17.454312 dv-cinder-773985-36-iscsi devstack@c-api.service[109723]: WARNING stevedore.named [None req-121996d3-86bc-4f64-9725-11a472d57126 tempest-GroupsV314Test-1083614730 tempest-GroupsV314Test-1083614730-project] Could not load cinder.keymgr.conf_key_mgr.ConfKeyManager
Feb 21 04:14:17.473000 dv-cinder-773985-36-iscsi devstack@c-api.service[109723]: WARNING castellan.key_manager [None req-121996d3-86bc-4f64-9725-11a472d57126 tempest-GroupsV314Test-1083614730 tempest-GroupsV314Test-1083614730-project] Deprecation Warning : cinder.keymgr.conf_key_mgr.ConfKeyManager is not a stevedore based driver, trying to load it as a class: stevedore.exception.NoMatches: No 'castellan.drivers' driver found, looking for 'cinder.keymgr.conf_key_mgr.ConfKeyManager'
Feb 21 04:14:17.522580 dv-cinder-773985-36-iscsi devstack@c-api.service[109723]: DEBUG oslo_db.sqlalchemy.engines [None req-121996d3-86bc-4f64-9725-11a472d57126 tempest-GroupsV314Test-1083614730 tempest-GroupsV314Test-1083614730-project] MySQL server mode set to STRICT_TRANS_TABLES,STRICT_ALL_TABLES,NO_ZERO_IN_DATE,NO_ZERO_DATE,ERROR_FOR_DIVISION_BY_ZERO,TRADITIONAL,NO_ENGINE_SUBSTITUTION {{(pid=109723) _check_effective_sql_mode /usr/local/lib/python3.8/dist-packages/oslo_db/sqlalchemy/engines.py:314}}
Feb 21 04:14:17.543051 dv-cinder-773985-36-iscsi devstack@c-api.service[109723]: /usr/local/lib/python3.8/dist-packages/oslo_context/context.py:105: DeprecationWarning: Policy enforcement is depending on the value of is_admin. This key is deprecated. Please update your policy file to use the standard policy values.
Feb 21 04:14:17.543051 dv-cinder-773985-36-iscsi devstack@c-api.service[109723]: warnings.warn('Policy enforcement is depending on the value of '
Feb 21 04:14:17.656957 dv-cinder-773985-36-iscsi devstack@c-api.service[109723]: INFO cinder.api.openstack.wsgi [None req-121996d3-86bc-4f64-9725-11a472d57126 tempest-GroupsV314Test-1083614730 tempest-GroupsV314Test-1083614730-project] http://10.222.0.10/volume/v3/9f3b5d11034248c2af11c51fb6faa89a/volumes/ceda0c39-3718-43fc-b41d-a781c7eab1d8 returned with HTTP 200
Feb 21 04:14:17.666881 dv-cinder-773985-36-iscsi devstack@c-api.service[109723]: [pid: 109723|app: 0|req: 47/85] 10.222.0.10 () {60 vars in 1365 bytes} [Mon Feb 21 04:14:17 2022] GET /volume/v3/9f3b5d11034248c2af11c51fb6faa89a/volumes/ceda0c39-3718-43fc-b41d-a781c7eab1d8 => generated 966 bytes in 431 msecs (HTTP/1.1 200) 7 headers in 286 bytes (1 switches on core 0)
Feb 21 04:14:17.918996 dv-cinder-773985-36-iscsi devstack@c-api.service[109724]: INFO cinder.api.openstack.wsgi [None req-60c95c1f-179c-4000-873a-5ec45c605708 tempest-GroupsTest-1904922694 tempest-GroupsTest-1904922694-project] GET http://10.222.0.10/volume/v3/bf060b41440e489294ef4d3cb577c18b/groups/faf530d6-3473-46b0-aa8d-d733fac8f90a
Feb 21 04:14:17.919535 dv-cinder-773985-36-iscsi devstack@c-api.service[109724]: DEBUG cinder.api.openstack.wsgi [None req-60c95c1f-179c-4000-873a-5ec45c605708 tempest-GroupsTest-1904922694 tempest-GroupsTest-1904922694-project] Empty body provided in request {{(pid=109724) get_body /opt/stack/cinder/cinder/api/openstack/wsgi.py:715}}
Feb 21 04:14:17.919941 dv-cinder-773985-36-iscsi devstack@c-api.service[109724]: DEBUG cinder.api.openstack.wsgi [None req-60c95c1f-179c-4000-873a-5ec45c605708 tempest-GroupsTest-1904922694 tempest-GroupsTest-1904922694-project] Calling method 'version_select' {{(pid=109724) _process_stack /opt/stack/cinder/cinder/api/openstack/wsgi.py:868}}
Feb 21 04:14:17.920323 dv-cinder-773985-36-iscsi devstack@c-api.service[109724]: DEBUG cinder.api.v3.groups [None req-60c95c1f-179c-4000-873a-5ec45c605708 tempest-GroupsTest-1904922694 tempest-GroupsTest-1904922694-project] show called for member faf530d6-3473-46b0-aa8d-d733fac8f90a {{(pid=109724) show /opt/stack/cinder/cinder/api/v3/groups.py:58}}
Feb 21 04:14:17.929104 dv-cinder-773985-36-iscsi devstack@c-api.service[109724]: /usr/local/lib/python3.8/dist-packages/oslo_context/context.py:105: DeprecationWarning: Policy enforcement is depending on the value of is_admin. This key is deprecated. Please update your policy file to use the standard policy values.
Feb 21 04:14:17.929104 dv-cinder-773985-36-iscsi devstack@c-api.service[109724]: warnings.warn('Policy enforcement is depending on the value of '
Feb 21 04:14:17.981781 dv-cinder-773985-36-iscsi devstack@c-api.service[109724]: INFO cinder.api.openstack.wsgi [None req-60c95c1f-179c-4000-873a-5ec45c605708 tempest-GroupsTest-1904922694 tempest-GroupsTest-1904922694-project] http://10.222.0.10/volume/v3/bf060b41440e489294ef4d3cb577c18b/groups/faf530d6-3473-46b0-aa8d-d733fac8f90a returned with HTTP 200
Feb 21 04:14:17.990904 dv-cinder-773985-36-iscsi devstack@c-api.service[109723]: INFO cinder.api.openstack.wsgi [None req-3cb2c21c-cc08-4d42-a2a4-e20af544531d tempest-GroupsTest-1904922694 tempest-GroupsTest-1904922694-project] POST http://10.222.0.10/volume/v3/bf060b41440e489294ef4d3cb577c18b/volumes
Feb 21 04:14:17.991671 dv-cinder-773985-36-iscsi devstack@c-api.service[109723]: DEBUG cinder.api.openstack.wsgi [None req-3cb2c21c-cc08-4d42-a2a4-e20af544531d tempest-GroupsTest-1904922694 tempest-GroupsTest-1904922694-project] Action: 'create', calling method: create, body: {"volume": {"name": "tempest-volume-977797943", "volume_type": "87c96958-8f75-441a-a759-816af076cb90", "group_id": "f3fb26d4-fb22-4164-9670-a5026113189c", "size": 1}} {{(pid=109723) _process_stack /opt/stack/cinder/cinder/api/openstack/wsgi.py:866}}
Feb 21 04:14:17.992707 dv-cinder-773985-36-iscsi devstack@c-api.service[109723]: DEBUG cinder.api.v3.volumes [None req-3cb2c21c-cc08-4d42-a2a4-e20af544531d tempest-GroupsTest-1904922694 tempest-GroupsTest-1904922694-project] Create volume request body: {'volume': {'name': 'tempest-volume-977797943', 'volume_type': '87c96958-8f75-441a-a759-816af076cb90', 'group_id': 'f3fb26d4-fb22-4164-9670-a5026113189c', 'size': 1}} {{(pid=109723) create /opt/stack/cinder/cinder/api/v3/volumes.py:298}}
Feb 21 04:14:18.000990 dv-cinder-773985-36-iscsi devstack@c-api.service[109724]: [pid: 109724|app: 0|req: 39/86] 10.222.0.10 () {60 vars in 1362 bytes} [Mon Feb 21 04:14:17 2022] GET /volume/v3/bf060b41440e489294ef4d3cb577c18b/groups/faf530d6-3473-46b0-aa8d-d733fac8f90a => generated 323 bytes in 86 msecs (HTTP/1.1 200) 7 headers in 286 bytes (1 switches on core 0)
Feb 21 04:14:18.045167 dv-cinder-773985-36-iscsi devstack@c-api.service[109723]: /usr/local/lib/python3.8/dist-packages/oslo_context/context.py:105: DeprecationWarning: Policy enforcement is depending on the value of is_admin. This key is deprecated. Please update your policy file to use the standard policy values.
Feb 21 04:14:18.045167 dv-cinder-773985-36-iscsi devstack@c-api.service[109723]: warnings.warn('Policy enforcement is depending on the value of '
Feb 21 04:14:18.050014 dv-cinder-773985-36-iscsi devstack@c-api.service[109723]: INFO cinder.api.v3.volumes [None req-3cb2c21c-cc08-4d42-a2a4-e20af544531d tempest-GroupsTest-1904922694 tempest-GroupsTest-1904922694-project] Create volume of 1 GB
Feb 21 04:14:18.077641 dv-cinder-773985-36-iscsi devstack@c-api.service[109723]: DEBUG cinder.volume.api [None req-3cb2c21c-cc08-4d42-a2a4-e20af544531d tempest-GroupsTest-1904922694 tempest-GroupsTest-1904922694-project] Availability zone cache updated, next update will occur around 2022-02-21 05:14:18.077099. {{(pid=109723) list_availability_zones /opt/stack/cinder/cinder/volume/api.py:151}}
Feb 21 04:14:18.078712 dv-cinder-773985-36-iscsi devstack@c-api.service[109723]: INFO cinder.volume.api [None req-3cb2c21c-cc08-4d42-a2a4-e20af544531d tempest-GroupsTest-1904922694 tempest-GroupsTest-1904922694-project] Availability Zones retrieved successfully.
Feb 21 04:14:18.126066 dv-cinder-773985-36-iscsi devstack@c-api.service[109723]: DEBUG cinder.volume.api [None req-3cb2c21c-cc08-4d42-a2a4-e20af544531d tempest-GroupsTest-1904922694 tempest-GroupsTest-1904922694-project] Flow 'volume_create_api' (a74b95e7-b05b-4fe4-ae10-bcfdf302ef05) transitioned into state 'RUNNING' from state 'PENDING' {{(pid=109723) _flow_receiver /usr/local/lib/python3.8/dist-packages/taskflow/listeners/logging.py:141}}
Feb 21 04:14:18.129136 dv-cinder-773985-36-iscsi devstack@c-api.service[109723]: DEBUG cinder.volume.api [None req-3cb2c21c-cc08-4d42-a2a4-e20af544531d tempest-GroupsTest-1904922694 tempest-GroupsTest-1904922694-project] Task 'cinder.volume.flows.api.create_volume.ExtractVolumeRequestTask;volume:create' (ac95a5c0-d990-46d3-a6ca-754a4be278df) transitioned into state 'RUNNING' from state 'PENDING' {{(pid=109723) _task_receiver /usr/local/lib/python3.8/dist-packages/taskflow/listeners/logging.py:190}}
Feb 21 04:14:18.131132 dv-cinder-773985-36-iscsi devstack@c-api.service[109723]: /usr/local/lib/python3.8/dist-packages/oslo_context/context.py:105: DeprecationWarning: Policy enforcement is depending on the value of is_admin. This key is deprecated. Please update your policy file to use the standard policy values.
Feb 21 04:14:18.131132 dv-cinder-773985-36-iscsi devstack@c-api.service[109723]: warnings.warn('Policy enforcement is depending on the value of '
Feb 21 04:14:18.132966 dv-cinder-773985-36-iscsi devstack@c-api.service[109723]: DEBUG cinder.volume.flows.api.create_volume [None req-3cb2c21c-cc08-4d42-a2a4-e20af544531d tempest-GroupsTest-1904922694 tempest-GroupsTest-1904922694-project] Validating volume size '1' using validate_int {{(pid=109723) _extract_size /opt/stack/cinder/cinder/volume/flows/api/create_volume.py:225}}
Feb 21 04:14:18.199175 dv-cinder-773985-36-iscsi devstack@c-api.service[109723]: DEBUG cinder.volume.api [None req-3cb2c21c-cc08-4d42-a2a4-e20af544531d tempest-GroupsTest-1904922694 tempest-GroupsTest-1904922694-project] Task 'cinder.volume.flows.api.create_volume.ExtractVolumeRequestTask;volume:create' (ac95a5c0-d990-46d3-a6ca-754a4be278df) transitioned into state 'SUCCESS' from state 'RUNNING' with result '{'size': 1, 'snapshot_id': None, 'source_volid': None, 'volume_type': VolumeType(created_at=2022-02-21T04:14:13Z,deleted=False,deleted_at=None,description=None,extra_specs={},id=87c96958-8f75-441a-a759-816af076cb90,is_public=True,name='tempest-GroupsTest-volume-type-842537007',projects=[],qos_specs=,qos_specs_id=None,updated_at=None), 'volume_type_id': '87c96958-8f75-441a-a759-816af076cb90', 'encryption_key_id': None, 'qos_specs': None, 'consistencygroup_id': None, 'cgsnapshot_id': None, 'group_id': 'f3fb26d4-fb22-4164-9670-a5026113189c', 'replication_status': 'disabled', 'refresh_az': False, 'backup_id': None, 'multiattach': False, 'availability_zones': ['nova']}' {{(pid=109723) _task_receiver /usr/local/lib/python3.8/dist-packages/taskflow/listeners/logging.py:178}}
Feb 21 04:14:18.203243 dv-cinder-773985-36-iscsi devstack@c-api.service[109723]: DEBUG cinder.volume.api [None req-3cb2c21c-cc08-4d42-a2a4-e20af544531d tempest-GroupsTest-1904922694 tempest-GroupsTest-1904922694-project] Task 'cinder.volume.flows.api.create_volume.QuotaReserveTask;volume:create' (5aad4c32-c52e-4075-9c6c-059842210da2) transitioned into state 'RUNNING' from state 'PENDING' {{(pid=109723) _task_receiver /usr/local/lib/python3.8/dist-packages/taskflow/listeners/logging.py:190}}
Feb 21 04:14:18.292584 dv-cinder-773985-36-iscsi devstack@c-api.service[109723]: WARNING cinder.quota [None req-3cb2c21c-cc08-4d42-a2a4-e20af544531d tempest-GroupsTest-1904922694 tempest-GroupsTest-1904922694-project] Deprecated: Default quota for resource: volumes_tempest-GroupsTest-volume-type-842537007 is set by the default quota flag: quota_volumes_tempest-GroupsTest-volume-type-842537007, it is now deprecated. Please use the default quota class for default quota.
Feb 21 04:14:18.294790 dv-cinder-773985-36-iscsi devstack@c-api.service[109723]: WARNING cinder.quota [None req-3cb2c21c-cc08-4d42-a2a4-e20af544531d tempest-GroupsTest-1904922694 tempest-GroupsTest-1904922694-project] Deprecated: Default quota for resource: gigabytes_tempest-GroupsTest-volume-type-842537007 is set by the default quota flag: quota_gigabytes_tempest-GroupsTest-volume-type-842537007, it is now deprecated. Please use the default quota class for default quota.
Feb 21 04:14:18.414795 dv-cinder-773985-36-iscsi devstack@c-api.service[109723]: DEBUG cinder.quota [None req-3cb2c21c-cc08-4d42-a2a4-e20af544531d tempest-GroupsTest-1904922694 tempest-GroupsTest-1904922694-project] Created reservations ['215b94b8-6375-4f96-a9f5-73ce1ca23887', 'ec34b864-ba36-42ae-9465-c76565852186', '36ea6acd-2d06-4688-9ee7-25b737fb2d0e', 'd57e682d-86a0-4619-a331-fdb3d2370bd2'] {{(pid=109723) reserve /opt/stack/cinder/cinder/quota.py:755}}
Feb 21 04:14:18.416961 dv-cinder-773985-36-iscsi devstack@c-api.service[109723]: DEBUG cinder.volume.api [None req-3cb2c21c-cc08-4d42-a2a4-e20af544531d tempest-GroupsTest-1904922694 tempest-GroupsTest-1904922694-project] Task 'cinder.volume.flows.api.create_volume.QuotaReserveTask;volume:create' (5aad4c32-c52e-4075-9c6c-059842210da2) transitioned into state 'SUCCESS' from state 'RUNNING' with result '{'reservations': ['215b94b8-6375-4f96-a9f5-73ce1ca23887', 'ec34b864-ba36-42ae-9465-c76565852186', '36ea6acd-2d06-4688-9ee7-25b737fb2d0e', 'd57e682d-86a0-4619-a331-fdb3d2370bd2']}' {{(pid=109723) _task_receiver /usr/local/lib/python3.8/dist-packages/taskflow/listeners/logging.py:178}}
Feb 21 04:14:18.419131 dv-cinder-773985-36-iscsi devstack@c-api.service[109723]: DEBUG cinder.volume.api [None req-3cb2c21c-cc08-4d42-a2a4-e20af544531d tempest-GroupsTest-1904922694 tempest-GroupsTest-1904922694-project] Task 'cinder.volume.flows.api.create_volume.EntryCreateTask;volume:create' (fb1fd31f-3397-4051-a5e6-361b6a763f8b) transitioned into state 'RUNNING' from state 'PENDING' {{(pid=109723) _task_receiver /usr/local/lib/python3.8/dist-packages/taskflow/listeners/logging.py:190}}
Feb 21 04:14:18.467256 dv-cinder-773985-36-iscsi devstack@c-api.service[109723]: DEBUG cinder.volume.api [None req-3cb2c21c-cc08-4d42-a2a4-e20af544531d tempest-GroupsTest-1904922694 tempest-GroupsTest-1904922694-project] Task 'cinder.volume.flows.api.create_volume.EntryCreateTask;volume:create' (fb1fd31f-3397-4051-a5e6-361b6a763f8b) transitioned into state 'SUCCESS' from state 'RUNNING' with result '{'volume_id': 'd80326d3-a56e-43ee-aed7-f83d49624274', 'volume_properties': VolumeProperties(attach_status='detached',availability_zone='nova',cgsnapshot_id=None,consistencygroup_id=None,display_description=None,display_name='tempest-volume-977797943',encryption_key_id=None,group_id=f3fb26d4-fb22-4164-9670-a5026113189c,group_type_id=,metadata={},multiattach=False,project_id='bf060b41440e489294ef4d3cb577c18b',qos_specs=None,replication_status=,reservations=['215b94b8-6375-4f96-a9f5-73ce1ca23887','ec34b864-ba36-42ae-9465-c76565852186','36ea6acd-2d06-4688-9ee7-25b737fb2d0e','d57e682d-86a0-4619-a331-fdb3d2370bd2'],size=1,snapshot_id=None,source_replicaid=,source_volid=None,status='creating',user_id='7c9fa47931bc4f39918605e63e73245e',volume_type_id=87c96958-8f75-441a-a759-816af076cb90), 'volume': Volume(_name_id=None,admin_metadata=,attach_status='detached',availability_zone='nova',bootable=False,cluster=,cluster_name=None,consistencygroup=,consistencygroup_id=None,created_at=2022-02-21T04:14:18Z,deleted=False,deleted_at=None,display_description=None,display_name='tempest-volume-977797943',ec2_id=None,encryption_key_id=None,glance_metadata=,group=,group_id=f3fb26d4-fb22-4164-9670-a5026113189c,host=None,id=d80326d3-a56e-43ee-aed7-f83d49624274,launched_at=None,metadata={},migration_status=None,multiattach=False,previous_status=None,project_id='bf060b41440e489294ef4d3cb577c18b',provider_auth=None,provider_geometry=None,provider_id=None,provider_location=None,replication_driver_data=None,replication_extended_status=None,replication_status=None,scheduled_at=None,service_uuid=None,shared_targets=True,size=1,snapshot_id=None,snapshots=,source_volid=None,status='creating',terminated_at=None,updated_at=None,use_quota=True,user_id='7c9fa47931bc4f39918605e63e73245e',volume_attachment=VolumeAttachmentList,volume_type=VolumeType(87c96958-8f75-441a-a759-816af076cb90),volume_type_id=87c96958-8f75-441a-a759-816af076cb90)}' {{(pid=109723) _task_receiver /usr/local/lib/python3.8/dist-packages/taskflow/listeners/logging.py:178}}
Feb 21 04:14:18.474517 dv-cinder-773985-36-iscsi devstack@c-api.service[109723]: DEBUG cinder.volume.api [None req-3cb2c21c-cc08-4d42-a2a4-e20af544531d tempest-GroupsTest-1904922694 tempest-GroupsTest-1904922694-project] Task 'cinder.volume.flows.api.create_volume.QuotaCommitTask;volume:create' (eea96baf-e88f-4f48-986d-3025147dc725) transitioned into state 'RUNNING' from state 'PENDING' {{(pid=109723) _task_receiver /usr/local/lib/python3.8/dist-packages/taskflow/listeners/logging.py:190}}
Feb 21 04:14:18.544930 dv-cinder-773985-36-iscsi devstack@c-api.service[109723]: DEBUG cinder.volume.api [None req-3cb2c21c-cc08-4d42-a2a4-e20af544531d tempest-GroupsTest-1904922694 tempest-GroupsTest-1904922694-project] Task 'cinder.volume.flows.api.create_volume.QuotaCommitTask;volume:create' (eea96baf-e88f-4f48-986d-3025147dc725) transitioned into state 'SUCCESS' from state 'RUNNING' with result '{'volume_properties': VolumeProperties(attach_status='detached',availability_zone='nova',cgsnapshot_id=None,consistencygroup_id=None,display_description=None,display_name='tempest-volume-977797943',encryption_key_id=None,group_id=f3fb26d4-fb22-4164-9670-a5026113189c,group_type_id=,metadata={},multiattach=False,project_id='bf060b41440e489294ef4d3cb577c18b',qos_specs=None,replication_status=,reservations=['215b94b8-6375-4f96-a9f5-73ce1ca23887','ec34b864-ba36-42ae-9465-c76565852186','36ea6acd-2d06-4688-9ee7-25b737fb2d0e','d57e682d-86a0-4619-a331-fdb3d2370bd2'],size=1,snapshot_id=None,source_replicaid=,source_volid=None,status='creating',user_id='7c9fa47931bc4f39918605e63e73245e',volume_type_id=87c96958-8f75-441a-a759-816af076cb90)}' {{(pid=109723) _task_receiver /usr/local/lib/python3.8/dist-packages/taskflow/listeners/logging.py:178}}
Feb 21 04:14:18.554479 dv-cinder-773985-36-iscsi devstack@c-api.service[109723]: DEBUG cinder.volume.api [None req-3cb2c21c-cc08-4d42-a2a4-e20af544531d tempest-GroupsTest-1904922694 tempest-GroupsTest-1904922694-project] Task 'cinder.volume.flows.api.create_volume.VolumeCastTask;volume:create' (7a27f778-6b5a-4e1f-98e6-d7f437f3077f) transitioned into state 'RUNNING' from state 'PENDING' {{(pid=109723) _task_receiver /usr/local/lib/python3.8/dist-packages/taskflow/listeners/logging.py:190}}
Feb 21 04:14:18.629328 dv-cinder-773985-36-iscsi devstack@c-api.service[109723]: DEBUG cinder.volume.api [None req-3cb2c21c-cc08-4d42-a2a4-e20af544531d tempest-GroupsTest-1904922694 tempest-GroupsTest-1904922694-project] Task 'cinder.volume.flows.api.create_volume.VolumeCastTask;volume:create' (7a27f778-6b5a-4e1f-98e6-d7f437f3077f) transitioned into state 'SUCCESS' from state 'RUNNING' with result 'None' {{(pid=109723) _task_receiver /usr/local/lib/python3.8/dist-packages/taskflow/listeners/logging.py:178}}
Feb 21 04:14:18.632656 dv-cinder-773985-36-iscsi devstack@c-api.service[109723]: DEBUG cinder.volume.api [None req-3cb2c21c-cc08-4d42-a2a4-e20af544531d tempest-GroupsTest-1904922694 tempest-GroupsTest-1904922694-project] Flow 'volume_create_api' (a74b95e7-b05b-4fe4-ae10-bcfdf302ef05) transitioned into state 'SUCCESS' from state 'RUNNING' {{(pid=109723) _flow_receiver /usr/local/lib/python3.8/dist-packages/taskflow/listeners/logging.py:141}}
Feb 21 04:14:18.636331 dv-cinder-773985-36-iscsi devstack@c-api.service[109723]: INFO cinder.volume.api [None req-3cb2c21c-cc08-4d42-a2a4-e20af544531d tempest-GroupsTest-1904922694 tempest-GroupsTest-1904922694-project] Create volume request issued successfully.
Feb 21 04:14:18.639083 dv-cinder-773985-36-iscsi devstack@c-api.service[109723]: WARNING stevedore.named [None req-3cb2c21c-cc08-4d42-a2a4-e20af544531d tempest-GroupsTest-1904922694 tempest-GroupsTest-1904922694-project] Could not load cinder.keymgr.conf_key_mgr.ConfKeyManager
Feb 21 04:14:18.639700 dv-cinder-773985-36-iscsi devstack@c-api.service[109723]: WARNING castellan.key_manager [None req-3cb2c21c-cc08-4d42-a2a4-e20af544531d tempest-GroupsTest-1904922694 tempest-GroupsTest-1904922694-project] Deprecation Warning : cinder.keymgr.conf_key_mgr.ConfKeyManager is not a stevedore based driver, trying to load it as a class: stevedore.exception.NoMatches: No 'castellan.drivers' driver found, looking for 'cinder.keymgr.conf_key_mgr.ConfKeyManager'
Feb 21 04:14:18.663054 dv-cinder-773985-36-iscsi devstack@c-api.service[109723]: DEBUG oslo_db.sqlalchemy.engines [None req-3cb2c21c-cc08-4d42-a2a4-e20af544531d tempest-GroupsTest-1904922694 tempest-GroupsTest-1904922694-project] MySQL server mode set to STRICT_TRANS_TABLES,STRICT_ALL_TABLES,NO_ZERO_IN_DATE,NO_ZERO_DATE,ERROR_FOR_DIVISION_BY_ZERO,TRADITIONAL,NO_ENGINE_SUBSTITUTION {{(pid=109723) _check_effective_sql_mode /usr/local/lib/python3.8/dist-packages/oslo_db/sqlalchemy/engines.py:314}}
Feb 21 04:14:18.672184 dv-cinder-773985-36-iscsi devstack@c-api.service[109723]: /usr/local/lib/python3.8/dist-packages/oslo_context/context.py:105: DeprecationWarning: Policy enforcement is depending on the value of is_admin. This key is deprecated. Please update your policy file to use the standard policy values.
Feb 21 04:14:18.672184 dv-cinder-773985-36-iscsi devstack@c-api.service[109723]: warnings.warn('Policy enforcement is depending on the value of '
Feb 21 04:14:18.679974 dv-cinder-773985-36-iscsi devstack@c-api.service[109723]: INFO cinder.api.openstack.wsgi [None req-3cb2c21c-cc08-4d42-a2a4-e20af544531d tempest-GroupsTest-1904922694 tempest-GroupsTest-1904922694-project] http://10.222.0.10/volume/v3/bf060b41440e489294ef4d3cb577c18b/volumes returned with HTTP 202
Feb 21 04:14:18.681525 dv-cinder-773985-36-iscsi devstack@c-api.service[109723]: [pid: 109723|app: 0|req: 48/87] 10.222.0.10 () {62 vars in 1276 bytes} [Mon Feb 21 04:14:17 2022] POST /volume/v3/bf060b41440e489294ef4d3cb577c18b/volumes => generated 879 bytes in 694 msecs (HTTP/1.1 202) 7 headers in 292 bytes (1 switches on core 0)
Feb 21 04:14:18.684938 dv-cinder-773985-36-iscsi devstack@c-api.service[109724]: INFO cinder.api.openstack.wsgi [None req-ec0af007-84e6-40cd-af74-653c143f2cbd tempest-GroupsV314Test-1083614730 tempest-GroupsV314Test-1083614730-project] GET http://10.222.0.10/volume/v3/9f3b5d11034248c2af11c51fb6faa89a/volumes/ceda0c39-3718-43fc-b41d-a781c7eab1d8
Feb 21 04:14:18.685920 dv-cinder-773985-36-iscsi devstack@c-api.service[109724]: DEBUG cinder.api.openstack.wsgi [None req-ec0af007-84e6-40cd-af74-653c143f2cbd tempest-GroupsV314Test-1083614730 tempest-GroupsV314Test-1083614730-project] Empty body provided in request {{(pid=109724) get_body /opt/stack/cinder/cinder/api/openstack/wsgi.py:715}}
Feb 21 04:14:18.686594 dv-cinder-773985-36-iscsi devstack@c-api.service[109724]: DEBUG cinder.api.openstack.wsgi [None req-ec0af007-84e6-40cd-af74-653c143f2cbd tempest-GroupsV314Test-1083614730 tempest-GroupsV314Test-1083614730-project] Calling method 'show' {{(pid=109724) _process_stack /opt/stack/cinder/cinder/api/openstack/wsgi.py:868}}
Feb 21 04:14:18.709495 dv-cinder-773985-36-iscsi devstack@c-api.service[109723]: INFO cinder.api.openstack.wsgi [None req-c1e5fd4b-9432-4578-bfd4-3f3a4db70537 tempest-GroupsTest-1904922694 tempest-GroupsTest-1904922694-project] GET http://10.222.0.10/volume/v3/bf060b41440e489294ef4d3cb577c18b/volumes/d80326d3-a56e-43ee-aed7-f83d49624274
Feb 21 04:14:18.713852 dv-cinder-773985-36-iscsi devstack@c-api.service[109723]: DEBUG cinder.api.openstack.wsgi [None req-c1e5fd4b-9432-4578-bfd4-3f3a4db70537 tempest-GroupsTest-1904922694 tempest-GroupsTest-1904922694-project] Empty body provided in request {{(pid=109723) get_body /opt/stack/cinder/cinder/api/openstack/wsgi.py:715}}
Feb 21 04:14:18.714836 dv-cinder-773985-36-iscsi devstack@c-api.service[109723]: DEBUG cinder.api.openstack.wsgi [None req-c1e5fd4b-9432-4578-bfd4-3f3a4db70537 tempest-GroupsTest-1904922694 tempest-GroupsTest-1904922694-project] Calling method 'show' {{(pid=109723) _process_stack /opt/stack/cinder/cinder/api/openstack/wsgi.py:868}}
Feb 21 04:14:18.723936 dv-cinder-773985-36-iscsi devstack@c-api.service[109724]: /usr/local/lib/python3.8/dist-packages/oslo_context/context.py:105: DeprecationWarning: Policy enforcement is depending on the value of is_admin. This key is deprecated. Please update your policy file to use the standard policy values.
Feb 21 04:14:18.723936 dv-cinder-773985-36-iscsi devstack@c-api.service[109724]: warnings.warn('Policy enforcement is depending on the value of '
Feb 21 04:14:18.759309 dv-cinder-773985-36-iscsi devstack@c-api.service[109723]: /usr/local/lib/python3.8/dist-packages/oslo_context/context.py:105: DeprecationWarning: Policy enforcement is depending on the value of is_admin. This key is deprecated. Please update your policy file to use the standard policy values.
Feb 21 04:14:18.759309 dv-cinder-773985-36-iscsi devstack@c-api.service[109723]: warnings.warn('Policy enforcement is depending on the value of '
Feb 21 04:14:18.764271 dv-cinder-773985-36-iscsi devstack@c-api.service[109724]: INFO cinder.volume.api [None req-ec0af007-84e6-40cd-af74-653c143f2cbd tempest-GroupsV314Test-1083614730 tempest-GroupsV314Test-1083614730-project] Volume info retrieved successfully.
Feb 21 04:14:18.767095 dv-cinder-773985-36-iscsi devstack@c-api.service[109724]: WARNING stevedore.named [None req-ec0af007-84e6-40cd-af74-653c143f2cbd tempest-GroupsV314Test-1083614730 tempest-GroupsV314Test-1083614730-project] Could not load cinder.keymgr.conf_key_mgr.ConfKeyManager
Feb 21 04:14:18.768232 dv-cinder-773985-36-iscsi devstack@c-api.service[109724]: WARNING castellan.key_manager [None req-ec0af007-84e6-40cd-af74-653c143f2cbd tempest-GroupsV314Test-1083614730 tempest-GroupsV314Test-1083614730-project] Deprecation Warning : cinder.keymgr.conf_key_mgr.ConfKeyManager is not a stevedore based driver, trying to load it as a class: stevedore.exception.NoMatches: No 'castellan.drivers' driver found, looking for 'cinder.keymgr.conf_key_mgr.ConfKeyManager'
Feb 21 04:14:18.777208 dv-cinder-773985-36-iscsi devstack@c-api.service[109723]: INFO cinder.volume.api [None req-c1e5fd4b-9432-4578-bfd4-3f3a4db70537 tempest-GroupsTest-1904922694 tempest-GroupsTest-1904922694-project] Volume info retrieved successfully.
Feb 21 04:14:18.783813 dv-cinder-773985-36-iscsi devstack@c-api.service[109723]: WARNING stevedore.named [None req-c1e5fd4b-9432-4578-bfd4-3f3a4db70537 tempest-GroupsTest-1904922694 tempest-GroupsTest-1904922694-project] Could not load cinder.keymgr.conf_key_mgr.ConfKeyManager
Feb 21 04:14:18.784202 dv-cinder-773985-36-iscsi devstack@c-api.service[109723]: WARNING castellan.key_manager [None req-c1e5fd4b-9432-4578-bfd4-3f3a4db70537 tempest-GroupsTest-1904922694 tempest-GroupsTest-1904922694-project] Deprecation Warning : cinder.keymgr.conf_key_mgr.ConfKeyManager is not a stevedore based driver, trying to load it as a class: stevedore.exception.NoMatches: No 'castellan.drivers' driver found, looking for 'cinder.keymgr.conf_key_mgr.ConfKeyManager'
Feb 21 04:14:18.794441 dv-cinder-773985-36-iscsi devstack@c-api.service[109724]: DEBUG oslo_db.sqlalchemy.engines [None req-ec0af007-84e6-40cd-af74-653c143f2cbd tempest-GroupsV314Test-1083614730 tempest-GroupsV314Test-1083614730-project] MySQL server mode set to STRICT_TRANS_TABLES,STRICT_ALL_TABLES,NO_ZERO_IN_DATE,NO_ZERO_DATE,ERROR_FOR_DIVISION_BY_ZERO,TRADITIONAL,NO_ENGINE_SUBSTITUTION {{(pid=109724) _check_effective_sql_mode /usr/local/lib/python3.8/dist-packages/oslo_db/sqlalchemy/engines.py:314}}
Feb 21 04:14:18.804301 dv-cinder-773985-36-iscsi devstack@c-api.service[109723]: DEBUG oslo_db.sqlalchemy.engines [None req-c1e5fd4b-9432-4578-bfd4-3f3a4db70537 tempest-GroupsTest-1904922694 tempest-GroupsTest-1904922694-project] MySQL server mode set to STRICT_TRANS_TABLES,STRICT_ALL_TABLES,NO_ZERO_IN_DATE,NO_ZERO_DATE,ERROR_FOR_DIVISION_BY_ZERO,TRADITIONAL,NO_ENGINE_SUBSTITUTION {{(pid=109723) _check_effective_sql_mode /usr/local/lib/python3.8/dist-packages/oslo_db/sqlalchemy/engines.py:314}}
Feb 21 04:14:18.820722 dv-cinder-773985-36-iscsi devstack@c-api.service[109723]: /usr/local/lib/python3.8/dist-packages/oslo_context/context.py:105: DeprecationWarning: Policy enforcement is depending on the value of is_admin. This key is deprecated. Please update your policy file to use the standard policy values.
Feb 21 04:14:18.820722 dv-cinder-773985-36-iscsi devstack@c-api.service[109723]: warnings.warn('Policy enforcement is depending on the value of '
Feb 21 04:14:18.821788 dv-cinder-773985-36-iscsi devstack@c-api.service[109724]: /usr/local/lib/python3.8/dist-packages/oslo_context/context.py:105: DeprecationWarning: Policy enforcement is depending on the value of is_admin. This key is deprecated. Please update your policy file to use the standard policy values.
Feb 21 04:14:18.821788 dv-cinder-773985-36-iscsi devstack@c-api.service[109724]: warnings.warn('Policy enforcement is depending on the value of '
Feb 21 04:14:18.847347 dv-cinder-773985-36-iscsi devstack@c-api.service[109723]: INFO cinder.api.openstack.wsgi [None req-c1e5fd4b-9432-4578-bfd4-3f3a4db70537 tempest-GroupsTest-1904922694 tempest-GroupsTest-1904922694-project] http://10.222.0.10/volume/v3/bf060b41440e489294ef4d3cb577c18b/volumes/d80326d3-a56e-43ee-aed7-f83d49624274 returned with HTTP 200
Feb 21 04:14:18.863074 dv-cinder-773985-36-iscsi devstack@c-api.service[109723]: [pid: 109723|app: 0|req: 49/88] 10.222.0.10 () {60 vars in 1365 bytes} [Mon Feb 21 04:14:18 2022] GET /volume/v3/bf060b41440e489294ef4d3cb577c18b/volumes/d80326d3-a56e-43ee-aed7-f83d49624274 => generated 947 bytes in 170 msecs (HTTP/1.1 200) 7 headers in 286 bytes (1 switches on core 0)
Feb 21 04:14:18.927007 dv-cinder-773985-36-iscsi devstack@c-api.service[109724]: INFO cinder.api.openstack.wsgi [None req-ec0af007-84e6-40cd-af74-653c143f2cbd tempest-GroupsV314Test-1083614730 tempest-GroupsV314Test-1083614730-project] http://10.222.0.10/volume/v3/9f3b5d11034248c2af11c51fb6faa89a/volumes/ceda0c39-3718-43fc-b41d-a781c7eab1d8 returned with HTTP 200
Feb 21 04:14:18.927822 dv-cinder-773985-36-iscsi devstack@c-api.service[109724]: [pid: 109724|app: 0|req: 40/89] 10.222.0.10 () {60 vars in 1365 bytes} [Mon Feb 21 04:14:18 2022] GET /volume/v3/9f3b5d11034248c2af11c51fb6faa89a/volumes/ceda0c39-3718-43fc-b41d-a781c7eab1d8 => generated 990 bytes in 250 msecs (HTTP/1.1 200) 7 headers in 286 bytes (1 switches on core 0)
Feb 21 04:14:19.870091 dv-cinder-773985-36-iscsi devstack@c-api.service[109723]: INFO cinder.api.openstack.wsgi [None req-4c612227-a299-4ca1-b883-50a66ed53a68 tempest-GroupsTest-1904922694 tempest-GroupsTest-1904922694-project] GET http://10.222.0.10/volume/v3/bf060b41440e489294ef4d3cb577c18b/volumes/d80326d3-a56e-43ee-aed7-f83d49624274
Feb 21 04:14:19.870624 dv-cinder-773985-36-iscsi devstack@c-api.service[109723]: DEBUG cinder.api.openstack.wsgi [None req-4c612227-a299-4ca1-b883-50a66ed53a68 tempest-GroupsTest-1904922694 tempest-GroupsTest-1904922694-project] Empty body provided in request {{(pid=109723) get_body /opt/stack/cinder/cinder/api/openstack/wsgi.py:715}}
Feb 21 04:14:19.871072 dv-cinder-773985-36-iscsi devstack@c-api.service[109723]: DEBUG cinder.api.openstack.wsgi [None req-4c612227-a299-4ca1-b883-50a66ed53a68 tempest-GroupsTest-1904922694 tempest-GroupsTest-1904922694-project] Calling method 'show' {{(pid=109723) _process_stack /opt/stack/cinder/cinder/api/openstack/wsgi.py:868}}
Feb 21 04:14:19.935119 dv-cinder-773985-36-iscsi devstack@c-api.service[109723]: /usr/local/lib/python3.8/dist-packages/oslo_context/context.py:105: DeprecationWarning: Policy enforcement is depending on the value of is_admin. This key is deprecated. Please update your policy file to use the standard policy values.
Feb 21 04:14:19.935119 dv-cinder-773985-36-iscsi devstack@c-api.service[109723]: warnings.warn('Policy enforcement is depending on the value of '
Feb 21 04:14:19.943790 dv-cinder-773985-36-iscsi devstack@c-api.service[109724]: INFO cinder.api.openstack.wsgi [None req-611143d6-ad9e-4936-a242-3287638c4b61 tempest-GroupsV314Test-1083614730 tempest-GroupsV314Test-1083614730-project] GET http://10.222.0.10/volume/v3/9f3b5d11034248c2af11c51fb6faa89a/volumes/ceda0c39-3718-43fc-b41d-a781c7eab1d8
Feb 21 04:14:19.944397 dv-cinder-773985-36-iscsi devstack@c-api.service[109724]: DEBUG cinder.api.openstack.wsgi [None req-611143d6-ad9e-4936-a242-3287638c4b61 tempest-GroupsV314Test-1083614730 tempest-GroupsV314Test-1083614730-project] Empty body provided in request {{(pid=109724) get_body /opt/stack/cinder/cinder/api/openstack/wsgi.py:715}}
Feb 21 04:14:19.945924 dv-cinder-773985-36-iscsi devstack@c-api.service[109724]: DEBUG cinder.api.openstack.wsgi [None req-611143d6-ad9e-4936-a242-3287638c4b61 tempest-GroupsV314Test-1083614730 tempest-GroupsV314Test-1083614730-project] Calling method 'show' {{(pid=109724) _process_stack /opt/stack/cinder/cinder/api/openstack/wsgi.py:868}}
Feb 21 04:14:19.966699 dv-cinder-773985-36-iscsi devstack@c-api.service[109723]: INFO cinder.volume.api [None req-4c612227-a299-4ca1-b883-50a66ed53a68 tempest-GroupsTest-1904922694 tempest-GroupsTest-1904922694-project] Volume info retrieved successfully.
Feb 21 04:14:19.976070 dv-cinder-773985-36-iscsi devstack@c-api.service[109723]: WARNING stevedore.named [None req-4c612227-a299-4ca1-b883-50a66ed53a68 tempest-GroupsTest-1904922694 tempest-GroupsTest-1904922694-project] Could not load cinder.keymgr.conf_key_mgr.ConfKeyManager
Feb 21 04:14:19.979200 dv-cinder-773985-36-iscsi devstack@c-api.service[109723]: WARNING castellan.key_manager [None req-4c612227-a299-4ca1-b883-50a66ed53a68 tempest-GroupsTest-1904922694 tempest-GroupsTest-1904922694-project] Deprecation Warning : cinder.keymgr.conf_key_mgr.ConfKeyManager is not a stevedore based driver, trying to load it as a class: stevedore.exception.NoMatches: No 'castellan.drivers' driver found, looking for 'cinder.keymgr.conf_key_mgr.ConfKeyManager'
Feb 21 04:14:20.001595 dv-cinder-773985-36-iscsi devstack@c-api.service[109723]: DEBUG oslo_db.sqlalchemy.engines [None req-4c612227-a299-4ca1-b883-50a66ed53a68 tempest-GroupsTest-1904922694 tempest-GroupsTest-1904922694-project] MySQL server mode set to STRICT_TRANS_TABLES,STRICT_ALL_TABLES,NO_ZERO_IN_DATE,NO_ZERO_DATE,ERROR_FOR_DIVISION_BY_ZERO,TRADITIONAL,NO_ENGINE_SUBSTITUTION {{(pid=109723) _check_effective_sql_mode /usr/local/lib/python3.8/dist-packages/oslo_db/sqlalchemy/engines.py:314}}
Feb 21 04:14:20.007918 dv-cinder-773985-36-iscsi devstack@c-api.service[109724]: /usr/local/lib/python3.8/dist-packages/oslo_context/context.py:105: DeprecationWarning: Policy enforcement is depending on the value of is_admin. This key is deprecated. Please update your policy file to use the standard policy values.
Feb 21 04:14:20.007918 dv-cinder-773985-36-iscsi devstack@c-api.service[109724]: warnings.warn('Policy enforcement is depending on the value of '
Feb 21 04:14:20.019522 dv-cinder-773985-36-iscsi devstack@c-api.service[109723]: /usr/local/lib/python3.8/dist-packages/oslo_context/context.py:105: DeprecationWarning: Policy enforcement is depending on the value of is_admin. This key is deprecated. Please update your policy file to use the standard policy values.
Feb 21 04:14:20.019522 dv-cinder-773985-36-iscsi devstack@c-api.service[109723]: warnings.warn('Policy enforcement is depending on the value of '
Feb 21 04:14:20.047136 dv-cinder-773985-36-iscsi devstack@c-api.service[109724]: INFO cinder.volume.api [None req-611143d6-ad9e-4936-a242-3287638c4b61 tempest-GroupsV314Test-1083614730 tempest-GroupsV314Test-1083614730-project] Volume info retrieved successfully.
Feb 21 04:14:20.052007 dv-cinder-773985-36-iscsi devstack@c-api.service[109724]: WARNING stevedore.named [None req-611143d6-ad9e-4936-a242-3287638c4b61 tempest-GroupsV314Test-1083614730 tempest-GroupsV314Test-1083614730-project] Could not load cinder.keymgr.conf_key_mgr.ConfKeyManager
Feb 21 04:14:20.052625 dv-cinder-773985-36-iscsi devstack@c-api.service[109724]: WARNING castellan.key_manager [None req-611143d6-ad9e-4936-a242-3287638c4b61 tempest-GroupsV314Test-1083614730 tempest-GroupsV314Test-1083614730-project] Deprecation Warning : cinder.keymgr.conf_key_mgr.ConfKeyManager is not a stevedore based driver, trying to load it as a class: stevedore.exception.NoMatches: No 'castellan.drivers' driver found, looking for 'cinder.keymgr.conf_key_mgr.ConfKeyManager'
Feb 21 04:14:20.069483 dv-cinder-773985-36-iscsi devstack@c-api.service[109723]: INFO cinder.api.openstack.wsgi [None req-4c612227-a299-4ca1-b883-50a66ed53a68 tempest-GroupsTest-1904922694 tempest-GroupsTest-1904922694-project] http://10.222.0.10/volume/v3/bf060b41440e489294ef4d3cb577c18b/volumes/d80326d3-a56e-43ee-aed7-f83d49624274 returned with HTTP 200
Feb 21 04:14:20.091230 dv-cinder-773985-36-iscsi devstack@c-api.service[109724]: DEBUG oslo_db.sqlalchemy.engines [None req-611143d6-ad9e-4936-a242-3287638c4b61 tempest-GroupsV314Test-1083614730 tempest-GroupsV314Test-1083614730-project] MySQL server mode set to STRICT_TRANS_TABLES,STRICT_ALL_TABLES,NO_ZERO_IN_DATE,NO_ZERO_DATE,ERROR_FOR_DIVISION_BY_ZERO,TRADITIONAL,NO_ENGINE_SUBSTITUTION {{(pid=109724) _check_effective_sql_mode /usr/local/lib/python3.8/dist-packages/oslo_db/sqlalchemy/engines.py:314}}
Feb 21 04:14:20.093998 dv-cinder-773985-36-iscsi devstack@c-api.service[109723]: [pid: 109723|app: 0|req: 50/90] 10.222.0.10 () {60 vars in 1365 bytes} [Mon Feb 21 04:14:19 2022] GET /volume/v3/bf060b41440e489294ef4d3cb577c18b/volumes/d80326d3-a56e-43ee-aed7-f83d49624274 => generated 972 bytes in 229 msecs (HTTP/1.1 200) 7 headers in 286 bytes (1 switches on core 0)
Feb 21 04:14:20.101588 dv-cinder-773985-36-iscsi devstack@c-api.service[109724]: /usr/local/lib/python3.8/dist-packages/oslo_context/context.py:105: DeprecationWarning: Policy enforcement is depending on the value of is_admin. This key is deprecated. Please update your policy file to use the standard policy values.
Feb 21 04:14:20.101588 dv-cinder-773985-36-iscsi devstack@c-api.service[109724]: warnings.warn('Policy enforcement is depending on the value of '
Feb 21 04:14:20.113695 dv-cinder-773985-36-iscsi devstack@c-api.service[109723]: INFO cinder.api.openstack.wsgi [None req-a779d342-f50e-411a-9f1d-21688e837b91 tempest-GroupsTest-1904922694 tempest-GroupsTest-1904922694-project] GET http://10.222.0.10/volume/v3/bf060b41440e489294ef4d3cb577c18b/groups/f3fb26d4-fb22-4164-9670-a5026113189c
Feb 21 04:14:20.116200 dv-cinder-773985-36-iscsi devstack@c-api.service[109723]: DEBUG cinder.api.openstack.wsgi [None req-a779d342-f50e-411a-9f1d-21688e837b91 tempest-GroupsTest-1904922694 tempest-GroupsTest-1904922694-project] Empty body provided in request {{(pid=109723) get_body /opt/stack/cinder/cinder/api/openstack/wsgi.py:715}}
Feb 21 04:14:20.119107 dv-cinder-773985-36-iscsi devstack@c-api.service[109723]: DEBUG cinder.api.openstack.wsgi [None req-a779d342-f50e-411a-9f1d-21688e837b91 tempest-GroupsTest-1904922694 tempest-GroupsTest-1904922694-project] Calling method 'version_select' {{(pid=109723) _process_stack /opt/stack/cinder/cinder/api/openstack/wsgi.py:868}}
Feb 21 04:14:20.119629 dv-cinder-773985-36-iscsi devstack@c-api.service[109723]: DEBUG cinder.api.v3.groups [None req-a779d342-f50e-411a-9f1d-21688e837b91 tempest-GroupsTest-1904922694 tempest-GroupsTest-1904922694-project] show called for member f3fb26d4-fb22-4164-9670-a5026113189c {{(pid=109723) show /opt/stack/cinder/cinder/api/v3/groups.py:58}}
Feb 21 04:14:20.136818 dv-cinder-773985-36-iscsi devstack@c-api.service[109723]: /usr/local/lib/python3.8/dist-packages/oslo_context/context.py:105: DeprecationWarning: Policy enforcement is depending on the value of is_admin. This key is deprecated. Please update your policy file to use the standard policy values.
Feb 21 04:14:20.136818 dv-cinder-773985-36-iscsi devstack@c-api.service[109723]: warnings.warn('Policy enforcement is depending on the value of '
Feb 21 04:14:20.182542 dv-cinder-773985-36-iscsi devstack@c-api.service[109724]: INFO cinder.api.openstack.wsgi [None req-611143d6-ad9e-4936-a242-3287638c4b61 tempest-GroupsV314Test-1083614730 tempest-GroupsV314Test-1083614730-project] http://10.222.0.10/volume/v3/9f3b5d11034248c2af11c51fb6faa89a/volumes/ceda0c39-3718-43fc-b41d-a781c7eab1d8 returned with HTTP 200
Feb 21 04:14:20.193651 dv-cinder-773985-36-iscsi devstack@c-api.service[109724]: [pid: 109724|app: 0|req: 41/91] 10.222.0.10 () {60 vars in 1365 bytes} [Mon Feb 21 04:14:19 2022] GET /volume/v3/9f3b5d11034248c2af11c51fb6faa89a/volumes/ceda0c39-3718-43fc-b41d-a781c7eab1d8 => generated 991 bytes in 253 msecs (HTTP/1.1 200) 7 headers in 286 bytes (2 switches on core 0)
Feb 21 04:14:20.208850 dv-cinder-773985-36-iscsi devstack@c-api.service[109724]: INFO cinder.api.openstack.wsgi [None req-3309d442-018e-4925-a62b-446c0350481b tempest-GroupsV314Test-1083614730 tempest-GroupsV314Test-1083614730-project] POST http://10.222.0.10/volume/v3/9f3b5d11034248c2af11c51fb6faa89a/groups/action
Feb 21 04:14:20.209867 dv-cinder-773985-36-iscsi devstack@c-api.service[109723]: INFO cinder.api.openstack.wsgi [None req-a779d342-f50e-411a-9f1d-21688e837b91 tempest-GroupsTest-1904922694 tempest-GroupsTest-1904922694-project] http://10.222.0.10/volume/v3/bf060b41440e489294ef4d3cb577c18b/groups/f3fb26d4-fb22-4164-9670-a5026113189c returned with HTTP 200
Feb 21 04:14:20.214534 dv-cinder-773985-36-iscsi devstack@c-api.service[109724]: DEBUG cinder.api.openstack.wsgi [None req-3309d442-018e-4925-a62b-446c0350481b tempest-GroupsV314Test-1083614730 tempest-GroupsV314Test-1083614730-project] Action body: b'{"create-from-src": {"source_group_id": "9e0a97da-f2ec-4b51-8cf7-5d6920b89b18", "name": "tempest-Group_from_grp-1094370106"}}' {{(pid=109724) get_method /opt/stack/cinder/cinder/api/openstack/wsgi.py:983}}
Feb 21 04:14:20.218145 dv-cinder-773985-36-iscsi devstack@c-api.service[109724]: DEBUG cinder.api.openstack.wsgi [None req-3309d442-018e-4925-a62b-446c0350481b tempest-GroupsV314Test-1083614730 tempest-GroupsV314Test-1083614730-project] Action: 'action', calling method: version_select, body: {"create-from-src": {"source_group_id": "9e0a97da-f2ec-4b51-8cf7-5d6920b89b18", "name": "tempest-Group_from_grp-1094370106"}} {{(pid=109724) _process_stack /opt/stack/cinder/cinder/api/openstack/wsgi.py:866}}
Feb 21 04:14:20.219217 dv-cinder-773985-36-iscsi devstack@c-api.service[109723]: [pid: 109723|app: 0|req: 51/92] 10.222.0.10 () {60 vars in 1362 bytes} [Mon Feb 21 04:14:20 2022] GET /volume/v3/bf060b41440e489294ef4d3cb577c18b/groups/f3fb26d4-fb22-4164-9670-a5026113189c => generated 323 bytes in 124 msecs (HTTP/1.1 200) 7 headers in 286 bytes (1 switches on core 0)
Feb 21 04:14:20.220505 dv-cinder-773985-36-iscsi devstack@c-api.service[109724]: DEBUG cinder.api.v3.groups [None req-3309d442-018e-4925-a62b-446c0350481b tempest-GroupsV314Test-1083614730 tempest-GroupsV314Test-1083614730-project] Creating new group {'create-from-src': {'source_group_id': '9e0a97da-f2ec-4b51-8cf7-5d6920b89b18', 'name': 'tempest-Group_from_grp-1094370106'}}. {{(pid=109724) create_from_src /opt/stack/cinder/cinder/api/v3/groups.py:236}}
Feb 21 04:14:20.220834 dv-cinder-773985-36-iscsi devstack@c-api.service[109724]: INFO cinder.api.v3.groups [None req-3309d442-018e-4925-a62b-446c0350481b tempest-GroupsV314Test-1083614730 tempest-GroupsV314Test-1083614730-project] Creating group tempest-Group_from_grp-1094370106 from source group 9e0a97da-f2ec-4b51-8cf7-5d6920b89b18.
Feb 21 04:14:20.230337 dv-cinder-773985-36-iscsi devstack@c-api.service[109723]: INFO cinder.api.openstack.wsgi [None req-e8c353b9-828d-4426-96a3-f96f5a59622f tempest-GroupsTest-1904922694 tempest-GroupsTest-1904922694-project] GET http://10.222.0.10/volume/v3/bf060b41440e489294ef4d3cb577c18b/groups/faf530d6-3473-46b0-aa8d-d733fac8f90a
Feb 21 04:14:20.232462 dv-cinder-773985-36-iscsi devstack@c-api.service[109723]: DEBUG cinder.api.openstack.wsgi [None req-e8c353b9-828d-4426-96a3-f96f5a59622f tempest-GroupsTest-1904922694 tempest-GroupsTest-1904922694-project] Empty body provided in request {{(pid=109723) get_body /opt/stack/cinder/cinder/api/openstack/wsgi.py:715}}
Feb 21 04:14:20.234723 dv-cinder-773985-36-iscsi devstack@c-api.service[109723]: DEBUG cinder.api.openstack.wsgi [None req-e8c353b9-828d-4426-96a3-f96f5a59622f tempest-GroupsTest-1904922694 tempest-GroupsTest-1904922694-project] Calling method 'version_select' {{(pid=109723) _process_stack /opt/stack/cinder/cinder/api/openstack/wsgi.py:868}}
Feb 21 04:14:20.238225 dv-cinder-773985-36-iscsi devstack@c-api.service[109723]: DEBUG cinder.api.v3.groups [None req-e8c353b9-828d-4426-96a3-f96f5a59622f tempest-GroupsTest-1904922694 tempest-GroupsTest-1904922694-project] show called for member faf530d6-3473-46b0-aa8d-d733fac8f90a {{(pid=109723) show /opt/stack/cinder/cinder/api/v3/groups.py:58}}
Feb 21 04:14:20.239638 dv-cinder-773985-36-iscsi devstack@c-api.service[109724]: /usr/local/lib/python3.8/dist-packages/oslo_context/context.py:105: DeprecationWarning: Policy enforcement is depending on the value of is_admin. This key is deprecated. Please update your policy file to use the standard policy values.
Feb 21 04:14:20.239638 dv-cinder-773985-36-iscsi devstack@c-api.service[109724]: warnings.warn('Policy enforcement is depending on the value of '
Feb 21 04:14:20.253741 dv-cinder-773985-36-iscsi devstack@c-api.service[109723]: /usr/local/lib/python3.8/dist-packages/oslo_context/context.py:105: DeprecationWarning: Policy enforcement is depending on the value of is_admin. This key is deprecated. Please update your policy file to use the standard policy values.
Feb 21 04:14:20.253741 dv-cinder-773985-36-iscsi devstack@c-api.service[109723]: warnings.warn('Policy enforcement is depending on the value of '
Feb 21 04:14:20.285561 dv-cinder-773985-36-iscsi devstack@c-api.service[109724]: /usr/local/lib/python3.8/dist-packages/oslo_context/context.py:105: DeprecationWarning: Policy enforcement is depending on the value of is_admin. This key is deprecated. Please update your policy file to use the standard policy values.
Feb 21 04:14:20.285561 dv-cinder-773985-36-iscsi devstack@c-api.service[109724]: warnings.warn('Policy enforcement is depending on the value of '
