Feb 21 04:14:53.973003 dv-cinder-773985-36-iscsi devstack@c-api.service[109724]: INFO cinder.api.openstack.wsgi [None req-7eb4a80d-ec7c-48cf-a2a0-84410eff7013 tempest-VolumeQuotaClassesTest-2097503067 tempest-VolumeQuotaClassesTest-2097503067-project-admin] GET http://10.222.0.10/volume/v3/515dd3b68bad4a0f9b742267922c7a9b/os-quota-class-sets/default
Feb 21 04:14:53.973611 dv-cinder-773985-36-iscsi devstack@c-api.service[109724]: DEBUG cinder.api.openstack.wsgi [None req-7eb4a80d-ec7c-48cf-a2a0-84410eff7013 tempest-VolumeQuotaClassesTest-2097503067 tempest-VolumeQuotaClassesTest-2097503067-project-admin] Empty body provided in request {{(pid=109724) get_body /opt/stack/cinder/cinder/api/openstack/wsgi.py:715}}
Feb 21 04:14:53.974067 dv-cinder-773985-36-iscsi devstack@c-api.service[109724]: DEBUG cinder.api.openstack.wsgi [None req-7eb4a80d-ec7c-48cf-a2a0-84410eff7013 tempest-VolumeQuotaClassesTest-2097503067 tempest-VolumeQuotaClassesTest-2097503067-project-admin] Calling method 'show' {{(pid=109724) _process_stack /opt/stack/cinder/cinder/api/openstack/wsgi.py:868}}
Feb 21 04:14:53.974677 dv-cinder-773985-36-iscsi devstack@c-api.service[109724]: /usr/local/lib/python3.8/dist-packages/oslo_context/context.py:105: DeprecationWarning: Policy enforcement is depending on the value of is_admin. This key is deprecated. Please update your policy file to use the standard policy values.
Feb 21 04:14:53.974677 dv-cinder-773985-36-iscsi devstack@c-api.service[109724]: warnings.warn('Policy enforcement is depending on the value of '
Feb 21 04:14:53.995069 dv-cinder-773985-36-iscsi devstack@c-api.service[109724]: INFO cinder.api.openstack.wsgi [None req-7eb4a80d-ec7c-48cf-a2a0-84410eff7013 tempest-VolumeQuotaClassesTest-2097503067 tempest-VolumeQuotaClassesTest-2097503067-project-admin] http://10.222.0.10/volume/v3/515dd3b68bad4a0f9b742267922c7a9b/os-quota-class-sets/default returned with HTTP 200
Feb 21 04:14:53.995814 dv-cinder-773985-36-iscsi devstack@c-api.service[109724]: [pid: 109724|app: 0|req: 171/356] 10.222.0.10 () {58 vars in 1273 bytes} [Mon Feb 21 04:14:53 2022] GET /volume/v3/515dd3b68bad4a0f9b742267922c7a9b/os-quota-class-sets/default => generated 740 bytes in 29 msecs (HTTP/1.1 200) 7 headers in 285 bytes (1 switches on core 0)
Feb 21 04:14:54.005000 dv-cinder-773985-36-iscsi devstack@c-api.service[109723]: INFO cinder.api.openstack.wsgi [None req-83e3920b-5443-412d-aecd-db68d44f4c6b tempest-VolumeQuotaClassesTest-2097503067 tempest-VolumeQuotaClassesTest-2097503067-project-admin] POST http://10.222.0.10/volume/v3/515dd3b68bad4a0f9b742267922c7a9b/types
Feb 21 04:14:54.005724 dv-cinder-773985-36-iscsi devstack@c-api.service[109723]: DEBUG cinder.api.openstack.wsgi [None req-83e3920b-5443-412d-aecd-db68d44f4c6b tempest-VolumeQuotaClassesTest-2097503067 tempest-VolumeQuotaClassesTest-2097503067-project-admin] Action: 'create', calling method: _create, body: {"volume_type": {"name": "tempest-VolumeQuotaClassesTest-volume-type-630288342"}} {{(pid=109723) _process_stack /opt/stack/cinder/cinder/api/openstack/wsgi.py:866}}
Feb 21 04:14:54.029483 dv-cinder-773985-36-iscsi devstack@c-api.service[109723]: INFO cinder.api.openstack.wsgi [None req-83e3920b-5443-412d-aecd-db68d44f4c6b tempest-VolumeQuotaClassesTest-2097503067 tempest-VolumeQuotaClassesTest-2097503067-project-admin] http://10.222.0.10/volume/v3/515dd3b68bad4a0f9b742267922c7a9b/types returned with HTTP 200
Feb 21 04:14:54.030182 dv-cinder-773985-36-iscsi devstack@c-api.service[109723]: [pid: 109723|app: 0|req: 186/357] 10.222.0.10 () {60 vars in 1228 bytes} [Mon Feb 21 04:14:54 2022] POST /volume/v3/515dd3b68bad4a0f9b742267922c7a9b/types => generated 227 bytes in 29 msecs (HTTP/1.1 200) 7 headers in 285 bytes (1 switches on core 0)
Feb 21 04:14:54.041698 dv-cinder-773985-36-iscsi devstack@c-api.service[109724]: INFO cinder.api.openstack.wsgi [None req-46b467ce-7f01-4d2d-b7f6-51319b24125c tempest-VolumeQuotaClassesTest-2097503067 tempest-VolumeQuotaClassesTest-2097503067-project-admin] PUT http://10.222.0.10/volume/v3/515dd3b68bad4a0f9b742267922c7a9b/os-quota-class-sets/default
Feb 21 04:14:54.042435 dv-cinder-773985-36-iscsi devstack@c-api.service[109724]: DEBUG cinder.api.openstack.wsgi [None req-46b467ce-7f01-4d2d-b7f6-51319b24125c tempest-VolumeQuotaClassesTest-2097503067 tempest-VolumeQuotaClassesTest-2097503067-project-admin] Action: 'update', calling method: update, body: {"quota_class_set": {"volumes": 11, "per_volume_gigabytes": -1, "snapshots": 11, "gigabytes": 1001, "backups": 11, "backup_gigabytes": 1001, "volumes_tempest-VolumeQuotaClassesTest-volume-type-630288342": 3, "snapshots_tempest-VolumeQuotaClassesTest-volume-type-630288342": 10, "gigabytes_tempest-VolumeQuotaClassesTest-volume-type-630288342": 3}} {{(pid=109724) _process_stack /opt/stack/cinder/cinder/api/openstack/wsgi.py:866}}
Feb 21 04:14:54.196713 dv-cinder-773985-36-iscsi devstack@c-api.service[109724]: INFO cinder.api.openstack.wsgi [None req-46b467ce-7f01-4d2d-b7f6-51319b24125c tempest-VolumeQuotaClassesTest-2097503067 tempest-VolumeQuotaClassesTest-2097503067-project-admin] http://10.222.0.10/volume/v3/515dd3b68bad4a0f9b742267922c7a9b/os-quota-class-sets/default returned with HTTP 200
Feb 21 04:14:54.197421 dv-cinder-773985-36-iscsi devstack@c-api.service[109724]: [pid: 109724|app: 0|req: 172/358] 10.222.0.10 () {60 vars in 1294 bytes} [Mon Feb 21 04:14:54 2022] PUT /volume/v3/515dd3b68bad4a0f9b742267922c7a9b/os-quota-class-sets/default => generated 929 bytes in 161 msecs (HTTP/1.1 200) 7 headers in 285 bytes (2 switches on core 0)
Feb 21 04:14:54.208103 dv-cinder-773985-36-iscsi devstack@c-api.service[109723]: INFO cinder.api.openstack.wsgi [None req-538db868-e2aa-4b34-a2ba-fcde6c37e9a5 tempest-VolumeQuotaClassesTest-2097503067 tempest-VolumeQuotaClassesTest-2097503067-project-admin] GET http://10.222.0.10/volume/v3/515dd3b68bad4a0f9b742267922c7a9b/os-quota-sets/515dd3b68bad4a0f9b742267922c7a9b/defaults
Feb 21 04:14:54.208542 dv-cinder-773985-36-iscsi devstack@c-api.service[109723]: DEBUG cinder.api.openstack.wsgi [None req-538db868-e2aa-4b34-a2ba-fcde6c37e9a5 tempest-VolumeQuotaClassesTest-2097503067 tempest-VolumeQuotaClassesTest-2097503067-project-admin] Empty body provided in request {{(pid=109723) get_body /opt/stack/cinder/cinder/api/openstack/wsgi.py:715}}
Feb 21 04:14:54.209047 dv-cinder-773985-36-iscsi devstack@c-api.service[109723]: DEBUG cinder.api.openstack.wsgi [None req-538db868-e2aa-4b34-a2ba-fcde6c37e9a5 tempest-VolumeQuotaClassesTest-2097503067 tempest-VolumeQuotaClassesTest-2097503067-project-admin] Calling method 'defaults' {{(pid=109723) _process_stack /opt/stack/cinder/cinder/api/openstack/wsgi.py:868}}
Feb 21 04:14:54.222641 dv-cinder-773985-36-iscsi devstack@c-api.service[109723]: WARNING cinder.quota [None req-538db868-e2aa-4b34-a2ba-fcde6c37e9a5 tempest-VolumeQuotaClassesTest-2097503067 tempest-VolumeQuotaClassesTest-2097503067-project-admin] Deprecated: Default quota for resource: snapshots_tempest-GroupSnapshotsTest-volume-type-1888299745 is set by the default quota flag: quota_snapshots_tempest-GroupSnapshotsTest-volume-type-1888299745, it is now deprecated. Please use the default quota class for default quota.
Feb 21 04:14:54.224291 dv-cinder-773985-36-iscsi devstack@c-api.service[109723]: WARNING cinder.quota [None req-538db868-e2aa-4b34-a2ba-fcde6c37e9a5 tempest-VolumeQuotaClassesTest-2097503067 tempest-VolumeQuotaClassesTest-2097503067-project-admin] Deprecated: Default quota for resource: volumes_lvmdriver-1 is set by the default quota flag: quota_volumes_lvmdriver-1, it is now deprecated. Please use the default quota class for default quota.
Feb 21 04:14:54.225077 dv-cinder-773985-36-iscsi devstack@c-api.service[109723]: WARNING cinder.quota [None req-538db868-e2aa-4b34-a2ba-fcde6c37e9a5 tempest-VolumeQuotaClassesTest-2097503067 tempest-VolumeQuotaClassesTest-2097503067-project-admin] Deprecated: Default quota for resource: gigabytes_lvmdriver-1 is set by the default quota flag: quota_gigabytes_lvmdriver-1, it is now deprecated. Please use the default quota class for default quota.
Feb 21 04:14:54.225806 dv-cinder-773985-36-iscsi devstack@c-api.service[109723]: WARNING cinder.quota [None req-538db868-e2aa-4b34-a2ba-fcde6c37e9a5 tempest-VolumeQuotaClassesTest-2097503067 tempest-VolumeQuotaClassesTest-2097503067-project-admin] Deprecated: Default quota for resource: snapshots_lvmdriver-1 is set by the default quota flag: quota_snapshots_lvmdriver-1, it is now deprecated. Please use the default quota class for default quota.
Feb 21 04:14:54.231713 dv-cinder-773985-36-iscsi devstack@c-api.service[109723]: INFO cinder.api.openstack.wsgi [None req-538db868-e2aa-4b34-a2ba-fcde6c37e9a5 tempest-VolumeQuotaClassesTest-2097503067 tempest-VolumeQuotaClassesTest-2097503067-project-admin] http://10.222.0.10/volume/v3/515dd3b68bad4a0f9b742267922c7a9b/os-quota-sets/515dd3b68bad4a0f9b742267922c7a9b/defaults returned with HTTP 200
Feb 21 04:14:54.232498 dv-cinder-773985-36-iscsi devstack@c-api.service[109723]: [pid: 109723|app: 0|req: 187/359] 10.222.0.10 () {58 vars in 1357 bytes} [Mon Feb 21 04:14:54 2022] GET /volume/v3/515dd3b68bad4a0f9b742267922c7a9b/os-quota-sets/515dd3b68bad4a0f9b742267922c7a9b/defaults => generated 965 bytes in 30 msecs (HTTP/1.1 200) 7 headers in 285 bytes (2 switches on core 0)
Feb 21 04:14:54.374208 dv-cinder-773985-36-iscsi devstack@c-api.service[109724]: INFO cinder.api.openstack.wsgi [None req-3d37b4e1-5cbc-44fa-8bde-7d04a5ac9dc6 tempest-VolumesTransfersTest-2096046164 tempest-VolumesTransfersTest-2096046164-project] GET http://10.222.0.10/volume/v3/e882c893b8c145d2bb21b3db115f02fd/volumes/e7836080-33f7-4c5d-8299-aebc12579281
Feb 21 04:14:54.374678 dv-cinder-773985-36-iscsi devstack@c-api.service[109724]: DEBUG cinder.api.openstack.wsgi [None req-3d37b4e1-5cbc-44fa-8bde-7d04a5ac9dc6 tempest-VolumesTransfersTest-2096046164 tempest-VolumesTransfersTest-2096046164-project] Empty body provided in request {{(pid=109724) get_body /opt/stack/cinder/cinder/api/openstack/wsgi.py:715}}
Feb 21 04:14:54.375127 dv-cinder-773985-36-iscsi devstack@c-api.service[109724]: DEBUG cinder.api.openstack.wsgi [None req-3d37b4e1-5cbc-44fa-8bde-7d04a5ac9dc6 tempest-VolumesTransfersTest-2096046164 tempest-VolumesTransfersTest-2096046164-project] Calling method 'show' {{(pid=109724) _process_stack /opt/stack/cinder/cinder/api/openstack/wsgi.py:868}}
Feb 21 04:14:54.388480 dv-cinder-773985-36-iscsi devstack@c-api.service[109724]: /usr/local/lib/python3.8/dist-packages/oslo_context/context.py:105: DeprecationWarning: Policy enforcement is depending on the value of is_admin. This key is deprecated. Please update your policy file to use the standard policy values.
Feb 21 04:14:54.388480 dv-cinder-773985-36-iscsi devstack@c-api.service[109724]: warnings.warn('Policy enforcement is depending on the value of '
Feb 21 04:14:54.396307 dv-cinder-773985-36-iscsi devstack@c-api.service[109724]: INFO cinder.volume.api [None req-3d37b4e1-5cbc-44fa-8bde-7d04a5ac9dc6 tempest-VolumesTransfersTest-2096046164 tempest-VolumesTransfersTest-2096046164-project] Volume info retrieved successfully.
Feb 21 04:14:54.401535 dv-cinder-773985-36-iscsi devstack@c-api.service[109723]: INFO cinder.api.openstack.wsgi [None req-e9f29592-663d-42f9-9fb8-33a3056354e0 tempest-SnapshotsActionsTest-71967140 tempest-SnapshotsActionsTest-71967140-project] GET http://10.222.0.10/volume/v3/c234c98cc8594c03b18820342d364dba/snapshots/2441a7e5-0dd3-46bb-8dc4-1508967076cd
Feb 21 04:14:54.404908 dv-cinder-773985-36-iscsi devstack@c-api.service[109723]: DEBUG cinder.api.openstack.wsgi [None req-e9f29592-663d-42f9-9fb8-33a3056354e0 tempest-SnapshotsActionsTest-71967140 tempest-SnapshotsActionsTest-71967140-project] Empty body provided in request {{(pid=109723) get_body /opt/stack/cinder/cinder/api/openstack/wsgi.py:715}}
Feb 21 04:14:54.404908 dv-cinder-773985-36-iscsi devstack@c-api.service[109723]: DEBUG cinder.api.openstack.wsgi [None req-e9f29592-663d-42f9-9fb8-33a3056354e0 tempest-SnapshotsActionsTest-71967140 tempest-SnapshotsActionsTest-71967140-project] Calling method 'show' {{(pid=109723) _process_stack /opt/stack/cinder/cinder/api/openstack/wsgi.py:868}}
Feb 21 04:14:54.406746 dv-cinder-773985-36-iscsi devstack@c-api.service[109724]: INFO cinder.api.openstack.wsgi [None req-3d37b4e1-5cbc-44fa-8bde-7d04a5ac9dc6 tempest-VolumesTransfersTest-2096046164 tempest-VolumesTransfersTest-2096046164-project] http://10.222.0.10/volume/v3/e882c893b8c145d2bb21b3db115f02fd/volumes/e7836080-33f7-4c5d-8299-aebc12579281 returned with HTTP 200
Feb 21 04:14:54.407545 dv-cinder-773985-36-iscsi devstack@c-api.service[109724]: [pid: 109724|app: 0|req: 173/360] 10.222.0.10 () {58 vars in 1324 bytes} [Mon Feb 21 04:14:54 2022] GET /volume/v3/e882c893b8c145d2bb21b3db115f02fd/volumes/e7836080-33f7-4c5d-8299-aebc12579281 => generated 912 bytes in 37 msecs (HTTP/1.1 200) 7 headers in 285 bytes (1 switches on core 0)
Feb 21 04:14:54.412532 dv-cinder-773985-36-iscsi devstack@c-api.service[109723]: /usr/local/lib/python3.8/dist-packages/oslo_context/context.py:105: DeprecationWarning: Policy enforcement is depending on the value of is_admin. This key is deprecated. Please update your policy file to use the standard policy values.
Feb 21 04:14:54.412532 dv-cinder-773985-36-iscsi devstack@c-api.service[109723]: warnings.warn('Policy enforcement is depending on the value of '
Feb 21 04:14:54.413539 dv-cinder-773985-36-iscsi devstack@c-api.service[109723]: INFO cinder.volume.api [None req-e9f29592-663d-42f9-9fb8-33a3056354e0 tempest-SnapshotsActionsTest-71967140 tempest-SnapshotsActionsTest-71967140-project] Snapshot retrieved successfully.
Feb 21 04:14:54.415308 dv-cinder-773985-36-iscsi devstack@c-api.service[109723]: INFO cinder.api.openstack.wsgi [None req-e9f29592-663d-42f9-9fb8-33a3056354e0 tempest-SnapshotsActionsTest-71967140 tempest-SnapshotsActionsTest-71967140-project] http://10.222.0.10/volume/v3/c234c98cc8594c03b18820342d364dba/snapshots/2441a7e5-0dd3-46bb-8dc4-1508967076cd returned with HTTP 200
Feb 21 04:14:54.416044 dv-cinder-773985-36-iscsi devstack@c-api.service[109723]: [pid: 109723|app: 0|req: 188/361] 10.222.0.10 () {58 vars in 1330 bytes} [Mon Feb 21 04:14:54 2022] GET /volume/v3/c234c98cc8594c03b18820342d364dba/snapshots/2441a7e5-0dd3-46bb-8dc4-1508967076cd => generated 439 bytes in 19 msecs (HTTP/1.1 200) 7 headers in 285 bytes (1 switches on core 0)
Feb 21 04:14:54.416677 dv-cinder-773985-36-iscsi devstack@c-api.service[109724]: INFO cinder.api.openstack.wsgi [None req-92084a01-ae33-4f45-a131-2e30174060e6 tempest-VolumeQuotaClassesTest-2097503067 tempest-VolumeQuotaClassesTest-2097503067-project-admin] GET http://10.222.0.10/volume/v3/515dd3b68bad4a0f9b742267922c7a9b/os-quota-sets/16d0a85ff6a441b0b739447eb1a4b746/defaults
Feb 21 04:14:54.417129 dv-cinder-773985-36-iscsi devstack@c-api.service[109724]: DEBUG cinder.api.openstack.wsgi [None req-92084a01-ae33-4f45-a131-2e30174060e6 tempest-VolumeQuotaClassesTest-2097503067 tempest-VolumeQuotaClassesTest-2097503067-project-admin] Empty body provided in request {{(pid=109724) get_body /opt/stack/cinder/cinder/api/openstack/wsgi.py:715}}
Feb 21 04:14:54.417583 dv-cinder-773985-36-iscsi devstack@c-api.service[109724]: DEBUG cinder.api.openstack.wsgi [None req-92084a01-ae33-4f45-a131-2e30174060e6 tempest-VolumeQuotaClassesTest-2097503067 tempest-VolumeQuotaClassesTest-2097503067-project-admin] Calling method 'defaults' {{(pid=109724) _process_stack /opt/stack/cinder/cinder/api/openstack/wsgi.py:868}}
Feb 21 04:14:54.425486 dv-cinder-773985-36-iscsi devstack@c-api.service[109723]: INFO cinder.api.openstack.wsgi [None req-d7a510d7-13ce-4479-abb9-c2be36603d86 tempest-VolumesTransfersTest-2096046164 tempest-VolumesTransfersTest-2096046164-project] POST http://10.222.0.10/volume/v3/e882c893b8c145d2bb21b3db115f02fd/os-volume-transfer
Feb 21 04:14:54.426173 dv-cinder-773985-36-iscsi devstack@c-api.service[109723]: DEBUG cinder.api.openstack.wsgi [None req-d7a510d7-13ce-4479-abb9-c2be36603d86 tempest-VolumesTransfersTest-2096046164 tempest-VolumesTransfersTest-2096046164-project] Action: 'create', calling method: create, body: {"transfer": {"volume_id": "e7836080-33f7-4c5d-8299-aebc12579281"}} {{(pid=109723) _process_stack /opt/stack/cinder/cinder/api/openstack/wsgi.py:866}}
Feb 21 04:14:54.426971 dv-cinder-773985-36-iscsi devstack@c-api.service[109723]: DEBUG cinder.api.contrib.volume_transfer [None req-d7a510d7-13ce-4479-abb9-c2be36603d86 tempest-VolumesTransfersTest-2096046164 tempest-VolumesTransfersTest-2096046164-project] Creating new volume transfer {'transfer': {'volume_id': 'e7836080-33f7-4c5d-8299-aebc12579281'}} {{(pid=109723) create /opt/stack/cinder/cinder/api/contrib/volume_transfer.py:85}}
Feb 21 04:14:54.427403 dv-cinder-773985-36-iscsi devstack@c-api.service[109723]: INFO cinder.api.contrib.volume_transfer [None req-d7a510d7-13ce-4479-abb9-c2be36603d86 tempest-VolumesTransfersTest-2096046164 tempest-VolumesTransfersTest-2096046164-project] Creating transfer of volume e7836080-33f7-4c5d-8299-aebc12579281
Feb 21 04:14:54.427686 dv-cinder-773985-36-iscsi devstack@c-api.service[109723]: INFO cinder.transfer.api [None req-d7a510d7-13ce-4479-abb9-c2be36603d86 tempest-VolumesTransfersTest-2096046164 tempest-VolumesTransfersTest-2096046164-project] Generating transfer record for volume e7836080-33f7-4c5d-8299-aebc12579281
Feb 21 04:14:54.431080 dv-cinder-773985-36-iscsi devstack@c-api.service[109724]: WARNING cinder.quota [None req-92084a01-ae33-4f45-a131-2e30174060e6 tempest-VolumeQuotaClassesTest-2097503067 tempest-VolumeQuotaClassesTest-2097503067-project-admin] Deprecated: Default quota for resource: snapshots_tempest-GroupSnapshotsTest-volume-type-1888299745 is set by the default quota flag: quota_snapshots_tempest-GroupSnapshotsTest-volume-type-1888299745, it is now deprecated. Please use the default quota class for default quota.
Feb 21 04:14:54.432423 dv-cinder-773985-36-iscsi devstack@c-api.service[109724]: WARNING cinder.quota [None req-92084a01-ae33-4f45-a131-2e30174060e6 tempest-VolumeQuotaClassesTest-2097503067 tempest-VolumeQuotaClassesTest-2097503067-project-admin] Deprecated: Default quota for resource: snapshots_tempest-GroupSnapshotsTest-volume-type-1330200266 is set by the default quota flag: quota_snapshots_tempest-GroupSnapshotsTest-volume-type-1330200266, it is now deprecated. Please use the default quota class for default quota.
Feb 21 04:14:54.433190 dv-cinder-773985-36-iscsi devstack@c-api.service[109724]: WARNING cinder.quota [None req-92084a01-ae33-4f45-a131-2e30174060e6 tempest-VolumeQuotaClassesTest-2097503067 tempest-VolumeQuotaClassesTest-2097503067-project-admin] Deprecated: Default quota for resource: volumes_lvmdriver-1 is set by the default quota flag: quota_volumes_lvmdriver-1, it is now deprecated. Please use the default quota class for default quota.
Feb 21 04:14:54.433935 dv-cinder-773985-36-iscsi devstack@c-api.service[109724]: WARNING cinder.quota [None req-92084a01-ae33-4f45-a131-2e30174060e6 tempest-VolumeQuotaClassesTest-2097503067 tempest-VolumeQuotaClassesTest-2097503067-project-admin] Deprecated: Default quota for resource: gigabytes_lvmdriver-1 is set by the default quota flag: quota_gigabytes_lvmdriver-1, it is now deprecated. Please use the default quota class for default quota.
Feb 21 04:14:54.434806 dv-cinder-773985-36-iscsi devstack@c-api.service[109724]: WARNING cinder.quota [None req-92084a01-ae33-4f45-a131-2e30174060e6 tempest-VolumeQuotaClassesTest-2097503067 tempest-VolumeQuotaClassesTest-2097503067-project-admin] Deprecated: Default quota for resource: snapshots_lvmdriver-1 is set by the default quota flag: quota_snapshots_lvmdriver-1, it is now deprecated. Please use the default quota class for default quota.
Feb 21 04:14:54.436199 dv-cinder-773985-36-iscsi devstack@c-api.service[109724]: WARNING cinder.quota [None req-92084a01-ae33-4f45-a131-2e30174060e6 tempest-VolumeQuotaClassesTest-2097503067 tempest-VolumeQuotaClassesTest-2097503067-project-admin] Deprecated: Default quota for resource: snapshots___DEFAULT__ is set by the default quota flag: quota_snapshots___DEFAULT__, it is now deprecated. Please use the default quota class for default quota.
Feb 21 04:14:54.441257 dv-cinder-773985-36-iscsi devstack@c-api.service[109723]: /usr/local/lib/python3.8/dist-packages/oslo_context/context.py:105: DeprecationWarning: Policy enforcement is depending on the value of is_admin. This key is deprecated. Please update your policy file to use the standard policy values.
Feb 21 04:14:54.441257 dv-cinder-773985-36-iscsi devstack@c-api.service[109723]: warnings.warn('Policy enforcement is depending on the value of '
Feb 21 04:14:54.441441 dv-cinder-773985-36-iscsi devstack@c-api.service[109724]: INFO cinder.api.openstack.wsgi [None req-92084a01-ae33-4f45-a131-2e30174060e6 tempest-VolumeQuotaClassesTest-2097503067 tempest-VolumeQuotaClassesTest-2097503067-project-admin] http://10.222.0.10/volume/v3/515dd3b68bad4a0f9b742267922c7a9b/os-quota-sets/16d0a85ff6a441b0b739447eb1a4b746/defaults returned with HTTP 200
Feb 21 04:14:54.442155 dv-cinder-773985-36-iscsi devstack@c-api.service[109724]: [pid: 109724|app: 0|req: 174/362] 10.222.0.10 () {58 vars in 1357 bytes} [Mon Feb 21 04:14:54 2022] GET /volume/v3/515dd3b68bad4a0f9b742267922c7a9b/os-quota-sets/16d0a85ff6a441b0b739447eb1a4b746/defaults => generated 965 bytes in 33 msecs (HTTP/1.1 200) 7 headers in 285 bytes (1 switches on core 0)
Feb 21 04:14:54.460437 dv-cinder-773985-36-iscsi devstack@c-api.service[109723]: INFO cinder.api.openstack.wsgi [None req-d7a510d7-13ce-4479-abb9-c2be36603d86 tempest-VolumesTransfersTest-2096046164 tempest-VolumesTransfersTest-2096046164-project] http://10.222.0.10/volume/v3/e882c893b8c145d2bb21b3db115f02fd/os-volume-transfer returned with HTTP 202
Feb 21 04:14:54.461612 dv-cinder-773985-36-iscsi devstack@c-api.service[109723]: [pid: 109723|app: 0|req: 189/363] 10.222.0.10 () {60 vars in 1267 bytes} [Mon Feb 21 04:14:54 2022] POST /volume/v3/e882c893b8c145d2bb21b3db115f02fd/os-volume-transfer => generated 507 bytes in 41 msecs (HTTP/1.1 202) 7 headers in 291 bytes (2 switches on core 0)
Feb 21 04:14:54.462783 dv-cinder-773985-36-iscsi devstack@c-api.service[109724]: INFO cinder.api.openstack.wsgi [None req-c9339d42-dbd0-40e8-bb7b-f4bcbe6ec010 tempest-GroupSnapshotsTest-855471128 tempest-GroupSnapshotsTest-855471128-project] GET http://10.222.0.10/volume/v3/bb0058c0bcb1421091f1e84cb39d82c2/groups/92528806-0142-497a-8e5c-2aba9734bdea
Feb 21 04:14:54.463362 dv-cinder-773985-36-iscsi devstack@c-api.service[109724]: DEBUG cinder.api.openstack.wsgi [None req-c9339d42-dbd0-40e8-bb7b-f4bcbe6ec010 tempest-GroupSnapshotsTest-855471128 tempest-GroupSnapshotsTest-855471128-project] Empty body provided in request {{(pid=109724) get_body /opt/stack/cinder/cinder/api/openstack/wsgi.py:715}}
Feb 21 04:14:54.463814 dv-cinder-773985-36-iscsi devstack@c-api.service[109724]: DEBUG cinder.api.openstack.wsgi [None req-c9339d42-dbd0-40e8-bb7b-f4bcbe6ec010 tempest-GroupSnapshotsTest-855471128 tempest-GroupSnapshotsTest-855471128-project] Calling method 'version_select' {{(pid=109724) _process_stack /opt/stack/cinder/cinder/api/openstack/wsgi.py:868}}
Feb 21 04:14:54.464163 dv-cinder-773985-36-iscsi devstack@c-api.service[109724]: DEBUG cinder.api.v3.groups [None req-c9339d42-dbd0-40e8-bb7b-f4bcbe6ec010 tempest-GroupSnapshotsTest-855471128 tempest-GroupSnapshotsTest-855471128-project] show called for member 92528806-0142-497a-8e5c-2aba9734bdea {{(pid=109724) show /opt/stack/cinder/cinder/api/v3/groups.py:58}}
Feb 21 04:14:54.470072 dv-cinder-773985-36-iscsi devstack@c-api.service[109724]: /usr/local/lib/python3.8/dist-packages/oslo_context/context.py:105: DeprecationWarning: Policy enforcement is depending on the value of is_admin. This key is deprecated. Please update your policy file to use the standard policy values.
Feb 21 04:14:54.470072 dv-cinder-773985-36-iscsi devstack@c-api.service[109724]: warnings.warn('Policy enforcement is depending on the value of '
Feb 21 04:14:54.470805 dv-cinder-773985-36-iscsi devstack@c-api.service[109723]: INFO cinder.api.openstack.wsgi [None req-816c5028-eac2-4b18-8981-577f7b339623 tempest-VolumesTransfersTest-2096046164 tempest-VolumesTransfersTest-2096046164-project] GET http://10.222.0.10/volume/v3/e882c893b8c145d2bb21b3db115f02fd/volumes/e7836080-33f7-4c5d-8299-aebc12579281
Feb 21 04:14:54.471110 dv-cinder-773985-36-iscsi devstack@c-api.service[109723]: DEBUG cinder.api.openstack.wsgi [None req-816c5028-eac2-4b18-8981-577f7b339623 tempest-VolumesTransfersTest-2096046164 tempest-VolumesTransfersTest-2096046164-project] Empty body provided in request {{(pid=109723) get_body /opt/stack/cinder/cinder/api/openstack/wsgi.py:715}}
Feb 21 04:14:54.471628 dv-cinder-773985-36-iscsi devstack@c-api.service[109723]: DEBUG cinder.api.openstack.wsgi [None req-816c5028-eac2-4b18-8981-577f7b339623 tempest-VolumesTransfersTest-2096046164 tempest-VolumesTransfersTest-2096046164-project] Calling method 'show' {{(pid=109723) _process_stack /opt/stack/cinder/cinder/api/openstack/wsgi.py:868}}
Feb 21 04:14:54.486598 dv-cinder-773985-36-iscsi devstack@c-api.service[109723]: /usr/local/lib/python3.8/dist-packages/oslo_context/context.py:105: DeprecationWarning: Policy enforcement is depending on the value of is_admin. This key is deprecated. Please update your policy file to use the standard policy values.
Feb 21 04:14:54.486598 dv-cinder-773985-36-iscsi devstack@c-api.service[109723]: warnings.warn('Policy enforcement is depending on the value of '
Feb 21 04:14:54.487187 dv-cinder-773985-36-iscsi devstack@c-api.service[109724]: INFO cinder.api.openstack.wsgi [None req-c9339d42-dbd0-40e8-bb7b-f4bcbe6ec010 tempest-GroupSnapshotsTest-855471128 tempest-GroupSnapshotsTest-855471128-project] http://10.222.0.10/volume/v3/bb0058c0bcb1421091f1e84cb39d82c2/groups/92528806-0142-497a-8e5c-2aba9734bdea returned with HTTP 200
Feb 21 04:14:54.494237 dv-cinder-773985-36-iscsi devstack@c-api.service[109724]: [pid: 109724|app: 0|req: 175/364] 10.222.0.10 () {60 vars in 1362 bytes} [Mon Feb 21 04:14:54 2022] GET /volume/v3/bb0058c0bcb1421091f1e84cb39d82c2/groups/92528806-0142-497a-8e5c-2aba9734bdea => generated 392 bytes in 37 msecs (HTTP/1.1 200) 7 headers in 286 bytes (1 switches on core 0)
Feb 21 04:14:54.500235 dv-cinder-773985-36-iscsi devstack@c-api.service[109724]: INFO cinder.api.openstack.wsgi [None req-82cd838e-2803-4ef4-b554-7a109f6112d2 tempest-GroupSnapshotsTest-855471128 tempest-GroupSnapshotsTest-855471128-project] PUT http://10.222.0.10/volume/v3/bb0058c0bcb1421091f1e84cb39d82c2/groups/92528806-0142-497a-8e5c-2aba9734bdea
Feb 21 04:14:54.501135 dv-cinder-773985-36-iscsi devstack@c-api.service[109724]: DEBUG cinder.api.openstack.wsgi [None req-82cd838e-2803-4ef4-b554-7a109f6112d2 tempest-GroupSnapshotsTest-855471128 tempest-GroupSnapshotsTest-855471128-project] Action: 'update', calling method: version_select, body: {"group": {"add_volumes": "99786308-5cf8-4f49-a525-65891a45d8dc"}} {{(pid=109724) _process_stack /opt/stack/cinder/cinder/api/openstack/wsgi.py:866}}
Feb 21 04:14:54.502197 dv-cinder-773985-36-iscsi devstack@c-api.service[109724]: DEBUG cinder.api.v3.groups [None req-82cd838e-2803-4ef4-b554-7a109f6112d2 tempest-GroupSnapshotsTest-855471128 tempest-GroupSnapshotsTest-855471128-project] Update called for group 92528806-0142-497a-8e5c-2aba9734bdea. {{(pid=109724) update /opt/stack/cinder/cinder/api/v3/groups.py:302}}
Feb 21 04:14:54.502486 dv-cinder-773985-36-iscsi devstack@c-api.service[109724]: INFO cinder.api.v3.groups [None req-82cd838e-2803-4ef4-b554-7a109f6112d2 tempest-GroupSnapshotsTest-855471128 tempest-GroupSnapshotsTest-855471128-project] Updating group 92528806-0142-497a-8e5c-2aba9734bdea with name None description: None add_volumes: 99786308-5cf8-4f49-a525-65891a45d8dc remove_volumes: None.
Feb 21 04:14:54.505577 dv-cinder-773985-36-iscsi devstack@c-api.service[109723]: INFO cinder.volume.api [None req-816c5028-eac2-4b18-8981-577f7b339623 tempest-VolumesTransfersTest-2096046164 tempest-VolumesTransfersTest-2096046164-project] Volume info retrieved successfully.
Feb 21 04:14:54.509166 dv-cinder-773985-36-iscsi devstack@c-api.service[109724]: /usr/local/lib/python3.8/dist-packages/oslo_context/context.py:105: DeprecationWarning: Policy enforcement is depending on the value of is_admin. This key is deprecated. Please update your policy file to use the standard policy values.
Feb 21 04:14:54.509166 dv-cinder-773985-36-iscsi devstack@c-api.service[109724]: warnings.warn('Policy enforcement is depending on the value of '
Feb 21 04:14:54.516534 dv-cinder-773985-36-iscsi devstack@c-api.service[109723]: INFO cinder.api.openstack.wsgi [None req-816c5028-eac2-4b18-8981-577f7b339623 tempest-VolumesTransfersTest-2096046164 tempest-VolumesTransfersTest-2096046164-project] http://10.222.0.10/volume/v3/e882c893b8c145d2bb21b3db115f02fd/volumes/e7836080-33f7-4c5d-8299-aebc12579281 returned with HTTP 200
Feb 21 04:14:54.517311 dv-cinder-773985-36-iscsi devstack@c-api.service[109723]: [pid: 109723|app: 0|req: 190/365] 10.222.0.10 () {58 vars in 1324 bytes} [Mon Feb 21 04:14:54 2022] GET /volume/v3/e882c893b8c145d2bb21b3db115f02fd/volumes/e7836080-33f7-4c5d-8299-aebc12579281 => generated 920 bytes in 50 msecs (HTTP/1.1 200) 7 headers in 285 bytes (1 switches on core 0)
Feb 21 04:14:54.533295 dv-cinder-773985-36-iscsi devstack@c-api.service[109723]: INFO cinder.api.openstack.wsgi [None req-e1b9cde2-3442-46a5-aaee-77e4131f1539 tempest-VolumesTransfersTest-2096046164 tempest-VolumesTransfersTest-2096046164-project] GET http://10.222.0.10/volume/v3/e882c893b8c145d2bb21b3db115f02fd/os-volume-transfer/detail
Feb 21 04:14:54.533731 dv-cinder-773985-36-iscsi devstack@c-api.service[109723]: DEBUG cinder.api.openstack.wsgi [None req-e1b9cde2-3442-46a5-aaee-77e4131f1539 tempest-VolumesTransfersTest-2096046164 tempest-VolumesTransfersTest-2096046164-project] Empty body provided in request {{(pid=109723) get_body /opt/stack/cinder/cinder/api/openstack/wsgi.py:715}}
Feb 21 04:14:54.534183 dv-cinder-773985-36-iscsi devstack@c-api.service[109723]: DEBUG cinder.api.openstack.wsgi [None req-e1b9cde2-3442-46a5-aaee-77e4131f1539 tempest-VolumesTransfersTest-2096046164 tempest-VolumesTransfersTest-2096046164-project] Calling method 'detail' {{(pid=109723) _process_stack /opt/stack/cinder/cinder/api/openstack/wsgi.py:868}}
Feb 21 04:14:54.534540 dv-cinder-773985-36-iscsi devstack@c-api.service[109723]: DEBUG cinder.api.contrib.volume_transfer [None req-e1b9cde2-3442-46a5-aaee-77e4131f1539 tempest-VolumesTransfersTest-2096046164 tempest-VolumesTransfersTest-2096046164-project] Listing volume transfers {{(pid=109723) _get_transfers /opt/stack/cinder/cinder/api/contrib/volume_transfer.py:63}}
Feb 21 04:14:54.541556 dv-cinder-773985-36-iscsi devstack@c-api.service[109723]: INFO cinder.api.openstack.wsgi [None req-e1b9cde2-3442-46a5-aaee-77e4131f1539 tempest-VolumesTransfersTest-2096046164 tempest-VolumesTransfersTest-2096046164-project] http://10.222.0.10/volume/v3/e882c893b8c145d2bb21b3db115f02fd/os-volume-transfer/detail returned with HTTP 200
Feb 21 04:14:54.542494 dv-cinder-773985-36-iscsi devstack@c-api.service[109723]: [pid: 109723|app: 0|req: 191/366] 10.222.0.10 () {58 vars in 1267 bytes} [Mon Feb 21 04:14:54 2022] GET /volume/v3/e882c893b8c145d2bb21b3db115f02fd/os-volume-transfer/detail => generated 478 bytes in 15 msecs (HTTP/1.1 200) 7 headers in 285 bytes (1 switches on core 0)
Feb 21 04:14:54.554142 dv-cinder-773985-36-iscsi devstack@c-api.service[109723]: INFO cinder.api.openstack.wsgi [None req-8ada3228-f30a-4d2d-9023-52f230c29af4 tempest-VolumesTransfersTest-2096046164 tempest-VolumesTransfersTest-2096046164-project] DELETE http://10.222.0.10/volume/v3/e882c893b8c145d2bb21b3db115f02fd/os-volume-transfer/fab8f63d-8553-44ad-b50f-b837867db1f4
Feb 21 04:14:54.554723 dv-cinder-773985-36-iscsi devstack@c-api.service[109723]: DEBUG cinder.api.openstack.wsgi [None req-8ada3228-f30a-4d2d-9023-52f230c29af4 tempest-VolumesTransfersTest-2096046164 tempest-VolumesTransfersTest-2096046164-project] Empty body provided in request {{(pid=109723) get_body /opt/stack/cinder/cinder/api/openstack/wsgi.py:715}}
Feb 21 04:14:54.555295 dv-cinder-773985-36-iscsi devstack@c-api.service[109723]: DEBUG cinder.api.openstack.wsgi [None req-8ada3228-f30a-4d2d-9023-52f230c29af4 tempest-VolumesTransfersTest-2096046164 tempest-VolumesTransfersTest-2096046164-project] Calling method 'delete' {{(pid=109723) _process_stack /opt/stack/cinder/cinder/api/openstack/wsgi.py:868}}
Feb 21 04:14:54.555695 dv-cinder-773985-36-iscsi devstack@c-api.service[109723]: INFO cinder.api.contrib.volume_transfer [None req-8ada3228-f30a-4d2d-9023-52f230c29af4 tempest-VolumesTransfersTest-2096046164 tempest-VolumesTransfersTest-2096046164-project] Delete transfer with id: fab8f63d-8553-44ad-b50f-b837867db1f4
Feb 21 04:14:54.558909 dv-cinder-773985-36-iscsi devstack@c-api.service[109724]: INFO cinder.api.openstack.wsgi [None req-82cd838e-2803-4ef4-b554-7a109f6112d2 tempest-GroupSnapshotsTest-855471128 tempest-GroupSnapshotsTest-855471128-project] http://10.222.0.10/volume/v3/bb0058c0bcb1421091f1e84cb39d82c2/groups/92528806-0142-497a-8e5c-2aba9734bdea returned with HTTP 202
Feb 21 04:14:54.559919 dv-cinder-773985-36-iscsi devstack@c-api.service[109724]: [pid: 109724|app: 0|req: 176/367] 10.222.0.10 () {62 vars in 1382 bytes} [Mon Feb 21 04:14:54 2022] PUT /volume/v3/bb0058c0bcb1421091f1e84cb39d82c2/groups/92528806-0142-497a-8e5c-2aba9734bdea => generated 0 bytes in 65 msecs (HTTP/1.1 202) 6 headers in 234 bytes (1 switches on core 0)
Feb 21 04:14:54.568099 dv-cinder-773985-36-iscsi devstack@c-api.service[109724]: INFO cinder.api.openstack.wsgi [None req-2af57a14-de23-4a1b-bda2-3180c7701f17 tempest-GroupSnapshotsTest-855471128 tempest-GroupSnapshotsTest-855471128-project] GET http://10.222.0.10/volume/v3/bb0058c0bcb1421091f1e84cb39d82c2/groups/92528806-0142-497a-8e5c-2aba9734bdea
Feb 21 04:14:54.570641 dv-cinder-773985-36-iscsi devstack@c-api.service[109724]: DEBUG cinder.api.openstack.wsgi [None req-2af57a14-de23-4a1b-bda2-3180c7701f17 tempest-GroupSnapshotsTest-855471128 tempest-GroupSnapshotsTest-855471128-project] Empty body provided in request {{(pid=109724) get_body /opt/stack/cinder/cinder/api/openstack/wsgi.py:715}}
Feb 21 04:14:54.570641 dv-cinder-773985-36-iscsi devstack@c-api.service[109724]: DEBUG cinder.api.openstack.wsgi [None req-2af57a14-de23-4a1b-bda2-3180c7701f17 tempest-GroupSnapshotsTest-855471128 tempest-GroupSnapshotsTest-855471128-project] Calling method 'version_select' {{(pid=109724) _process_stack /opt/stack/cinder/cinder/api/openstack/wsgi.py:868}}
Feb 21 04:14:54.570641 dv-cinder-773985-36-iscsi devstack@c-api.service[109724]: DEBUG cinder.api.v3.groups [None req-2af57a14-de23-4a1b-bda2-3180c7701f17 tempest-GroupSnapshotsTest-855471128 tempest-GroupSnapshotsTest-855471128-project] show called for member 92528806-0142-497a-8e5c-2aba9734bdea {{(pid=109724) show /opt/stack/cinder/cinder/api/v3/groups.py:58}}
Feb 21 04:14:54.576568 dv-cinder-773985-36-iscsi devstack@c-api.service[109724]: /usr/local/lib/python3.8/dist-packages/oslo_context/context.py:105: DeprecationWarning: Policy enforcement is depending on the value of is_admin. This key is deprecated. Please update your policy file to use the standard policy values.
Feb 21 04:14:54.576568 dv-cinder-773985-36-iscsi devstack@c-api.service[109724]: warnings.warn('Policy enforcement is depending on the value of '
Feb 21 04:14:54.581082 dv-cinder-773985-36-iscsi devstack@c-api.service[109723]: /usr/local/lib/python3.8/dist-packages/oslo_context/context.py:105: DeprecationWarning: Policy enforcement is depending on the value of is_admin. This key is deprecated. Please update your policy file to use the standard policy values.
Feb 21 04:14:54.581082 dv-cinder-773985-36-iscsi devstack@c-api.service[109723]: warnings.warn('Policy enforcement is depending on the value of '
Feb 21 04:14:54.596982 dv-cinder-773985-36-iscsi devstack@c-api.service[109724]: INFO cinder.api.openstack.wsgi [None req-2af57a14-de23-4a1b-bda2-3180c7701f17 tempest-GroupSnapshotsTest-855471128 tempest-GroupSnapshotsTest-855471128-project] http://10.222.0.10/volume/v3/bb0058c0bcb1421091f1e84cb39d82c2/groups/92528806-0142-497a-8e5c-2aba9734bdea returned with HTTP 200
Feb 21 04:14:54.597709 dv-cinder-773985-36-iscsi devstack@c-api.service[109723]: INFO cinder.api.openstack.wsgi [None req-8ada3228-f30a-4d2d-9023-52f230c29af4 tempest-VolumesTransfersTest-2096046164 tempest-VolumesTransfersTest-2096046164-project] http://10.222.0.10/volume/v3/e882c893b8c145d2bb21b3db115f02fd/os-volume-transfer/fab8f63d-8553-44ad-b50f-b837867db1f4 returned with HTTP 202
Feb 21 04:14:54.597836 dv-cinder-773985-36-iscsi devstack@c-api.service[109724]: [pid: 109724|app: 0|req: 177/368] 10.222.0.10 () {60 vars in 1362 bytes} [Mon Feb 21 04:14:54 2022] GET /volume/v3/bb0058c0bcb1421091f1e84cb39d82c2/groups/92528806-0142-497a-8e5c-2aba9734bdea => generated 391 bytes in 34 msecs (HTTP/1.1 200) 7 headers in 286 bytes (2 switches on core 0)
Feb 21 04:14:54.599172 dv-cinder-773985-36-iscsi devstack@c-api.service[109723]: [pid: 109723|app: 0|req: 192/369] 10.222.0.10 () {58 vars in 1360 bytes} [Mon Feb 21 04:14:54 2022] DELETE /volume/v3/e882c893b8c145d2bb21b3db115f02fd/os-volume-transfer/fab8f63d-8553-44ad-b50f-b837867db1f4 => generated 0 bytes in 50 msecs (HTTP/1.1 202) 6 headers in 233 bytes (1 switches on core 0)
Feb 21 04:14:54.604405 dv-cinder-773985-36-iscsi devstack@c-api.service[109724]: INFO cinder.api.openstack.wsgi [None req-fb29ede7-7d53-4b30-846d-1dbcb519a642 tempest-VolumeQuotaClassesTest-2097503067 tempest-VolumeQuotaClassesTest-2097503067-project-admin] PUT http://10.222.0.10/volume/v3/515dd3b68bad4a0f9b742267922c7a9b/os-quota-class-sets/default
Feb 21 04:14:54.605128 dv-cinder-773985-36-iscsi devstack@c-api.service[109724]: DEBUG cinder.api.openstack.wsgi [None req-fb29ede7-7d53-4b30-846d-1dbcb519a642 tempest-VolumeQuotaClassesTest-2097503067 tempest-VolumeQuotaClassesTest-2097503067-project-admin] Action: 'update', calling method: update, body: {"quota_class_set": {"volumes": 10, "per_volume_gigabytes": -1, "snapshots": 10, "gigabytes": 1000, "backups": 10, "backup_gigabytes": 1000}} {{(pid=109724) _process_stack /opt/stack/cinder/cinder/api/openstack/wsgi.py:866}}
Feb 21 04:14:54.606655 dv-cinder-773985-36-iscsi devstack@c-api.service[109723]: INFO cinder.api.openstack.wsgi [None req-eb7b473c-1634-4953-a036-b29871d7e6d6 tempest-VolumesTransfersTest-2096046164 tempest-VolumesTransfersTest-2096046164-project] GET http://10.222.0.10/volume/v3/e882c893b8c145d2bb21b3db115f02fd/volumes/e7836080-33f7-4c5d-8299-aebc12579281
Feb 21 04:14:54.607154 dv-cinder-773985-36-iscsi devstack@c-api.service[109723]: DEBUG cinder.api.openstack.wsgi [None req-eb7b473c-1634-4953-a036-b29871d7e6d6 tempest-VolumesTransfersTest-2096046164 tempest-VolumesTransfersTest-2096046164-project] Empty body provided in request {{(pid=109723) get_body /opt/stack/cinder/cinder/api/openstack/wsgi.py:715}}
Feb 21 04:14:54.607739 dv-cinder-773985-36-iscsi devstack@c-api.service[109723]: DEBUG cinder.api.openstack.wsgi [None req-eb7b473c-1634-4953-a036-b29871d7e6d6 tempest-VolumesTransfersTest-2096046164 tempest-VolumesTransfersTest-2096046164-project] Calling method 'show' {{(pid=109723) _process_stack /opt/stack/cinder/cinder/api/openstack/wsgi.py:868}}
Feb 21 04:14:54.622652 dv-cinder-773985-36-iscsi devstack@c-api.service[109723]: /usr/local/lib/python3.8/dist-packages/oslo_context/context.py:105: DeprecationWarning: Policy enforcement is depending on the value of is_admin. This key is deprecated. Please update your policy file to use the standard policy values.
Feb 21 04:14:54.622652 dv-cinder-773985-36-iscsi devstack@c-api.service[109723]: warnings.warn('Policy enforcement is depending on the value of '
Feb 21 04:14:54.630042 dv-cinder-773985-36-iscsi devstack@c-api.service[109723]: INFO cinder.volume.api [None req-eb7b473c-1634-4953-a036-b29871d7e6d6 tempest-VolumesTransfersTest-2096046164 tempest-VolumesTransfersTest-2096046164-project] Volume info retrieved successfully.
Feb 21 04:14:54.638223 dv-cinder-773985-36-iscsi devstack@c-api.service[109723]: INFO cinder.api.openstack.wsgi [None req-eb7b473c-1634-4953-a036-b29871d7e6d6 tempest-VolumesTransfersTest-2096046164 tempest-VolumesTransfersTest-2096046164-project] http://10.222.0.10/volume/v3/e882c893b8c145d2bb21b3db115f02fd/volumes/e7836080-33f7-4c5d-8299-aebc12579281 returned with HTTP 200
Feb 21 04:14:54.638950 dv-cinder-773985-36-iscsi devstack@c-api.service[109723]: [pid: 109723|app: 0|req: 193/370] 10.222.0.10 () {58 vars in 1324 bytes} [Mon Feb 21 04:14:54 2022] GET /volume/v3/e882c893b8c145d2bb21b3db115f02fd/volumes/e7836080-33f7-4c5d-8299-aebc12579281 => generated 912 bytes in 36 msecs (HTTP/1.1 200) 7 headers in 285 bytes (1 switches on core 0)
Feb 21 04:14:54.648803 dv-cinder-773985-36-iscsi devstack@c-api.service[109724]: /usr/local/lib/python3.8/dist-packages/oslo_context/context.py:105: DeprecationWarning: Policy enforcement is depending on the value of is_admin. This key is deprecated. Please update your policy file to use the standard policy values.
Feb 21 04:14:54.648803 dv-cinder-773985-36-iscsi devstack@c-api.service[109724]: warnings.warn('Policy enforcement is depending on the value of '
Feb 21 04:14:54.656528 dv-cinder-773985-36-iscsi devstack@c-api.service[109723]: INFO cinder.api.openstack.wsgi [None req-d527681f-101e-4e2b-aa73-c20acfb5813a tempest-VolumesTransfersTest-2096046164 tempest-VolumesTransfersTest-2096046164-project] DELETE http://10.222.0.10/volume/v3/e882c893b8c145d2bb21b3db115f02fd/os-volume-transfer/fab8f63d-8553-44ad-b50f-b837867db1f4
Feb 21 04:14:54.657061 dv-cinder-773985-36-iscsi devstack@c-api.service[109723]: DEBUG cinder.api.openstack.wsgi [None req-d527681f-101e-4e2b-aa73-c20acfb5813a tempest-VolumesTransfersTest-2096046164 tempest-VolumesTransfersTest-2096046164-project] Empty body provided in request {{(pid=109723) get_body /opt/stack/cinder/cinder/api/openstack/wsgi.py:715}}
Feb 21 04:14:54.657517 dv-cinder-773985-36-iscsi devstack@c-api.service[109723]: DEBUG cinder.api.openstack.wsgi [None req-d527681f-101e-4e2b-aa73-c20acfb5813a tempest-VolumesTransfersTest-2096046164 tempest-VolumesTransfersTest-2096046164-project] Calling method 'delete' {{(pid=109723) _process_stack /opt/stack/cinder/cinder/api/openstack/wsgi.py:868}}
Feb 21 04:14:54.657811 dv-cinder-773985-36-iscsi devstack@c-api.service[109723]: INFO cinder.api.contrib.volume_transfer [None req-d527681f-101e-4e2b-aa73-c20acfb5813a tempest-VolumesTransfersTest-2096046164 tempest-VolumesTransfersTest-2096046164-project] Delete transfer with id: fab8f63d-8553-44ad-b50f-b837867db1f4
Feb 21 04:14:54.662633 dv-cinder-773985-36-iscsi devstack@c-api.service[109723]: INFO cinder.api.openstack.wsgi [None req-d527681f-101e-4e2b-aa73-c20acfb5813a tempest-VolumesTransfersTest-2096046164 tempest-VolumesTransfersTest-2096046164-project] http://10.222.0.10/volume/v3/e882c893b8c145d2bb21b3db115f02fd/os-volume-transfer/fab8f63d-8553-44ad-b50f-b837867db1f4 returned with HTTP 404
Feb 21 04:14:54.663465 dv-cinder-773985-36-iscsi devstack@c-api.service[109723]: [pid: 109723|app: 0|req: 194/371] 10.222.0.10 () {58 vars in 1360 bytes} [Mon Feb 21 04:14:54 2022] DELETE /volume/v3/e882c893b8c145d2bb21b3db115f02fd/os-volume-transfer/fab8f63d-8553-44ad-b50f-b837867db1f4 => generated 111 bytes in 13 msecs (HTTP/1.1 404) 7 headers in 292 bytes (1 switches on core 0)
Feb 21 04:14:54.670855 dv-cinder-773985-36-iscsi devstack@c-api.service[109723]: INFO cinder.api.openstack.wsgi [None req-4e04ee77-36eb-41b5-ad58-7d5147e87559 tempest-VolumesTransfersTest-983184342 tempest-VolumesTransfersTest-983184342-project-admin] DELETE http://10.222.0.10/volume/v3/cad6dc7c19cc495d9f4403611fa93c46/volumes/e7836080-33f7-4c5d-8299-aebc12579281
Feb 21 04:14:54.671288 dv-cinder-773985-36-iscsi devstack@c-api.service[109723]: DEBUG cinder.api.openstack.wsgi [None req-4e04ee77-36eb-41b5-ad58-7d5147e87559 tempest-VolumesTransfersTest-983184342 tempest-VolumesTransfersTest-983184342-project-admin] Empty body provided in request {{(pid=109723) get_body /opt/stack/cinder/cinder/api/openstack/wsgi.py:715}}
Feb 21 04:14:54.671764 dv-cinder-773985-36-iscsi devstack@c-api.service[109723]: DEBUG cinder.api.openstack.wsgi [None req-4e04ee77-36eb-41b5-ad58-7d5147e87559 tempest-VolumesTransfersTest-983184342 tempest-VolumesTransfersTest-983184342-project-admin] Calling method 'delete' {{(pid=109723) _process_stack /opt/stack/cinder/cinder/api/openstack/wsgi.py:868}}
Feb 21 04:14:54.672154 dv-cinder-773985-36-iscsi devstack@c-api.service[109723]: INFO cinder.api.v3.volumes [None req-4e04ee77-36eb-41b5-ad58-7d5147e87559 tempest-VolumesTransfersTest-983184342 tempest-VolumesTransfersTest-983184342-project-admin] Delete volume with id: e7836080-33f7-4c5d-8299-aebc12579281
Feb 21 04:14:54.686906 dv-cinder-773985-36-iscsi devstack@c-api.service[109723]: /usr/local/lib/python3.8/dist-packages/oslo_context/context.py:105: DeprecationWarning: Policy enforcement is depending on the value of is_admin. This key is deprecated. Please update your policy file to use the standard policy values.
Feb 21 04:14:54.686906 dv-cinder-773985-36-iscsi devstack@c-api.service[109723]: warnings.warn('Policy enforcement is depending on the value of '
Feb 21 04:14:54.688536 dv-cinder-773985-36-iscsi devstack@c-api.service[109723]: INFO cinder.volume.api [None req-4e04ee77-36eb-41b5-ad58-7d5147e87559 tempest-VolumesTransfersTest-983184342 tempest-VolumesTransfersTest-983184342-project-admin] Volume info retrieved successfully.
Feb 21 04:14:54.709291 dv-cinder-773985-36-iscsi devstack@c-api.service[109724]: INFO cinder.api.openstack.wsgi [None req-fb29ede7-7d53-4b30-846d-1dbcb519a642 tempest-VolumeQuotaClassesTest-2097503067 tempest-VolumeQuotaClassesTest-2097503067-project-admin] http://10.222.0.10/volume/v3/515dd3b68bad4a0f9b742267922c7a9b/os-quota-class-sets/default returned with HTTP 200
Feb 21 04:14:54.710126 dv-cinder-773985-36-iscsi devstack@c-api.service[109724]: [pid: 109724|app: 0|req: 178/372] 10.222.0.10 () {60 vars in 1294 bytes} [Mon Feb 21 04:14:54 2022] PUT /volume/v3/515dd3b68bad4a0f9b742267922c7a9b/os-quota-class-sets/default => generated 929 bytes in 112 msecs (HTTP/1.1 200) 7 headers in 285 bytes (1 switches on core 0)
Feb 21 04:14:54.716780 dv-cinder-773985-36-iscsi devstack@c-api.service[109723]: INFO cinder.volume.api [None req-4e04ee77-36eb-41b5-ad58-7d5147e87559 tempest-VolumesTransfersTest-983184342 tempest-VolumesTransfersTest-983184342-project-admin] Delete volume request issued successfully.
Feb 21 04:14:54.717294 dv-cinder-773985-36-iscsi devstack@c-api.service[109723]: INFO cinder.api.openstack.wsgi [None req-4e04ee77-36eb-41b5-ad58-7d5147e87559 tempest-VolumesTransfersTest-983184342 tempest-VolumesTransfersTest-983184342-project-admin] http://10.222.0.10/volume/v3/cad6dc7c19cc495d9f4403611fa93c46/volumes/e7836080-33f7-4c5d-8299-aebc12579281 returned with HTTP 202
Feb 21 04:14:54.721100 dv-cinder-773985-36-iscsi devstack@c-api.service[109723]: [pid: 109723|app: 0|req: 195/373] 10.222.0.10 () {58 vars in 1327 bytes} [Mon Feb 21 04:14:54 2022] DELETE /volume/v3/cad6dc7c19cc495d9f4403611fa93c46/volumes/e7836080-33f7-4c5d-8299-aebc12579281 => generated 0 bytes in 51 msecs (HTTP/1.1 202) 6 headers in 233 bytes (1 switches on core 0)
Feb 21 04:14:54.721308 dv-cinder-773985-36-iscsi devstack@c-api.service[109724]: INFO cinder.api.openstack.wsgi [None req-b76bf9a6-a09c-456b-b15b-0cb47dcfbda8 tempest-VolumeQuotaClassesTest-2097503067 tempest-VolumeQuotaClassesTest-2097503067-project-admin] DELETE http://10.222.0.10/volume/v3/515dd3b68bad4a0f9b742267922c7a9b/types/eff4cbf8-d7a2-4411-8645-e0aa45cd47d2
Feb 21 04:14:54.721747 dv-cinder-773985-36-iscsi devstack@c-api.service[109724]: DEBUG cinder.api.openstack.wsgi [None req-b76bf9a6-a09c-456b-b15b-0cb47dcfbda8 tempest-VolumeQuotaClassesTest-2097503067 tempest-VolumeQuotaClassesTest-2097503067-project-admin] Empty body provided in request {{(pid=109724) get_body /opt/stack/cinder/cinder/api/openstack/wsgi.py:715}}
Feb 21 04:14:54.722218 dv-cinder-773985-36-iscsi devstack@c-api.service[109724]: DEBUG cinder.api.openstack.wsgi [None req-b76bf9a6-a09c-456b-b15b-0cb47dcfbda8 tempest-VolumeQuotaClassesTest-2097503067 tempest-VolumeQuotaClassesTest-2097503067-project-admin] Calling method '_delete' {{(pid=109724) _process_stack /opt/stack/cinder/cinder/api/openstack/wsgi.py:868}}
Feb 21 04:14:54.724880 dv-cinder-773985-36-iscsi devstack@c-api.service[109723]: INFO cinder.api.openstack.wsgi [None req-8a3482f6-e84a-450c-ade5-cac3010211ac tempest-VolumesTransfersTest-983184342 tempest-VolumesTransfersTest-983184342-project-admin] GET http://10.222.0.10/volume/v3/cad6dc7c19cc495d9f4403611fa93c46/volumes/e7836080-33f7-4c5d-8299-aebc12579281
Feb 21 04:14:54.725319 dv-cinder-773985-36-iscsi devstack@c-api.service[109723]: DEBUG cinder.api.openstack.wsgi [None req-8a3482f6-e84a-450c-ade5-cac3010211ac tempest-VolumesTransfersTest-983184342 tempest-VolumesTransfersTest-983184342-project-admin] Empty body provided in request {{(pid=109723) get_body /opt/stack/cinder/cinder/api/openstack/wsgi.py:715}}
Feb 21 04:14:54.725762 dv-cinder-773985-36-iscsi devstack@c-api.service[109723]: DEBUG cinder.api.openstack.wsgi [None req-8a3482f6-e84a-450c-ade5-cac3010211ac tempest-VolumesTransfersTest-983184342 tempest-VolumesTransfersTest-983184342-project-admin] Calling method 'show' {{(pid=109723) _process_stack /opt/stack/cinder/cinder/api/openstack/wsgi.py:868}}
