Feb 17 09:48:23.614982 dv-cinder-773985-34-smb devstack@c-api.service[116646]: DEBUG cinder.api.v3.groups [None req-6b333270-30f5-4703-a5e1-d97950245e3d tempest-GroupsTest-237993735 tempest-GroupsTest-237993735-project] delete called for group ff0e7d35-2506-4fea-b08e-6b8444f5c7f5 {{(pid=116646) _delete /opt/stack/cinder/cinder/api/v3/groups.py:117}}
Feb 17 09:48:23.615521 dv-cinder-773985-34-smb devstack@c-api.service[116646]: INFO cinder.api.v3.groups [None req-6b333270-30f5-4703-a5e1-d97950245e3d tempest-GroupsTest-237993735 tempest-GroupsTest-237993735-project] Delete group with id: ff0e7d35-2506-4fea-b08e-6b8444f5c7f5
Feb 17 09:48:23.650138 dv-cinder-773985-34-smb devstack@c-api.service[116646]: /usr/local/lib/python3.8/dist-packages/oslo_context/context.py:105: DeprecationWarning: Policy enforcement is depending on the value of is_admin. This key is deprecated. Please update your policy file to use the standard policy values.
Feb 17 09:48:23.650138 dv-cinder-773985-34-smb devstack@c-api.service[116646]: warnings.warn('Policy enforcement is depending on the value of '
Feb 17 09:48:23.667613 dv-cinder-773985-34-smb devstack@c-api.service[116645]: /usr/local/lib/python3.8/dist-packages/oslo_context/context.py:105: DeprecationWarning: Policy enforcement is depending on the value of is_admin. This key is deprecated. Please update your policy file to use the standard policy values.
Feb 17 09:48:23.667613 dv-cinder-773985-34-smb devstack@c-api.service[116645]: warnings.warn('Policy enforcement is depending on the value of '
Feb 17 09:48:23.675575 dv-cinder-773985-34-smb devstack@c-api.service[116645]: INFO cinder.volume.api [None req-972b284d-bc69-4aa4-8595-d539359cf720 tempest-SnapshotsActionsTest-1089630285 tempest-SnapshotsActionsTest-1089630285-project] Snapshot retrieved successfully.
Feb 17 09:48:23.692618 dv-cinder-773985-34-smb devstack@c-api.service[116645]: INFO cinder.api.openstack.wsgi [None req-972b284d-bc69-4aa4-8595-d539359cf720 tempest-SnapshotsActionsTest-1089630285 tempest-SnapshotsActionsTest-1089630285-project] http://10.222.0.99/volume/v3/160b234fc2c94f42a5c1ad0f249e4f5b/snapshots/5168288f-b2e0-437f-8e48-f3496bddc08b returned with HTTP 200
Feb 17 09:48:23.695803 dv-cinder-773985-34-smb devstack@c-api.service[116645]: [pid: 116645|app: 0|req: 130/259] 10.222.0.99 () {58 vars in 1330 bytes} [Thu Feb 17 09:48:23 2022] GET /volume/v3/160b234fc2c94f42a5c1ad0f249e4f5b/snapshots/5168288f-b2e0-437f-8e48-f3496bddc08b => generated 438 bytes in 118 msecs (HTTP/1.1 200) 7 headers in 285 bytes (1 switches on core 0)
Feb 17 09:48:23.778387 dv-cinder-773985-34-smb devstack@c-api.service[116645]: INFO cinder.api.openstack.wsgi [None req-e5b05b95-8451-462b-9a7c-79f0297090e2 tempest-GroupSnapshotsTest-1003984441 tempest-GroupSnapshotsTest-1003984441-project] GET http://10.222.0.99/volume/v3/f4c8f250963c4c76af1a1d1b55fb29d6/volumes/c2fa60e8-c285-49c4-ba52-dffd79d231fc
Feb 17 09:48:23.779296 dv-cinder-773985-34-smb devstack@c-api.service[116645]: DEBUG cinder.api.openstack.wsgi [None req-e5b05b95-8451-462b-9a7c-79f0297090e2 tempest-GroupSnapshotsTest-1003984441 tempest-GroupSnapshotsTest-1003984441-project] Empty body provided in request {{(pid=116645) get_body /opt/stack/cinder/cinder/api/openstack/wsgi.py:715}}
Feb 17 09:48:23.780156 dv-cinder-773985-34-smb devstack@c-api.service[116645]: DEBUG cinder.api.openstack.wsgi [None req-e5b05b95-8451-462b-9a7c-79f0297090e2 tempest-GroupSnapshotsTest-1003984441 tempest-GroupSnapshotsTest-1003984441-project] Calling method 'show' {{(pid=116645) _process_stack /opt/stack/cinder/cinder/api/openstack/wsgi.py:868}}
Feb 17 09:48:23.862275 dv-cinder-773985-34-smb devstack@c-api.service[116645]: INFO cinder.api.openstack.wsgi [None req-e5b05b95-8451-462b-9a7c-79f0297090e2 tempest-GroupSnapshotsTest-1003984441 tempest-GroupSnapshotsTest-1003984441-project] http://10.222.0.99/volume/v3/f4c8f250963c4c76af1a1d1b55fb29d6/volumes/c2fa60e8-c285-49c4-ba52-dffd79d231fc returned with HTTP 404
Feb 17 09:48:23.869583 dv-cinder-773985-34-smb devstack@c-api.service[116645]: [pid: 116645|app: 0|req: 131/260] 10.222.0.99 () {60 vars in 1365 bytes} [Thu Feb 17 09:48:23 2022] GET /volume/v3/f4c8f250963c4c76af1a1d1b55fb29d6/volumes/c2fa60e8-c285-49c4-ba52-dffd79d231fc => generated 109 bytes in 98 msecs (HTTP/1.1 404) 7 headers in 293 bytes (1 switches on core 0)
Feb 17 09:48:23.895366 dv-cinder-773985-34-smb devstack@c-api.service[116645]: INFO cinder.api.openstack.wsgi [None req-f85cce99-ea4f-446d-83aa-72760a60f18e tempest-GroupSnapshotsTest-1003984441 tempest-GroupSnapshotsTest-1003984441-project] GET http://10.222.0.99/volume/v3/f4c8f250963c4c76af1a1d1b55fb29d6/volumes/ee84033e-8a89-488c-9a64-e34e0ffc2536
Feb 17 09:48:23.896336 dv-cinder-773985-34-smb devstack@c-api.service[116645]: DEBUG cinder.api.openstack.wsgi [None req-f85cce99-ea4f-446d-83aa-72760a60f18e tempest-GroupSnapshotsTest-1003984441 tempest-GroupSnapshotsTest-1003984441-project] Empty body provided in request {{(pid=116645) get_body /opt/stack/cinder/cinder/api/openstack/wsgi.py:715}}
Feb 17 09:48:23.904294 dv-cinder-773985-34-smb devstack@c-api.service[116645]: DEBUG cinder.api.openstack.wsgi [None req-f85cce99-ea4f-446d-83aa-72760a60f18e tempest-GroupSnapshotsTest-1003984441 tempest-GroupSnapshotsTest-1003984441-project] Calling method 'show' {{(pid=116645) _process_stack /opt/stack/cinder/cinder/api/openstack/wsgi.py:868}}
Feb 17 09:48:23.958827 dv-cinder-773985-34-smb devstack@c-api.service[116645]: INFO cinder.api.openstack.wsgi [None req-f85cce99-ea4f-446d-83aa-72760a60f18e tempest-GroupSnapshotsTest-1003984441 tempest-GroupSnapshotsTest-1003984441-project] http://10.222.0.99/volume/v3/f4c8f250963c4c76af1a1d1b55fb29d6/volumes/ee84033e-8a89-488c-9a64-e34e0ffc2536 returned with HTTP 404
Feb 17 09:48:23.961303 dv-cinder-773985-34-smb devstack@c-api.service[116645]: [pid: 116645|app: 0|req: 132/261] 10.222.0.99 () {60 vars in 1365 bytes} [Thu Feb 17 09:48:23 2022] GET /volume/v3/f4c8f250963c4c76af1a1d1b55fb29d6/volumes/ee84033e-8a89-488c-9a64-e34e0ffc2536 => generated 109 bytes in 84 msecs (HTTP/1.1 404) 7 headers in 293 bytes (1 switches on core 0)
Feb 17 09:48:23.997907 dv-cinder-773985-34-smb devstack@c-api.service[116645]: INFO cinder.api.openstack.wsgi [None req-cb7c08c0-01d3-4c70-a5b2-efd2ecd22de5 tempest-GroupSnapshotsTest-1003984441 tempest-GroupSnapshotsTest-1003984441-project] GET http://10.222.0.99/volume/v3/f4c8f250963c4c76af1a1d1b55fb29d6/groups/263bd674-38f9-40a4-963c-7620a649181a
Feb 17 09:48:23.999007 dv-cinder-773985-34-smb devstack@c-api.service[116645]: DEBUG cinder.api.openstack.wsgi [None req-cb7c08c0-01d3-4c70-a5b2-efd2ecd22de5 tempest-GroupSnapshotsTest-1003984441 tempest-GroupSnapshotsTest-1003984441-project] Empty body provided in request {{(pid=116645) get_body /opt/stack/cinder/cinder/api/openstack/wsgi.py:715}}
Feb 17 09:48:23.999973 dv-cinder-773985-34-smb devstack@c-api.service[116645]: DEBUG cinder.api.openstack.wsgi [None req-cb7c08c0-01d3-4c70-a5b2-efd2ecd22de5 tempest-GroupSnapshotsTest-1003984441 tempest-GroupSnapshotsTest-1003984441-project] Calling method 'version_select' {{(pid=116645) _process_stack /opt/stack/cinder/cinder/api/openstack/wsgi.py:868}}
Feb 17 09:48:24.000701 dv-cinder-773985-34-smb devstack@c-api.service[116645]: DEBUG cinder.api.v3.groups [None req-cb7c08c0-01d3-4c70-a5b2-efd2ecd22de5 tempest-GroupSnapshotsTest-1003984441 tempest-GroupSnapshotsTest-1003984441-project] show called for member 263bd674-38f9-40a4-963c-7620a649181a {{(pid=116645) show /opt/stack/cinder/cinder/api/v3/groups.py:58}}
Feb 17 09:48:24.019389 dv-cinder-773985-34-smb devstack@c-api.service[116646]: INFO cinder.api.openstack.wsgi [None req-6b333270-30f5-4703-a5e1-d97950245e3d tempest-GroupsTest-237993735 tempest-GroupsTest-237993735-project] http://10.222.0.99/volume/v3/580b7231e3214cfcb10ca367d19e6cc8/groups/ff0e7d35-2506-4fea-b08e-6b8444f5c7f5/action returned with HTTP 202
Feb 17 09:48:24.021191 dv-cinder-773985-34-smb devstack@c-api.service[116645]: INFO cinder.api.openstack.wsgi [None req-cb7c08c0-01d3-4c70-a5b2-efd2ecd22de5 tempest-GroupSnapshotsTest-1003984441 tempest-GroupSnapshotsTest-1003984441-project] http://10.222.0.99/volume/v3/f4c8f250963c4c76af1a1d1b55fb29d6/groups/263bd674-38f9-40a4-963c-7620a649181a returned with HTTP 404
Feb 17 09:48:24.023064 dv-cinder-773985-34-smb devstack@c-api.service[116646]: [pid: 116646|app: 0|req: 130/262] 10.222.0.99 () {62 vars in 1404 bytes} [Thu Feb 17 09:48:23 2022] POST /volume/v3/580b7231e3214cfcb10ca367d19e6cc8/groups/ff0e7d35-2506-4fea-b08e-6b8444f5c7f5/action => generated 0 bytes in 449 msecs (HTTP/1.1 202) 6 headers in 234 bytes (1 switches on core 0)
Feb 17 09:48:24.032374 dv-cinder-773985-34-smb devstack@c-api.service[116645]: [pid: 116645|app: 0|req: 133/263] 10.222.0.99 () {60 vars in 1362 bytes} [Thu Feb 17 09:48:23 2022] GET /volume/v3/f4c8f250963c4c76af1a1d1b55fb29d6/groups/263bd674-38f9-40a4-963c-7620a649181a => generated 108 bytes in 59 msecs (HTTP/1.1 404) 7 headers in 293 bytes (1 switches on core 0)
Feb 17 09:48:24.041885 dv-cinder-773985-34-smb devstack@c-api.service[116645]: INFO cinder.api.openstack.wsgi [None req-648e6da0-2116-49a4-af2f-77ffa3c2e2c4 tempest-GroupSnapshotsTest-1960834971 tempest-GroupSnapshotsTest-1960834971-project-admin] DELETE http://10.222.0.99/volume/v3/4772115f6c32447fa41aa3d379c34b5b/group_types/dbfa40b3-c373-42c3-b597-0385d98f9b49
Feb 17 09:48:24.044156 dv-cinder-773985-34-smb devstack@c-api.service[116645]: DEBUG cinder.api.openstack.wsgi [None req-648e6da0-2116-49a4-af2f-77ffa3c2e2c4 tempest-GroupSnapshotsTest-1960834971 tempest-GroupSnapshotsTest-1960834971-project-admin] Empty body provided in request {{(pid=116645) get_body /opt/stack/cinder/cinder/api/openstack/wsgi.py:715}}
Feb 17 09:48:24.045319 dv-cinder-773985-34-smb devstack@c-api.service[116645]: DEBUG cinder.api.openstack.wsgi [None req-648e6da0-2116-49a4-af2f-77ffa3c2e2c4 tempest-GroupSnapshotsTest-1960834971 tempest-GroupSnapshotsTest-1960834971-project-admin] Calling method 'version_select' {{(pid=116645) _process_stack /opt/stack/cinder/cinder/api/openstack/wsgi.py:868}}
Feb 17 09:48:24.049642 dv-cinder-773985-34-smb devstack@c-api.service[116646]: INFO cinder.api.openstack.wsgi [None req-5aaa28ae-4625-441b-ba15-da088d057cfc tempest-GroupsTest-237993735 tempest-GroupsTest-237993735-project] GET http://10.222.0.99/volume/v3/580b7231e3214cfcb10ca367d19e6cc8/volumes/c0f65844-02b9-456e-b0d6-042c41222b9b
Feb 17 09:48:24.050973 dv-cinder-773985-34-smb devstack@c-api.service[116646]: DEBUG cinder.api.openstack.wsgi [None req-5aaa28ae-4625-441b-ba15-da088d057cfc tempest-GroupsTest-237993735 tempest-GroupsTest-237993735-project] Empty body provided in request {{(pid=116646) get_body /opt/stack/cinder/cinder/api/openstack/wsgi.py:715}}
Feb 17 09:48:24.053139 dv-cinder-773985-34-smb devstack@c-api.service[116646]: DEBUG cinder.api.openstack.wsgi [None req-5aaa28ae-4625-441b-ba15-da088d057cfc tempest-GroupsTest-237993735 tempest-GroupsTest-237993735-project] Calling method 'show' {{(pid=116646) _process_stack /opt/stack/cinder/cinder/api/openstack/wsgi.py:868}}
Feb 17 09:48:24.103143 dv-cinder-773985-34-smb devstack@c-api.service[116645]: INFO cinder.api.openstack.wsgi [None req-648e6da0-2116-49a4-af2f-77ffa3c2e2c4 tempest-GroupSnapshotsTest-1960834971 tempest-GroupSnapshotsTest-1960834971-project-admin] http://10.222.0.99/volume/v3/4772115f6c32447fa41aa3d379c34b5b/group_types/dbfa40b3-c373-42c3-b597-0385d98f9b49 returned with HTTP 202
Feb 17 09:48:24.104667 dv-cinder-773985-34-smb devstack@c-api.service[116645]: [pid: 116645|app: 0|req: 134/264] 10.222.0.99 () {60 vars in 1380 bytes} [Thu Feb 17 09:48:24 2022] DELETE /volume/v3/4772115f6c32447fa41aa3d379c34b5b/group_types/dbfa40b3-c373-42c3-b597-0385d98f9b49 => generated 0 bytes in 72 msecs (HTTP/1.1 202) 6 headers in 234 bytes (1 switches on core 0)
Feb 17 09:48:24.115736 dv-cinder-773985-34-smb devstack@c-api.service[116646]: /usr/local/lib/python3.8/dist-packages/oslo_context/context.py:105: DeprecationWarning: Policy enforcement is depending on the value of is_admin. This key is deprecated. Please update your policy file to use the standard policy values.
Feb 17 09:48:24.115736 dv-cinder-773985-34-smb devstack@c-api.service[116646]: warnings.warn('Policy enforcement is depending on the value of '
Feb 17 09:48:24.121958 dv-cinder-773985-34-smb devstack@c-api.service[116645]: INFO cinder.api.openstack.wsgi [None req-77fa6f64-98a4-4ee2-b81a-492c692a04d6 tempest-GroupSnapshotsTest-1960834971 tempest-GroupSnapshotsTest-1960834971-project-admin] POST http://10.222.0.99/volume/v3/4772115f6c32447fa41aa3d379c34b5b/types
Feb 17 09:48:24.124020 dv-cinder-773985-34-smb devstack@c-api.service[116645]: DEBUG cinder.api.openstack.wsgi [None req-77fa6f64-98a4-4ee2-b81a-492c692a04d6 tempest-GroupSnapshotsTest-1960834971 tempest-GroupSnapshotsTest-1960834971-project-admin] Action: 'create', calling method: _create, body: {"volume_type": {"name": "tempest-GroupSnapshotsTest-volume-type-1523199495"}} {{(pid=116645) _process_stack /opt/stack/cinder/cinder/api/openstack/wsgi.py:866}}
Feb 17 09:48:24.140609 dv-cinder-773985-34-smb devstack@c-api.service[116646]: INFO cinder.volume.api [None req-5aaa28ae-4625-441b-ba15-da088d057cfc tempest-GroupsTest-237993735 tempest-GroupsTest-237993735-project] Volume info retrieved successfully.
Feb 17 09:48:24.144726 dv-cinder-773985-34-smb devstack@c-api.service[116646]: WARNING stevedore.named [None req-5aaa28ae-4625-441b-ba15-da088d057cfc tempest-GroupsTest-237993735 tempest-GroupsTest-237993735-project] Could not load cinder.keymgr.conf_key_mgr.ConfKeyManager
Feb 17 09:48:24.145510 dv-cinder-773985-34-smb devstack@c-api.service[116646]: WARNING castellan.key_manager [None req-5aaa28ae-4625-441b-ba15-da088d057cfc tempest-GroupsTest-237993735 tempest-GroupsTest-237993735-project] Deprecation Warning : cinder.keymgr.conf_key_mgr.ConfKeyManager is not a stevedore based driver, trying to load it as a class: stevedore.exception.NoMatches: No 'castellan.drivers' driver found, looking for 'cinder.keymgr.conf_key_mgr.ConfKeyManager'
Feb 17 09:48:24.160940 dv-cinder-773985-34-smb devstack@c-api.service[116646]: DEBUG oslo_db.sqlalchemy.engines [None req-5aaa28ae-4625-441b-ba15-da088d057cfc tempest-GroupsTest-237993735 tempest-GroupsTest-237993735-project] MySQL server mode set to STRICT_TRANS_TABLES,STRICT_ALL_TABLES,NO_ZERO_IN_DATE,NO_ZERO_DATE,ERROR_FOR_DIVISION_BY_ZERO,TRADITIONAL,NO_ENGINE_SUBSTITUTION {{(pid=116646) _check_effective_sql_mode /usr/local/lib/python3.8/dist-packages/oslo_db/sqlalchemy/engines.py:314}}
Feb 17 09:48:24.171538 dv-cinder-773985-34-smb devstack@c-api.service[116646]: /usr/local/lib/python3.8/dist-packages/oslo_context/context.py:105: DeprecationWarning: Policy enforcement is depending on the value of is_admin. This key is deprecated. Please update your policy file to use the standard policy values.
Feb 17 09:48:24.171538 dv-cinder-773985-34-smb devstack@c-api.service[116646]: warnings.warn('Policy enforcement is depending on the value of '
Feb 17 09:48:24.197922 dv-cinder-773985-34-smb devstack@c-api.service[116646]: INFO cinder.api.openstack.wsgi [None req-5aaa28ae-4625-441b-ba15-da088d057cfc tempest-GroupsTest-237993735 tempest-GroupsTest-237993735-project] http://10.222.0.99/volume/v3/580b7231e3214cfcb10ca367d19e6cc8/volumes/c0f65844-02b9-456e-b0d6-042c41222b9b returned with HTTP 200
Feb 17 09:48:24.207789 dv-cinder-773985-34-smb devstack@c-api.service[116645]: INFO cinder.api.openstack.wsgi [None req-77fa6f64-98a4-4ee2-b81a-492c692a04d6 tempest-GroupSnapshotsTest-1960834971 tempest-GroupSnapshotsTest-1960834971-project-admin] http://10.222.0.99/volume/v3/4772115f6c32447fa41aa3d379c34b5b/types returned with HTTP 200
Feb 17 09:48:24.209587 dv-cinder-773985-34-smb devstack@c-api.service[116645]: [pid: 116645|app: 0|req: 135/265] 10.222.0.99 () {60 vars in 1228 bytes} [Thu Feb 17 09:48:24 2022] POST /volume/v3/4772115f6c32447fa41aa3d379c34b5b/types => generated 224 bytes in 95 msecs (HTTP/1.1 200) 7 headers in 285 bytes (2 switches on core 0)
Feb 17 09:48:24.210000 dv-cinder-773985-34-smb devstack@c-api.service[116646]: [pid: 116646|app: 0|req: 131/266] 10.222.0.99 () {60 vars in 1365 bytes} [Thu Feb 17 09:48:24 2022] GET /volume/v3/580b7231e3214cfcb10ca367d19e6cc8/volumes/c0f65844-02b9-456e-b0d6-042c41222b9b => generated 982 bytes in 180 msecs (HTTP/1.1 200) 7 headers in 286 bytes (1 switches on core 0)
Feb 17 09:48:24.230937 dv-cinder-773985-34-smb devstack@c-api.service[116645]: INFO cinder.api.openstack.wsgi [None req-9c29f7be-8845-4e85-a385-eb6db48764a8 tempest-GroupSnapshotsTest-1960834971 tempest-GroupSnapshotsTest-1960834971-project-admin] POST http://10.222.0.99/volume/v3/4772115f6c32447fa41aa3d379c34b5b/group_types
Feb 17 09:48:24.232575 dv-cinder-773985-34-smb devstack@c-api.service[116645]: DEBUG cinder.api.openstack.wsgi [None req-9c29f7be-8845-4e85-a385-eb6db48764a8 tempest-GroupSnapshotsTest-1960834971 tempest-GroupSnapshotsTest-1960834971-project-admin] Action: 'create', calling method: version_select, body: {"group_type": {"name": "tempest-GroupSnapshotsTest-group-type-108797874"}} {{(pid=116645) _process_stack /opt/stack/cinder/cinder/api/openstack/wsgi.py:866}}
Feb 17 09:48:24.286465 dv-cinder-773985-34-smb devstack@c-api.service[116645]: INFO cinder.api.openstack.wsgi [None req-9c29f7be-8845-4e85-a385-eb6db48764a8 tempest-GroupSnapshotsTest-1960834971 tempest-GroupSnapshotsTest-1960834971-project-admin] http://10.222.0.99/volume/v3/4772115f6c32447fa41aa3d379c34b5b/group_types returned with HTTP 202
Feb 17 09:48:24.288265 dv-cinder-773985-34-smb devstack@c-api.service[116645]: [pid: 116645|app: 0|req: 136/267] 10.222.0.99 () {62 vars in 1287 bytes} [Thu Feb 17 09:48:24 2022] POST /volume/v3/4772115f6c32447fa41aa3d379c34b5b/group_types => generated 180 bytes in 68 msecs (HTTP/1.1 202) 7 headers in 292 bytes (1 switches on core 0)
Feb 17 09:48:24.306449 dv-cinder-773985-34-smb devstack@c-api.service[116646]: INFO cinder.api.openstack.wsgi [None req-44736274-eba3-4ca4-8ad8-3cb0d7c47f54 tempest-GroupSnapshotsTest-1003984441 tempest-GroupSnapshotsTest-1003984441-project] POST http://10.222.0.99/volume/v3/f4c8f250963c4c76af1a1d1b55fb29d6/groups
Feb 17 09:48:24.308138 dv-cinder-773985-34-smb devstack@c-api.service[116646]: DEBUG cinder.api.openstack.wsgi [None req-44736274-eba3-4ca4-8ad8-3cb0d7c47f54 tempest-GroupSnapshotsTest-1003984441 tempest-GroupSnapshotsTest-1003984441-project] Action: 'create', calling method: version_select, body: {"group": {"group_type": "aac46504-9536-4a39-9adb-0f096159829c", "volume_types": ["27d8d2e2-9e03-4c0c-ad2b-a240ee0d392a"], "name": "tempest-GroupSnapshotsTest-Group-1678963747"}} {{(pid=116646) _process_stack /opt/stack/cinder/cinder/api/openstack/wsgi.py:866}}
Feb 17 09:48:24.310930 dv-cinder-773985-34-smb devstack@c-api.service[116646]: DEBUG cinder.api.v3.groups [None req-44736274-eba3-4ca4-8ad8-3cb0d7c47f54 tempest-GroupSnapshotsTest-1003984441 tempest-GroupSnapshotsTest-1003984441-project] Creating new group {'group': {'group_type': 'aac46504-9536-4a39-9adb-0f096159829c', 'volume_types': ['27d8d2e2-9e03-4c0c-ad2b-a240ee0d392a'], 'name': 'tempest-GroupSnapshotsTest-Group-1678963747'}} {{(pid=116646) create /opt/stack/cinder/cinder/api/v3/groups.py:190}}
Feb 17 09:48:24.324470 dv-cinder-773985-34-smb devstack@c-api.service[116646]: INFO cinder.api.v3.groups [None req-44736274-eba3-4ca4-8ad8-3cb0d7c47f54 tempest-GroupSnapshotsTest-1003984441 tempest-GroupSnapshotsTest-1003984441-project] Creating group tempest-GroupSnapshotsTest-Group-1678963747.
Feb 17 09:48:24.370030 dv-cinder-773985-34-smb devstack@c-api.service[116646]: INFO cinder.volume.api [None req-44736274-eba3-4ca4-8ad8-3cb0d7c47f54 tempest-GroupSnapshotsTest-1003984441 tempest-GroupSnapshotsTest-1003984441-project] Availability Zones retrieved successfully.
Feb 17 09:48:24.419299 dv-cinder-773985-34-smb devstack@c-api.service[116646]: DEBUG cinder.quota [None req-44736274-eba3-4ca4-8ad8-3cb0d7c47f54 tempest-GroupSnapshotsTest-1003984441 tempest-GroupSnapshotsTest-1003984441-project] Created reservations ['8ed21196-ac22-4d74-a360-12c4040a3029'] {{(pid=116646) reserve /opt/stack/cinder/cinder/quota.py:755}}
Feb 17 09:48:24.517429 dv-cinder-773985-34-smb devstack@c-api.service[116646]: INFO cinder.api.openstack.wsgi [None req-44736274-eba3-4ca4-8ad8-3cb0d7c47f54 tempest-GroupSnapshotsTest-1003984441 tempest-GroupSnapshotsTest-1003984441-project] http://10.222.0.99/volume/v3/f4c8f250963c4c76af1a1d1b55fb29d6/groups returned with HTTP 202
Feb 17 09:48:24.525803 dv-cinder-773985-34-smb devstack@c-api.service[116646]: [pid: 116646|app: 0|req: 132/268] 10.222.0.99 () {62 vars in 1273 bytes} [Thu Feb 17 09:48:24 2022] POST /volume/v3/f4c8f250963c4c76af1a1d1b55fb29d6/groups => generated 112 bytes in 228 msecs (HTTP/1.1 202) 7 headers in 292 bytes (1 switches on core 0)
Feb 17 09:48:24.535680 dv-cinder-773985-34-smb devstack@c-api.service[116645]: INFO cinder.api.openstack.wsgi [None req-44433702-6a13-44f4-a697-1b3721b33b39 tempest-GroupSnapshotsTest-1003984441 tempest-GroupSnapshotsTest-1003984441-project] GET http://10.222.0.99/volume/v3/f4c8f250963c4c76af1a1d1b55fb29d6/groups/77835fed-9198-474e-b83c-4147a5aeffe9
Feb 17 09:48:24.536613 dv-cinder-773985-34-smb devstack@c-api.service[116645]: DEBUG cinder.api.openstack.wsgi [None req-44433702-6a13-44f4-a697-1b3721b33b39 tempest-GroupSnapshotsTest-1003984441 tempest-GroupSnapshotsTest-1003984441-project] Empty body provided in request {{(pid=116645) get_body /opt/stack/cinder/cinder/api/openstack/wsgi.py:715}}
Feb 17 09:48:24.537434 dv-cinder-773985-34-smb devstack@c-api.service[116645]: DEBUG cinder.api.openstack.wsgi [None req-44433702-6a13-44f4-a697-1b3721b33b39 tempest-GroupSnapshotsTest-1003984441 tempest-GroupSnapshotsTest-1003984441-project] Calling method 'version_select' {{(pid=116645) _process_stack /opt/stack/cinder/cinder/api/openstack/wsgi.py:868}}
Feb 17 09:48:24.538862 dv-cinder-773985-34-smb devstack@c-api.service[116645]: DEBUG cinder.api.v3.groups [None req-44433702-6a13-44f4-a697-1b3721b33b39 tempest-GroupSnapshotsTest-1003984441 tempest-GroupSnapshotsTest-1003984441-project] show called for member 77835fed-9198-474e-b83c-4147a5aeffe9 {{(pid=116645) show /opt/stack/cinder/cinder/api/v3/groups.py:58}}
Feb 17 09:48:24.564180 dv-cinder-773985-34-smb devstack@c-api.service[116645]: /usr/local/lib/python3.8/dist-packages/oslo_context/context.py:105: DeprecationWarning: Policy enforcement is depending on the value of is_admin. This key is deprecated. Please update your policy file to use the standard policy values.
Feb 17 09:48:24.564180 dv-cinder-773985-34-smb devstack@c-api.service[116645]: warnings.warn('Policy enforcement is depending on the value of '
Feb 17 09:48:24.618952 dv-cinder-773985-34-smb devstack@c-api.service[116645]: INFO cinder.api.openstack.wsgi [None req-44433702-6a13-44f4-a697-1b3721b33b39 tempest-GroupSnapshotsTest-1003984441 tempest-GroupSnapshotsTest-1003984441-project] http://10.222.0.99/volume/v3/f4c8f250963c4c76af1a1d1b55fb29d6/groups/77835fed-9198-474e-b83c-4147a5aeffe9 returned with HTTP 200
Feb 17 09:48:24.620548 dv-cinder-773985-34-smb devstack@c-api.service[116645]: [pid: 116645|app: 0|req: 137/269] 10.222.0.99 () {60 vars in 1362 bytes} [Thu Feb 17 09:48:24 2022] GET /volume/v3/f4c8f250963c4c76af1a1d1b55fb29d6/groups/77835fed-9198-474e-b83c-4147a5aeffe9 => generated 392 bytes in 93 msecs (HTTP/1.1 200) 7 headers in 286 bytes (2 switches on core 0)
Feb 17 09:48:24.707805 dv-cinder-773985-34-smb devstack@c-api.service[116646]: INFO cinder.api.openstack.wsgi [None req-c2c919df-c73f-4b43-9164-be0722631f5e tempest-SnapshotsActionsTest-1089630285 tempest-SnapshotsActionsTest-1089630285-project] GET http://10.222.0.99/volume/v3/160b234fc2c94f42a5c1ad0f249e4f5b/snapshots/5168288f-b2e0-437f-8e48-f3496bddc08b
Feb 17 09:48:24.708518 dv-cinder-773985-34-smb devstack@c-api.service[116646]: DEBUG cinder.api.openstack.wsgi [None req-c2c919df-c73f-4b43-9164-be0722631f5e tempest-SnapshotsActionsTest-1089630285 tempest-SnapshotsActionsTest-1089630285-project] Empty body provided in request {{(pid=116646) get_body /opt/stack/cinder/cinder/api/openstack/wsgi.py:715}}
Feb 17 09:48:24.709189 dv-cinder-773985-34-smb devstack@c-api.service[116646]: DEBUG cinder.api.openstack.wsgi [None req-c2c919df-c73f-4b43-9164-be0722631f5e tempest-SnapshotsActionsTest-1089630285 tempest-SnapshotsActionsTest-1089630285-project] Calling method 'show' {{(pid=116646) _process_stack /opt/stack/cinder/cinder/api/openstack/wsgi.py:868}}
Feb 17 09:48:24.731418 dv-cinder-773985-34-smb devstack@c-api.service[116646]: /usr/local/lib/python3.8/dist-packages/oslo_context/context.py:105: DeprecationWarning: Policy enforcement is depending on the value of is_admin. This key is deprecated. Please update your policy file to use the standard policy values.
Feb 17 09:48:24.731418 dv-cinder-773985-34-smb devstack@c-api.service[116646]: warnings.warn('Policy enforcement is depending on the value of '
Feb 17 09:48:24.733200 dv-cinder-773985-34-smb devstack@c-api.service[116646]: INFO cinder.volume.api [None req-c2c919df-c73f-4b43-9164-be0722631f5e tempest-SnapshotsActionsTest-1089630285 tempest-SnapshotsActionsTest-1089630285-project] Snapshot retrieved successfully.
Feb 17 09:48:24.738165 dv-cinder-773985-34-smb devstack@c-api.service[116646]: INFO cinder.api.openstack.wsgi [None req-c2c919df-c73f-4b43-9164-be0722631f5e tempest-SnapshotsActionsTest-1089630285 tempest-SnapshotsActionsTest-1089630285-project] http://10.222.0.99/volume/v3/160b234fc2c94f42a5c1ad0f249e4f5b/snapshots/5168288f-b2e0-437f-8e48-f3496bddc08b returned with HTTP 200
Feb 17 09:48:24.750065 dv-cinder-773985-34-smb devstack@c-api.service[116646]: [pid: 116646|app: 0|req: 133/270] 10.222.0.99 () {58 vars in 1330 bytes} [Thu Feb 17 09:48:24 2022] GET /volume/v3/160b234fc2c94f42a5c1ad0f249e4f5b/snapshots/5168288f-b2e0-437f-8e48-f3496bddc08b => generated 568 bytes in 42 msecs (HTTP/1.1 200) 7 headers in 285 bytes (1 switches on core 0)
Feb 17 09:48:24.759295 dv-cinder-773985-34-smb devstack@c-api.service[116645]: INFO cinder.api.openstack.wsgi [None req-cd616f7a-2761-4a07-8f05-33e036704351 tempest-SnapshotsActionsTest-1302214067 tempest-SnapshotsActionsTest-1302214067-project-admin] POST http://10.222.0.99/volume/v3/03a6d1d8040a4a2788c6dc513546839f/snapshots/5168288f-b2e0-437f-8e48-f3496bddc08b/action
Feb 17 09:48:24.760644 dv-cinder-773985-34-smb devstack@c-api.service[116645]: DEBUG cinder.api.openstack.wsgi [None req-cd616f7a-2761-4a07-8f05-33e036704351 tempest-SnapshotsActionsTest-1302214067 tempest-SnapshotsActionsTest-1302214067-project-admin] Action body: b'{"os-reset_status": {"status": "error"}}' {{(pid=116645) get_method /opt/stack/cinder/cinder/api/openstack/wsgi.py:983}}
Feb 17 09:48:24.761212 dv-cinder-773985-34-smb devstack@c-api.service[116645]: DEBUG cinder.api.openstack.wsgi [None req-cd616f7a-2761-4a07-8f05-33e036704351 tempest-SnapshotsActionsTest-1302214067 tempest-SnapshotsActionsTest-1302214067-project-admin] Action: 'action', calling method: _reset_status, body: {"os-reset_status": {"status": "error"}} {{(pid=116645) _process_stack /opt/stack/cinder/cinder/api/openstack/wsgi.py:866}}
Feb 17 09:48:24.764091 dv-cinder-773985-34-smb devstack@c-api.service[116645]: DEBUG cinder.api.contrib.admin_actions [None req-cd616f7a-2761-4a07-8f05-33e036704351 tempest-SnapshotsActionsTest-1302214067 tempest-SnapshotsActionsTest-1302214067-project-admin] Updating snapshot '5168288f-b2e0-437f-8e48-f3496bddc08b' with '{'status': 'error'}' {{(pid=116645) _reset_status /opt/stack/cinder/cinder/api/contrib/admin_actions.py:100}}
Feb 17 09:48:24.803317 dv-cinder-773985-34-smb devstack@c-api.service[116645]: /usr/local/lib/python3.8/dist-packages/oslo_context/context.py:105: DeprecationWarning: Policy enforcement is depending on the value of is_admin. This key is deprecated. Please update your policy file to use the standard policy values.
Feb 17 09:48:24.803317 dv-cinder-773985-34-smb devstack@c-api.service[116645]: warnings.warn('Policy enforcement is depending on the value of '
Feb 17 09:48:24.862017 dv-cinder-773985-34-smb devstack@c-api.service[116645]: INFO cinder.api.openstack.wsgi [None req-cd616f7a-2761-4a07-8f05-33e036704351 tempest-SnapshotsActionsTest-1302214067 tempest-SnapshotsActionsTest-1302214067-project-admin] http://10.222.0.99/volume/v3/03a6d1d8040a4a2788c6dc513546839f/snapshots/5168288f-b2e0-437f-8e48-f3496bddc08b/action returned with HTTP 202
Feb 17 09:48:24.863496 dv-cinder-773985-34-smb devstack@c-api.service[116645]: [pid: 116645|app: 0|req: 138/271] 10.222.0.99 () {60 vars in 1372 bytes} [Thu Feb 17 09:48:24 2022] POST /volume/v3/03a6d1d8040a4a2788c6dc513546839f/snapshots/5168288f-b2e0-437f-8e48-f3496bddc08b/action => generated 0 bytes in 115 msecs (HTTP/1.1 202) 7 headers in 289 bytes (1 switches on core 0)
Feb 17 09:48:24.874078 dv-cinder-773985-34-smb devstack@c-api.service[116646]: INFO cinder.api.openstack.wsgi [None req-354a74ec-7cb3-49bd-8ac5-cd0f3ce9ccdc tempest-SnapshotsActionsTest-1089630285 tempest-SnapshotsActionsTest-1089630285-project] GET http://10.222.0.99/volume/v3/160b234fc2c94f42a5c1ad0f249e4f5b/snapshots/5168288f-b2e0-437f-8e48-f3496bddc08b
Feb 17 09:48:24.875372 dv-cinder-773985-34-smb devstack@c-api.service[116646]: DEBUG cinder.api.openstack.wsgi [None req-354a74ec-7cb3-49bd-8ac5-cd0f3ce9ccdc tempest-SnapshotsActionsTest-1089630285 tempest-SnapshotsActionsTest-1089630285-project] Empty body provided in request {{(pid=116646) get_body /opt/stack/cinder/cinder/api/openstack/wsgi.py:715}}
Feb 17 09:48:24.875860 dv-cinder-773985-34-smb devstack@c-api.service[116646]: DEBUG cinder.api.openstack.wsgi [None req-354a74ec-7cb3-49bd-8ac5-cd0f3ce9ccdc tempest-SnapshotsActionsTest-1089630285 tempest-SnapshotsActionsTest-1089630285-project] Calling method 'show' {{(pid=116646) _process_stack /opt/stack/cinder/cinder/api/openstack/wsgi.py:868}}
Feb 17 09:48:24.889073 dv-cinder-773985-34-smb devstack@c-api.service[116646]: /usr/local/lib/python3.8/dist-packages/oslo_context/context.py:105: DeprecationWarning: Policy enforcement is depending on the value of is_admin. This key is deprecated. Please update your policy file to use the standard policy values.
Feb 17 09:48:24.889073 dv-cinder-773985-34-smb devstack@c-api.service[116646]: warnings.warn('Policy enforcement is depending on the value of '
Feb 17 09:48:24.890737 dv-cinder-773985-34-smb devstack@c-api.service[116646]: INFO cinder.volume.api [None req-354a74ec-7cb3-49bd-8ac5-cd0f3ce9ccdc tempest-SnapshotsActionsTest-1089630285 tempest-SnapshotsActionsTest-1089630285-project] Snapshot retrieved successfully.
Feb 17 09:48:24.893536 dv-cinder-773985-34-smb devstack@c-api.service[116646]: INFO cinder.api.openstack.wsgi [None req-354a74ec-7cb3-49bd-8ac5-cd0f3ce9ccdc tempest-SnapshotsActionsTest-1089630285 tempest-SnapshotsActionsTest-1089630285-project] http://10.222.0.99/volume/v3/160b234fc2c94f42a5c1ad0f249e4f5b/snapshots/5168288f-b2e0-437f-8e48-f3496bddc08b returned with HTTP 200
Feb 17 09:48:24.894464 dv-cinder-773985-34-smb devstack@c-api.service[116646]: [pid: 116646|app: 0|req: 134/272] 10.222.0.99 () {58 vars in 1330 bytes} [Thu Feb 17 09:48:24 2022] GET /volume/v3/160b234fc2c94f42a5c1ad0f249e4f5b/snapshots/5168288f-b2e0-437f-8e48-f3496bddc08b => generated 564 bytes in 27 msecs (HTTP/1.1 200) 7 headers in 285 bytes (1 switches on core 0)
Feb 17 09:48:24.907529 dv-cinder-773985-34-smb devstack@c-api.service[116645]: INFO cinder.api.openstack.wsgi [None req-fd7dc439-d233-420f-99b6-e38859a6a579 tempest-SnapshotsActionsTest-1302214067 tempest-SnapshotsActionsTest-1302214067-project-admin] POST http://10.222.0.99/volume/v3/03a6d1d8040a4a2788c6dc513546839f/snapshots/5168288f-b2e0-437f-8e48-f3496bddc08b/action
Feb 17 09:48:24.908374 dv-cinder-773985-34-smb devstack@c-api.service[116645]: DEBUG cinder.api.openstack.wsgi [None req-fd7dc439-d233-420f-99b6-e38859a6a579 tempest-SnapshotsActionsTest-1302214067 tempest-SnapshotsActionsTest-1302214067-project-admin] Action body: b'{"os-force_delete": {}}' {{(pid=116645) get_method /opt/stack/cinder/cinder/api/openstack/wsgi.py:983}}
Feb 17 09:48:24.908898 dv-cinder-773985-34-smb devstack@c-api.service[116645]: DEBUG cinder.api.openstack.wsgi [None req-fd7dc439-d233-420f-99b6-e38859a6a579 tempest-SnapshotsActionsTest-1302214067 tempest-SnapshotsActionsTest-1302214067-project-admin] Action: 'action', calling method: _force_delete, body: {"os-force_delete": {}} {{(pid=116645) _process_stack /opt/stack/cinder/cinder/api/openstack/wsgi.py:866}}
Feb 17 09:48:24.931731 dv-cinder-773985-34-smb devstack@c-api.service[116645]: /usr/local/lib/python3.8/dist-packages/oslo_context/context.py:105: DeprecationWarning: Policy enforcement is depending on the value of is_admin. This key is deprecated. Please update your policy file to use the standard policy values.
Feb 17 09:48:24.931731 dv-cinder-773985-34-smb devstack@c-api.service[116645]: warnings.warn('Policy enforcement is depending on the value of '
Feb 17 09:48:24.933079 dv-cinder-773985-34-smb devstack@c-api.service[116645]: INFO cinder.volume.api [None req-fd7dc439-d233-420f-99b6-e38859a6a579 tempest-SnapshotsActionsTest-1302214067 tempest-SnapshotsActionsTest-1302214067-project-admin] Snapshot retrieved successfully.
Feb 17 09:48:25.096277 dv-cinder-773985-34-smb devstack@c-api.service[116645]: INFO cinder.volume.api [None req-fd7dc439-d233-420f-99b6-e38859a6a579 tempest-SnapshotsActionsTest-1302214067 tempest-SnapshotsActionsTest-1302214067-project-admin] Snapshot delete request issued successfully.
Feb 17 09:48:25.097839 dv-cinder-773985-34-smb devstack@c-api.service[116645]: INFO cinder.api.openstack.wsgi [None req-fd7dc439-d233-420f-99b6-e38859a6a579 tempest-SnapshotsActionsTest-1302214067 tempest-SnapshotsActionsTest-1302214067-project-admin] http://10.222.0.99/volume/v3/03a6d1d8040a4a2788c6dc513546839f/snapshots/5168288f-b2e0-437f-8e48-f3496bddc08b/action returned with HTTP 202
Feb 17 09:48:25.100920 dv-cinder-773985-34-smb devstack@c-api.service[116645]: [pid: 116645|app: 0|req: 139/273] 10.222.0.99 () {60 vars in 1372 bytes} [Thu Feb 17 09:48:24 2022] POST /volume/v3/03a6d1d8040a4a2788c6dc513546839f/snapshots/5168288f-b2e0-437f-8e48-f3496bddc08b/action => generated 0 bytes in 198 msecs (HTTP/1.1 202) 7 headers in 289 bytes (1 switches on core 0)
Feb 17 09:48:25.115300 dv-cinder-773985-34-smb devstack@c-api.service[116646]: INFO cinder.api.openstack.wsgi [None req-f618729e-a09c-4154-bd2b-eeee67daa627 tempest-SnapshotsActionsTest-1089630285 tempest-SnapshotsActionsTest-1089630285-project] GET http://10.222.0.99/volume/v3/160b234fc2c94f42a5c1ad0f249e4f5b/snapshots/5168288f-b2e0-437f-8e48-f3496bddc08b
Feb 17 09:48:25.116230 dv-cinder-773985-34-smb devstack@c-api.service[116646]: DEBUG cinder.api.openstack.wsgi [None req-f618729e-a09c-4154-bd2b-eeee67daa627 tempest-SnapshotsActionsTest-1089630285 tempest-SnapshotsActionsTest-1089630285-project] Empty body provided in request {{(pid=116646) get_body /opt/stack/cinder/cinder/api/openstack/wsgi.py:715}}
Feb 17 09:48:25.117070 dv-cinder-773985-34-smb devstack@c-api.service[116646]: DEBUG cinder.api.openstack.wsgi [None req-f618729e-a09c-4154-bd2b-eeee67daa627 tempest-SnapshotsActionsTest-1089630285 tempest-SnapshotsActionsTest-1089630285-project] Calling method 'show' {{(pid=116646) _process_stack /opt/stack/cinder/cinder/api/openstack/wsgi.py:868}}
Feb 17 09:48:25.142640 dv-cinder-773985-34-smb devstack@c-api.service[116646]: /usr/local/lib/python3.8/dist-packages/oslo_context/context.py:105: DeprecationWarning: Policy enforcement is depending on the value of is_admin. This key is deprecated. Please update your policy file to use the standard policy values.
Feb 17 09:48:25.142640 dv-cinder-773985-34-smb devstack@c-api.service[116646]: warnings.warn('Policy enforcement is depending on the value of '
Feb 17 09:48:25.142640 dv-cinder-773985-34-smb devstack@c-api.service[116646]: INFO cinder.volume.api [None req-f618729e-a09c-4154-bd2b-eeee67daa627 tempest-SnapshotsActionsTest-1089630285 tempest-SnapshotsActionsTest-1089630285-project] Snapshot retrieved successfully.
Feb 17 09:48:25.145446 dv-cinder-773985-34-smb devstack@c-api.service[116646]: INFO cinder.api.openstack.wsgi [None req-f618729e-a09c-4154-bd2b-eeee67daa627 tempest-SnapshotsActionsTest-1089630285 tempest-SnapshotsActionsTest-1089630285-project] http://10.222.0.99/volume/v3/160b234fc2c94f42a5c1ad0f249e4f5b/snapshots/5168288f-b2e0-437f-8e48-f3496bddc08b returned with HTTP 200
Feb 17 09:48:25.146265 dv-cinder-773985-34-smb devstack@c-api.service[116646]: [pid: 116646|app: 0|req: 135/274] 10.222.0.99 () {58 vars in 1330 bytes} [Thu Feb 17 09:48:25 2022] GET /volume/v3/160b234fc2c94f42a5c1ad0f249e4f5b/snapshots/5168288f-b2e0-437f-8e48-f3496bddc08b => generated 567 bytes in 41 msecs (HTTP/1.1 200) 7 headers in 285 bytes (1 switches on core 0)
Feb 17 09:48:25.221516 dv-cinder-773985-34-smb devstack@c-api.service[116645]: INFO cinder.api.openstack.wsgi [None req-39db13f7-7efd-4aaf-bfa3-3873e4619079 tempest-GroupsTest-237993735 tempest-GroupsTest-237993735-project] GET http://10.222.0.99/volume/v3/580b7231e3214cfcb10ca367d19e6cc8/volumes/c0f65844-02b9-456e-b0d6-042c41222b9b
Feb 17 09:48:25.222194 dv-cinder-773985-34-smb devstack@c-api.service[116645]: DEBUG cinder.api.openstack.wsgi [None req-39db13f7-7efd-4aaf-bfa3-3873e4619079 tempest-GroupsTest-237993735 tempest-GroupsTest-237993735-project] Empty body provided in request {{(pid=116645) get_body /opt/stack/cinder/cinder/api/openstack/wsgi.py:715}}
Feb 17 09:48:25.223294 dv-cinder-773985-34-smb devstack@c-api.service[116645]: DEBUG cinder.api.openstack.wsgi [None req-39db13f7-7efd-4aaf-bfa3-3873e4619079 tempest-GroupsTest-237993735 tempest-GroupsTest-237993735-project] Calling method 'show' {{(pid=116645) _process_stack /opt/stack/cinder/cinder/api/openstack/wsgi.py:868}}
Feb 17 09:48:25.269241 dv-cinder-773985-34-smb devstack@c-api.service[116645]: INFO cinder.api.openstack.wsgi [None req-39db13f7-7efd-4aaf-bfa3-3873e4619079 tempest-GroupsTest-237993735 tempest-GroupsTest-237993735-project] http://10.222.0.99/volume/v3/580b7231e3214cfcb10ca367d19e6cc8/volumes/c0f65844-02b9-456e-b0d6-042c41222b9b returned with HTTP 404
Feb 17 09:48:25.276081 dv-cinder-773985-34-smb devstack@c-api.service[116645]: [pid: 116645|app: 0|req: 140/275] 10.222.0.99 () {60 vars in 1365 bytes} [Thu Feb 17 09:48:25 2022] GET /volume/v3/580b7231e3214cfcb10ca367d19e6cc8/volumes/c0f65844-02b9-456e-b0d6-042c41222b9b => generated 109 bytes in 61 msecs (HTTP/1.1 404) 7 headers in 293 bytes (1 switches on core 0)
Feb 17 09:48:25.288013 dv-cinder-773985-34-smb devstack@c-api.service[116646]: INFO cinder.api.openstack.wsgi [None req-2407dcad-a8ad-4c13-bf8a-8053073a61b5 tempest-GroupsTest-237993735 tempest-GroupsTest-237993735-project] GET http://10.222.0.99/volume/v3/580b7231e3214cfcb10ca367d19e6cc8/volumes/17e8689d-54af-457c-bfdd-6c53655690e0
Feb 17 09:48:25.289150 dv-cinder-773985-34-smb devstack@c-api.service[116646]: DEBUG cinder.api.openstack.wsgi [None req-2407dcad-a8ad-4c13-bf8a-8053073a61b5 tempest-GroupsTest-237993735 tempest-GroupsTest-237993735-project] Empty body provided in request {{(pid=116646) get_body /opt/stack/cinder/cinder/api/openstack/wsgi.py:715}}
Feb 17 09:48:25.290253 dv-cinder-773985-34-smb devstack@c-api.service[116646]: DEBUG cinder.api.openstack.wsgi [None req-2407dcad-a8ad-4c13-bf8a-8053073a61b5 tempest-GroupsTest-237993735 tempest-GroupsTest-237993735-project] Calling method 'show' {{(pid=116646) _process_stack /opt/stack/cinder/cinder/api/openstack/wsgi.py:868}}
Feb 17 09:48:25.308741 dv-cinder-773985-34-smb devstack@c-api.service[116646]: INFO cinder.api.openstack.wsgi [None req-2407dcad-a8ad-4c13-bf8a-8053073a61b5 tempest-GroupsTest-237993735 tempest-GroupsTest-237993735-project] http://10.222.0.99/volume/v3/580b7231e3214cfcb10ca367d19e6cc8/volumes/17e8689d-54af-457c-bfdd-6c53655690e0 returned with HTTP 404
Feb 17 09:48:25.310903 dv-cinder-773985-34-smb devstack@c-api.service[116646]: [pid: 116646|app: 0|req: 136/276] 10.222.0.99 () {60 vars in 1365 bytes} [Thu Feb 17 09:48:25 2022] GET /volume/v3/580b7231e3214cfcb10ca367d19e6cc8/volumes/17e8689d-54af-457c-bfdd-6c53655690e0 => generated 109 bytes in 30 msecs (HTTP/1.1 404) 7 headers in 293 bytes (1 switches on core 0)
Feb 17 09:48:25.320605 dv-cinder-773985-34-smb devstack@c-api.service[116645]: INFO cinder.api.openstack.wsgi [None req-24f452e9-c601-4e3c-b2d7-7e24f6aeaf7f tempest-GroupsTest-237993735 tempest-GroupsTest-237993735-project] GET http://10.222.0.99/volume/v3/580b7231e3214cfcb10ca367d19e6cc8/groups/ff0e7d35-2506-4fea-b08e-6b8444f5c7f5
Feb 17 09:48:25.321154 dv-cinder-773985-34-smb devstack@c-api.service[116645]: DEBUG cinder.api.openstack.wsgi [None req-24f452e9-c601-4e3c-b2d7-7e24f6aeaf7f tempest-GroupsTest-237993735 tempest-GroupsTest-237993735-project] Empty body provided in request {{(pid=116645) get_body /opt/stack/cinder/cinder/api/openstack/wsgi.py:715}}
Feb 17 09:48:25.322441 dv-cinder-773985-34-smb devstack@c-api.service[116645]: DEBUG cinder.api.openstack.wsgi [None req-24f452e9-c601-4e3c-b2d7-7e24f6aeaf7f tempest-GroupsTest-237993735 tempest-GroupsTest-237993735-project] Calling method 'version_select' {{(pid=116645) _process_stack /opt/stack/cinder/cinder/api/openstack/wsgi.py:868}}
Feb 17 09:48:25.322936 dv-cinder-773985-34-smb devstack@c-api.service[116645]: DEBUG cinder.api.v3.groups [None req-24f452e9-c601-4e3c-b2d7-7e24f6aeaf7f tempest-GroupsTest-237993735 tempest-GroupsTest-237993735-project] show called for member ff0e7d35-2506-4fea-b08e-6b8444f5c7f5 {{(pid=116645) show /opt/stack/cinder/cinder/api/v3/groups.py:58}}
Feb 17 09:48:25.334438 dv-cinder-773985-34-smb devstack@c-api.service[116645]: /usr/local/lib/python3.8/dist-packages/oslo_context/context.py:105: DeprecationWarning: Policy enforcement is depending on the value of is_admin. This key is deprecated. Please update your policy file to use the standard policy values.
Feb 17 09:48:25.334438 dv-cinder-773985-34-smb devstack@c-api.service[116645]: warnings.warn('Policy enforcement is depending on the value of '
Feb 17 09:48:25.362793 dv-cinder-773985-34-smb devstack@c-api.service[116645]: INFO cinder.api.openstack.wsgi [None req-24f452e9-c601-4e3c-b2d7-7e24f6aeaf7f tempest-GroupsTest-237993735 tempest-GroupsTest-237993735-project] http://10.222.0.99/volume/v3/580b7231e3214cfcb10ca367d19e6cc8/groups/ff0e7d35-2506-4fea-b08e-6b8444f5c7f5 returned with HTTP 200
Feb 17 09:48:25.377717 dv-cinder-773985-34-smb devstack@c-api.service[116645]: [pid: 116645|app: 0|req: 141/277] 10.222.0.99 () {60 vars in 1362 bytes} [Thu Feb 17 09:48:25 2022] GET /volume/v3/580b7231e3214cfcb10ca367d19e6cc8/groups/ff0e7d35-2506-4fea-b08e-6b8444f5c7f5 => generated 323 bytes in 49 msecs (HTTP/1.1 200) 7 headers in 286 bytes (2 switches on core 0)
Feb 17 09:48:25.645345 dv-cinder-773985-34-smb devstack@c-api.service[116646]: INFO cinder.api.openstack.wsgi [None req-1aaaa992-72ee-4a28-b4bb-e6e61d4a4f4f tempest-GroupSnapshotsTest-1003984441 tempest-GroupSnapshotsTest-1003984441-project] GET http://10.222.0.99/volume/v3/f4c8f250963c4c76af1a1d1b55fb29d6/groups/77835fed-9198-474e-b83c-4147a5aeffe9
Feb 17 09:48:25.650941 dv-cinder-773985-34-smb devstack@c-api.service[116646]: DEBUG cinder.api.openstack.wsgi [None req-1aaaa992-72ee-4a28-b4bb-e6e61d4a4f4f tempest-GroupSnapshotsTest-1003984441 tempest-GroupSnapshotsTest-1003984441-project] Empty body provided in request {{(pid=116646) get_body /opt/stack/cinder/cinder/api/openstack/wsgi.py:715}}
Feb 17 09:48:25.674038 dv-cinder-773985-34-smb devstack@c-api.service[116646]: DEBUG cinder.api.openstack.wsgi [None req-1aaaa992-72ee-4a28-b4bb-e6e61d4a4f4f tempest-GroupSnapshotsTest-1003984441 tempest-GroupSnapshotsTest-1003984441-project] Calling method 'version_select' {{(pid=116646) _process_stack /opt/stack/cinder/cinder/api/openstack/wsgi.py:868}}
Feb 17 09:48:25.683310 dv-cinder-773985-34-smb devstack@c-api.service[116646]: DEBUG cinder.api.v3.groups [None req-1aaaa992-72ee-4a28-b4bb-e6e61d4a4f4f tempest-GroupSnapshotsTest-1003984441 tempest-GroupSnapshotsTest-1003984441-project] show called for member 77835fed-9198-474e-b83c-4147a5aeffe9 {{(pid=116646) show /opt/stack/cinder/cinder/api/v3/groups.py:58}}
Feb 17 09:48:25.712424 dv-cinder-773985-34-smb devstack@c-api.service[116646]: /usr/local/lib/python3.8/dist-packages/oslo_context/context.py:105: DeprecationWarning: Policy enforcement is depending on the value of is_admin. This key is deprecated. Please update your policy file to use the standard policy values.
Feb 17 09:48:25.712424 dv-cinder-773985-34-smb devstack@c-api.service[116646]: warnings.warn('Policy enforcement is depending on the value of '
Feb 17 09:48:25.798875 dv-cinder-773985-34-smb devstack@c-api.service[116646]: INFO cinder.api.openstack.wsgi [None req-1aaaa992-72ee-4a28-b4bb-e6e61d4a4f4f tempest-GroupSnapshotsTest-1003984441 tempest-GroupSnapshotsTest-1003984441-project] http://10.222.0.99/volume/v3/f4c8f250963c4c76af1a1d1b55fb29d6/groups/77835fed-9198-474e-b83c-4147a5aeffe9 returned with HTTP 200
Feb 17 09:48:25.816819 dv-cinder-773985-34-smb devstack@c-api.service[116645]: INFO cinder.api.openstack.wsgi [None req-6f153b19-2973-4e87-ad1a-f4efff69f3de tempest-GroupSnapshotsTest-1003984441 tempest-GroupSnapshotsTest-1003984441-project] POST http://10.222.0.99/volume/v3/f4c8f250963c4c76af1a1d1b55fb29d6/volumes
Feb 17 09:48:25.818136 dv-cinder-773985-34-smb devstack@c-api.service[116645]: DEBUG cinder.api.openstack.wsgi [None req-6f153b19-2973-4e87-ad1a-f4efff69f3de tempest-GroupSnapshotsTest-1003984441 tempest-GroupSnapshotsTest-1003984441-project] Action: 'create', calling method: create, body: {"volume": {"volume_type": "27d8d2e2-9e03-4c0c-ad2b-a240ee0d392a", "group_id": "77835fed-9198-474e-b83c-4147a5aeffe9", "size": 1, "name": "tempest-GroupSnapshotsTest-Volume-80326057"}} {{(pid=116645) _process_stack /opt/stack/cinder/cinder/api/openstack/wsgi.py:866}}
Feb 17 09:48:25.819949 dv-cinder-773985-34-smb devstack@c-api.service[116645]: DEBUG cinder.api.v3.volumes [None req-6f153b19-2973-4e87-ad1a-f4efff69f3de tempest-GroupSnapshotsTest-1003984441 tempest-GroupSnapshotsTest-1003984441-project] Create volume request body: {'volume': {'volume_type': '27d8d2e2-9e03-4c0c-ad2b-a240ee0d392a', 'group_id': '77835fed-9198-474e-b83c-4147a5aeffe9', 'size': 1, 'name': 'tempest-GroupSnapshotsTest-Volume-80326057'}} {{(pid=116645) create /opt/stack/cinder/cinder/api/v3/volumes.py:298}}
Feb 17 09:48:25.822239 dv-cinder-773985-34-smb devstack@c-api.service[116646]: [pid: 116646|app: 0|req: 137/278] 10.222.0.99 () {60 vars in 1362 bytes} [Thu Feb 17 09:48:25 2022] GET /volume/v3/f4c8f250963c4c76af1a1d1b55fb29d6/groups/77835fed-9198-474e-b83c-4147a5aeffe9 => generated 393 bytes in 191 msecs (HTTP/1.1 200) 7 headers in 286 bytes (1 switches on core 0)
Feb 17 09:48:25.866727 dv-cinder-773985-34-smb devstack@c-api.service[116645]: /usr/local/lib/python3.8/dist-packages/oslo_context/context.py:105: DeprecationWarning: Policy enforcement is depending on the value of is_admin. This key is deprecated. Please update your policy file to use the standard policy values.
Feb 17 09:48:25.866727 dv-cinder-773985-34-smb devstack@c-api.service[116645]: warnings.warn('Policy enforcement is depending on the value of '
Feb 17 09:48:25.877770 dv-cinder-773985-34-smb devstack@c-api.service[116645]: INFO cinder.api.v3.volumes [None req-6f153b19-2973-4e87-ad1a-f4efff69f3de tempest-GroupSnapshotsTest-1003984441 tempest-GroupSnapshotsTest-1003984441-project] Create volume of 1 GB
Feb 17 09:48:25.921192 dv-cinder-773985-34-smb devstack@c-api.service[116645]: INFO cinder.volume.api [None req-6f153b19-2973-4e87-ad1a-f4efff69f3de tempest-GroupSnapshotsTest-1003984441 tempest-GroupSnapshotsTest-1003984441-project] Availability Zones retrieved successfully.
Feb 17 09:48:25.961782 dv-cinder-773985-34-smb devstack@c-api.service[116645]: DEBUG cinder.volume.api [None req-6f153b19-2973-4e87-ad1a-f4efff69f3de tempest-GroupSnapshotsTest-1003984441 tempest-GroupSnapshotsTest-1003984441-project] Flow 'volume_create_api' (514a151e-0641-49db-a9bf-f208dc2e7449) transitioned into state 'RUNNING' from state 'PENDING' {{(pid=116645) _flow_receiver /usr/local/lib/python3.8/dist-packages/taskflow/listeners/logging.py:141}}
Feb 17 09:48:25.969609 dv-cinder-773985-34-smb devstack@c-api.service[116645]: DEBUG cinder.volume.api [None req-6f153b19-2973-4e87-ad1a-f4efff69f3de tempest-GroupSnapshotsTest-1003984441 tempest-GroupSnapshotsTest-1003984441-project] Task 'cinder.volume.flows.api.create_volume.ExtractVolumeRequestTask;volume:create' (f32e827f-99b1-42ab-a61a-d8e75d1214fd) transitioned into state 'RUNNING' from state 'PENDING' {{(pid=116645) _task_receiver /usr/local/lib/python3.8/dist-packages/taskflow/listeners/logging.py:190}}
Feb 17 09:48:25.982652 dv-cinder-773985-34-smb devstack@c-api.service[116645]: /usr/local/lib/python3.8/dist-packages/oslo_context/context.py:105: DeprecationWarning: Policy enforcement is depending on the value of is_admin. This key is deprecated. Please update your policy file to use the standard policy values.
Feb 17 09:48:25.982652 dv-cinder-773985-34-smb devstack@c-api.service[116645]: warnings.warn('Policy enforcement is depending on the value of '
Feb 17 09:48:25.986315 dv-cinder-773985-34-smb devstack@c-api.service[116645]: DEBUG cinder.volume.flows.api.create_volume [None req-6f153b19-2973-4e87-ad1a-f4efff69f3de tempest-GroupSnapshotsTest-1003984441 tempest-GroupSnapshotsTest-1003984441-project] Validating volume size '1' using validate_int {{(pid=116645) _extract_size /opt/stack/cinder/cinder/volume/flows/api/create_volume.py:225}}
