Feb 16 18:05:35.364098 dv-cinder-773985-33-smb devstack@c-api.service[109708]: DEBUG cinder.volume.api [None req-586f220e-48cd-41b9-9c98-078c06418f2d tempest-UserMessagesTest-1378938745 tempest-UserMessagesTest-1378938745-project] Task 'cinder.volume.flows.api.create_volume.QuotaCommitTask;volume:create' (f4b952be-80b1-4330-8ada-341f5fe1fe34) transitioned into state 'SUCCESS' from state 'RUNNING' with result '{'volume_properties': VolumeProperties(attach_status='detached',availability_zone='nova',cgsnapshot_id=None,consistencygroup_id=None,display_description=None,display_name='tempest-UserMessagesTest-Volume-1188744994',encryption_key_id=None,group_id=None,group_type_id=,metadata={},multiattach=False,project_id='df0415543bb841aa8f4800833ed5aa4b',qos_specs=None,replication_status=,reservations=['5d6860cf-bf56-42eb-834d-d6967ad32ba1','699e8807-04c0-4f41-95a7-f999d70fa87f','d8597f76-713d-4481-8f1b-7a2ee027c3c4','640f84be-03ae-4077-9a54-6bead72a78ad'],size=1,snapshot_id=None,source_replicaid=,source_volid=None,status='creating',user_id='99c483234cad46a7ac52a00a15b0f983',volume_type_id=ce5e14c2-3f38-41ed-8fe8-7a17d3614adc)}' {{(pid=109708) _task_receiver /usr/local/lib/python3.8/dist-packages/taskflow/listeners/logging.py:178}}
Feb 16 18:05:35.368868 dv-cinder-773985-33-smb devstack@c-api.service[109708]: DEBUG cinder.volume.api [None req-586f220e-48cd-41b9-9c98-078c06418f2d tempest-UserMessagesTest-1378938745 tempest-UserMessagesTest-1378938745-project] Task 'cinder.volume.flows.api.create_volume.VolumeCastTask;volume:create' (0689dedd-85a6-49af-a214-748886f0484a) transitioned into state 'RUNNING' from state 'PENDING' {{(pid=109708) _task_receiver /usr/local/lib/python3.8/dist-packages/taskflow/listeners/logging.py:190}}
Feb 16 18:05:35.399516 dv-cinder-773985-33-smb devstack@c-api.service[109709]: INFO cinder.api.openstack.wsgi [None req-31ae0842-5dd5-4b30-8fcb-9db2ccbdde5a tempest-VolumeQuotasAdminTestJSON-2066746914 tempest-VolumeQuotasAdminTestJSON-2066746914-project-admin] GET http://10.222.0.73/volume/v3/6e8ca1a23e54407cb6e2372eb9b957cc/volumes/94436d62-2411-47a2-8310-238eba32d6b2
Feb 16 18:05:35.400122 dv-cinder-773985-33-smb devstack@c-api.service[109709]: DEBUG cinder.api.openstack.wsgi [None req-31ae0842-5dd5-4b30-8fcb-9db2ccbdde5a tempest-VolumeQuotasAdminTestJSON-2066746914 tempest-VolumeQuotasAdminTestJSON-2066746914-project-admin] Empty body provided in request {{(pid=109709) get_body /opt/stack/cinder/cinder/api/openstack/wsgi.py:715}}
Feb 16 18:05:35.400662 dv-cinder-773985-33-smb devstack@c-api.service[109709]: DEBUG cinder.api.openstack.wsgi [None req-31ae0842-5dd5-4b30-8fcb-9db2ccbdde5a tempest-VolumeQuotasAdminTestJSON-2066746914 tempest-VolumeQuotasAdminTestJSON-2066746914-project-admin] Calling method 'show' {{(pid=109709) _process_stack /opt/stack/cinder/cinder/api/openstack/wsgi.py:868}}
Feb 16 18:05:35.412863 dv-cinder-773985-33-smb devstack@c-api.service[109708]: DEBUG cinder.volume.api [None req-586f220e-48cd-41b9-9c98-078c06418f2d tempest-UserMessagesTest-1378938745 tempest-UserMessagesTest-1378938745-project] Task 'cinder.volume.flows.api.create_volume.VolumeCastTask;volume:create' (0689dedd-85a6-49af-a214-748886f0484a) transitioned into state 'SUCCESS' from state 'RUNNING' with result 'None' {{(pid=109708) _task_receiver /usr/local/lib/python3.8/dist-packages/taskflow/listeners/logging.py:178}}
Feb 16 18:05:35.418066 dv-cinder-773985-33-smb devstack@c-api.service[109709]: INFO cinder.api.openstack.wsgi [None req-31ae0842-5dd5-4b30-8fcb-9db2ccbdde5a tempest-VolumeQuotasAdminTestJSON-2066746914 tempest-VolumeQuotasAdminTestJSON-2066746914-project-admin] http://10.222.0.73/volume/v3/6e8ca1a23e54407cb6e2372eb9b957cc/volumes/94436d62-2411-47a2-8310-238eba32d6b2 returned with HTTP 404
Feb 16 18:05:35.426188 dv-cinder-773985-33-smb devstack@c-api.service[109709]: [pid: 109709|app: 0|req: 93/169] 10.222.0.73 () {58 vars in 1324 bytes} [Wed Feb 16 18:05:35 2022] GET /volume/v3/6e8ca1a23e54407cb6e2372eb9b957cc/volumes/94436d62-2411-47a2-8310-238eba32d6b2 => generated 109 bytes in 30 msecs (HTTP/1.1 404) 7 headers in 292 bytes (2 switches on core 0)
Feb 16 18:05:35.426414 dv-cinder-773985-33-smb devstack@c-api.service[109708]: DEBUG cinder.volume.api [None req-586f220e-48cd-41b9-9c98-078c06418f2d tempest-UserMessagesTest-1378938745 tempest-UserMessagesTest-1378938745-project] Flow 'volume_create_api' (a6c98c7d-c391-472b-957e-7ed8077dd14e) transitioned into state 'SUCCESS' from state 'RUNNING' {{(pid=109708) _flow_receiver /usr/local/lib/python3.8/dist-packages/taskflow/listeners/logging.py:141}}
Feb 16 18:05:35.431181 dv-cinder-773985-33-smb devstack@c-api.service[109708]: INFO cinder.volume.api [None req-586f220e-48cd-41b9-9c98-078c06418f2d tempest-UserMessagesTest-1378938745 tempest-UserMessagesTest-1378938745-project] Create volume request issued successfully.
Feb 16 18:05:35.435601 dv-cinder-773985-33-smb devstack@c-api.service[109708]: INFO cinder.api.openstack.wsgi [None req-586f220e-48cd-41b9-9c98-078c06418f2d tempest-UserMessagesTest-1378938745 tempest-UserMessagesTest-1378938745-project] http://10.222.0.73/volume/v3/df0415543bb841aa8f4800833ed5aa4b/volumes returned with HTTP 202
Feb 16 18:05:35.438105 dv-cinder-773985-33-smb devstack@c-api.service[109708]: [pid: 109708|app: 0|req: 77/170] 10.222.0.73 () {62 vars in 1275 bytes} [Wed Feb 16 18:05:34 2022] POST /volume/v3/df0415543bb841aa8f4800833ed5aa4b/volumes => generated 852 bytes in 621 msecs (HTTP/1.1 202) 7 headers in 291 bytes (1 switches on core 0)
Feb 16 18:05:35.447885 dv-cinder-773985-33-smb devstack@c-api.service[109709]: INFO cinder.api.openstack.wsgi [None req-486a457a-e6ec-4ba0-aae3-846322d68352 tempest-VolumeQuotasAdminTestJSON-2066746914 tempest-VolumeQuotasAdminTestJSON-2066746914-project-admin] GET http://10.222.0.73/volume/v3/6e8ca1a23e54407cb6e2372eb9b957cc/os-quota-sets/6e8ca1a23e54407cb6e2372eb9b957cc?usage=True
Feb 16 18:05:35.448764 dv-cinder-773985-33-smb devstack@c-api.service[109709]: DEBUG cinder.api.openstack.wsgi [None req-486a457a-e6ec-4ba0-aae3-846322d68352 tempest-VolumeQuotasAdminTestJSON-2066746914 tempest-VolumeQuotasAdminTestJSON-2066746914-project-admin] Empty body provided in request {{(pid=109709) get_body /opt/stack/cinder/cinder/api/openstack/wsgi.py:715}}
Feb 16 18:05:35.449572 dv-cinder-773985-33-smb devstack@c-api.service[109709]: DEBUG cinder.api.openstack.wsgi [None req-486a457a-e6ec-4ba0-aae3-846322d68352 tempest-VolumeQuotasAdminTestJSON-2066746914 tempest-VolumeQuotasAdminTestJSON-2066746914-project-admin] Calling method 'show' {{(pid=109709) _process_stack /opt/stack/cinder/cinder/api/openstack/wsgi.py:868}}
Feb 16 18:05:35.489751 dv-cinder-773985-33-smb devstack@c-api.service[109709]: WARNING cinder.quota [None req-486a457a-e6ec-4ba0-aae3-846322d68352 tempest-VolumeQuotasAdminTestJSON-2066746914 tempest-VolumeQuotasAdminTestJSON-2066746914-project-admin] Deprecated: Default quota for resource: volumes_tempest-UserMessagesTest-volume-type-1867652731 is set by the default quota flag: quota_volumes_tempest-UserMessagesTest-volume-type-1867652731, it is now deprecated. Please use the default quota class for default quota.
Feb 16 18:05:35.491146 dv-cinder-773985-33-smb devstack@c-api.service[109709]: WARNING cinder.quota [None req-486a457a-e6ec-4ba0-aae3-846322d68352 tempest-VolumeQuotasAdminTestJSON-2066746914 tempest-VolumeQuotasAdminTestJSON-2066746914-project-admin] Deprecated: Default quota for resource: gigabytes_tempest-UserMessagesTest-volume-type-1867652731 is set by the default quota flag: quota_gigabytes_tempest-UserMessagesTest-volume-type-1867652731, it is now deprecated. Please use the default quota class for default quota.
Feb 16 18:05:35.492310 dv-cinder-773985-33-smb devstack@c-api.service[109709]: WARNING cinder.quota [None req-486a457a-e6ec-4ba0-aae3-846322d68352 tempest-VolumeQuotasAdminTestJSON-2066746914 tempest-VolumeQuotasAdminTestJSON-2066746914-project-admin] Deprecated: Default quota for resource: snapshots_tempest-UserMessagesTest-volume-type-1867652731 is set by the default quota flag: quota_snapshots_tempest-UserMessagesTest-volume-type-1867652731, it is now deprecated. Please use the default quota class for default quota.
Feb 16 18:05:35.499831 dv-cinder-773985-33-smb devstack@c-api.service[109708]: INFO cinder.api.openstack.wsgi [None req-560f0051-dc31-4ba0-ba2b-9b507890c045 tempest-UserMessagesTest-1378938745 tempest-UserMessagesTest-1378938745-project] GET http://10.222.0.73/volume/v3/df0415543bb841aa8f4800833ed5aa4b/volumes/652a4097-572e-4789-908e-d311a0f528e5
Feb 16 18:05:35.500398 dv-cinder-773985-33-smb devstack@c-api.service[109708]: DEBUG cinder.api.openstack.wsgi [None req-560f0051-dc31-4ba0-ba2b-9b507890c045 tempest-UserMessagesTest-1378938745 tempest-UserMessagesTest-1378938745-project] Empty body provided in request {{(pid=109708) get_body /opt/stack/cinder/cinder/api/openstack/wsgi.py:715}}
Feb 16 18:05:35.506510 dv-cinder-773985-33-smb devstack@c-api.service[109708]: DEBUG cinder.api.openstack.wsgi [None req-560f0051-dc31-4ba0-ba2b-9b507890c045 tempest-UserMessagesTest-1378938745 tempest-UserMessagesTest-1378938745-project] Calling method 'show' {{(pid=109708) _process_stack /opt/stack/cinder/cinder/api/openstack/wsgi.py:868}}
Feb 16 18:05:35.530145 dv-cinder-773985-33-smb devstack@c-api.service[109709]: INFO cinder.api.openstack.wsgi [None req-486a457a-e6ec-4ba0-aae3-846322d68352 tempest-VolumeQuotasAdminTestJSON-2066746914 tempest-VolumeQuotasAdminTestJSON-2066746914-project-admin] http://10.222.0.73/volume/v3/6e8ca1a23e54407cb6e2372eb9b957cc/os-quota-sets/6e8ca1a23e54407cb6e2372eb9b957cc?usage=True returned with HTTP 200
Feb 16 18:05:35.531189 dv-cinder-773985-33-smb devstack@c-api.service[109709]: [pid: 109709|app: 0|req: 94/171] 10.222.0.73 () {58 vars in 1351 bytes} [Wed Feb 16 18:05:35 2022] GET /volume/v3/6e8ca1a23e54407cb6e2372eb9b957cc/os-quota-sets/6e8ca1a23e54407cb6e2372eb9b957cc?usage=True => generated 1482 bytes in 104 msecs (HTTP/1.1 200) 7 headers in 286 bytes (1 switches on core 0)
Feb 16 18:05:35.550200 dv-cinder-773985-33-smb devstack@c-api.service[109709]: INFO cinder.api.openstack.wsgi [None req-5f423ed6-6d1c-45b5-a7ff-17efc98e2f75 tempest-VolumeQuotasAdminTestJSON-2066746914 tempest-VolumeQuotasAdminTestJSON-2066746914-project-admin] PUT http://10.222.0.73/volume/v3/6e8ca1a23e54407cb6e2372eb9b957cc/os-quota-sets/740aa30a691149e6bf8f68730022d1e7
Feb 16 18:05:35.551327 dv-cinder-773985-33-smb devstack@c-api.service[109709]: DEBUG cinder.api.openstack.wsgi [None req-5f423ed6-6d1c-45b5-a7ff-17efc98e2f75 tempest-VolumeQuotasAdminTestJSON-2066746914 tempest-VolumeQuotasAdminTestJSON-2066746914-project-admin] Action: 'update', calling method: update, body: {"quota_set": {"gigabytes": 1009, "volumes": 11, "snapshots": 11, "backups": 11, "backup_gigabytes": 1009, "per_volume_gigabytes": 1009}} {{(pid=109709) _process_stack /opt/stack/cinder/cinder/api/openstack/wsgi.py:866}}
Feb 16 18:05:35.553771 dv-cinder-773985-33-smb devstack@c-api.service[109708]: /usr/local/lib/python3.8/dist-packages/oslo_context/context.py:105: DeprecationWarning: Policy enforcement is depending on the value of is_admin. This key is deprecated. Please update your policy file to use the standard policy values.
Feb 16 18:05:35.553771 dv-cinder-773985-33-smb devstack@c-api.service[109708]: warnings.warn('Policy enforcement is depending on the value of '
Feb 16 18:05:35.563793 dv-cinder-773985-33-smb devstack@c-api.service[109708]: INFO cinder.volume.api [None req-560f0051-dc31-4ba0-ba2b-9b507890c045 tempest-UserMessagesTest-1378938745 tempest-UserMessagesTest-1378938745-project] Volume info retrieved successfully.
Feb 16 18:05:35.585425 dv-cinder-773985-33-smb devstack@c-api.service[109708]: INFO cinder.api.openstack.wsgi [None req-560f0051-dc31-4ba0-ba2b-9b507890c045 tempest-UserMessagesTest-1378938745 tempest-UserMessagesTest-1378938745-project] http://10.222.0.73/volume/v3/df0415543bb841aa8f4800833ed5aa4b/volumes/652a4097-572e-4789-908e-d311a0f528e5 returned with HTTP 200
Feb 16 18:05:35.588289 dv-cinder-773985-33-smb devstack@c-api.service[109708]: [pid: 109708|app: 0|req: 78/172] 10.222.0.73 () {60 vars in 1364 bytes} [Wed Feb 16 18:05:35 2022] GET /volume/v3/df0415543bb841aa8f4800833ed5aa4b/volumes/652a4097-572e-4789-908e-d311a0f528e5 => generated 920 bytes in 136 msecs (HTTP/1.1 200) 7 headers in 285 bytes (1 switches on core 0)
Feb 16 18:05:35.978496 dv-cinder-773985-33-smb devstack@c-api.service[109709]: INFO cinder.api.openstack.wsgi [None req-5f423ed6-6d1c-45b5-a7ff-17efc98e2f75 tempest-VolumeQuotasAdminTestJSON-2066746914 tempest-VolumeQuotasAdminTestJSON-2066746914-project-admin] http://10.222.0.73/volume/v3/6e8ca1a23e54407cb6e2372eb9b957cc/os-quota-sets/740aa30a691149e6bf8f68730022d1e7 returned with HTTP 200
Feb 16 18:05:35.979627 dv-cinder-773985-33-smb devstack@c-api.service[109709]: [pid: 109709|app: 0|req: 95/173] 10.222.0.73 () {60 vars in 1351 bytes} [Wed Feb 16 18:05:35 2022] PUT /volume/v3/6e8ca1a23e54407cb6e2372eb9b957cc/os-quota-sets/740aa30a691149e6bf8f68730022d1e7 => generated 701 bytes in 438 msecs (HTTP/1.1 200) 7 headers in 285 bytes (1 switches on core 0)
Feb 16 18:05:35.994442 dv-cinder-773985-33-smb devstack@c-api.service[109708]: INFO cinder.api.openstack.wsgi [None req-682f2310-b813-4d0b-97af-feff57e3e20a tempest-VolumeQuotasAdminTestJSON-2066746914 tempest-VolumeQuotasAdminTestJSON-2066746914-project-admin] PUT http://10.222.0.73/volume/v3/6e8ca1a23e54407cb6e2372eb9b957cc/os-quota-sets/740aa30a691149e6bf8f68730022d1e7
Feb 16 18:05:35.995537 dv-cinder-773985-33-smb devstack@c-api.service[109708]: DEBUG cinder.api.openstack.wsgi [None req-682f2310-b813-4d0b-97af-feff57e3e20a tempest-VolumeQuotasAdminTestJSON-2066746914 tempest-VolumeQuotasAdminTestJSON-2066746914-project-admin] Action: 'update', calling method: update, body: {"quota_set": {"volumes": 10, "per_volume_gigabytes": -1, "snapshots": 10, "gigabytes": 1000, "backups": 10, "backup_gigabytes": 1000}} {{(pid=109708) _process_stack /opt/stack/cinder/cinder/api/openstack/wsgi.py:866}}
Feb 16 18:05:36.232096 dv-cinder-773985-33-smb devstack@c-api.service[109708]: WARNING cinder.quota [None req-682f2310-b813-4d0b-97af-feff57e3e20a tempest-VolumeQuotasAdminTestJSON-2066746914 tempest-VolumeQuotasAdminTestJSON-2066746914-project-admin] Deprecated: Default quota for resource: snapshots_tempest-UserMessagesTest-volume-type-1867652731 is set by the default quota flag: quota_snapshots_tempest-UserMessagesTest-volume-type-1867652731, it is now deprecated. Please use the default quota class for default quota.
Feb 16 18:05:36.273136 dv-cinder-773985-33-smb devstack@c-api.service[109708]: INFO cinder.api.openstack.wsgi [None req-682f2310-b813-4d0b-97af-feff57e3e20a tempest-VolumeQuotasAdminTestJSON-2066746914 tempest-VolumeQuotasAdminTestJSON-2066746914-project-admin] http://10.222.0.73/volume/v3/6e8ca1a23e54407cb6e2372eb9b957cc/os-quota-sets/740aa30a691149e6bf8f68730022d1e7 returned with HTTP 200
Feb 16 18:05:36.274497 dv-cinder-773985-33-smb devstack@c-api.service[109708]: [pid: 109708|app: 0|req: 79/174] 10.222.0.73 () {60 vars in 1351 bytes} [Wed Feb 16 18:05:35 2022] PUT /volume/v3/6e8ca1a23e54407cb6e2372eb9b957cc/os-quota-sets/740aa30a691149e6bf8f68730022d1e7 => generated 699 bytes in 290 msecs (HTTP/1.1 200) 7 headers in 285 bytes (1 switches on core 0)
Feb 16 18:05:36.287356 dv-cinder-773985-33-smb devstack@c-api.service[109709]: INFO cinder.api.openstack.wsgi [None req-8e22c1fb-d773-41d1-830c-e3023c674752 tempest-VolumeQuotasAdminTestJSON-1664290023 tempest-VolumeQuotasAdminTestJSON-1664290023-project] DELETE http://10.222.0.73/volume/v3/740aa30a691149e6bf8f68730022d1e7/volumes/94436d62-2411-47a2-8310-238eba32d6b2
Feb 16 18:05:36.290853 dv-cinder-773985-33-smb devstack@c-api.service[109709]: DEBUG cinder.api.openstack.wsgi [None req-8e22c1fb-d773-41d1-830c-e3023c674752 tempest-VolumeQuotasAdminTestJSON-1664290023 tempest-VolumeQuotasAdminTestJSON-1664290023-project] Empty body provided in request {{(pid=109709) get_body /opt/stack/cinder/cinder/api/openstack/wsgi.py:715}}
Feb 16 18:05:36.291642 dv-cinder-773985-33-smb devstack@c-api.service[109709]: DEBUG cinder.api.openstack.wsgi [None req-8e22c1fb-d773-41d1-830c-e3023c674752 tempest-VolumeQuotasAdminTestJSON-1664290023 tempest-VolumeQuotasAdminTestJSON-1664290023-project] Calling method 'delete' {{(pid=109709) _process_stack /opt/stack/cinder/cinder/api/openstack/wsgi.py:868}}
Feb 16 18:05:36.292295 dv-cinder-773985-33-smb devstack@c-api.service[109709]: INFO cinder.api.v3.volumes [None req-8e22c1fb-d773-41d1-830c-e3023c674752 tempest-VolumeQuotasAdminTestJSON-1664290023 tempest-VolumeQuotasAdminTestJSON-1664290023-project] Delete volume with id: 94436d62-2411-47a2-8310-238eba32d6b2
Feb 16 18:05:36.328030 dv-cinder-773985-33-smb devstack@c-api.service[109708]: INFO cinder.api.openstack.wsgi [None req-46bb0be2-46df-4d11-8462-097e6a92ec3c tempest-SnapshotsActionsTest-1553988833 tempest-SnapshotsActionsTest-1553988833-project] GET http://10.222.0.73/volume/v3/9d4dd9f0c5344066861295708b0c47e2/snapshots/8bccb6ec-f0eb-4a3a-b12b-6e1da593640e
Feb 16 18:05:36.328547 dv-cinder-773985-33-smb devstack@c-api.service[109708]: DEBUG cinder.api.openstack.wsgi [None req-46bb0be2-46df-4d11-8462-097e6a92ec3c tempest-SnapshotsActionsTest-1553988833 tempest-SnapshotsActionsTest-1553988833-project] Empty body provided in request {{(pid=109708) get_body /opt/stack/cinder/cinder/api/openstack/wsgi.py:715}}
Feb 16 18:05:36.329047 dv-cinder-773985-33-smb devstack@c-api.service[109708]: DEBUG cinder.api.openstack.wsgi [None req-46bb0be2-46df-4d11-8462-097e6a92ec3c tempest-SnapshotsActionsTest-1553988833 tempest-SnapshotsActionsTest-1553988833-project] Calling method 'show' {{(pid=109708) _process_stack /opt/stack/cinder/cinder/api/openstack/wsgi.py:868}}
Feb 16 18:05:36.345114 dv-cinder-773985-33-smb devstack@c-api.service[109708]: INFO cinder.api.openstack.wsgi [None req-46bb0be2-46df-4d11-8462-097e6a92ec3c tempest-SnapshotsActionsTest-1553988833 tempest-SnapshotsActionsTest-1553988833-project] http://10.222.0.73/volume/v3/9d4dd9f0c5344066861295708b0c47e2/snapshots/8bccb6ec-f0eb-4a3a-b12b-6e1da593640e returned with HTTP 404
Feb 16 18:05:36.351709 dv-cinder-773985-33-smb devstack@c-api.service[109708]: [pid: 109708|app: 0|req: 80/175] 10.222.0.73 () {58 vars in 1330 bytes} [Wed Feb 16 18:05:36 2022] GET /volume/v3/9d4dd9f0c5344066861295708b0c47e2/snapshots/8bccb6ec-f0eb-4a3a-b12b-6e1da593640e => generated 111 bytes in 55 msecs (HTTP/1.1 404) 7 headers in 292 bytes (1 switches on core 0)
Feb 16 18:05:36.358056 dv-cinder-773985-33-smb devstack@c-api.service[109709]: INFO cinder.api.openstack.wsgi [None req-8e22c1fb-d773-41d1-830c-e3023c674752 tempest-VolumeQuotasAdminTestJSON-1664290023 tempest-VolumeQuotasAdminTestJSON-1664290023-project] http://10.222.0.73/volume/v3/740aa30a691149e6bf8f68730022d1e7/volumes/94436d62-2411-47a2-8310-238eba32d6b2 returned with HTTP 404
Feb 16 18:05:36.360801 dv-cinder-773985-33-smb devstack@c-api.service[109708]: INFO cinder.api.openstack.wsgi [None req-5b08629a-e2e7-46ac-a3ff-ada1a8d9b21b tempest-SnapshotsActionsTest-1263346098 tempest-SnapshotsActionsTest-1263346098-project-admin] POST http://10.222.0.73/volume/v3/d78d79a81b6349bdbd9f2cdd186f001a/snapshots/54a8dc67-8e70-493c-9409-5e9ebc2c18e3/action
Feb 16 18:05:36.361570 dv-cinder-773985-33-smb devstack@c-api.service[109708]: DEBUG cinder.api.openstack.wsgi [None req-5b08629a-e2e7-46ac-a3ff-ada1a8d9b21b tempest-SnapshotsActionsTest-1263346098 tempest-SnapshotsActionsTest-1263346098-project-admin] Action body: b'{"os-reset_status": {"status": "available"}}' {{(pid=109708) get_method /opt/stack/cinder/cinder/api/openstack/wsgi.py:983}}
Feb 16 18:05:36.361890 dv-cinder-773985-33-smb devstack@c-api.service[109708]: DEBUG cinder.api.openstack.wsgi [None req-5b08629a-e2e7-46ac-a3ff-ada1a8d9b21b tempest-SnapshotsActionsTest-1263346098 tempest-SnapshotsActionsTest-1263346098-project-admin] Action: 'action', calling method: _reset_status, body: {"os-reset_status": {"status": "available"}} {{(pid=109708) _process_stack /opt/stack/cinder/cinder/api/openstack/wsgi.py:866}}
Feb 16 18:05:36.363331 dv-cinder-773985-33-smb devstack@c-api.service[109709]: [pid: 109709|app: 0|req: 96/176] 10.222.0.73 () {58 vars in 1327 bytes} [Wed Feb 16 18:05:36 2022] DELETE /volume/v3/740aa30a691149e6bf8f68730022d1e7/volumes/94436d62-2411-47a2-8310-238eba32d6b2 => generated 109 bytes in 82 msecs (HTTP/1.1 404) 7 headers in 292 bytes (1 switches on core 0)
Feb 16 18:05:36.365763 dv-cinder-773985-33-smb devstack@c-api.service[109708]: DEBUG cinder.api.contrib.admin_actions [None req-5b08629a-e2e7-46ac-a3ff-ada1a8d9b21b tempest-SnapshotsActionsTest-1263346098 tempest-SnapshotsActionsTest-1263346098-project-admin] Updating snapshot '54a8dc67-8e70-493c-9409-5e9ebc2c18e3' with '{'status': 'available'}' {{(pid=109708) _reset_status /opt/stack/cinder/cinder/api/contrib/admin_actions.py:100}}
Feb 16 18:05:36.377029 dv-cinder-773985-33-smb devstack@c-api.service[109709]: INFO cinder.api.openstack.wsgi [None req-f25a6a1f-1543-4d81-ba9e-2961b0d8ddfe tempest-VolumeQuotasAdminTestJSON-1664290023 tempest-VolumeQuotasAdminTestJSON-1664290023-project] DELETE http://10.222.0.73/volume/v3/740aa30a691149e6bf8f68730022d1e7/volumes/e9769dc1-47d1-4411-8a3e-9e52126e2c29
Feb 16 18:05:36.377554 dv-cinder-773985-33-smb devstack@c-api.service[109709]: DEBUG cinder.api.openstack.wsgi [None req-f25a6a1f-1543-4d81-ba9e-2961b0d8ddfe tempest-VolumeQuotasAdminTestJSON-1664290023 tempest-VolumeQuotasAdminTestJSON-1664290023-project] Empty body provided in request {{(pid=109709) get_body /opt/stack/cinder/cinder/api/openstack/wsgi.py:715}}
Feb 16 18:05:36.381243 dv-cinder-773985-33-smb devstack@c-api.service[109709]: DEBUG cinder.api.openstack.wsgi [None req-f25a6a1f-1543-4d81-ba9e-2961b0d8ddfe tempest-VolumeQuotasAdminTestJSON-1664290023 tempest-VolumeQuotasAdminTestJSON-1664290023-project] Calling method 'delete' {{(pid=109709) _process_stack /opt/stack/cinder/cinder/api/openstack/wsgi.py:868}}
Feb 16 18:05:36.382756 dv-cinder-773985-33-smb devstack@c-api.service[109709]: INFO cinder.api.v3.volumes [None req-f25a6a1f-1543-4d81-ba9e-2961b0d8ddfe tempest-VolumeQuotasAdminTestJSON-1664290023 tempest-VolumeQuotasAdminTestJSON-1664290023-project] Delete volume with id: e9769dc1-47d1-4411-8a3e-9e52126e2c29
Feb 16 18:05:36.384863 dv-cinder-773985-33-smb devstack@c-api.service[109708]: /usr/local/lib/python3.8/dist-packages/oslo_context/context.py:105: DeprecationWarning: Policy enforcement is depending on the value of is_admin. This key is deprecated. Please update your policy file to use the standard policy values.
Feb 16 18:05:36.384863 dv-cinder-773985-33-smb devstack@c-api.service[109708]: warnings.warn('Policy enforcement is depending on the value of '
Feb 16 18:05:36.412433 dv-cinder-773985-33-smb devstack@c-api.service[109708]: INFO cinder.api.openstack.wsgi [None req-5b08629a-e2e7-46ac-a3ff-ada1a8d9b21b tempest-SnapshotsActionsTest-1263346098 tempest-SnapshotsActionsTest-1263346098-project-admin] http://10.222.0.73/volume/v3/d78d79a81b6349bdbd9f2cdd186f001a/snapshots/54a8dc67-8e70-493c-9409-5e9ebc2c18e3/action returned with HTTP 202
Feb 16 18:05:36.412981 dv-cinder-773985-33-smb devstack@c-api.service[109708]: [pid: 109708|app: 0|req: 81/177] 10.222.0.73 () {60 vars in 1372 bytes} [Wed Feb 16 18:05:36 2022] POST /volume/v3/d78d79a81b6349bdbd9f2cdd186f001a/snapshots/54a8dc67-8e70-493c-9409-5e9ebc2c18e3/action => generated 0 bytes in 61 msecs (HTTP/1.1 202) 7 headers in 289 bytes (1 switches on core 0)
Feb 16 18:05:36.424154 dv-cinder-773985-33-smb devstack@c-api.service[109709]: INFO cinder.api.openstack.wsgi [None req-f25a6a1f-1543-4d81-ba9e-2961b0d8ddfe tempest-VolumeQuotasAdminTestJSON-1664290023 tempest-VolumeQuotasAdminTestJSON-1664290023-project] http://10.222.0.73/volume/v3/740aa30a691149e6bf8f68730022d1e7/volumes/e9769dc1-47d1-4411-8a3e-9e52126e2c29 returned with HTTP 404
Feb 16 18:05:36.433040 dv-cinder-773985-33-smb devstack@c-api.service[109709]: [pid: 109709|app: 0|req: 97/178] 10.222.0.73 () {58 vars in 1327 bytes} [Wed Feb 16 18:05:36 2022] DELETE /volume/v3/740aa30a691149e6bf8f68730022d1e7/volumes/e9769dc1-47d1-4411-8a3e-9e52126e2c29 => generated 109 bytes in 66 msecs (HTTP/1.1 404) 7 headers in 292 bytes (1 switches on core 0)
Feb 16 18:05:36.434815 dv-cinder-773985-33-smb devstack@c-api.service[109708]: INFO cinder.api.openstack.wsgi [None req-dd920f6a-f917-4e9e-b214-e5117ebccbfe tempest-SnapshotsActionsTest-1553988833 tempest-SnapshotsActionsTest-1553988833-project] GET http://10.222.0.73/volume/v3/9d4dd9f0c5344066861295708b0c47e2/snapshots/54a8dc67-8e70-493c-9409-5e9ebc2c18e3
Feb 16 18:05:36.439449 dv-cinder-773985-33-smb devstack@c-api.service[109708]: DEBUG cinder.api.openstack.wsgi [None req-dd920f6a-f917-4e9e-b214-e5117ebccbfe tempest-SnapshotsActionsTest-1553988833 tempest-SnapshotsActionsTest-1553988833-project] Empty body provided in request {{(pid=109708) get_body /opt/stack/cinder/cinder/api/openstack/wsgi.py:715}}
Feb 16 18:05:36.440028 dv-cinder-773985-33-smb devstack@c-api.service[109708]: DEBUG cinder.api.openstack.wsgi [None req-dd920f6a-f917-4e9e-b214-e5117ebccbfe tempest-SnapshotsActionsTest-1553988833 tempest-SnapshotsActionsTest-1553988833-project] Calling method 'show' {{(pid=109708) _process_stack /opt/stack/cinder/cinder/api/openstack/wsgi.py:868}}
Feb 16 18:05:36.469124 dv-cinder-773985-33-smb devstack@c-api.service[109708]: /usr/local/lib/python3.8/dist-packages/oslo_context/context.py:105: DeprecationWarning: Policy enforcement is depending on the value of is_admin. This key is deprecated. Please update your policy file to use the standard policy values.
Feb 16 18:05:36.469124 dv-cinder-773985-33-smb devstack@c-api.service[109708]: warnings.warn('Policy enforcement is depending on the value of '
Feb 16 18:05:36.470477 dv-cinder-773985-33-smb devstack@c-api.service[109708]: INFO cinder.volume.api [None req-dd920f6a-f917-4e9e-b214-e5117ebccbfe tempest-SnapshotsActionsTest-1553988833 tempest-SnapshotsActionsTest-1553988833-project] Snapshot retrieved successfully.
Feb 16 18:05:36.475886 dv-cinder-773985-33-smb devstack@c-api.service[109708]: INFO cinder.api.openstack.wsgi [None req-dd920f6a-f917-4e9e-b214-e5117ebccbfe tempest-SnapshotsActionsTest-1553988833 tempest-SnapshotsActionsTest-1553988833-project] http://10.222.0.73/volume/v3/9d4dd9f0c5344066861295708b0c47e2/snapshots/54a8dc67-8e70-493c-9409-5e9ebc2c18e3 returned with HTTP 200
Feb 16 18:05:36.478335 dv-cinder-773985-33-smb devstack@c-api.service[109708]: [pid: 109708|app: 0|req: 82/179] 10.222.0.73 () {58 vars in 1330 bytes} [Wed Feb 16 18:05:36 2022] GET /volume/v3/9d4dd9f0c5344066861295708b0c47e2/snapshots/54a8dc67-8e70-493c-9409-5e9ebc2c18e3 => generated 532 bytes in 61 msecs (HTTP/1.1 200) 7 headers in 285 bytes (1 switches on core 0)
Feb 16 18:05:36.489446 dv-cinder-773985-33-smb devstack@c-api.service[109709]: INFO cinder.api.openstack.wsgi [None req-c9d87176-c487-4e4e-913b-4d3299eebb78 tempest-SnapshotsActionsTest-1553988833 tempest-SnapshotsActionsTest-1553988833-project] POST http://10.222.0.73/volume/v3/9d4dd9f0c5344066861295708b0c47e2/snapshots
Feb 16 18:05:36.490209 dv-cinder-773985-33-smb devstack@c-api.service[109709]: DEBUG cinder.api.openstack.wsgi [None req-c9d87176-c487-4e4e-913b-4d3299eebb78 tempest-SnapshotsActionsTest-1553988833 tempest-SnapshotsActionsTest-1553988833-project] Action: 'create', calling method: create, body: {"snapshot": {"volume_id": "a242d52b-81a6-4f10-9fb5-9a9b2e39d4bf", "name": "tempest-SnapshotsActionsTest-Snapshot-779117500"}} {{(pid=109709) _process_stack /opt/stack/cinder/cinder/api/openstack/wsgi.py:866}}
Feb 16 18:05:36.531530 dv-cinder-773985-33-smb devstack@c-api.service[109709]: /usr/local/lib/python3.8/dist-packages/oslo_context/context.py:105: DeprecationWarning: Policy enforcement is depending on the value of is_admin. This key is deprecated. Please update your policy file to use the standard policy values.
Feb 16 18:05:36.531530 dv-cinder-773985-33-smb devstack@c-api.service[109709]: warnings.warn('Policy enforcement is depending on the value of '
Feb 16 18:05:36.536872 dv-cinder-773985-33-smb devstack@c-api.service[109709]: INFO cinder.volume.api [None req-c9d87176-c487-4e4e-913b-4d3299eebb78 tempest-SnapshotsActionsTest-1553988833 tempest-SnapshotsActionsTest-1553988833-project] Volume info retrieved successfully.
Feb 16 18:05:36.537186 dv-cinder-773985-33-smb devstack@c-api.service[109709]: INFO cinder.api.v3.snapshots [None req-c9d87176-c487-4e4e-913b-4d3299eebb78 tempest-SnapshotsActionsTest-1553988833 tempest-SnapshotsActionsTest-1553988833-project] Create snapshot from volume a242d52b-81a6-4f10-9fb5-9a9b2e39d4bf
Feb 16 18:05:36.604221 dv-cinder-773985-33-smb devstack@c-api.service[109708]: INFO cinder.api.openstack.wsgi [None req-03f2a67f-eea2-49c7-8fe3-5a8a39a4c281 tempest-UserMessagesTest-1378938745 tempest-UserMessagesTest-1378938745-project] GET http://10.222.0.73/volume/v3/df0415543bb841aa8f4800833ed5aa4b/volumes/652a4097-572e-4789-908e-d311a0f528e5
Feb 16 18:05:36.604981 dv-cinder-773985-33-smb devstack@c-api.service[109708]: DEBUG cinder.api.openstack.wsgi [None req-03f2a67f-eea2-49c7-8fe3-5a8a39a4c281 tempest-UserMessagesTest-1378938745 tempest-UserMessagesTest-1378938745-project] Empty body provided in request {{(pid=109708) get_body /opt/stack/cinder/cinder/api/openstack/wsgi.py:715}}
Feb 16 18:05:36.605466 dv-cinder-773985-33-smb devstack@c-api.service[109708]: DEBUG cinder.api.openstack.wsgi [None req-03f2a67f-eea2-49c7-8fe3-5a8a39a4c281 tempest-UserMessagesTest-1378938745 tempest-UserMessagesTest-1378938745-project] Calling method 'show' {{(pid=109708) _process_stack /opt/stack/cinder/cinder/api/openstack/wsgi.py:868}}
Feb 16 18:05:36.650066 dv-cinder-773985-33-smb devstack@c-api.service[109708]: /usr/local/lib/python3.8/dist-packages/oslo_context/context.py:105: DeprecationWarning: Policy enforcement is depending on the value of is_admin. This key is deprecated. Please update your policy file to use the standard policy values.
Feb 16 18:05:36.650066 dv-cinder-773985-33-smb devstack@c-api.service[109708]: warnings.warn('Policy enforcement is depending on the value of '
Feb 16 18:05:36.676464 dv-cinder-773985-33-smb devstack@c-api.service[109708]: INFO cinder.volume.api [None req-03f2a67f-eea2-49c7-8fe3-5a8a39a4c281 tempest-UserMessagesTest-1378938745 tempest-UserMessagesTest-1378938745-project] Volume info retrieved successfully.
Feb 16 18:05:36.702651 dv-cinder-773985-33-smb devstack@c-api.service[109709]: DEBUG cinder.quota [None req-c9d87176-c487-4e4e-913b-4d3299eebb78 tempest-SnapshotsActionsTest-1553988833 tempest-SnapshotsActionsTest-1553988833-project] Created reservations ['25fd9c62-6940-4db4-8984-2510cb9e9bd0', '7e897d93-167b-4f76-8a5d-d8ba4040897b', '6ebfc162-1651-4a83-bbce-5ca2917bb936', '4c8f38fb-afb1-4203-9c35-3000342aec86'] {{(pid=109709) reserve /opt/stack/cinder/cinder/quota.py:755}}
Feb 16 18:05:36.711894 dv-cinder-773985-33-smb devstack@c-api.service[109708]: INFO cinder.api.openstack.wsgi [None req-03f2a67f-eea2-49c7-8fe3-5a8a39a4c281 tempest-UserMessagesTest-1378938745 tempest-UserMessagesTest-1378938745-project] http://10.222.0.73/volume/v3/df0415543bb841aa8f4800833ed5aa4b/volumes/652a4097-572e-4789-908e-d311a0f528e5 returned with HTTP 200
Feb 16 18:05:36.712648 dv-cinder-773985-33-smb devstack@c-api.service[109708]: [pid: 109708|app: 0|req: 83/180] 10.222.0.73 () {60 vars in 1364 bytes} [Wed Feb 16 18:05:36 2022] GET /volume/v3/df0415543bb841aa8f4800833ed5aa4b/volumes/652a4097-572e-4789-908e-d311a0f528e5 => generated 941 bytes in 113 msecs (HTTP/1.1 200) 7 headers in 285 bytes (2 switches on core 0)
Feb 16 18:05:36.736062 dv-cinder-773985-33-smb devstack@c-api.service[109708]: INFO cinder.api.openstack.wsgi [None req-7ef40be9-3f1d-4dd5-b27a-9fd33d56ebf4 tempest-UserMessagesTest-1378938745 tempest-UserMessagesTest-1378938745-project] GET http://10.222.0.73/volume/v3/df0415543bb841aa8f4800833ed5aa4b/messages
Feb 16 18:05:36.738262 dv-cinder-773985-33-smb devstack@c-api.service[109708]: DEBUG cinder.api.openstack.wsgi [None req-7ef40be9-3f1d-4dd5-b27a-9fd33d56ebf4 tempest-UserMessagesTest-1378938745 tempest-UserMessagesTest-1378938745-project] Empty body provided in request {{(pid=109708) get_body /opt/stack/cinder/cinder/api/openstack/wsgi.py:715}}
Feb 16 18:05:36.748677 dv-cinder-773985-33-smb devstack@c-api.service[109708]: DEBUG cinder.api.openstack.wsgi [None req-7ef40be9-3f1d-4dd5-b27a-9fd33d56ebf4 tempest-UserMessagesTest-1378938745 tempest-UserMessagesTest-1378938745-project] Calling method 'version_select' {{(pid=109708) _process_stack /opt/stack/cinder/cinder/api/openstack/wsgi.py:868}}
Feb 16 18:05:36.761573 dv-cinder-773985-33-smb devstack@c-api.service[109708]: INFO cinder.api.openstack.wsgi [None req-7ef40be9-3f1d-4dd5-b27a-9fd33d56ebf4 tempest-UserMessagesTest-1378938745 tempest-UserMessagesTest-1378938745-project] http://10.222.0.73/volume/v3/df0415543bb841aa8f4800833ed5aa4b/messages returned with HTTP 200
Feb 16 18:05:36.772101 dv-cinder-773985-33-smb devstack@c-api.service[109708]: [pid: 109708|app: 0|req: 84/181] 10.222.0.73 () {60 vars in 1256 bytes} [Wed Feb 16 18:05:36 2022] GET /volume/v3/df0415543bb841aa8f4800833ed5aa4b/messages => generated 736 bytes in 46 msecs (HTTP/1.1 200) 7 headers in 285 bytes (1 switches on core 0)
Feb 16 18:05:36.782565 dv-cinder-773985-33-smb devstack@c-api.service[109708]: INFO cinder.api.openstack.wsgi [None req-af54947b-d98b-41fd-b0e8-2d08f1584312 tempest-UserMessagesTest-1378938745 tempest-UserMessagesTest-1378938745-project] GET http://10.222.0.73/volume/v3/df0415543bb841aa8f4800833ed5aa4b/messages/6078bf61-bf51-422c-97dd-7ec524996ed5
Feb 16 18:05:36.783048 dv-cinder-773985-33-smb devstack@c-api.service[109708]: DEBUG cinder.api.openstack.wsgi [None req-af54947b-d98b-41fd-b0e8-2d08f1584312 tempest-UserMessagesTest-1378938745 tempest-UserMessagesTest-1378938745-project] Empty body provided in request {{(pid=109708) get_body /opt/stack/cinder/cinder/api/openstack/wsgi.py:715}}
Feb 16 18:05:36.784730 dv-cinder-773985-33-smb devstack@c-api.service[109708]: DEBUG cinder.api.openstack.wsgi [None req-af54947b-d98b-41fd-b0e8-2d08f1584312 tempest-UserMessagesTest-1378938745 tempest-UserMessagesTest-1378938745-project] Calling method 'version_select' {{(pid=109708) _process_stack /opt/stack/cinder/cinder/api/openstack/wsgi.py:868}}
Feb 16 18:05:36.797985 dv-cinder-773985-33-smb devstack@c-api.service[109708]: INFO cinder.api.openstack.wsgi [None req-af54947b-d98b-41fd-b0e8-2d08f1584312 tempest-UserMessagesTest-1378938745 tempest-UserMessagesTest-1378938745-project] http://10.222.0.73/volume/v3/df0415543bb841aa8f4800833ed5aa4b/messages/6078bf61-bf51-422c-97dd-7ec524996ed5 returned with HTTP 200
Feb 16 18:05:36.806491 dv-cinder-773985-33-smb devstack@c-api.service[109708]: [pid: 109708|app: 0|req: 85/182] 10.222.0.73 () {60 vars in 1367 bytes} [Wed Feb 16 18:05:36 2022] GET /volume/v3/df0415543bb841aa8f4800833ed5aa4b/messages/6078bf61-bf51-422c-97dd-7ec524996ed5 => generated 733 bytes in 33 msecs (HTTP/1.1 200) 7 headers in 285 bytes (1 switches on core 0)
Feb 16 18:05:36.811214 dv-cinder-773985-33-smb devstack@c-api.service[109708]: INFO cinder.api.openstack.wsgi [None req-fa28a209-b04a-4282-87de-914047a5f103 tempest-UserMessagesTest-1378938745 tempest-UserMessagesTest-1378938745-project] GET http://10.222.0.73/volume/v3/df0415543bb841aa8f4800833ed5aa4b/messages
Feb 16 18:05:36.811791 dv-cinder-773985-33-smb devstack@c-api.service[109708]: DEBUG cinder.api.openstack.wsgi [None req-fa28a209-b04a-4282-87de-914047a5f103 tempest-UserMessagesTest-1378938745 tempest-UserMessagesTest-1378938745-project] Empty body provided in request {{(pid=109708) get_body /opt/stack/cinder/cinder/api/openstack/wsgi.py:715}}
Feb 16 18:05:36.812324 dv-cinder-773985-33-smb devstack@c-api.service[109708]: DEBUG cinder.api.openstack.wsgi [None req-fa28a209-b04a-4282-87de-914047a5f103 tempest-UserMessagesTest-1378938745 tempest-UserMessagesTest-1378938745-project] Calling method 'version_select' {{(pid=109708) _process_stack /opt/stack/cinder/cinder/api/openstack/wsgi.py:868}}
Feb 16 18:05:36.823892 dv-cinder-773985-33-smb devstack@c-api.service[109708]: INFO cinder.api.openstack.wsgi [None req-fa28a209-b04a-4282-87de-914047a5f103 tempest-UserMessagesTest-1378938745 tempest-UserMessagesTest-1378938745-project] http://10.222.0.73/volume/v3/df0415543bb841aa8f4800833ed5aa4b/messages returned with HTTP 200
Feb 16 18:05:36.824671 dv-cinder-773985-33-smb devstack@c-api.service[109708]: [pid: 109708|app: 0|req: 86/183] 10.222.0.73 () {60 vars in 1256 bytes} [Wed Feb 16 18:05:36 2022] GET /volume/v3/df0415543bb841aa8f4800833ed5aa4b/messages => generated 736 bytes in 18 msecs (HTTP/1.1 200) 7 headers in 285 bytes (1 switches on core 0)
Feb 16 18:05:36.841300 dv-cinder-773985-33-smb devstack@c-api.service[109708]: INFO cinder.api.openstack.wsgi [None req-b41955bf-6a3e-4b3a-9878-5a3e741cb868 tempest-UserMessagesTest-1378938745 tempest-UserMessagesTest-1378938745-project] DELETE http://10.222.0.73/volume/v3/df0415543bb841aa8f4800833ed5aa4b/messages/6078bf61-bf51-422c-97dd-7ec524996ed5
Feb 16 18:05:36.841754 dv-cinder-773985-33-smb devstack@c-api.service[109708]: DEBUG cinder.api.openstack.wsgi [None req-b41955bf-6a3e-4b3a-9878-5a3e741cb868 tempest-UserMessagesTest-1378938745 tempest-UserMessagesTest-1378938745-project] Empty body provided in request {{(pid=109708) get_body /opt/stack/cinder/cinder/api/openstack/wsgi.py:715}}
Feb 16 18:05:36.842212 dv-cinder-773985-33-smb devstack@c-api.service[109708]: DEBUG cinder.api.openstack.wsgi [None req-b41955bf-6a3e-4b3a-9878-5a3e741cb868 tempest-UserMessagesTest-1378938745 tempest-UserMessagesTest-1378938745-project] Calling method 'version_select' {{(pid=109708) _process_stack /opt/stack/cinder/cinder/api/openstack/wsgi.py:868}}
Feb 16 18:05:36.853414 dv-cinder-773985-33-smb devstack@c-api.service[109709]: INFO cinder.volume.api [None req-c9d87176-c487-4e4e-913b-4d3299eebb78 tempest-SnapshotsActionsTest-1553988833 tempest-SnapshotsActionsTest-1553988833-project] Snapshot create request issued successfully.
Feb 16 18:05:36.856693 dv-cinder-773985-33-smb devstack@c-api.service[109709]: INFO cinder.api.openstack.wsgi [None req-c9d87176-c487-4e4e-913b-4d3299eebb78 tempest-SnapshotsActionsTest-1553988833 tempest-SnapshotsActionsTest-1553988833-project] http://10.222.0.73/volume/v3/9d4dd9f0c5344066861295708b0c47e2/snapshots returned with HTTP 202
Feb 16 18:05:36.862720 dv-cinder-773985-33-smb devstack@c-api.service[109709]: [pid: 109709|app: 0|req: 98/184] 10.222.0.73 () {60 vars in 1241 bytes} [Wed Feb 16 18:05:36 2022] POST /volume/v3/9d4dd9f0c5344066861295708b0c47e2/snapshots => generated 306 bytes in 378 msecs (HTTP/1.1 202) 7 headers in 291 bytes (1 switches on core 0)
Feb 16 18:05:36.889396 dv-cinder-773985-33-smb devstack@c-api.service[109709]: INFO cinder.api.openstack.wsgi [None req-9a17b3c0-f67e-4864-ab34-3038964a8f0c tempest-SnapshotsActionsTest-1553988833 tempest-SnapshotsActionsTest-1553988833-project] GET http://10.222.0.73/volume/v3/9d4dd9f0c5344066861295708b0c47e2/snapshots/3a7ccf1e-0d27-4447-b1fb-2405ee3d1add
Feb 16 18:05:36.891393 dv-cinder-773985-33-smb devstack@c-api.service[109709]: DEBUG cinder.api.openstack.wsgi [None req-9a17b3c0-f67e-4864-ab34-3038964a8f0c tempest-SnapshotsActionsTest-1553988833 tempest-SnapshotsActionsTest-1553988833-project] Empty body provided in request {{(pid=109709) get_body /opt/stack/cinder/cinder/api/openstack/wsgi.py:715}}
Feb 16 18:05:36.893029 dv-cinder-773985-33-smb devstack@c-api.service[109709]: DEBUG cinder.api.openstack.wsgi [None req-9a17b3c0-f67e-4864-ab34-3038964a8f0c tempest-SnapshotsActionsTest-1553988833 tempest-SnapshotsActionsTest-1553988833-project] Calling method 'show' {{(pid=109709) _process_stack /opt/stack/cinder/cinder/api/openstack/wsgi.py:868}}
Feb 16 18:05:36.899116 dv-cinder-773985-33-smb devstack@c-api.service[109708]: INFO cinder.api.openstack.wsgi [None req-b41955bf-6a3e-4b3a-9878-5a3e741cb868 tempest-UserMessagesTest-1378938745 tempest-UserMessagesTest-1378938745-project] http://10.222.0.73/volume/v3/df0415543bb841aa8f4800833ed5aa4b/messages/6078bf61-bf51-422c-97dd-7ec524996ed5 returned with HTTP 204
Feb 16 18:05:36.906581 dv-cinder-773985-33-smb devstack@c-api.service[109708]: [pid: 109708|app: 0|req: 87/185] 10.222.0.73 () {60 vars in 1370 bytes} [Wed Feb 16 18:05:36 2022] DELETE /volume/v3/df0415543bb841aa8f4800833ed5aa4b/messages/6078bf61-bf51-422c-97dd-7ec524996ed5 => generated 0 bytes in 69 msecs (HTTP/1.1 204) 6 headers in 235 bytes (1 switches on core 0)
Feb 16 18:05:36.913075 dv-cinder-773985-33-smb devstack@c-api.service[109708]: INFO cinder.api.openstack.wsgi [None req-e19ebe2c-495d-464f-bc6c-d7ce1c538f6e tempest-UserMessagesTest-1378938745 tempest-UserMessagesTest-1378938745-project] DELETE http://10.222.0.73/volume/v3/df0415543bb841aa8f4800833ed5aa4b/volumes/652a4097-572e-4789-908e-d311a0f528e5
Feb 16 18:05:36.917179 dv-cinder-773985-33-smb devstack@c-api.service[109708]: DEBUG cinder.api.openstack.wsgi [None req-e19ebe2c-495d-464f-bc6c-d7ce1c538f6e tempest-UserMessagesTest-1378938745 tempest-UserMessagesTest-1378938745-project] Empty body provided in request {{(pid=109708) get_body /opt/stack/cinder/cinder/api/openstack/wsgi.py:715}}
Feb 16 18:05:36.921364 dv-cinder-773985-33-smb devstack@c-api.service[109708]: DEBUG cinder.api.openstack.wsgi [None req-e19ebe2c-495d-464f-bc6c-d7ce1c538f6e tempest-UserMessagesTest-1378938745 tempest-UserMessagesTest-1378938745-project] Calling method 'delete' {{(pid=109708) _process_stack /opt/stack/cinder/cinder/api/openstack/wsgi.py:868}}
Feb 16 18:05:36.921928 dv-cinder-773985-33-smb devstack@c-api.service[109708]: INFO cinder.api.v3.volumes [None req-e19ebe2c-495d-464f-bc6c-d7ce1c538f6e tempest-UserMessagesTest-1378938745 tempest-UserMessagesTest-1378938745-project] Delete volume with id: 652a4097-572e-4789-908e-d311a0f528e5
Feb 16 18:05:36.924331 dv-cinder-773985-33-smb devstack@c-api.service[109709]: /usr/local/lib/python3.8/dist-packages/oslo_context/context.py:105: DeprecationWarning: Policy enforcement is depending on the value of is_admin. This key is deprecated. Please update your policy file to use the standard policy values.
Feb 16 18:05:36.924331 dv-cinder-773985-33-smb devstack@c-api.service[109709]: warnings.warn('Policy enforcement is depending on the value of '
Feb 16 18:05:36.927836 dv-cinder-773985-33-smb devstack@c-api.service[109709]: INFO cinder.volume.api [None req-9a17b3c0-f67e-4864-ab34-3038964a8f0c tempest-SnapshotsActionsTest-1553988833 tempest-SnapshotsActionsTest-1553988833-project] Snapshot retrieved successfully.
Feb 16 18:05:36.934260 dv-cinder-773985-33-smb devstack@c-api.service[109709]: INFO cinder.api.openstack.wsgi [None req-9a17b3c0-f67e-4864-ab34-3038964a8f0c tempest-SnapshotsActionsTest-1553988833 tempest-SnapshotsActionsTest-1553988833-project] http://10.222.0.73/volume/v3/9d4dd9f0c5344066861295708b0c47e2/snapshots/3a7ccf1e-0d27-4447-b1fb-2405ee3d1add returned with HTTP 200
Feb 16 18:05:36.939324 dv-cinder-773985-33-smb devstack@c-api.service[109709]: [pid: 109709|app: 0|req: 99/186] 10.222.0.73 () {58 vars in 1330 bytes} [Wed Feb 16 18:05:36 2022] GET /volume/v3/9d4dd9f0c5344066861295708b0c47e2/snapshots/3a7ccf1e-0d27-4447-b1fb-2405ee3d1add => generated 438 bytes in 68 msecs (HTTP/1.1 200) 7 headers in 285 bytes (1 switches on core 0)
Feb 16 18:05:36.965031 dv-cinder-773985-33-smb devstack@c-api.service[109708]: /usr/local/lib/python3.8/dist-packages/oslo_context/context.py:105: DeprecationWarning: Policy enforcement is depending on the value of is_admin. This key is deprecated. Please update your policy file to use the standard policy values.
Feb 16 18:05:36.965031 dv-cinder-773985-33-smb devstack@c-api.service[109708]: warnings.warn('Policy enforcement is depending on the value of '
Feb 16 18:05:36.969733 dv-cinder-773985-33-smb devstack@c-api.service[109708]: INFO cinder.volume.api [None req-e19ebe2c-495d-464f-bc6c-d7ce1c538f6e tempest-UserMessagesTest-1378938745 tempest-UserMessagesTest-1378938745-project] Volume info retrieved successfully.
Feb 16 18:05:36.977688 dv-cinder-773985-33-smb devstack@c-api.service[109708]: DEBUG cinder.volume.api [None req-e19ebe2c-495d-464f-bc6c-d7ce1c538f6e tempest-UserMessagesTest-1378938745 tempest-UserMessagesTest-1378938745-project] Decrease volume quotas for non temporary volume in non error_managing status. {{(pid=109708) delete /opt/stack/cinder/cinder/volume/api.py:432}}
Feb 16 18:05:37.070667 dv-cinder-773985-33-smb devstack@c-api.service[109708]: DEBUG cinder.quota [None req-e19ebe2c-495d-464f-bc6c-d7ce1c538f6e tempest-UserMessagesTest-1378938745 tempest-UserMessagesTest-1378938745-project] Created reservations ['059659a4-895a-4e8c-961d-5d5f886510e1', '7c698f35-b077-4262-9636-4d87670e428e', '86b99d67-6bb8-49b3-9f8f-58c348d9f9e7', '68ec2a6c-26f3-4adc-ad86-c22f53dc9535'] {{(pid=109708) reserve /opt/stack/cinder/cinder/quota.py:755}}
Feb 16 18:05:37.194699 dv-cinder-773985-33-smb devstack@c-api.service[109708]: INFO cinder.volume.api [None req-e19ebe2c-495d-464f-bc6c-d7ce1c538f6e tempest-UserMessagesTest-1378938745 tempest-UserMessagesTest-1378938745-project] Delete volume request issued successfully.
Feb 16 18:05:37.195512 dv-cinder-773985-33-smb devstack@c-api.service[109708]: INFO cinder.api.openstack.wsgi [None req-e19ebe2c-495d-464f-bc6c-d7ce1c538f6e tempest-UserMessagesTest-1378938745 tempest-UserMessagesTest-1378938745-project] http://10.222.0.73/volume/v3/df0415543bb841aa8f4800833ed5aa4b/volumes/652a4097-572e-4789-908e-d311a0f528e5 returned with HTTP 202
Feb 16 18:05:37.196443 dv-cinder-773985-33-smb devstack@c-api.service[109708]: [pid: 109708|app: 0|req: 88/187] 10.222.0.73 () {60 vars in 1367 bytes} [Wed Feb 16 18:05:36 2022] DELETE /volume/v3/df0415543bb841aa8f4800833ed5aa4b/volumes/652a4097-572e-4789-908e-d311a0f528e5 => generated 0 bytes in 289 msecs (HTTP/1.1 202) 6 headers in 233 bytes (1 switches on core 0)
Feb 16 18:05:37.204397 dv-cinder-773985-33-smb devstack@c-api.service[109709]: INFO cinder.api.openstack.wsgi [None req-acf5a9f7-8ada-45fb-915e-431748fa2a7a tempest-UserMessagesTest-1378938745 tempest-UserMessagesTest-1378938745-project] GET http://10.222.0.73/volume/v3/df0415543bb841aa8f4800833ed5aa4b/volumes/652a4097-572e-4789-908e-d311a0f528e5
Feb 16 18:05:37.205190 dv-cinder-773985-33-smb devstack@c-api.service[109709]: DEBUG cinder.api.openstack.wsgi [None req-acf5a9f7-8ada-45fb-915e-431748fa2a7a tempest-UserMessagesTest-1378938745 tempest-UserMessagesTest-1378938745-project] Empty body provided in request {{(pid=109709) get_body /opt/stack/cinder/cinder/api/openstack/wsgi.py:715}}
Feb 16 18:05:37.205667 dv-cinder-773985-33-smb devstack@c-api.service[109709]: DEBUG cinder.api.openstack.wsgi [None req-acf5a9f7-8ada-45fb-915e-431748fa2a7a tempest-UserMessagesTest-1378938745 tempest-UserMessagesTest-1378938745-project] Calling method 'show' {{(pid=109709) _process_stack /opt/stack/cinder/cinder/api/openstack/wsgi.py:868}}
Feb 16 18:05:37.228272 dv-cinder-773985-33-smb devstack@c-api.service[109709]: INFO cinder.api.openstack.wsgi [None req-acf5a9f7-8ada-45fb-915e-431748fa2a7a tempest-UserMessagesTest-1378938745 tempest-UserMessagesTest-1378938745-project] http://10.222.0.73/volume/v3/df0415543bb841aa8f4800833ed5aa4b/volumes/652a4097-572e-4789-908e-d311a0f528e5 returned with HTTP 404
Feb 16 18:05:37.232407 dv-cinder-773985-33-smb devstack@c-api.service[109709]: [pid: 109709|app: 0|req: 100/188] 10.222.0.73 () {60 vars in 1364 bytes} [Wed Feb 16 18:05:37 2022] GET /volume/v3/df0415543bb841aa8f4800833ed5aa4b/volumes/652a4097-572e-4789-908e-d311a0f528e5 => generated 109 bytes in 32 msecs (HTTP/1.1 404) 7 headers in 292 bytes (1 switches on core 0)
Feb 16 18:05:37.241062 dv-cinder-773985-33-smb devstack@c-api.service[109708]: INFO cinder.api.openstack.wsgi [None req-6233edc0-1c00-4934-b999-c356d3098428 tempest-UserMessagesTest-17629772 tempest-UserMessagesTest-17629772-project-admin] DELETE http://10.222.0.73/volume/v3/27d9b36d51b742a782330039d4ba4af4/types/ce5e14c2-3f38-41ed-8fe8-7a17d3614adc
Feb 16 18:05:37.241624 dv-cinder-773985-33-smb devstack@c-api.service[109708]: DEBUG cinder.api.openstack.wsgi [None req-6233edc0-1c00-4934-b999-c356d3098428 tempest-UserMessagesTest-17629772 tempest-UserMessagesTest-17629772-project-admin] Empty body provided in request {{(pid=109708) get_body /opt/stack/cinder/cinder/api/openstack/wsgi.py:715}}
Feb 16 18:05:37.242215 dv-cinder-773985-33-smb devstack@c-api.service[109708]: DEBUG cinder.api.openstack.wsgi [None req-6233edc0-1c00-4934-b999-c356d3098428 tempest-UserMessagesTest-17629772 tempest-UserMessagesTest-17629772-project-admin] Calling method '_delete' {{(pid=109708) _process_stack /opt/stack/cinder/cinder/api/openstack/wsgi.py:868}}
Feb 16 18:05:37.348971 dv-cinder-773985-33-smb devstack@c-api.service[109708]: INFO cinder.api.openstack.wsgi [None req-6233edc0-1c00-4934-b999-c356d3098428 tempest-UserMessagesTest-17629772 tempest-UserMessagesTest-17629772-project-admin] http://10.222.0.73/volume/v3/27d9b36d51b742a782330039d4ba4af4/types/ce5e14c2-3f38-41ed-8fe8-7a17d3614adc returned with HTTP 202
Feb 16 18:05:37.352771 dv-cinder-773985-33-smb devstack@c-api.service[109708]: [pid: 109708|app: 0|req: 89/189] 10.222.0.73 () {58 vars in 1321 bytes} [Wed Feb 16 18:05:37 2022] DELETE /volume/v3/27d9b36d51b742a782330039d4ba4af4/types/ce5e14c2-3f38-41ed-8fe8-7a17d3614adc => generated 0 bytes in 114 msecs (HTTP/1.1 202) 6 headers in 233 bytes (1 switches on core 0)
