Feb 15 11:44:38.188776 dv-cinder-773985-26-smb devstack@c-api.service[115983]: DEBUG cinder.api.openstack.wsgi [None req-c2edd710-f09d-462c-84cd-b48566fd757d tempest-VolumesGetTest-1144505798 tempest-VolumesGetTest-1144505798-project] Calling method 'show' {{(pid=115983) _process_stack /opt/stack/cinder/cinder/api/openstack/wsgi.py:868}}
Feb 15 11:44:38.239938 dv-cinder-773985-26-smb devstack@c-api.service[115983]: /usr/local/lib/python3.8/dist-packages/oslo_context/context.py:105: DeprecationWarning: Policy enforcement is depending on the value of is_admin. This key is deprecated. Please update your policy file to use the standard policy values.
Feb 15 11:44:38.239938 dv-cinder-773985-26-smb devstack@c-api.service[115983]: warnings.warn('Policy enforcement is depending on the value of '
Feb 15 11:44:38.249321 dv-cinder-773985-26-smb devstack@c-api.service[115981]: INFO cinder.api.openstack.wsgi [None req-fd966271-c651-4b47-9e9b-43b01c12e0b0 tempest-GroupsTest-401286261 tempest-GroupsTest-401286261-project] http://10.222.0.81/volume/v3/9ce433ac50f74e529b961bf0fcacbd8e/groups/63b6c8c1-e077-4833-95be-37984b54423b/action returned with HTTP 202
Feb 15 11:44:38.251351 dv-cinder-773985-26-smb devstack@c-api.service[115981]: [pid: 115981|app: 0|req: 173/325] 10.222.0.81 () {62 vars in 1404 bytes} [Tue Feb 15 11:44:38 2022] POST /volume/v3/9ce433ac50f74e529b961bf0fcacbd8e/groups/63b6c8c1-e077-4833-95be-37984b54423b/action => generated 0 bytes in 112 msecs (HTTP/1.1 202) 6 headers in 234 bytes (1 switches on core 0)
Feb 15 11:44:38.261321 dv-cinder-773985-26-smb devstack@c-api.service[115981]: INFO cinder.api.openstack.wsgi [None req-a6bc1ead-c15a-4127-952a-d46fc1c27830 tempest-GroupsTest-401286261 tempest-GroupsTest-401286261-project] GET http://10.222.0.81/volume/v3/9ce433ac50f74e529b961bf0fcacbd8e/groups/63b6c8c1-e077-4833-95be-37984b54423b
Feb 15 11:44:38.261843 dv-cinder-773985-26-smb devstack@c-api.service[115981]: DEBUG cinder.api.openstack.wsgi [None req-a6bc1ead-c15a-4127-952a-d46fc1c27830 tempest-GroupsTest-401286261 tempest-GroupsTest-401286261-project] Empty body provided in request {{(pid=115981) get_body /opt/stack/cinder/cinder/api/openstack/wsgi.py:715}}
Feb 15 11:44:38.262292 dv-cinder-773985-26-smb devstack@c-api.service[115981]: DEBUG cinder.api.openstack.wsgi [None req-a6bc1ead-c15a-4127-952a-d46fc1c27830 tempest-GroupsTest-401286261 tempest-GroupsTest-401286261-project] Calling method 'version_select' {{(pid=115981) _process_stack /opt/stack/cinder/cinder/api/openstack/wsgi.py:868}}
Feb 15 11:44:38.262630 dv-cinder-773985-26-smb devstack@c-api.service[115981]: DEBUG cinder.api.v3.groups [None req-a6bc1ead-c15a-4127-952a-d46fc1c27830 tempest-GroupsTest-401286261 tempest-GroupsTest-401286261-project] show called for member 63b6c8c1-e077-4833-95be-37984b54423b {{(pid=115981) show /opt/stack/cinder/cinder/api/v3/groups.py:58}}
Feb 15 11:44:38.268812 dv-cinder-773985-26-smb devstack@c-api.service[115983]: INFO cinder.volume.api [None req-c2edd710-f09d-462c-84cd-b48566fd757d tempest-VolumesGetTest-1144505798 tempest-VolumesGetTest-1144505798-project] Volume info retrieved successfully.
Feb 15 11:44:38.279509 dv-cinder-773985-26-smb devstack@c-api.service[115981]: /usr/local/lib/python3.8/dist-packages/oslo_context/context.py:105: DeprecationWarning: Policy enforcement is depending on the value of is_admin. This key is deprecated. Please update your policy file to use the standard policy values.
Feb 15 11:44:38.279509 dv-cinder-773985-26-smb devstack@c-api.service[115981]: warnings.warn('Policy enforcement is depending on the value of '
Feb 15 11:44:38.288368 dv-cinder-773985-26-smb devstack@c-api.service[115983]: INFO cinder.api.openstack.wsgi [None req-c2edd710-f09d-462c-84cd-b48566fd757d tempest-VolumesGetTest-1144505798 tempest-VolumesGetTest-1144505798-project] http://10.222.0.81/volume/v3/1d5fdc303fe2431ba11cab737de56e39/volumes/061fb245-9a6f-4ab1-9ac1-b72eb045db53 returned with HTTP 200
Feb 15 11:44:38.289313 dv-cinder-773985-26-smb devstack@c-api.service[115983]: [pid: 115983|app: 0|req: 153/326] 10.222.0.81 () {58 vars in 1324 bytes} [Tue Feb 15 11:44:38 2022] GET /volume/v3/1d5fdc303fe2431ba11cab737de56e39/volumes/061fb245-9a6f-4ab1-9ac1-b72eb045db53 => generated 879 bytes in 113 msecs (HTTP/1.1 200) 7 headers in 285 bytes (1 switches on core 0)
Feb 15 11:44:38.326041 dv-cinder-773985-26-smb devstack@c-api.service[115981]: INFO cinder.api.openstack.wsgi [None req-a6bc1ead-c15a-4127-952a-d46fc1c27830 tempest-GroupsTest-401286261 tempest-GroupsTest-401286261-project] http://10.222.0.81/volume/v3/9ce433ac50f74e529b961bf0fcacbd8e/groups/63b6c8c1-e077-4833-95be-37984b54423b returned with HTTP 200
Feb 15 11:44:38.332305 dv-cinder-773985-26-smb devstack@c-api.service[115981]: [pid: 115981|app: 0|req: 174/327] 10.222.0.81 () {60 vars in 1362 bytes} [Tue Feb 15 11:44:38 2022] GET /volume/v3/9ce433ac50f74e529b961bf0fcacbd8e/groups/63b6c8c1-e077-4833-95be-37984b54423b => generated 322 bytes in 71 msecs (HTTP/1.1 200) 7 headers in 286 bytes (1 switches on core 0)
Feb 15 11:44:39.088431 dv-cinder-773985-26-smb devstack@c-api.service[115983]: INFO cinder.api.openstack.wsgi [None req-a39b9570-6589-4b8a-aa2a-f6c784ca9ea3 tempest-VolumeTypesAccessTest-2072913302 tempest-VolumeTypesAccessTest-2072913302-project] GET http://10.222.0.81/volume/v3/a48f66d3eba94307a567c36733c9f1d7/volumes/7fec1ba2-ed7d-485d-a39f-15b36be30cf4
Feb 15 11:44:39.089893 dv-cinder-773985-26-smb devstack@c-api.service[115983]: DEBUG cinder.api.openstack.wsgi [None req-a39b9570-6589-4b8a-aa2a-f6c784ca9ea3 tempest-VolumeTypesAccessTest-2072913302 tempest-VolumeTypesAccessTest-2072913302-project] Empty body provided in request {{(pid=115983) get_body /opt/stack/cinder/cinder/api/openstack/wsgi.py:715}}
Feb 15 11:44:39.090473 dv-cinder-773985-26-smb devstack@c-api.service[115983]: DEBUG cinder.api.openstack.wsgi [None req-a39b9570-6589-4b8a-aa2a-f6c784ca9ea3 tempest-VolumeTypesAccessTest-2072913302 tempest-VolumeTypesAccessTest-2072913302-project] Calling method 'show' {{(pid=115983) _process_stack /opt/stack/cinder/cinder/api/openstack/wsgi.py:868}}
Feb 15 11:44:39.107731 dv-cinder-773985-26-smb devstack@c-api.service[115983]: /usr/local/lib/python3.8/dist-packages/oslo_context/context.py:105: DeprecationWarning: Policy enforcement is depending on the value of is_admin. This key is deprecated. Please update your policy file to use the standard policy values.
Feb 15 11:44:39.107731 dv-cinder-773985-26-smb devstack@c-api.service[115983]: warnings.warn('Policy enforcement is depending on the value of '
Feb 15 11:44:39.122295 dv-cinder-773985-26-smb devstack@c-api.service[115983]: INFO cinder.volume.api [None req-a39b9570-6589-4b8a-aa2a-f6c784ca9ea3 tempest-VolumeTypesAccessTest-2072913302 tempest-VolumeTypesAccessTest-2072913302-project] Volume info retrieved successfully.
Feb 15 11:44:39.131810 dv-cinder-773985-26-smb devstack@c-api.service[115983]: INFO cinder.api.openstack.wsgi [None req-a39b9570-6589-4b8a-aa2a-f6c784ca9ea3 tempest-VolumeTypesAccessTest-2072913302 tempest-VolumeTypesAccessTest-2072913302-project] http://10.222.0.81/volume/v3/a48f66d3eba94307a567c36733c9f1d7/volumes/7fec1ba2-ed7d-485d-a39f-15b36be30cf4 returned with HTTP 200
Feb 15 11:44:39.135708 dv-cinder-773985-26-smb devstack@c-api.service[115983]: [pid: 115983|app: 0|req: 154/328] 10.222.0.81 () {58 vars in 1324 bytes} [Tue Feb 15 11:44:39 2022] GET /volume/v3/a48f66d3eba94307a567c36733c9f1d7/volumes/7fec1ba2-ed7d-485d-a39f-15b36be30cf4 => generated 953 bytes in 49 msecs (HTTP/1.1 200) 7 headers in 285 bytes (2 switches on core 0)
Feb 15 11:44:39.147818 dv-cinder-773985-26-smb devstack@c-api.service[115981]: INFO cinder.api.openstack.wsgi [None req-222ab4bb-88d5-429c-87ff-f082a71265bf tempest-GroupSnapshotsTest-947834563 tempest-GroupSnapshotsTest-947834563-project] GET http://10.222.0.81/volume/v3/42e5d072c7b94a73873ec8ce2a2ce9e6/group_snapshots/a3f6db90-1cbc-4f4c-b163-3afd5758679e
Feb 15 11:44:39.148464 dv-cinder-773985-26-smb devstack@c-api.service[115981]: DEBUG cinder.api.openstack.wsgi [None req-222ab4bb-88d5-429c-87ff-f082a71265bf tempest-GroupSnapshotsTest-947834563 tempest-GroupSnapshotsTest-947834563-project] Empty body provided in request {{(pid=115981) get_body /opt/stack/cinder/cinder/api/openstack/wsgi.py:715}}
Feb 15 11:44:39.149176 dv-cinder-773985-26-smb devstack@c-api.service[115981]: DEBUG cinder.api.openstack.wsgi [None req-222ab4bb-88d5-429c-87ff-f082a71265bf tempest-GroupSnapshotsTest-947834563 tempest-GroupSnapshotsTest-947834563-project] Calling method 'version_select' {{(pid=115981) _process_stack /opt/stack/cinder/cinder/api/openstack/wsgi.py:868}}
Feb 15 11:44:39.150122 dv-cinder-773985-26-smb devstack@c-api.service[115981]: DEBUG cinder.api.v3.group_snapshots [None req-222ab4bb-88d5-429c-87ff-f082a71265bf tempest-GroupSnapshotsTest-947834563 tempest-GroupSnapshotsTest-947834563-project] show called for member a3f6db90-1cbc-4f4c-b163-3afd5758679e {{(pid=115981) show /opt/stack/cinder/cinder/api/v3/group_snapshots.py:58}}
Feb 15 11:44:39.157070 dv-cinder-773985-26-smb devstack@c-api.service[115981]: /usr/local/lib/python3.8/dist-packages/oslo_context/context.py:105: DeprecationWarning: Policy enforcement is depending on the value of is_admin. This key is deprecated. Please update your policy file to use the standard policy values.
Feb 15 11:44:39.157070 dv-cinder-773985-26-smb devstack@c-api.service[115981]: warnings.warn('Policy enforcement is depending on the value of '
Feb 15 11:44:39.157577 dv-cinder-773985-26-smb devstack@c-api.service[115983]: INFO cinder.api.openstack.wsgi [None req-11e13f6a-bedb-472c-8925-e504a3035555 tempest-VolumeTypesAccessTest-995853490 tempest-VolumeTypesAccessTest-995853490-project-admin] POST http://10.222.0.81/volume/v3/745c3fc088f748808c5615371de7351b/types/cc456910-144b-419f-b1fb-713cc08802bf/action
Feb 15 11:44:39.162466 dv-cinder-773985-26-smb devstack@c-api.service[115983]: DEBUG cinder.api.openstack.wsgi [None req-11e13f6a-bedb-472c-8925-e504a3035555 tempest-VolumeTypesAccessTest-995853490 tempest-VolumeTypesAccessTest-995853490-project-admin] Action body: b'{"removeProjectAccess": {"project": "a48f66d3eba94307a567c36733c9f1d7"}}' {{(pid=115983) get_method /opt/stack/cinder/cinder/api/openstack/wsgi.py:983}}
Feb 15 11:44:39.162923 dv-cinder-773985-26-smb devstack@c-api.service[115983]: DEBUG cinder.api.openstack.wsgi [None req-11e13f6a-bedb-472c-8925-e504a3035555 tempest-VolumeTypesAccessTest-995853490 tempest-VolumeTypesAccessTest-995853490-project-admin] Action: 'action', calling method: _removeProjectAccess, body: {"removeProjectAccess": {"project": "a48f66d3eba94307a567c36733c9f1d7"}} {{(pid=115983) _process_stack /opt/stack/cinder/cinder/api/openstack/wsgi.py:866}}
Feb 15 11:44:39.166526 dv-cinder-773985-26-smb devstack@c-api.service[115981]: INFO cinder.api.openstack.wsgi [None req-222ab4bb-88d5-429c-87ff-f082a71265bf tempest-GroupSnapshotsTest-947834563 tempest-GroupSnapshotsTest-947834563-project] http://10.222.0.81/volume/v3/42e5d072c7b94a73873ec8ce2a2ce9e6/group_snapshots/a3f6db90-1cbc-4f4c-b163-3afd5758679e returned with HTTP 200
Feb 15 11:44:39.167547 dv-cinder-773985-26-smb devstack@c-api.service[115981]: [pid: 115981|app: 0|req: 175/329] 10.222.0.81 () {60 vars in 1389 bytes} [Tue Feb 15 11:44:39 2022] GET /volume/v3/42e5d072c7b94a73873ec8ce2a2ce9e6/group_snapshots/a3f6db90-1cbc-4f4c-b163-3afd5758679e => generated 324 bytes in 24 msecs (HTTP/1.1 200) 7 headers in 286 bytes (2 switches on core 0)
Feb 15 11:44:39.180976 dv-cinder-773985-26-smb devstack@c-api.service[115981]: INFO cinder.api.openstack.wsgi [None req-dd82bf83-398a-4b80-8af6-876fd219cf6e tempest-GroupSnapshotsTest-947834563 tempest-GroupSnapshotsTest-947834563-project] GET http://10.222.0.81/volume/v3/42e5d072c7b94a73873ec8ce2a2ce9e6/snapshots/detail
Feb 15 11:44:39.181431 dv-cinder-773985-26-smb devstack@c-api.service[115981]: DEBUG cinder.api.openstack.wsgi [None req-dd82bf83-398a-4b80-8af6-876fd219cf6e tempest-GroupSnapshotsTest-947834563 tempest-GroupSnapshotsTest-947834563-project] Empty body provided in request {{(pid=115981) get_body /opt/stack/cinder/cinder/api/openstack/wsgi.py:715}}
Feb 15 11:44:39.182093 dv-cinder-773985-26-smb devstack@c-api.service[115981]: DEBUG cinder.api.openstack.wsgi [None req-dd82bf83-398a-4b80-8af6-876fd219cf6e tempest-GroupSnapshotsTest-947834563 tempest-GroupSnapshotsTest-947834563-project] Calling method 'detail' {{(pid=115981) _process_stack /opt/stack/cinder/cinder/api/openstack/wsgi.py:868}}
Feb 15 11:44:39.182778 dv-cinder-773985-26-smb devstack@c-api.service[115981]: DEBUG cinder.api.api_utils [None req-dd82bf83-398a-4b80-8af6-876fd219cf6e tempest-GroupSnapshotsTest-947834563 tempest-GroupSnapshotsTest-947834563-project] Removing options '' from query. {{(pid=115981) remove_invalid_filter_options /opt/stack/cinder/cinder/api/api_utils.py:73}}
Feb 15 11:44:39.185714 dv-cinder-773985-26-smb devstack@c-api.service[115981]: DEBUG cinder.db.sqlalchemy.api [None req-dd82bf83-398a-4b80-8af6-876fd219cf6e tempest-GroupSnapshotsTest-947834563 tempest-GroupSnapshotsTest-947834563-project] Building query based on filter {{(pid=115981) _process_snaps_filters /opt/stack/cinder/cinder/db/sqlalchemy/api.py:3156}}
Feb 15 11:44:39.191175 dv-cinder-773985-26-smb devstack@c-api.service[115983]: INFO cinder.api.openstack.wsgi [None req-11e13f6a-bedb-472c-8925-e504a3035555 tempest-VolumeTypesAccessTest-995853490 tempest-VolumeTypesAccessTest-995853490-project-admin] http://10.222.0.81/volume/v3/745c3fc088f748808c5615371de7351b/types/cc456910-144b-419f-b1fb-713cc08802bf/action returned with HTTP 202
Feb 15 11:44:39.192539 dv-cinder-773985-26-smb devstack@c-api.service[115983]: [pid: 115983|app: 0|req: 155/330] 10.222.0.81 () {60 vars in 1360 bytes} [Tue Feb 15 11:44:39 2022] POST /volume/v3/745c3fc088f748808c5615371de7351b/types/cc456910-144b-419f-b1fb-713cc08802bf/action => generated 0 bytes in 41 msecs (HTTP/1.1 202) 6 headers in 233 bytes (1 switches on core 0)
Feb 15 11:44:39.199333 dv-cinder-773985-26-smb devstack@c-api.service[115981]: INFO cinder.volume.api [None req-dd82bf83-398a-4b80-8af6-876fd219cf6e tempest-GroupSnapshotsTest-947834563 tempest-GroupSnapshotsTest-947834563-project] Get all snapshots completed successfully.
Feb 15 11:44:39.201082 dv-cinder-773985-26-smb devstack@c-api.service[115981]: /usr/local/lib/python3.8/dist-packages/oslo_context/context.py:105: DeprecationWarning: Policy enforcement is depending on the value of is_admin. This key is deprecated. Please update your policy file to use the standard policy values.
Feb 15 11:44:39.201082 dv-cinder-773985-26-smb devstack@c-api.service[115981]: warnings.warn('Policy enforcement is depending on the value of '
Feb 15 11:44:39.202959 dv-cinder-773985-26-smb devstack@c-api.service[115983]: INFO cinder.api.openstack.wsgi [None req-cae50bee-6f54-4f6d-8757-1cc64567bd65 tempest-VolumeTypesAccessTest-995853490 tempest-VolumeTypesAccessTest-995853490-project-admin] POST http://10.222.0.81/volume/v3/745c3fc088f748808c5615371de7351b/types
Feb 15 11:44:39.203425 dv-cinder-773985-26-smb devstack@c-api.service[115981]: INFO cinder.api.openstack.wsgi [None req-dd82bf83-398a-4b80-8af6-876fd219cf6e tempest-GroupSnapshotsTest-947834563 tempest-GroupSnapshotsTest-947834563-project] http://10.222.0.81/volume/v3/42e5d072c7b94a73873ec8ce2a2ce9e6/snapshots/detail returned with HTTP 200
Feb 15 11:44:39.203748 dv-cinder-773985-26-smb devstack@c-api.service[115983]: DEBUG cinder.api.openstack.wsgi [None req-cae50bee-6f54-4f6d-8757-1cc64567bd65 tempest-VolumeTypesAccessTest-995853490 tempest-VolumeTypesAccessTest-995853490-project-admin] Action: 'create', calling method: _create, body: {"volume_type": {"name": "tempest-VolumeTypesAccessTest-volume-type-57895869", "os-volume-type-access:is_public": false}} {{(pid=115983) _process_stack /opt/stack/cinder/cinder/api/openstack/wsgi.py:866}}
Feb 15 11:44:39.204804 dv-cinder-773985-26-smb devstack@c-api.service[115981]: [pid: 115981|app: 0|req: 176/331] 10.222.0.81 () {58 vars in 1240 bytes} [Tue Feb 15 11:44:39 2022] GET /volume/v3/42e5d072c7b94a73873ec8ce2a2ce9e6/snapshots/detail => generated 1057 bytes in 29 msecs (HTTP/1.1 200) 7 headers in 286 bytes (2 switches on core 0)
Feb 15 11:44:39.222165 dv-cinder-773985-26-smb devstack@c-api.service[115981]: INFO cinder.api.openstack.wsgi [None req-02e97dab-7239-4d58-876b-875d8617ec1e tempest-GroupSnapshotsTest-947834563 tempest-GroupSnapshotsTest-947834563-project] GET http://10.222.0.81/volume/v3/42e5d072c7b94a73873ec8ce2a2ce9e6/snapshots/944ba17c-babe-42e9-ac03-da94fad837c4
Feb 15 11:44:39.222729 dv-cinder-773985-26-smb devstack@c-api.service[115981]: DEBUG cinder.api.openstack.wsgi [None req-02e97dab-7239-4d58-876b-875d8617ec1e tempest-GroupSnapshotsTest-947834563 tempest-GroupSnapshotsTest-947834563-project] Empty body provided in request {{(pid=115981) get_body /opt/stack/cinder/cinder/api/openstack/wsgi.py:715}}
Feb 15 11:44:39.223184 dv-cinder-773985-26-smb devstack@c-api.service[115981]: DEBUG cinder.api.openstack.wsgi [None req-02e97dab-7239-4d58-876b-875d8617ec1e tempest-GroupSnapshotsTest-947834563 tempest-GroupSnapshotsTest-947834563-project] Calling method 'show' {{(pid=115981) _process_stack /opt/stack/cinder/cinder/api/openstack/wsgi.py:868}}
Feb 15 11:44:39.240522 dv-cinder-773985-26-smb devstack@c-api.service[115981]: /usr/local/lib/python3.8/dist-packages/oslo_context/context.py:105: DeprecationWarning: Policy enforcement is depending on the value of is_admin. This key is deprecated. Please update your policy file to use the standard policy values.
Feb 15 11:44:39.240522 dv-cinder-773985-26-smb devstack@c-api.service[115981]: warnings.warn('Policy enforcement is depending on the value of '
Feb 15 11:44:39.242385 dv-cinder-773985-26-smb devstack@c-api.service[115981]: INFO cinder.volume.api [None req-02e97dab-7239-4d58-876b-875d8617ec1e tempest-GroupSnapshotsTest-947834563 tempest-GroupSnapshotsTest-947834563-project] Snapshot retrieved successfully.
Feb 15 11:44:39.245855 dv-cinder-773985-26-smb devstack@c-api.service[115981]: INFO cinder.api.openstack.wsgi [None req-02e97dab-7239-4d58-876b-875d8617ec1e tempest-GroupSnapshotsTest-947834563 tempest-GroupSnapshotsTest-947834563-project] http://10.222.0.81/volume/v3/42e5d072c7b94a73873ec8ce2a2ce9e6/snapshots/944ba17c-babe-42e9-ac03-da94fad837c4 returned with HTTP 200
Feb 15 11:44:39.246425 dv-cinder-773985-26-smb devstack@c-api.service[115983]: INFO cinder.api.openstack.wsgi [None req-cae50bee-6f54-4f6d-8757-1cc64567bd65 tempest-VolumeTypesAccessTest-995853490 tempest-VolumeTypesAccessTest-995853490-project-admin] http://10.222.0.81/volume/v3/745c3fc088f748808c5615371de7351b/types returned with HTTP 200
Feb 15 11:44:39.254685 dv-cinder-773985-26-smb devstack@c-api.service[115981]: [pid: 115981|app: 0|req: 177/332] 10.222.0.81 () {58 vars in 1330 bytes} [Tue Feb 15 11:44:39 2022] GET /volume/v3/42e5d072c7b94a73873ec8ce2a2ce9e6/snapshots/944ba17c-babe-42e9-ac03-da94fad837c4 => generated 533 bytes in 32 msecs (HTTP/1.1 200) 7 headers in 285 bytes (2 switches on core 0)
Feb 15 11:44:39.255213 dv-cinder-773985-26-smb devstack@c-api.service[115983]: [pid: 115983|app: 0|req: 156/333] 10.222.0.81 () {60 vars in 1229 bytes} [Tue Feb 15 11:44:39 2022] POST /volume/v3/745c3fc088f748808c5615371de7351b/types => generated 227 bytes in 49 msecs (HTTP/1.1 200) 7 headers in 285 bytes (1 switches on core 0)
Feb 15 11:44:39.259043 dv-cinder-773985-26-smb devstack@c-api.service[115983]: INFO cinder.api.openstack.wsgi [None req-1471ca63-42fc-42ae-8083-634ace01ecbc tempest-VolumeTypesAccessTest-995853490 tempest-VolumeTypesAccessTest-995853490-project-admin] POST http://10.222.0.81/volume/v3/745c3fc088f748808c5615371de7351b/types/c0b4d470-697c-4d03-9e68-565c9f6bf380/action
Feb 15 11:44:39.259770 dv-cinder-773985-26-smb devstack@c-api.service[115983]: DEBUG cinder.api.openstack.wsgi [None req-1471ca63-42fc-42ae-8083-634ace01ecbc tempest-VolumeTypesAccessTest-995853490 tempest-VolumeTypesAccessTest-995853490-project-admin] Action body: b'{"addProjectAccess": {"project": "a48f66d3eba94307a567c36733c9f1d7"}}' {{(pid=115983) get_method /opt/stack/cinder/cinder/api/openstack/wsgi.py:983}}
Feb 15 11:44:39.260109 dv-cinder-773985-26-smb devstack@c-api.service[115983]: DEBUG cinder.api.openstack.wsgi [None req-1471ca63-42fc-42ae-8083-634ace01ecbc tempest-VolumeTypesAccessTest-995853490 tempest-VolumeTypesAccessTest-995853490-project-admin] Action: 'action', calling method: _addProjectAccess, body: {"addProjectAccess": {"project": "a48f66d3eba94307a567c36733c9f1d7"}} {{(pid=115983) _process_stack /opt/stack/cinder/cinder/api/openstack/wsgi.py:866}}
Feb 15 11:44:39.262294 dv-cinder-773985-26-smb devstack@c-api.service[115981]: INFO cinder.api.openstack.wsgi [None req-b2fe995f-7d19-4c87-9b81-8c3d63091528 tempest-GroupSnapshotsTest-947834563 tempest-GroupSnapshotsTest-947834563-project] GET http://10.222.0.81/volume/v3/42e5d072c7b94a73873ec8ce2a2ce9e6/snapshots/74b0467c-a5ba-4e02-a991-0cbbbef8763c
Feb 15 11:44:39.263147 dv-cinder-773985-26-smb devstack@c-api.service[115981]: DEBUG cinder.api.openstack.wsgi [None req-b2fe995f-7d19-4c87-9b81-8c3d63091528 tempest-GroupSnapshotsTest-947834563 tempest-GroupSnapshotsTest-947834563-project] Empty body provided in request {{(pid=115981) get_body /opt/stack/cinder/cinder/api/openstack/wsgi.py:715}}
Feb 15 11:44:39.264598 dv-cinder-773985-26-smb devstack@c-api.service[115981]: DEBUG cinder.api.openstack.wsgi [None req-b2fe995f-7d19-4c87-9b81-8c3d63091528 tempest-GroupSnapshotsTest-947834563 tempest-GroupSnapshotsTest-947834563-project] Calling method 'show' {{(pid=115981) _process_stack /opt/stack/cinder/cinder/api/openstack/wsgi.py:868}}
Feb 15 11:44:39.277423 dv-cinder-773985-26-smb devstack@c-api.service[115983]: INFO cinder.api.openstack.wsgi [None req-1471ca63-42fc-42ae-8083-634ace01ecbc tempest-VolumeTypesAccessTest-995853490 tempest-VolumeTypesAccessTest-995853490-project-admin] http://10.222.0.81/volume/v3/745c3fc088f748808c5615371de7351b/types/c0b4d470-697c-4d03-9e68-565c9f6bf380/action returned with HTTP 202
Feb 15 11:44:39.278525 dv-cinder-773985-26-smb devstack@c-api.service[115983]: [pid: 115983|app: 0|req: 157/334] 10.222.0.81 () {60 vars in 1360 bytes} [Tue Feb 15 11:44:39 2022] POST /volume/v3/745c3fc088f748808c5615371de7351b/types/c0b4d470-697c-4d03-9e68-565c9f6bf380/action => generated 0 bytes in 23 msecs (HTTP/1.1 202) 6 headers in 233 bytes (1 switches on core 0)
Feb 15 11:44:39.281022 dv-cinder-773985-26-smb devstack@c-api.service[115981]: /usr/local/lib/python3.8/dist-packages/oslo_context/context.py:105: DeprecationWarning: Policy enforcement is depending on the value of is_admin. This key is deprecated. Please update your policy file to use the standard policy values.
Feb 15 11:44:39.281022 dv-cinder-773985-26-smb devstack@c-api.service[115981]: warnings.warn('Policy enforcement is depending on the value of '
Feb 15 11:44:39.282901 dv-cinder-773985-26-smb devstack@c-api.service[115981]: INFO cinder.volume.api [None req-b2fe995f-7d19-4c87-9b81-8c3d63091528 tempest-GroupSnapshotsTest-947834563 tempest-GroupSnapshotsTest-947834563-project] Snapshot retrieved successfully.
Feb 15 11:44:39.285727 dv-cinder-773985-26-smb devstack@c-api.service[115981]: INFO cinder.api.openstack.wsgi [None req-b2fe995f-7d19-4c87-9b81-8c3d63091528 tempest-GroupSnapshotsTest-947834563 tempest-GroupSnapshotsTest-947834563-project] http://10.222.0.81/volume/v3/42e5d072c7b94a73873ec8ce2a2ce9e6/snapshots/74b0467c-a5ba-4e02-a991-0cbbbef8763c returned with HTTP 200
Feb 15 11:44:39.287269 dv-cinder-773985-26-smb devstack@c-api.service[115983]: INFO cinder.api.openstack.wsgi [None req-e32f7f6c-8786-4a43-9042-72ff3c28a17f tempest-VolumeTypesAccessTest-995853490 tempest-VolumeTypesAccessTest-995853490-project-admin] POST http://10.222.0.81/volume/v3/745c3fc088f748808c5615371de7351b/types/c0b4d470-697c-4d03-9e68-565c9f6bf380/action
Feb 15 11:44:39.287770 dv-cinder-773985-26-smb devstack@c-api.service[115981]: [pid: 115981|app: 0|req: 178/335] 10.222.0.81 () {58 vars in 1330 bytes} [Tue Feb 15 11:44:39 2022] GET /volume/v3/42e5d072c7b94a73873ec8ce2a2ce9e6/snapshots/74b0467c-a5ba-4e02-a991-0cbbbef8763c => generated 533 bytes in 33 msecs (HTTP/1.1 200) 7 headers in 285 bytes (1 switches on core 0)
Feb 15 11:44:39.290770 dv-cinder-773985-26-smb devstack@c-api.service[115983]: DEBUG cinder.api.openstack.wsgi [None req-e32f7f6c-8786-4a43-9042-72ff3c28a17f tempest-VolumeTypesAccessTest-995853490 tempest-VolumeTypesAccessTest-995853490-project-admin] Action body: b'{"addProjectAccess": {"project": "3e2ce8f307b64889818a85689df5e9b5"}}' {{(pid=115983) get_method /opt/stack/cinder/cinder/api/openstack/wsgi.py:983}}
Feb 15 11:44:39.291301 dv-cinder-773985-26-smb devstack@c-api.service[115983]: DEBUG cinder.api.openstack.wsgi [None req-e32f7f6c-8786-4a43-9042-72ff3c28a17f tempest-VolumeTypesAccessTest-995853490 tempest-VolumeTypesAccessTest-995853490-project-admin] Action: 'action', calling method: _addProjectAccess, body: {"addProjectAccess": {"project": "3e2ce8f307b64889818a85689df5e9b5"}} {{(pid=115983) _process_stack /opt/stack/cinder/cinder/api/openstack/wsgi.py:866}}
Feb 15 11:44:39.297960 dv-cinder-773985-26-smb devstack@c-api.service[115981]: INFO cinder.api.openstack.wsgi [None req-2d2aafdf-1eb6-4d56-9b30-ee8035b24649 tempest-GroupSnapshotsTest-947834563 tempest-GroupSnapshotsTest-947834563-project] DELETE http://10.222.0.81/volume/v3/42e5d072c7b94a73873ec8ce2a2ce9e6/group_snapshots/a3f6db90-1cbc-4f4c-b163-3afd5758679e
Feb 15 11:44:39.298544 dv-cinder-773985-26-smb devstack@c-api.service[115981]: DEBUG cinder.api.openstack.wsgi [None req-2d2aafdf-1eb6-4d56-9b30-ee8035b24649 tempest-GroupSnapshotsTest-947834563 tempest-GroupSnapshotsTest-947834563-project] Empty body provided in request {{(pid=115981) get_body /opt/stack/cinder/cinder/api/openstack/wsgi.py:715}}
Feb 15 11:44:39.299493 dv-cinder-773985-26-smb devstack@c-api.service[115981]: DEBUG cinder.api.openstack.wsgi [None req-2d2aafdf-1eb6-4d56-9b30-ee8035b24649 tempest-GroupSnapshotsTest-947834563 tempest-GroupSnapshotsTest-947834563-project] Calling method 'version_select' {{(pid=115981) _process_stack /opt/stack/cinder/cinder/api/openstack/wsgi.py:868}}
Feb 15 11:44:39.299683 dv-cinder-773985-26-smb devstack@c-api.service[115981]: DEBUG cinder.api.v3.group_snapshots [None req-2d2aafdf-1eb6-4d56-9b30-ee8035b24649 tempest-GroupSnapshotsTest-947834563 tempest-GroupSnapshotsTest-947834563-project] delete called for member a3f6db90-1cbc-4f4c-b163-3afd5758679e {{(pid=115981) delete /opt/stack/cinder/cinder/api/v3/group_snapshots.py:72}}
Feb 15 11:44:39.299959 dv-cinder-773985-26-smb devstack@c-api.service[115981]: INFO cinder.api.v3.group_snapshots [None req-2d2aafdf-1eb6-4d56-9b30-ee8035b24649 tempest-GroupSnapshotsTest-947834563 tempest-GroupSnapshotsTest-947834563-project] Delete group_snapshot with id: a3f6db90-1cbc-4f4c-b163-3afd5758679e
Feb 15 11:44:39.306420 dv-cinder-773985-26-smb devstack@c-api.service[115981]: /usr/local/lib/python3.8/dist-packages/oslo_context/context.py:105: DeprecationWarning: Policy enforcement is depending on the value of is_admin. This key is deprecated. Please update your policy file to use the standard policy values.
Feb 15 11:44:39.306420 dv-cinder-773985-26-smb devstack@c-api.service[115981]: warnings.warn('Policy enforcement is depending on the value of '
Feb 15 11:44:39.317165 dv-cinder-773985-26-smb devstack@c-api.service[115983]: INFO cinder.api.openstack.wsgi [None req-e32f7f6c-8786-4a43-9042-72ff3c28a17f tempest-VolumeTypesAccessTest-995853490 tempest-VolumeTypesAccessTest-995853490-project-admin] http://10.222.0.81/volume/v3/745c3fc088f748808c5615371de7351b/types/c0b4d470-697c-4d03-9e68-565c9f6bf380/action returned with HTTP 202
Feb 15 11:44:39.324152 dv-cinder-773985-26-smb devstack@c-api.service[115983]: [pid: 115983|app: 0|req: 158/336] 10.222.0.81 () {60 vars in 1360 bytes} [Tue Feb 15 11:44:39 2022] POST /volume/v3/745c3fc088f748808c5615371de7351b/types/c0b4d470-697c-4d03-9e68-565c9f6bf380/action => generated 0 bytes in 36 msecs (HTTP/1.1 202) 6 headers in 233 bytes (1 switches on core 0)
Feb 15 11:44:39.326608 dv-cinder-773985-26-smb devstack@c-api.service[115983]: INFO cinder.api.openstack.wsgi [None req-dffeae09-ee4d-4c70-aa7b-f1c715056845 tempest-VolumesGetTest-1144505798 tempest-VolumesGetTest-1144505798-project] GET http://10.222.0.81/volume/v3/1d5fdc303fe2431ba11cab737de56e39/volumes/061fb245-9a6f-4ab1-9ac1-b72eb045db53
Feb 15 11:44:39.327266 dv-cinder-773985-26-smb devstack@c-api.service[115983]: DEBUG cinder.api.openstack.wsgi [None req-dffeae09-ee4d-4c70-aa7b-f1c715056845 tempest-VolumesGetTest-1144505798 tempest-VolumesGetTest-1144505798-project] Empty body provided in request {{(pid=115983) get_body /opt/stack/cinder/cinder/api/openstack/wsgi.py:715}}
Feb 15 11:44:39.329783 dv-cinder-773985-26-smb devstack@c-api.service[115983]: DEBUG cinder.api.openstack.wsgi [None req-dffeae09-ee4d-4c70-aa7b-f1c715056845 tempest-VolumesGetTest-1144505798 tempest-VolumesGetTest-1144505798-project] Calling method 'show' {{(pid=115983) _process_stack /opt/stack/cinder/cinder/api/openstack/wsgi.py:868}}
Feb 15 11:44:39.355985 dv-cinder-773985-26-smb devstack@c-api.service[115983]: /usr/local/lib/python3.8/dist-packages/oslo_context/context.py:105: DeprecationWarning: Policy enforcement is depending on the value of is_admin. This key is deprecated. Please update your policy file to use the standard policy values.
Feb 15 11:44:39.355985 dv-cinder-773985-26-smb devstack@c-api.service[115983]: warnings.warn('Policy enforcement is depending on the value of '
Feb 15 11:44:39.368470 dv-cinder-773985-26-smb devstack@c-api.service[115983]: INFO cinder.volume.api [None req-dffeae09-ee4d-4c70-aa7b-f1c715056845 tempest-VolumesGetTest-1144505798 tempest-VolumesGetTest-1144505798-project] Volume info retrieved successfully.
Feb 15 11:44:39.384415 dv-cinder-773985-26-smb devstack@c-api.service[115981]: INFO cinder.api.openstack.wsgi [None req-2d2aafdf-1eb6-4d56-9b30-ee8035b24649 tempest-GroupSnapshotsTest-947834563 tempest-GroupSnapshotsTest-947834563-project] http://10.222.0.81/volume/v3/42e5d072c7b94a73873ec8ce2a2ce9e6/group_snapshots/a3f6db90-1cbc-4f4c-b163-3afd5758679e returned with HTTP 202
Feb 15 11:44:39.385487 dv-cinder-773985-26-smb devstack@c-api.service[115981]: [pid: 115981|app: 0|req: 179/337] 10.222.0.81 () {60 vars in 1392 bytes} [Tue Feb 15 11:44:39 2022] DELETE /volume/v3/42e5d072c7b94a73873ec8ce2a2ce9e6/group_snapshots/a3f6db90-1cbc-4f4c-b163-3afd5758679e => generated 0 bytes in 92 msecs (HTTP/1.1 202) 6 headers in 234 bytes (2 switches on core 0)
Feb 15 11:44:39.385649 dv-cinder-773985-26-smb devstack@c-api.service[115983]: INFO cinder.api.openstack.wsgi [None req-dffeae09-ee4d-4c70-aa7b-f1c715056845 tempest-VolumesGetTest-1144505798 tempest-VolumesGetTest-1144505798-project] http://10.222.0.81/volume/v3/1d5fdc303fe2431ba11cab737de56e39/volumes/061fb245-9a6f-4ab1-9ac1-b72eb045db53 returned with HTTP 200
Feb 15 11:44:39.386897 dv-cinder-773985-26-smb devstack@c-api.service[115983]: [pid: 115983|app: 0|req: 159/338] 10.222.0.81 () {58 vars in 1324 bytes} [Tue Feb 15 11:44:39 2022] GET /volume/v3/1d5fdc303fe2431ba11cab737de56e39/volumes/061fb245-9a6f-4ab1-9ac1-b72eb045db53 => generated 904 bytes in 67 msecs (HTTP/1.1 200) 7 headers in 285 bytes (1 switches on core 0)
Feb 15 11:44:39.391827 dv-cinder-773985-26-smb devstack@c-api.service[115981]: INFO cinder.api.openstack.wsgi [None req-6167b1a5-f94b-4fae-8dbd-aafbba25a127 tempest-VolumeTypesAccessTest-995853490 tempest-VolumeTypesAccessTest-995853490-project-admin] GET http://10.222.0.81/volume/v3/745c3fc088f748808c5615371de7351b/types/c0b4d470-697c-4d03-9e68-565c9f6bf380/os-volume-type-access
Feb 15 11:44:39.392268 dv-cinder-773985-26-smb devstack@c-api.service[115981]: DEBUG cinder.api.openstack.wsgi [None req-6167b1a5-f94b-4fae-8dbd-aafbba25a127 tempest-VolumeTypesAccessTest-995853490 tempest-VolumeTypesAccessTest-995853490-project-admin] Empty body provided in request {{(pid=115981) get_body /opt/stack/cinder/cinder/api/openstack/wsgi.py:715}}
Feb 15 11:44:39.392717 dv-cinder-773985-26-smb devstack@c-api.service[115981]: DEBUG cinder.api.openstack.wsgi [None req-6167b1a5-f94b-4fae-8dbd-aafbba25a127 tempest-VolumeTypesAccessTest-995853490 tempest-VolumeTypesAccessTest-995853490-project-admin] Calling method 'index' {{(pid=115981) _process_stack /opt/stack/cinder/cinder/api/openstack/wsgi.py:868}}
Feb 15 11:44:39.393525 dv-cinder-773985-26-smb devstack@c-api.service[115981]: /usr/local/lib/python3.8/dist-packages/oslo_context/context.py:105: DeprecationWarning: Policy enforcement is depending on the value of is_admin. This key is deprecated. Please update your policy file to use the standard policy values.
Feb 15 11:44:39.393525 dv-cinder-773985-26-smb devstack@c-api.service[115981]: warnings.warn('Policy enforcement is depending on the value of '
Feb 15 11:44:39.403880 dv-cinder-773985-26-smb devstack@c-api.service[115983]: INFO cinder.api.openstack.wsgi [None req-e96f3feb-bc19-4112-bd00-e107b38768bd tempest-GroupsTest-401286261 tempest-GroupsTest-401286261-project] GET http://10.222.0.81/volume/v3/9ce433ac50f74e529b961bf0fcacbd8e/groups/63b6c8c1-e077-4833-95be-37984b54423b
Feb 15 11:44:39.405405 dv-cinder-773985-26-smb devstack@c-api.service[115983]: DEBUG cinder.api.openstack.wsgi [None req-e96f3feb-bc19-4112-bd00-e107b38768bd tempest-GroupsTest-401286261 tempest-GroupsTest-401286261-project] Empty body provided in request {{(pid=115983) get_body /opt/stack/cinder/cinder/api/openstack/wsgi.py:715}}
Feb 15 11:44:39.406287 dv-cinder-773985-26-smb devstack@c-api.service[115983]: DEBUG cinder.api.openstack.wsgi [None req-e96f3feb-bc19-4112-bd00-e107b38768bd tempest-GroupsTest-401286261 tempest-GroupsTest-401286261-project] Calling method 'version_select' {{(pid=115983) _process_stack /opt/stack/cinder/cinder/api/openstack/wsgi.py:868}}
Feb 15 11:44:39.407015 dv-cinder-773985-26-smb devstack@c-api.service[115983]: DEBUG cinder.api.v3.groups [None req-e96f3feb-bc19-4112-bd00-e107b38768bd tempest-GroupsTest-401286261 tempest-GroupsTest-401286261-project] show called for member 63b6c8c1-e077-4833-95be-37984b54423b {{(pid=115983) show /opt/stack/cinder/cinder/api/v3/groups.py:58}}
Feb 15 11:44:39.412896 dv-cinder-773985-26-smb devstack@c-api.service[115981]: INFO cinder.api.openstack.wsgi [None req-6167b1a5-f94b-4fae-8dbd-aafbba25a127 tempest-VolumeTypesAccessTest-995853490 tempest-VolumeTypesAccessTest-995853490-project-admin] http://10.222.0.81/volume/v3/745c3fc088f748808c5615371de7351b/types/c0b4d470-697c-4d03-9e68-565c9f6bf380/os-volume-type-access returned with HTTP 200
Feb 15 11:44:39.413673 dv-cinder-773985-26-smb devstack@c-api.service[115981]: [pid: 115981|app: 0|req: 180/339] 10.222.0.81 () {58 vars in 1384 bytes} [Tue Feb 15 11:44:39 2022] GET /volume/v3/745c3fc088f748808c5615371de7351b/types/c0b4d470-697c-4d03-9e68-565c9f6bf380/os-volume-type-access => generated 244 bytes in 28 msecs (HTTP/1.1 200) 7 headers in 285 bytes (1 switches on core 0)
Feb 15 11:44:39.416405 dv-cinder-773985-26-smb devstack@c-api.service[115983]: INFO cinder.api.openstack.wsgi [None req-e96f3feb-bc19-4112-bd00-e107b38768bd tempest-GroupsTest-401286261 tempest-GroupsTest-401286261-project] http://10.222.0.81/volume/v3/9ce433ac50f74e529b961bf0fcacbd8e/groups/63b6c8c1-e077-4833-95be-37984b54423b returned with HTTP 404
Feb 15 11:44:39.417501 dv-cinder-773985-26-smb devstack@c-api.service[115981]: INFO cinder.api.openstack.wsgi [None req-e38745b0-bf8b-4116-a878-dea6eca9ac9e tempest-VolumesGetTest-1144505798 tempest-VolumesGetTest-1144505798-project] PUT http://10.222.0.81/volume/v3/1d5fdc303fe2431ba11cab737de56e39/volumes/061fb245-9a6f-4ab1-9ac1-b72eb045db53
Feb 15 11:44:39.423485 dv-cinder-773985-26-smb devstack@c-api.service[115981]: DEBUG cinder.api.openstack.wsgi [None req-e38745b0-bf8b-4116-a878-dea6eca9ac9e tempest-VolumesGetTest-1144505798 tempest-VolumesGetTest-1144505798-project] Action: 'update', calling method: update, body: {"volume": {"name": "tempest-VolumesGetTest-Volume-668991604", "description": null}} {{(pid=115981) _process_stack /opt/stack/cinder/cinder/api/openstack/wsgi.py:866}}
Feb 15 11:44:39.423715 dv-cinder-773985-26-smb devstack@c-api.service[115983]: [pid: 115983|app: 0|req: 160/340] 10.222.0.81 () {60 vars in 1362 bytes} [Tue Feb 15 11:44:39 2022] GET /volume/v3/9ce433ac50f74e529b961bf0fcacbd8e/groups/63b6c8c1-e077-4833-95be-37984b54423b => generated 108 bytes in 31 msecs (HTTP/1.1 404) 7 headers in 293 bytes (1 switches on core 0)
Feb 15 11:44:39.425550 dv-cinder-773985-26-smb devstack@c-api.service[115983]: INFO cinder.api.openstack.wsgi [None req-373d3012-a431-4f64-a7ec-fcd1ceffbf11 tempest-GroupSnapshotsTest-947834563 tempest-GroupSnapshotsTest-947834563-project] GET http://10.222.0.81/volume/v3/42e5d072c7b94a73873ec8ce2a2ce9e6/volumes/detail
Feb 15 11:44:39.426280 dv-cinder-773985-26-smb devstack@c-api.service[115983]: DEBUG cinder.api.openstack.wsgi [None req-373d3012-a431-4f64-a7ec-fcd1ceffbf11 tempest-GroupSnapshotsTest-947834563 tempest-GroupSnapshotsTest-947834563-project] Empty body provided in request {{(pid=115983) get_body /opt/stack/cinder/cinder/api/openstack/wsgi.py:715}}
Feb 15 11:44:39.427113 dv-cinder-773985-26-smb devstack@c-api.service[115983]: DEBUG cinder.api.openstack.wsgi [None req-373d3012-a431-4f64-a7ec-fcd1ceffbf11 tempest-GroupSnapshotsTest-947834563 tempest-GroupSnapshotsTest-947834563-project] Calling method 'detail' {{(pid=115983) _process_stack /opt/stack/cinder/cinder/api/openstack/wsgi.py:868}}
Feb 15 11:44:39.428858 dv-cinder-773985-26-smb devstack@c-api.service[115983]: DEBUG cinder.api.api_utils [None req-373d3012-a431-4f64-a7ec-fcd1ceffbf11 tempest-GroupSnapshotsTest-947834563 tempest-GroupSnapshotsTest-947834563-project] Removing options '' from query. {{(pid=115983) remove_invalid_filter_options /opt/stack/cinder/cinder/api/api_utils.py:73}}
Feb 15 11:44:39.432228 dv-cinder-773985-26-smb devstack@c-api.service[115983]: DEBUG cinder.volume.api [None req-373d3012-a431-4f64-a7ec-fcd1ceffbf11 tempest-GroupSnapshotsTest-947834563 tempest-GroupSnapshotsTest-947834563-project] Searching by: MultiDict([('no_migration_targets', True)]). {{(pid=115983) get_all /opt/stack/cinder/cinder/volume/api.py:661}}
Feb 15 11:44:39.433991 dv-cinder-773985-26-smb devstack@c-api.service[115981]: /usr/local/lib/python3.8/dist-packages/oslo_context/context.py:105: DeprecationWarning: Policy enforcement is depending on the value of is_admin. This key is deprecated. Please update your policy file to use the standard policy values.
Feb 15 11:44:39.433991 dv-cinder-773985-26-smb devstack@c-api.service[115981]: warnings.warn('Policy enforcement is depending on the value of '
Feb 15 11:44:39.442113 dv-cinder-773985-26-smb devstack@c-api.service[115981]: INFO cinder.volume.api [None req-e38745b0-bf8b-4116-a878-dea6eca9ac9e tempest-VolumesGetTest-1144505798 tempest-VolumesGetTest-1144505798-project] Volume info retrieved successfully.
Feb 15 11:44:39.456786 dv-cinder-773985-26-smb devstack@c-api.service[115981]: INFO cinder.volume.api [None req-e38745b0-bf8b-4116-a878-dea6eca9ac9e tempest-VolumesGetTest-1144505798 tempest-VolumesGetTest-1144505798-project] Volume updated successfully.
Feb 15 11:44:39.458238 dv-cinder-773985-26-smb devstack@c-api.service[115981]: INFO cinder.api.openstack.wsgi [None req-e38745b0-bf8b-4116-a878-dea6eca9ac9e tempest-VolumesGetTest-1144505798 tempest-VolumesGetTest-1144505798-project] http://10.222.0.81/volume/v3/1d5fdc303fe2431ba11cab737de56e39/volumes/061fb245-9a6f-4ab1-9ac1-b72eb045db53 returned with HTTP 200
Feb 15 11:44:39.462015 dv-cinder-773985-26-smb devstack@c-api.service[115981]: [pid: 115981|app: 0|req: 181/341] 10.222.0.81 () {60 vars in 1344 bytes} [Tue Feb 15 11:44:39 2022] PUT /volume/v3/1d5fdc303fe2431ba11cab737de56e39/volumes/061fb245-9a6f-4ab1-9ac1-b72eb045db53 => generated 838 bytes in 48 msecs (HTTP/1.1 200) 7 headers in 285 bytes (1 switches on core 0)
Feb 15 11:44:39.475623 dv-cinder-773985-26-smb devstack@c-api.service[115981]: INFO cinder.api.openstack.wsgi [None req-acdbe3a6-b3db-4a5f-869b-561c6203a4c8 tempest-VolumeTypesAccessTest-995853490 tempest-VolumeTypesAccessTest-995853490-project-admin] POST http://10.222.0.81/volume/v3/745c3fc088f748808c5615371de7351b/types/c0b4d470-697c-4d03-9e68-565c9f6bf380/action
Feb 15 11:44:39.481915 dv-cinder-773985-26-smb devstack@c-api.service[115981]: DEBUG cinder.api.openstack.wsgi [None req-acdbe3a6-b3db-4a5f-869b-561c6203a4c8 tempest-VolumeTypesAccessTest-995853490 tempest-VolumeTypesAccessTest-995853490-project-admin] Action body: b'{"removeProjectAccess": {"project": "3e2ce8f307b64889818a85689df5e9b5"}}' {{(pid=115981) get_method /opt/stack/cinder/cinder/api/openstack/wsgi.py:983}}
Feb 15 11:44:39.482240 dv-cinder-773985-26-smb devstack@c-api.service[115981]: DEBUG cinder.api.openstack.wsgi [None req-acdbe3a6-b3db-4a5f-869b-561c6203a4c8 tempest-VolumeTypesAccessTest-995853490 tempest-VolumeTypesAccessTest-995853490-project-admin] Action: 'action', calling method: _removeProjectAccess, body: {"removeProjectAccess": {"project": "3e2ce8f307b64889818a85689df5e9b5"}} {{(pid=115981) _process_stack /opt/stack/cinder/cinder/api/openstack/wsgi.py:866}}
Feb 15 11:44:39.502890 dv-cinder-773985-26-smb devstack@c-api.service[115981]: INFO cinder.api.openstack.wsgi [None req-acdbe3a6-b3db-4a5f-869b-561c6203a4c8 tempest-VolumeTypesAccessTest-995853490 tempest-VolumeTypesAccessTest-995853490-project-admin] http://10.222.0.81/volume/v3/745c3fc088f748808c5615371de7351b/types/c0b4d470-697c-4d03-9e68-565c9f6bf380/action returned with HTTP 202
Feb 15 11:44:39.503922 dv-cinder-773985-26-smb devstack@c-api.service[115981]: [pid: 115981|app: 0|req: 182/342] 10.222.0.81 () {60 vars in 1360 bytes} [Tue Feb 15 11:44:39 2022] POST /volume/v3/745c3fc088f748808c5615371de7351b/types/c0b4d470-697c-4d03-9e68-565c9f6bf380/action => generated 0 bytes in 41 msecs (HTTP/1.1 202) 6 headers in 233 bytes (1 switches on core 0)
Feb 15 11:44:39.505668 dv-cinder-773985-26-smb devstack@c-api.service[115983]: INFO cinder.volume.api [None req-373d3012-a431-4f64-a7ec-fcd1ceffbf11 tempest-GroupSnapshotsTest-947834563 tempest-GroupSnapshotsTest-947834563-project] Get all volumes completed successfully.
Feb 15 11:44:39.507619 dv-cinder-773985-26-smb devstack@c-api.service[115983]: WARNING stevedore.named [None req-373d3012-a431-4f64-a7ec-fcd1ceffbf11 tempest-GroupSnapshotsTest-947834563 tempest-GroupSnapshotsTest-947834563-project] Could not load cinder.keymgr.conf_key_mgr.ConfKeyManager
Feb 15 11:44:39.508050 dv-cinder-773985-26-smb devstack@c-api.service[115983]: WARNING castellan.key_manager [None req-373d3012-a431-4f64-a7ec-fcd1ceffbf11 tempest-GroupSnapshotsTest-947834563 tempest-GroupSnapshotsTest-947834563-project] Deprecation Warning : cinder.keymgr.conf_key_mgr.ConfKeyManager is not a stevedore based driver, trying to load it as a class: stevedore.exception.NoMatches: No 'castellan.drivers' driver found, looking for 'cinder.keymgr.conf_key_mgr.ConfKeyManager'
Feb 15 11:44:39.511331 dv-cinder-773985-26-smb devstack@c-api.service[115981]: INFO cinder.api.openstack.wsgi [None req-a8acb854-7d41-4b9f-beac-0e1d5288da61 tempest-GroupsTest-401286261 tempest-GroupsTest-401286261-project] GET http://10.222.0.81/volume/v3/9ce433ac50f74e529b961bf0fcacbd8e/groups/detail
Feb 15 11:44:39.512265 dv-cinder-773985-26-smb devstack@c-api.service[115981]: DEBUG cinder.api.openstack.wsgi [None req-a8acb854-7d41-4b9f-beac-0e1d5288da61 tempest-GroupsTest-401286261 tempest-GroupsTest-401286261-project] Empty body provided in request {{(pid=115981) get_body /opt/stack/cinder/cinder/api/openstack/wsgi.py:715}}
Feb 15 11:44:39.512265 dv-cinder-773985-26-smb devstack@c-api.service[115981]: DEBUG cinder.api.openstack.wsgi [None req-a8acb854-7d41-4b9f-beac-0e1d5288da61 tempest-GroupsTest-401286261 tempest-GroupsTest-401286261-project] Calling method 'version_select' {{(pid=115981) _process_stack /opt/stack/cinder/cinder/api/openstack/wsgi.py:868}}
Feb 15 11:44:39.518006 dv-cinder-773985-26-smb devstack@c-api.service[115983]: DEBUG oslo_db.sqlalchemy.engines [None req-373d3012-a431-4f64-a7ec-fcd1ceffbf11 tempest-GroupSnapshotsTest-947834563 tempest-GroupSnapshotsTest-947834563-project] MySQL server mode set to STRICT_TRANS_TABLES,STRICT_ALL_TABLES,NO_ZERO_IN_DATE,NO_ZERO_DATE,ERROR_FOR_DIVISION_BY_ZERO,TRADITIONAL,NO_ENGINE_SUBSTITUTION {{(pid=115983) _check_effective_sql_mode /usr/local/lib/python3.8/dist-packages/oslo_db/sqlalchemy/engines.py:314}}
Feb 15 11:44:39.527756 dv-cinder-773985-26-smb devstack@c-api.service[115981]: INFO cinder.api.openstack.wsgi [None req-a8acb854-7d41-4b9f-beac-0e1d5288da61 tempest-GroupsTest-401286261 tempest-GroupsTest-401286261-project] http://10.222.0.81/volume/v3/9ce433ac50f74e529b961bf0fcacbd8e/groups/detail returned with HTTP 200
Feb 15 11:44:39.528674 dv-cinder-773985-26-smb devstack@c-api.service[115981]: [pid: 115981|app: 0|req: 183/343] 10.222.0.81 () {60 vars in 1272 bytes} [Tue Feb 15 11:44:39 2022] GET /volume/v3/9ce433ac50f74e529b961bf0fcacbd8e/groups/detail => generated 14 bytes in 24 msecs (HTTP/1.1 200) 7 headers in 285 bytes (1 switches on core 0)
Feb 15 11:44:39.531466 dv-cinder-773985-26-smb devstack@c-api.service[115983]: /usr/local/lib/python3.8/dist-packages/oslo_context/context.py:105: DeprecationWarning: Policy enforcement is depending on the value of is_admin. This key is deprecated. Please update your policy file to use the standard policy values.
Feb 15 11:44:39.531466 dv-cinder-773985-26-smb devstack@c-api.service[115983]: warnings.warn('Policy enforcement is depending on the value of '
Feb 15 11:44:39.541581 dv-cinder-773985-26-smb devstack@c-api.service[115981]: INFO cinder.api.openstack.wsgi [None req-ebbbffca-ab09-4274-bb8a-f1724e94fc08 tempest-VolumesGetTest-1144505798 tempest-VolumesGetTest-1144505798-project] DELETE http://10.222.0.81/volume/v3/1d5fdc303fe2431ba11cab737de56e39/volumes/061fb245-9a6f-4ab1-9ac1-b72eb045db53
Feb 15 11:44:39.542366 dv-cinder-773985-26-smb devstack@c-api.service[115981]: DEBUG cinder.api.openstack.wsgi [None req-ebbbffca-ab09-4274-bb8a-f1724e94fc08 tempest-VolumesGetTest-1144505798 tempest-VolumesGetTest-1144505798-project] Empty body provided in request {{(pid=115981) get_body /opt/stack/cinder/cinder/api/openstack/wsgi.py:715}}
Feb 15 11:44:39.542791 dv-cinder-773985-26-smb devstack@c-api.service[115983]: WARNING stevedore.named [None req-373d3012-a431-4f64-a7ec-fcd1ceffbf11 tempest-GroupSnapshotsTest-947834563 tempest-GroupSnapshotsTest-947834563-project] Could not load cinder.keymgr.conf_key_mgr.ConfKeyManager
Feb 15 11:44:39.542971 dv-cinder-773985-26-smb devstack@c-api.service[115981]: DEBUG cinder.api.openstack.wsgi [None req-ebbbffca-ab09-4274-bb8a-f1724e94fc08 tempest-VolumesGetTest-1144505798 tempest-VolumesGetTest-1144505798-project] Calling method 'delete' {{(pid=115981) _process_stack /opt/stack/cinder/cinder/api/openstack/wsgi.py:868}}
Feb 15 11:44:39.543376 dv-cinder-773985-26-smb devstack@c-api.service[115983]: WARNING castellan.key_manager [None req-373d3012-a431-4f64-a7ec-fcd1ceffbf11 tempest-GroupSnapshotsTest-947834563 tempest-GroupSnapshotsTest-947834563-project] Deprecation Warning : cinder.keymgr.conf_key_mgr.ConfKeyManager is not a stevedore based driver, trying to load it as a class: stevedore.exception.NoMatches: No 'castellan.drivers' driver found, looking for 'cinder.keymgr.conf_key_mgr.ConfKeyManager'
Feb 15 11:44:39.543539 dv-cinder-773985-26-smb devstack@c-api.service[115981]: INFO cinder.api.v3.volumes [None req-ebbbffca-ab09-4274-bb8a-f1724e94fc08 tempest-VolumesGetTest-1144505798 tempest-VolumesGetTest-1144505798-project] Delete volume with id: 061fb245-9a6f-4ab1-9ac1-b72eb045db53
Feb 15 11:44:39.554448 dv-cinder-773985-26-smb devstack@c-api.service[115983]: DEBUG oslo_db.sqlalchemy.engines [None req-373d3012-a431-4f64-a7ec-fcd1ceffbf11 tempest-GroupSnapshotsTest-947834563 tempest-GroupSnapshotsTest-947834563-project] MySQL server mode set to STRICT_TRANS_TABLES,STRICT_ALL_TABLES,NO_ZERO_IN_DATE,NO_ZERO_DATE,ERROR_FOR_DIVISION_BY_ZERO,TRADITIONAL,NO_ENGINE_SUBSTITUTION {{(pid=115983) _check_effective_sql_mode /usr/local/lib/python3.8/dist-packages/oslo_db/sqlalchemy/engines.py:314}}
Feb 15 11:44:39.559476 dv-cinder-773985-26-smb devstack@c-api.service[115981]: /usr/local/lib/python3.8/dist-packages/oslo_context/context.py:105: DeprecationWarning: Policy enforcement is depending on the value of is_admin. This key is deprecated. Please update your policy file to use the standard policy values.
Feb 15 11:44:39.559476 dv-cinder-773985-26-smb devstack@c-api.service[115981]: warnings.warn('Policy enforcement is depending on the value of '
Feb 15 11:44:39.560801 dv-cinder-773985-26-smb devstack@c-api.service[115981]: INFO cinder.volume.api [None req-ebbbffca-ab09-4274-bb8a-f1724e94fc08 tempest-VolumesGetTest-1144505798 tempest-VolumesGetTest-1144505798-project] Volume info retrieved successfully.
Feb 15 11:44:39.561751 dv-cinder-773985-26-smb devstack@c-api.service[115983]: /usr/local/lib/python3.8/dist-packages/oslo_context/context.py:105: DeprecationWarning: Policy enforcement is depending on the value of is_admin. This key is deprecated. Please update your policy file to use the standard policy values.
Feb 15 11:44:39.561751 dv-cinder-773985-26-smb devstack@c-api.service[115983]: warnings.warn('Policy enforcement is depending on the value of '
Feb 15 11:44:39.580314 dv-cinder-773985-26-smb devstack@c-api.service[115983]: INFO cinder.api.openstack.wsgi [None req-373d3012-a431-4f64-a7ec-fcd1ceffbf11 tempest-GroupSnapshotsTest-947834563 tempest-GroupSnapshotsTest-947834563-project] http://10.222.0.81/volume/v3/42e5d072c7b94a73873ec8ce2a2ce9e6/volumes/detail returned with HTTP 200
