Feb 15 11:44:48.837813 dv-cinder-773985-26-smb devstack@c-api.service[115981]: INFO cinder.api.openstack.wsgi [None req-e72269c1-8b60-464a-a7f4-14b39d37c4ad tempest-AttachVolumeNegativeTest-2123949702 tempest-AttachVolumeNegativeTest-2123949702-project] GET http://10.222.0.81/volume/v3/5cefa1dec1d1467f872145b99eb5d02f/volumes/10c452c0-6c02-4925-94c2-54a46520f57f
Feb 15 11:44:48.838309 dv-cinder-773985-26-smb devstack@c-api.service[115981]: DEBUG cinder.api.openstack.wsgi [None req-e72269c1-8b60-464a-a7f4-14b39d37c4ad tempest-AttachVolumeNegativeTest-2123949702 tempest-AttachVolumeNegativeTest-2123949702-project] Empty body provided in request {{(pid=115981) get_body /opt/stack/cinder/cinder/api/openstack/wsgi.py:715}}
Feb 15 11:44:48.838824 dv-cinder-773985-26-smb devstack@c-api.service[115981]: DEBUG cinder.api.openstack.wsgi [None req-e72269c1-8b60-464a-a7f4-14b39d37c4ad tempest-AttachVolumeNegativeTest-2123949702 tempest-AttachVolumeNegativeTest-2123949702-project] Calling method 'show' {{(pid=115981) _process_stack /opt/stack/cinder/cinder/api/openstack/wsgi.py:868}}
Feb 15 11:44:48.851697 dv-cinder-773985-26-smb devstack@c-api.service[115983]: WARNING cinder.quota [None req-a2eb180d-a76d-461b-a488-c7d3f422d2cd tempest-VolumeTypesTest-1826262178 tempest-VolumeTypesTest-1826262178-project] Deprecated: Default quota for resource: volumes_tempest-VolumeTypesTest-volume-type-151906632 is set by the default quota flag: quota_volumes_tempest-VolumeTypesTest-volume-type-151906632, it is now deprecated. Please use the default quota class for default quota.
Feb 15 11:44:48.853698 dv-cinder-773985-26-smb devstack@c-api.service[115983]: WARNING cinder.quota [None req-a2eb180d-a76d-461b-a488-c7d3f422d2cd tempest-VolumeTypesTest-1826262178 tempest-VolumeTypesTest-1826262178-project] Deprecated: Default quota for resource: gigabytes_tempest-VolumeTypesTest-volume-type-151906632 is set by the default quota flag: quota_gigabytes_tempest-VolumeTypesTest-volume-type-151906632, it is now deprecated. Please use the default quota class for default quota.
Feb 15 11:44:48.867953 dv-cinder-773985-26-smb devstack@c-api.service[115981]: /usr/local/lib/python3.8/dist-packages/oslo_context/context.py:105: DeprecationWarning: Policy enforcement is depending on the value of is_admin. This key is deprecated. Please update your policy file to use the standard policy values.
Feb 15 11:44:48.867953 dv-cinder-773985-26-smb devstack@c-api.service[115981]: warnings.warn('Policy enforcement is depending on the value of '
Feb 15 11:44:48.898738 dv-cinder-773985-26-smb devstack@c-api.service[115981]: INFO cinder.volume.api [None req-e72269c1-8b60-464a-a7f4-14b39d37c4ad tempest-AttachVolumeNegativeTest-2123949702 tempest-AttachVolumeNegativeTest-2123949702-project] Volume info retrieved successfully.
Feb 15 11:44:48.916822 dv-cinder-773985-26-smb devstack@c-api.service[115981]: INFO cinder.api.openstack.wsgi [None req-e72269c1-8b60-464a-a7f4-14b39d37c4ad tempest-AttachVolumeNegativeTest-2123949702 tempest-AttachVolumeNegativeTest-2123949702-project] http://10.222.0.81/volume/v3/5cefa1dec1d1467f872145b99eb5d02f/volumes/10c452c0-6c02-4925-94c2-54a46520f57f returned with HTTP 200
Feb 15 11:44:48.918590 dv-cinder-773985-26-smb devstack@c-api.service[115981]: [pid: 115981|app: 0|req: 226/433] 10.222.0.81 () {58 vars in 1324 bytes} [Tue Feb 15 11:44:48 2022] GET /volume/v3/5cefa1dec1d1467f872145b99eb5d02f/volumes/10c452c0-6c02-4925-94c2-54a46520f57f => generated 917 bytes in 96 msecs (HTTP/1.1 200) 7 headers in 285 bytes (1 switches on core 0)
Feb 15 11:44:48.926262 dv-cinder-773985-26-smb devstack@c-api.service[115981]: INFO cinder.api.openstack.wsgi [None req-24475580-7d12-4763-96b5-b9f94dd9cb88 tempest-GroupSnapshotsTest-947834563 tempest-GroupSnapshotsTest-947834563-project] GET http://10.222.0.81/volume/v3/42e5d072c7b94a73873ec8ce2a2ce9e6/snapshots/detail
Feb 15 11:44:48.928683 dv-cinder-773985-26-smb devstack@c-api.service[115981]: DEBUG cinder.api.openstack.wsgi [None req-24475580-7d12-4763-96b5-b9f94dd9cb88 tempest-GroupSnapshotsTest-947834563 tempest-GroupSnapshotsTest-947834563-project] Empty body provided in request {{(pid=115981) get_body /opt/stack/cinder/cinder/api/openstack/wsgi.py:715}}
Feb 15 11:44:48.928844 dv-cinder-773985-26-smb devstack@c-api.service[115981]: DEBUG cinder.api.openstack.wsgi [None req-24475580-7d12-4763-96b5-b9f94dd9cb88 tempest-GroupSnapshotsTest-947834563 tempest-GroupSnapshotsTest-947834563-project] Calling method 'detail' {{(pid=115981) _process_stack /opt/stack/cinder/cinder/api/openstack/wsgi.py:868}}
Feb 15 11:44:48.929727 dv-cinder-773985-26-smb devstack@c-api.service[115981]: DEBUG cinder.api.api_utils [None req-24475580-7d12-4763-96b5-b9f94dd9cb88 tempest-GroupSnapshotsTest-947834563 tempest-GroupSnapshotsTest-947834563-project] Removing options '' from query. {{(pid=115981) remove_invalid_filter_options /opt/stack/cinder/cinder/api/api_utils.py:73}}
Feb 15 11:44:48.933931 dv-cinder-773985-26-smb devstack@c-api.service[115981]: DEBUG cinder.db.sqlalchemy.api [None req-24475580-7d12-4763-96b5-b9f94dd9cb88 tempest-GroupSnapshotsTest-947834563 tempest-GroupSnapshotsTest-947834563-project] Building query based on filter {{(pid=115981) _process_snaps_filters /opt/stack/cinder/cinder/db/sqlalchemy/api.py:3156}}
Feb 15 11:44:48.950965 dv-cinder-773985-26-smb devstack@c-api.service[115981]: INFO cinder.volume.api [None req-24475580-7d12-4763-96b5-b9f94dd9cb88 tempest-GroupSnapshotsTest-947834563 tempest-GroupSnapshotsTest-947834563-project] Get all snapshots completed successfully.
Feb 15 11:44:48.954857 dv-cinder-773985-26-smb devstack@c-api.service[115981]: INFO cinder.api.openstack.wsgi [None req-24475580-7d12-4763-96b5-b9f94dd9cb88 tempest-GroupSnapshotsTest-947834563 tempest-GroupSnapshotsTest-947834563-project] http://10.222.0.81/volume/v3/42e5d072c7b94a73873ec8ce2a2ce9e6/snapshots/detail returned with HTTP 200
Feb 15 11:44:48.955777 dv-cinder-773985-26-smb devstack@c-api.service[115981]: [pid: 115981|app: 0|req: 227/434] 10.222.0.81 () {58 vars in 1240 bytes} [Tue Feb 15 11:44:48 2022] GET /volume/v3/42e5d072c7b94a73873ec8ce2a2ce9e6/snapshots/detail => generated 17 bytes in 36 msecs (HTTP/1.1 200) 7 headers in 284 bytes (1 switches on core 0)
Feb 15 11:44:48.970535 dv-cinder-773985-26-smb devstack@c-api.service[115981]: INFO cinder.api.openstack.wsgi [None req-6345e312-1639-4627-9772-c9dd2c09c10d tempest-GroupSnapshotsTest-947834563 tempest-GroupSnapshotsTest-947834563-project] GET http://10.222.0.81/volume/v3/42e5d072c7b94a73873ec8ce2a2ce9e6/group_snapshots/ec2f1ad2-e0ec-45a4-b77a-5bdf9e55a56b
Feb 15 11:44:48.971843 dv-cinder-773985-26-smb devstack@c-api.service[115981]: DEBUG cinder.api.openstack.wsgi [None req-6345e312-1639-4627-9772-c9dd2c09c10d tempest-GroupSnapshotsTest-947834563 tempest-GroupSnapshotsTest-947834563-project] Empty body provided in request {{(pid=115981) get_body /opt/stack/cinder/cinder/api/openstack/wsgi.py:715}}
Feb 15 11:44:48.972763 dv-cinder-773985-26-smb devstack@c-api.service[115981]: DEBUG cinder.api.openstack.wsgi [None req-6345e312-1639-4627-9772-c9dd2c09c10d tempest-GroupSnapshotsTest-947834563 tempest-GroupSnapshotsTest-947834563-project] Calling method 'version_select' {{(pid=115981) _process_stack /opt/stack/cinder/cinder/api/openstack/wsgi.py:868}}
Feb 15 11:44:48.974221 dv-cinder-773985-26-smb devstack@c-api.service[115981]: DEBUG cinder.api.v3.group_snapshots [None req-6345e312-1639-4627-9772-c9dd2c09c10d tempest-GroupSnapshotsTest-947834563 tempest-GroupSnapshotsTest-947834563-project] show called for member ec2f1ad2-e0ec-45a4-b77a-5bdf9e55a56b {{(pid=115981) show /opt/stack/cinder/cinder/api/v3/group_snapshots.py:58}}
Feb 15 11:44:48.988235 dv-cinder-773985-26-smb devstack@c-api.service[115981]: /usr/local/lib/python3.8/dist-packages/oslo_context/context.py:105: DeprecationWarning: Policy enforcement is depending on the value of is_admin. This key is deprecated. Please update your policy file to use the standard policy values.
Feb 15 11:44:48.988235 dv-cinder-773985-26-smb devstack@c-api.service[115981]: warnings.warn('Policy enforcement is depending on the value of '
Feb 15 11:44:49.003783 dv-cinder-773985-26-smb devstack@c-api.service[115981]: INFO cinder.api.openstack.wsgi [None req-6345e312-1639-4627-9772-c9dd2c09c10d tempest-GroupSnapshotsTest-947834563 tempest-GroupSnapshotsTest-947834563-project] http://10.222.0.81/volume/v3/42e5d072c7b94a73873ec8ce2a2ce9e6/group_snapshots/ec2f1ad2-e0ec-45a4-b77a-5bdf9e55a56b returned with HTTP 200
Feb 15 11:44:49.006390 dv-cinder-773985-26-smb devstack@c-api.service[115981]: [pid: 115981|app: 0|req: 228/435] 10.222.0.81 () {60 vars in 1389 bytes} [Tue Feb 15 11:44:48 2022] GET /volume/v3/42e5d072c7b94a73873ec8ce2a2ce9e6/group_snapshots/ec2f1ad2-e0ec-45a4-b77a-5bdf9e55a56b => generated 305 bytes in 44 msecs (HTTP/1.1 200) 7 headers in 286 bytes (1 switches on core 0)
Feb 15 11:44:49.016382 dv-cinder-773985-26-smb devstack@c-api.service[115983]: DEBUG cinder.quota [None req-a2eb180d-a76d-461b-a488-c7d3f422d2cd tempest-VolumeTypesTest-1826262178 tempest-VolumeTypesTest-1826262178-project] Created reservations ['341aa332-3f17-4ee2-87d4-7f2ed14d42aa', 'cffc046a-1145-456c-a2c5-0f3830e8e107', '322207a5-159d-4ac6-83d4-c4610474a87e', 'd6f215a6-cf1d-4984-aa69-718d90e904be'] {{(pid=115983) reserve /opt/stack/cinder/cinder/quota.py:755}}
Feb 15 11:44:49.021661 dv-cinder-773985-26-smb devstack@c-api.service[115983]: DEBUG cinder.volume.api [None req-a2eb180d-a76d-461b-a488-c7d3f422d2cd tempest-VolumeTypesTest-1826262178 tempest-VolumeTypesTest-1826262178-project] Task 'cinder.volume.flows.api.create_volume.QuotaReserveTask;volume:create' (38dbc4be-1996-4cae-bbd2-849caa6f4b69) transitioned into state 'SUCCESS' from state 'RUNNING' with result '{'reservations': ['341aa332-3f17-4ee2-87d4-7f2ed14d42aa', 'cffc046a-1145-456c-a2c5-0f3830e8e107', '322207a5-159d-4ac6-83d4-c4610474a87e', 'd6f215a6-cf1d-4984-aa69-718d90e904be']}' {{(pid=115983) _task_receiver /usr/local/lib/python3.8/dist-packages/taskflow/listeners/logging.py:178}}
Feb 15 11:44:49.027044 dv-cinder-773985-26-smb devstack@c-api.service[115983]: DEBUG cinder.volume.api [None req-a2eb180d-a76d-461b-a488-c7d3f422d2cd tempest-VolumeTypesTest-1826262178 tempest-VolumeTypesTest-1826262178-project] Task 'cinder.volume.flows.api.create_volume.EntryCreateTask;volume:create' (74b0f57c-611b-4449-a026-70ce338f7b36) transitioned into state 'RUNNING' from state 'PENDING' {{(pid=115983) _task_receiver /usr/local/lib/python3.8/dist-packages/taskflow/listeners/logging.py:190}}
Feb 15 11:44:49.120725 dv-cinder-773985-26-smb devstack@c-api.service[115983]: DEBUG cinder.volume.api [None req-a2eb180d-a76d-461b-a488-c7d3f422d2cd tempest-VolumeTypesTest-1826262178 tempest-VolumeTypesTest-1826262178-project] Task 'cinder.volume.flows.api.create_volume.EntryCreateTask;volume:create' (74b0f57c-611b-4449-a026-70ce338f7b36) transitioned into state 'SUCCESS' from state 'RUNNING' with result '{'volume_id': 'cd822ff4-1e1c-437f-b8f3-92d22d1b3435', 'volume_properties': VolumeProperties(attach_status='detached',availability_zone='nova',cgsnapshot_id=None,consistencygroup_id=None,display_description=None,display_name='tempest-VolumeTypesTest-volume-1321950220',encryption_key_id=None,group_id=None,group_type_id=,metadata={},multiattach=False,project_id='fd5322f4072e4bd1aad52bf1d2d15fea',qos_specs=None,replication_status=,reservations=['341aa332-3f17-4ee2-87d4-7f2ed14d42aa','cffc046a-1145-456c-a2c5-0f3830e8e107','322207a5-159d-4ac6-83d4-c4610474a87e','d6f215a6-cf1d-4984-aa69-718d90e904be'],size=1,snapshot_id=None,source_replicaid=,source_volid=None,status='creating',user_id='d71af099f5a64a07ae2b01216483d435',volume_type_id=b3485f5d-7c8b-487f-8f8e-2836cf66626d), 'volume': Volume(_name_id=None,admin_metadata=,attach_status='detached',availability_zone='nova',bootable=False,cluster=,cluster_name=None,consistencygroup=,consistencygroup_id=None,created_at=2022-02-15T11:44:49Z,deleted=False,deleted_at=None,display_description=None,display_name='tempest-VolumeTypesTest-volume-1321950220',ec2_id=None,encryption_key_id=None,glance_metadata=,group=,group_id=None,host=None,id=cd822ff4-1e1c-437f-b8f3-92d22d1b3435,launched_at=None,metadata={},migration_status=None,multiattach=False,previous_status=None,project_id='fd5322f4072e4bd1aad52bf1d2d15fea',provider_auth=None,provider_geometry=None,provider_id=None,provider_location=None,replication_driver_data=None,replication_extended_status=None,replication_status=None,scheduled_at=None,service_uuid=None,shared_targets=True,size=1,snapshot_id=None,snapshots=,source_volid=None,status='creating',terminated_at=None,updated_at=None,use_quota=True,user_id='d71af099f5a64a07ae2b01216483d435',volume_attachment=VolumeAttachmentList,volume_type=VolumeType(b3485f5d-7c8b-487f-8f8e-2836cf66626d),volume_type_id=b3485f5d-7c8b-487f-8f8e-2836cf66626d)}' {{(pid=115983) _task_receiver /usr/local/lib/python3.8/dist-packages/taskflow/listeners/logging.py:178}}
Feb 15 11:44:49.126731 dv-cinder-773985-26-smb devstack@c-api.service[115983]: DEBUG cinder.volume.api [None req-a2eb180d-a76d-461b-a488-c7d3f422d2cd tempest-VolumeTypesTest-1826262178 tempest-VolumeTypesTest-1826262178-project] Task 'cinder.volume.flows.api.create_volume.QuotaCommitTask;volume:create' (f72be7b0-9bf0-447f-8935-6958fee1993a) transitioned into state 'RUNNING' from state 'PENDING' {{(pid=115983) _task_receiver /usr/local/lib/python3.8/dist-packages/taskflow/listeners/logging.py:190}}
Feb 15 11:44:49.194875 dv-cinder-773985-26-smb devstack@c-api.service[115983]: DEBUG cinder.volume.api [None req-a2eb180d-a76d-461b-a488-c7d3f422d2cd tempest-VolumeTypesTest-1826262178 tempest-VolumeTypesTest-1826262178-project] Task 'cinder.volume.flows.api.create_volume.QuotaCommitTask;volume:create' (f72be7b0-9bf0-447f-8935-6958fee1993a) transitioned into state 'SUCCESS' from state 'RUNNING' with result '{'volume_properties': VolumeProperties(attach_status='detached',availability_zone='nova',cgsnapshot_id=None,consistencygroup_id=None,display_description=None,display_name='tempest-VolumeTypesTest-volume-1321950220',encryption_key_id=None,group_id=None,group_type_id=,metadata={},multiattach=False,project_id='fd5322f4072e4bd1aad52bf1d2d15fea',qos_specs=None,replication_status=,reservations=['341aa332-3f17-4ee2-87d4-7f2ed14d42aa','cffc046a-1145-456c-a2c5-0f3830e8e107','322207a5-159d-4ac6-83d4-c4610474a87e','d6f215a6-cf1d-4984-aa69-718d90e904be'],size=1,snapshot_id=None,source_replicaid=,source_volid=None,status='creating',user_id='d71af099f5a64a07ae2b01216483d435',volume_type_id=b3485f5d-7c8b-487f-8f8e-2836cf66626d)}' {{(pid=115983) _task_receiver /usr/local/lib/python3.8/dist-packages/taskflow/listeners/logging.py:178}}
Feb 15 11:44:49.199652 dv-cinder-773985-26-smb devstack@c-api.service[115983]: DEBUG cinder.volume.api [None req-a2eb180d-a76d-461b-a488-c7d3f422d2cd tempest-VolumeTypesTest-1826262178 tempest-VolumeTypesTest-1826262178-project] Task 'cinder.volume.flows.api.create_volume.VolumeCastTask;volume:create' (c543f7aa-bf49-4491-877d-3b56bfd02743) transitioned into state 'RUNNING' from state 'PENDING' {{(pid=115983) _task_receiver /usr/local/lib/python3.8/dist-packages/taskflow/listeners/logging.py:190}}
Feb 15 11:44:49.252314 dv-cinder-773985-26-smb devstack@c-api.service[115983]: DEBUG cinder.volume.api [None req-a2eb180d-a76d-461b-a488-c7d3f422d2cd tempest-VolumeTypesTest-1826262178 tempest-VolumeTypesTest-1826262178-project] Task 'cinder.volume.flows.api.create_volume.VolumeCastTask;volume:create' (c543f7aa-bf49-4491-877d-3b56bfd02743) transitioned into state 'SUCCESS' from state 'RUNNING' with result 'None' {{(pid=115983) _task_receiver /usr/local/lib/python3.8/dist-packages/taskflow/listeners/logging.py:178}}
Feb 15 11:44:49.266359 dv-cinder-773985-26-smb devstack@c-api.service[115983]: DEBUG cinder.volume.api [None req-a2eb180d-a76d-461b-a488-c7d3f422d2cd tempest-VolumeTypesTest-1826262178 tempest-VolumeTypesTest-1826262178-project] Flow 'volume_create_api' (f2445d42-449a-46ff-88a4-6f3c6b1a00d9) transitioned into state 'SUCCESS' from state 'RUNNING' {{(pid=115983) _flow_receiver /usr/local/lib/python3.8/dist-packages/taskflow/listeners/logging.py:141}}
Feb 15 11:44:49.267576 dv-cinder-773985-26-smb devstack@c-api.service[115983]: INFO cinder.volume.api [None req-a2eb180d-a76d-461b-a488-c7d3f422d2cd tempest-VolumeTypesTest-1826262178 tempest-VolumeTypesTest-1826262178-project] Create volume request issued successfully.
Feb 15 11:44:49.270911 dv-cinder-773985-26-smb devstack@c-api.service[115983]: INFO cinder.api.openstack.wsgi [None req-a2eb180d-a76d-461b-a488-c7d3f422d2cd tempest-VolumeTypesTest-1826262178 tempest-VolumeTypesTest-1826262178-project] http://10.222.0.81/volume/v3/fd5322f4072e4bd1aad52bf1d2d15fea/volumes returned with HTTP 202
Feb 15 11:44:49.275446 dv-cinder-773985-26-smb devstack@c-api.service[115983]: [pid: 115983|app: 0|req: 208/436] 10.222.0.81 () {60 vars in 1235 bytes} [Tue Feb 15 11:44:48 2022] POST /volume/v3/fd5322f4072e4bd1aad52bf1d2d15fea/volumes => generated 849 bytes in 889 msecs (HTTP/1.1 202) 7 headers in 291 bytes (1 switches on core 0)
Feb 15 11:44:49.300918 dv-cinder-773985-26-smb devstack@c-api.service[115981]: INFO cinder.api.openstack.wsgi [None req-b39e0fc5-1a15-4092-b2d9-669fa47861fd tempest-VolumeTypesTest-1826262178 tempest-VolumeTypesTest-1826262178-project] GET http://10.222.0.81/volume/v3/fd5322f4072e4bd1aad52bf1d2d15fea/volumes/cd822ff4-1e1c-437f-b8f3-92d22d1b3435
Feb 15 11:44:49.304615 dv-cinder-773985-26-smb devstack@c-api.service[115981]: DEBUG cinder.api.openstack.wsgi [None req-b39e0fc5-1a15-4092-b2d9-669fa47861fd tempest-VolumeTypesTest-1826262178 tempest-VolumeTypesTest-1826262178-project] Empty body provided in request {{(pid=115981) get_body /opt/stack/cinder/cinder/api/openstack/wsgi.py:715}}
Feb 15 11:44:49.305512 dv-cinder-773985-26-smb devstack@c-api.service[115981]: DEBUG cinder.api.openstack.wsgi [None req-b39e0fc5-1a15-4092-b2d9-669fa47861fd tempest-VolumeTypesTest-1826262178 tempest-VolumeTypesTest-1826262178-project] Calling method 'show' {{(pid=115981) _process_stack /opt/stack/cinder/cinder/api/openstack/wsgi.py:868}}
Feb 15 11:44:49.370103 dv-cinder-773985-26-smb devstack@c-api.service[115981]: /usr/local/lib/python3.8/dist-packages/oslo_context/context.py:105: DeprecationWarning: Policy enforcement is depending on the value of is_admin. This key is deprecated. Please update your policy file to use the standard policy values.
Feb 15 11:44:49.370103 dv-cinder-773985-26-smb devstack@c-api.service[115981]: warnings.warn('Policy enforcement is depending on the value of '
Feb 15 11:44:49.387868 dv-cinder-773985-26-smb devstack@c-api.service[115981]: INFO cinder.volume.api [None req-b39e0fc5-1a15-4092-b2d9-669fa47861fd tempest-VolumeTypesTest-1826262178 tempest-VolumeTypesTest-1826262178-project] Volume info retrieved successfully.
Feb 15 11:44:49.402453 dv-cinder-773985-26-smb devstack@c-api.service[115981]: INFO cinder.api.openstack.wsgi [None req-b39e0fc5-1a15-4092-b2d9-669fa47861fd tempest-VolumeTypesTest-1826262178 tempest-VolumeTypesTest-1826262178-project] http://10.222.0.81/volume/v3/fd5322f4072e4bd1aad52bf1d2d15fea/volumes/cd822ff4-1e1c-437f-b8f3-92d22d1b3435 returned with HTTP 200
Feb 15 11:44:49.404056 dv-cinder-773985-26-smb devstack@c-api.service[115981]: [pid: 115981|app: 0|req: 229/437] 10.222.0.81 () {58 vars in 1324 bytes} [Tue Feb 15 11:44:49 2022] GET /volume/v3/fd5322f4072e4bd1aad52bf1d2d15fea/volumes/cd822ff4-1e1c-437f-b8f3-92d22d1b3435 => generated 917 bytes in 110 msecs (HTTP/1.1 200) 7 headers in 285 bytes (1 switches on core 0)
Feb 15 11:44:49.628326 dv-cinder-773985-26-smb devstack@c-api.service[115983]: INFO cinder.api.openstack.wsgi [None req-39e3334b-60be-4830-a9ed-f99217239d12 tempest-GroupsTest-401286261 tempest-GroupsTest-401286261-project] GET http://10.222.0.81/volume/v3/9ce433ac50f74e529b961bf0fcacbd8e/volumes/a0bfdf1e-6813-41ea-a594-ef480c01e273
Feb 15 11:44:49.629531 dv-cinder-773985-26-smb devstack@c-api.service[115983]: DEBUG cinder.api.openstack.wsgi [None req-39e3334b-60be-4830-a9ed-f99217239d12 tempest-GroupsTest-401286261 tempest-GroupsTest-401286261-project] Empty body provided in request {{(pid=115983) get_body /opt/stack/cinder/cinder/api/openstack/wsgi.py:715}}
Feb 15 11:44:49.631076 dv-cinder-773985-26-smb devstack@c-api.service[115983]: DEBUG cinder.api.openstack.wsgi [None req-39e3334b-60be-4830-a9ed-f99217239d12 tempest-GroupsTest-401286261 tempest-GroupsTest-401286261-project] Calling method 'show' {{(pid=115983) _process_stack /opt/stack/cinder/cinder/api/openstack/wsgi.py:868}}
Feb 15 11:44:49.651081 dv-cinder-773985-26-smb devstack@c-api.service[115983]: INFO cinder.api.openstack.wsgi [None req-39e3334b-60be-4830-a9ed-f99217239d12 tempest-GroupsTest-401286261 tempest-GroupsTest-401286261-project] http://10.222.0.81/volume/v3/9ce433ac50f74e529b961bf0fcacbd8e/volumes/a0bfdf1e-6813-41ea-a594-ef480c01e273 returned with HTTP 404
Feb 15 11:44:49.655741 dv-cinder-773985-26-smb devstack@c-api.service[115983]: [pid: 115983|app: 0|req: 209/438] 10.222.0.81 () {60 vars in 1365 bytes} [Tue Feb 15 11:44:49 2022] GET /volume/v3/9ce433ac50f74e529b961bf0fcacbd8e/volumes/a0bfdf1e-6813-41ea-a594-ef480c01e273 => generated 109 bytes in 36 msecs (HTTP/1.1 404) 7 headers in 293 bytes (1 switches on core 0)
Feb 15 11:44:49.663642 dv-cinder-773985-26-smb devstack@c-api.service[115981]: INFO cinder.api.openstack.wsgi [None req-ee9f93d8-78a0-41d8-81cb-2eefdfee3a8a tempest-GroupsTest-401286261 tempest-GroupsTest-401286261-project] GET http://10.222.0.81/volume/v3/9ce433ac50f74e529b961bf0fcacbd8e/volumes/61e0a360-49bf-4cc2-bba2-33d5a8f5dc40
Feb 15 11:44:49.664949 dv-cinder-773985-26-smb devstack@c-api.service[115981]: DEBUG cinder.api.openstack.wsgi [None req-ee9f93d8-78a0-41d8-81cb-2eefdfee3a8a tempest-GroupsTest-401286261 tempest-GroupsTest-401286261-project] Empty body provided in request {{(pid=115981) get_body /opt/stack/cinder/cinder/api/openstack/wsgi.py:715}}
Feb 15 11:44:49.666142 dv-cinder-773985-26-smb devstack@c-api.service[115981]: DEBUG cinder.api.openstack.wsgi [None req-ee9f93d8-78a0-41d8-81cb-2eefdfee3a8a tempest-GroupsTest-401286261 tempest-GroupsTest-401286261-project] Calling method 'show' {{(pid=115981) _process_stack /opt/stack/cinder/cinder/api/openstack/wsgi.py:868}}
Feb 15 11:44:49.700807 dv-cinder-773985-26-smb devstack@c-api.service[115983]: INFO cinder.api.openstack.wsgi [None req-a9d26186-a8f3-4c2f-96d0-6d2cdfecf4d4 tempest-VolumesGetTest-1144505798 tempest-VolumesGetTest-1144505798-project] GET http://10.222.0.81/volume/v3/1d5fdc303fe2431ba11cab737de56e39/volumes/87278b31-4d0a-40c0-a30b-6a8edc74fb77
Feb 15 11:44:49.701902 dv-cinder-773985-26-smb devstack@c-api.service[115983]: DEBUG cinder.api.openstack.wsgi [None req-a9d26186-a8f3-4c2f-96d0-6d2cdfecf4d4 tempest-VolumesGetTest-1144505798 tempest-VolumesGetTest-1144505798-project] Empty body provided in request {{(pid=115983) get_body /opt/stack/cinder/cinder/api/openstack/wsgi.py:715}}
Feb 15 11:44:49.702865 dv-cinder-773985-26-smb devstack@c-api.service[115983]: DEBUG cinder.api.openstack.wsgi [None req-a9d26186-a8f3-4c2f-96d0-6d2cdfecf4d4 tempest-VolumesGetTest-1144505798 tempest-VolumesGetTest-1144505798-project] Calling method 'show' {{(pid=115983) _process_stack /opt/stack/cinder/cinder/api/openstack/wsgi.py:868}}
Feb 15 11:44:49.715607 dv-cinder-773985-26-smb devstack@c-api.service[115981]: INFO cinder.api.openstack.wsgi [None req-ee9f93d8-78a0-41d8-81cb-2eefdfee3a8a tempest-GroupsTest-401286261 tempest-GroupsTest-401286261-project] http://10.222.0.81/volume/v3/9ce433ac50f74e529b961bf0fcacbd8e/volumes/61e0a360-49bf-4cc2-bba2-33d5a8f5dc40 returned with HTTP 404
Feb 15 11:44:49.718132 dv-cinder-773985-26-smb devstack@c-api.service[115981]: [pid: 115981|app: 0|req: 230/439] 10.222.0.81 () {60 vars in 1365 bytes} [Tue Feb 15 11:44:49 2022] GET /volume/v3/9ce433ac50f74e529b961bf0fcacbd8e/volumes/61e0a360-49bf-4cc2-bba2-33d5a8f5dc40 => generated 109 bytes in 62 msecs (HTTP/1.1 404) 7 headers in 293 bytes (2 switches on core 0)
Feb 15 11:44:49.740058 dv-cinder-773985-26-smb devstack@c-api.service[115981]: INFO cinder.api.openstack.wsgi [None req-d40b76ce-5eab-4af8-991f-ce845dcccde5 tempest-GroupsTest-401286261 tempest-GroupsTest-401286261-project] GET http://10.222.0.81/volume/v3/9ce433ac50f74e529b961bf0fcacbd8e/groups/7c7637c8-9ee3-4ffc-8c3d-ccefdf144a85
Feb 15 11:44:49.741399 dv-cinder-773985-26-smb devstack@c-api.service[115981]: DEBUG cinder.api.openstack.wsgi [None req-d40b76ce-5eab-4af8-991f-ce845dcccde5 tempest-GroupsTest-401286261 tempest-GroupsTest-401286261-project] Empty body provided in request {{(pid=115981) get_body /opt/stack/cinder/cinder/api/openstack/wsgi.py:715}}
Feb 15 11:44:49.742478 dv-cinder-773985-26-smb devstack@c-api.service[115981]: DEBUG cinder.api.openstack.wsgi [None req-d40b76ce-5eab-4af8-991f-ce845dcccde5 tempest-GroupsTest-401286261 tempest-GroupsTest-401286261-project] Calling method 'version_select' {{(pid=115981) _process_stack /opt/stack/cinder/cinder/api/openstack/wsgi.py:868}}
Feb 15 11:44:49.743230 dv-cinder-773985-26-smb devstack@c-api.service[115981]: DEBUG cinder.api.v3.groups [None req-d40b76ce-5eab-4af8-991f-ce845dcccde5 tempest-GroupsTest-401286261 tempest-GroupsTest-401286261-project] show called for member 7c7637c8-9ee3-4ffc-8c3d-ccefdf144a85 {{(pid=115981) show /opt/stack/cinder/cinder/api/v3/groups.py:58}}
Feb 15 11:44:49.743624 dv-cinder-773985-26-smb devstack@c-api.service[115983]: /usr/local/lib/python3.8/dist-packages/oslo_context/context.py:105: DeprecationWarning: Policy enforcement is depending on the value of is_admin. This key is deprecated. Please update your policy file to use the standard policy values.
Feb 15 11:44:49.743624 dv-cinder-773985-26-smb devstack@c-api.service[115983]: warnings.warn('Policy enforcement is depending on the value of '
Feb 15 11:44:49.753384 dv-cinder-773985-26-smb devstack@c-api.service[115981]: INFO cinder.api.openstack.wsgi [None req-d40b76ce-5eab-4af8-991f-ce845dcccde5 tempest-GroupsTest-401286261 tempest-GroupsTest-401286261-project] http://10.222.0.81/volume/v3/9ce433ac50f74e529b961bf0fcacbd8e/groups/7c7637c8-9ee3-4ffc-8c3d-ccefdf144a85 returned with HTTP 404
Feb 15 11:44:49.756294 dv-cinder-773985-26-smb devstack@c-api.service[115981]: [pid: 115981|app: 0|req: 231/440] 10.222.0.81 () {60 vars in 1362 bytes} [Tue Feb 15 11:44:49 2022] GET /volume/v3/9ce433ac50f74e529b961bf0fcacbd8e/groups/7c7637c8-9ee3-4ffc-8c3d-ccefdf144a85 => generated 108 bytes in 35 msecs (HTTP/1.1 404) 7 headers in 293 bytes (2 switches on core 0)
Feb 15 11:44:49.771383 dv-cinder-773985-26-smb devstack@c-api.service[115983]: INFO cinder.volume.api [None req-a9d26186-a8f3-4c2f-96d0-6d2cdfecf4d4 tempest-VolumesGetTest-1144505798 tempest-VolumesGetTest-1144505798-project] Volume info retrieved successfully.
Feb 15 11:44:49.772878 dv-cinder-773985-26-smb devstack@c-api.service[115981]: INFO cinder.api.openstack.wsgi [None req-efe57fc3-2801-4433-aeed-d04fccccb6e7 tempest-GroupsTest-1305766632 tempest-GroupsTest-1305766632-project-admin] DELETE http://10.222.0.81/volume/v3/7f3e94d2931347c3b89142404c68c04e/group_types/5cdb3cd0-79c7-4f9f-a194-df6e08b7c6a6
Feb 15 11:44:49.776408 dv-cinder-773985-26-smb devstack@c-api.service[115981]: DEBUG cinder.api.openstack.wsgi [None req-efe57fc3-2801-4433-aeed-d04fccccb6e7 tempest-GroupsTest-1305766632 tempest-GroupsTest-1305766632-project-admin] Empty body provided in request {{(pid=115981) get_body /opt/stack/cinder/cinder/api/openstack/wsgi.py:715}}
Feb 15 11:44:49.777427 dv-cinder-773985-26-smb devstack@c-api.service[115981]: DEBUG cinder.api.openstack.wsgi [None req-efe57fc3-2801-4433-aeed-d04fccccb6e7 tempest-GroupsTest-1305766632 tempest-GroupsTest-1305766632-project-admin] Calling method 'version_select' {{(pid=115981) _process_stack /opt/stack/cinder/cinder/api/openstack/wsgi.py:868}}
Feb 15 11:44:49.786931 dv-cinder-773985-26-smb devstack@c-api.service[115983]: INFO cinder.api.openstack.wsgi [None req-a9d26186-a8f3-4c2f-96d0-6d2cdfecf4d4 tempest-VolumesGetTest-1144505798 tempest-VolumesGetTest-1144505798-project] http://10.222.0.81/volume/v3/1d5fdc303fe2431ba11cab737de56e39/volumes/87278b31-4d0a-40c0-a30b-6a8edc74fb77 returned with HTTP 200
Feb 15 11:44:49.801823 dv-cinder-773985-26-smb devstack@c-api.service[115983]: [pid: 115983|app: 0|req: 210/441] 10.222.0.81 () {58 vars in 1324 bytes} [Tue Feb 15 11:44:49 2022] GET /volume/v3/1d5fdc303fe2431ba11cab737de56e39/volumes/87278b31-4d0a-40c0-a30b-6a8edc74fb77 => generated 920 bytes in 102 msecs (HTTP/1.1 200) 7 headers in 285 bytes (2 switches on core 0)
Feb 15 11:44:49.843631 dv-cinder-773985-26-smb devstack@c-api.service[115981]: INFO cinder.api.openstack.wsgi [None req-efe57fc3-2801-4433-aeed-d04fccccb6e7 tempest-GroupsTest-1305766632 tempest-GroupsTest-1305766632-project-admin] http://10.222.0.81/volume/v3/7f3e94d2931347c3b89142404c68c04e/group_types/5cdb3cd0-79c7-4f9f-a194-df6e08b7c6a6 returned with HTTP 202
Feb 15 11:44:49.845283 dv-cinder-773985-26-smb devstack@c-api.service[115981]: [pid: 115981|app: 0|req: 232/442] 10.222.0.81 () {60 vars in 1380 bytes} [Tue Feb 15 11:44:49 2022] DELETE /volume/v3/7f3e94d2931347c3b89142404c68c04e/group_types/5cdb3cd0-79c7-4f9f-a194-df6e08b7c6a6 => generated 0 bytes in 84 msecs (HTTP/1.1 202) 6 headers in 234 bytes (1 switches on core 0)
Feb 15 11:44:49.854423 dv-cinder-773985-26-smb devstack@c-api.service[115983]: INFO cinder.api.openstack.wsgi [None req-de97daaf-63cc-4477-89f5-a764dd55a801 tempest-GroupsTest-401286261 tempest-GroupsTest-401286261-project] DELETE http://10.222.0.81/volume/v3/9ce433ac50f74e529b961bf0fcacbd8e/volumes/a0bfdf1e-6813-41ea-a594-ef480c01e273
Feb 15 11:44:49.855296 dv-cinder-773985-26-smb devstack@c-api.service[115983]: DEBUG cinder.api.openstack.wsgi [None req-de97daaf-63cc-4477-89f5-a764dd55a801 tempest-GroupsTest-401286261 tempest-GroupsTest-401286261-project] Empty body provided in request {{(pid=115983) get_body /opt/stack/cinder/cinder/api/openstack/wsgi.py:715}}
Feb 15 11:44:49.856346 dv-cinder-773985-26-smb devstack@c-api.service[115983]: DEBUG cinder.api.openstack.wsgi [None req-de97daaf-63cc-4477-89f5-a764dd55a801 tempest-GroupsTest-401286261 tempest-GroupsTest-401286261-project] Calling method 'delete' {{(pid=115983) _process_stack /opt/stack/cinder/cinder/api/openstack/wsgi.py:868}}
Feb 15 11:44:49.857386 dv-cinder-773985-26-smb devstack@c-api.service[115983]: INFO cinder.api.v3.volumes [None req-de97daaf-63cc-4477-89f5-a764dd55a801 tempest-GroupsTest-401286261 tempest-GroupsTest-401286261-project] Delete volume with id: a0bfdf1e-6813-41ea-a594-ef480c01e273
Feb 15 11:44:49.871735 dv-cinder-773985-26-smb devstack@c-api.service[115983]: INFO cinder.api.openstack.wsgi [None req-de97daaf-63cc-4477-89f5-a764dd55a801 tempest-GroupsTest-401286261 tempest-GroupsTest-401286261-project] http://10.222.0.81/volume/v3/9ce433ac50f74e529b961bf0fcacbd8e/volumes/a0bfdf1e-6813-41ea-a594-ef480c01e273 returned with HTTP 404
Feb 15 11:44:49.876283 dv-cinder-773985-26-smb devstack@c-api.service[115983]: [pid: 115983|app: 0|req: 211/443] 10.222.0.81 () {60 vars in 1368 bytes} [Tue Feb 15 11:44:49 2022] DELETE /volume/v3/9ce433ac50f74e529b961bf0fcacbd8e/volumes/a0bfdf1e-6813-41ea-a594-ef480c01e273 => generated 109 bytes in 26 msecs (HTTP/1.1 404) 7 headers in 293 bytes (1 switches on core 0)
Feb 15 11:44:49.880841 dv-cinder-773985-26-smb devstack@c-api.service[115981]: INFO cinder.api.openstack.wsgi [None req-71946241-06f7-40e0-b47d-ad2a9eb12675 tempest-GroupsTest-401286261 tempest-GroupsTest-401286261-project] DELETE http://10.222.0.81/volume/v3/9ce433ac50f74e529b961bf0fcacbd8e/volumes/61e0a360-49bf-4cc2-bba2-33d5a8f5dc40
Feb 15 11:44:49.881495 dv-cinder-773985-26-smb devstack@c-api.service[115981]: DEBUG cinder.api.openstack.wsgi [None req-71946241-06f7-40e0-b47d-ad2a9eb12675 tempest-GroupsTest-401286261 tempest-GroupsTest-401286261-project] Empty body provided in request {{(pid=115981) get_body /opt/stack/cinder/cinder/api/openstack/wsgi.py:715}}
Feb 15 11:44:49.882117 dv-cinder-773985-26-smb devstack@c-api.service[115981]: DEBUG cinder.api.openstack.wsgi [None req-71946241-06f7-40e0-b47d-ad2a9eb12675 tempest-GroupsTest-401286261 tempest-GroupsTest-401286261-project] Calling method 'delete' {{(pid=115981) _process_stack /opt/stack/cinder/cinder/api/openstack/wsgi.py:868}}
Feb 15 11:44:49.882775 dv-cinder-773985-26-smb devstack@c-api.service[115981]: INFO cinder.api.v3.volumes [None req-71946241-06f7-40e0-b47d-ad2a9eb12675 tempest-GroupsTest-401286261 tempest-GroupsTest-401286261-project] Delete volume with id: 61e0a360-49bf-4cc2-bba2-33d5a8f5dc40
Feb 15 11:44:49.895677 dv-cinder-773985-26-smb devstack@c-api.service[115981]: INFO cinder.api.openstack.wsgi [None req-71946241-06f7-40e0-b47d-ad2a9eb12675 tempest-GroupsTest-401286261 tempest-GroupsTest-401286261-project] http://10.222.0.81/volume/v3/9ce433ac50f74e529b961bf0fcacbd8e/volumes/61e0a360-49bf-4cc2-bba2-33d5a8f5dc40 returned with HTTP 404
Feb 15 11:44:49.897347 dv-cinder-773985-26-smb devstack@c-api.service[115981]: [pid: 115981|app: 0|req: 233/444] 10.222.0.81 () {60 vars in 1368 bytes} [Tue Feb 15 11:44:49 2022] DELETE /volume/v3/9ce433ac50f74e529b961bf0fcacbd8e/volumes/61e0a360-49bf-4cc2-bba2-33d5a8f5dc40 => generated 109 bytes in 21 msecs (HTTP/1.1 404) 7 headers in 293 bytes (2 switches on core 0)
Feb 15 11:44:49.904520 dv-cinder-773985-26-smb devstack@c-api.service[115983]: INFO cinder.api.openstack.wsgi [None req-a2fc54b0-7e94-4673-9fdb-544222fea253 tempest-GroupsTest-1305766632 tempest-GroupsTest-1305766632-project-admin] DELETE http://10.222.0.81/volume/v3/7f3e94d2931347c3b89142404c68c04e/types/cd1c73c1-410c-4230-a9ea-b9b85742834a
Feb 15 11:44:49.905070 dv-cinder-773985-26-smb devstack@c-api.service[115983]: DEBUG cinder.api.openstack.wsgi [None req-a2fc54b0-7e94-4673-9fdb-544222fea253 tempest-GroupsTest-1305766632 tempest-GroupsTest-1305766632-project-admin] Empty body provided in request {{(pid=115983) get_body /opt/stack/cinder/cinder/api/openstack/wsgi.py:715}}
Feb 15 11:44:49.905705 dv-cinder-773985-26-smb devstack@c-api.service[115983]: DEBUG cinder.api.openstack.wsgi [None req-a2fc54b0-7e94-4673-9fdb-544222fea253 tempest-GroupsTest-1305766632 tempest-GroupsTest-1305766632-project-admin] Calling method '_delete' {{(pid=115983) _process_stack /opt/stack/cinder/cinder/api/openstack/wsgi.py:868}}
Feb 15 11:44:50.018514 dv-cinder-773985-26-smb devstack@c-api.service[115983]: INFO cinder.api.openstack.wsgi [None req-a2fc54b0-7e94-4673-9fdb-544222fea253 tempest-GroupsTest-1305766632 tempest-GroupsTest-1305766632-project-admin] http://10.222.0.81/volume/v3/7f3e94d2931347c3b89142404c68c04e/types/cd1c73c1-410c-4230-a9ea-b9b85742834a returned with HTTP 202
Feb 15 11:44:50.021226 dv-cinder-773985-26-smb devstack@c-api.service[115983]: [pid: 115983|app: 0|req: 212/445] 10.222.0.81 () {58 vars in 1321 bytes} [Tue Feb 15 11:44:49 2022] DELETE /volume/v3/7f3e94d2931347c3b89142404c68c04e/types/cd1c73c1-410c-4230-a9ea-b9b85742834a => generated 0 bytes in 120 msecs (HTTP/1.1 202) 6 headers in 233 bytes (1 switches on core 0)
Feb 15 11:44:50.029118 dv-cinder-773985-26-smb devstack@c-api.service[115983]: INFO cinder.api.openstack.wsgi [None req-962afaa5-87c5-49fd-870f-88fb2e611c9a tempest-GroupsTest-1305766632 tempest-GroupsTest-1305766632-project-admin] GET http://10.222.0.81/volume/v3/7f3e94d2931347c3b89142404c68c04e/types/cd1c73c1-410c-4230-a9ea-b9b85742834a
Feb 15 11:44:50.029587 dv-cinder-773985-26-smb devstack@c-api.service[115981]: INFO cinder.api.openstack.wsgi [None req-9f6e9eda-6af7-463a-ad3b-2a689dd05247 tempest-GroupSnapshotsTest-947834563 tempest-GroupSnapshotsTest-947834563-project] GET http://10.222.0.81/volume/v3/42e5d072c7b94a73873ec8ce2a2ce9e6/group_snapshots/ec2f1ad2-e0ec-45a4-b77a-5bdf9e55a56b
Feb 15 11:44:50.030532 dv-cinder-773985-26-smb devstack@c-api.service[115983]: DEBUG cinder.api.openstack.wsgi [None req-962afaa5-87c5-49fd-870f-88fb2e611c9a tempest-GroupsTest-1305766632 tempest-GroupsTest-1305766632-project-admin] Empty body provided in request {{(pid=115983) get_body /opt/stack/cinder/cinder/api/openstack/wsgi.py:715}}
Feb 15 11:44:50.031164 dv-cinder-773985-26-smb devstack@c-api.service[115981]: DEBUG cinder.api.openstack.wsgi [None req-9f6e9eda-6af7-463a-ad3b-2a689dd05247 tempest-GroupSnapshotsTest-947834563 tempest-GroupSnapshotsTest-947834563-project] Empty body provided in request {{(pid=115981) get_body /opt/stack/cinder/cinder/api/openstack/wsgi.py:715}}
Feb 15 11:44:50.032296 dv-cinder-773985-26-smb devstack@c-api.service[115981]: DEBUG cinder.api.openstack.wsgi [None req-9f6e9eda-6af7-463a-ad3b-2a689dd05247 tempest-GroupSnapshotsTest-947834563 tempest-GroupSnapshotsTest-947834563-project] Calling method 'version_select' {{(pid=115981) _process_stack /opt/stack/cinder/cinder/api/openstack/wsgi.py:868}}
Feb 15 11:44:50.035023 dv-cinder-773985-26-smb devstack@c-api.service[115983]: DEBUG cinder.api.openstack.wsgi [None req-962afaa5-87c5-49fd-870f-88fb2e611c9a tempest-GroupsTest-1305766632 tempest-GroupsTest-1305766632-project-admin] Calling method 'show' {{(pid=115983) _process_stack /opt/stack/cinder/cinder/api/openstack/wsgi.py:868}}
Feb 15 11:44:50.035295 dv-cinder-773985-26-smb devstack@c-api.service[115981]: DEBUG cinder.api.v3.group_snapshots [None req-9f6e9eda-6af7-463a-ad3b-2a689dd05247 tempest-GroupSnapshotsTest-947834563 tempest-GroupSnapshotsTest-947834563-project] show called for member ec2f1ad2-e0ec-45a4-b77a-5bdf9e55a56b {{(pid=115981) show /opt/stack/cinder/cinder/api/v3/group_snapshots.py:58}}
Feb 15 11:44:50.044872 dv-cinder-773985-26-smb devstack@c-api.service[115983]: INFO cinder.api.openstack.wsgi [None req-962afaa5-87c5-49fd-870f-88fb2e611c9a tempest-GroupsTest-1305766632 tempest-GroupsTest-1305766632-project-admin] http://10.222.0.81/volume/v3/7f3e94d2931347c3b89142404c68c04e/types/cd1c73c1-410c-4230-a9ea-b9b85742834a returned with HTTP 404
Feb 15 11:44:50.045851 dv-cinder-773985-26-smb devstack@c-api.service[115983]: [pid: 115983|app: 0|req: 213/446] 10.222.0.81 () {58 vars in 1318 bytes} [Tue Feb 15 11:44:50 2022] GET /volume/v3/7f3e94d2931347c3b89142404c68c04e/types/cd1c73c1-410c-4230-a9ea-b9b85742834a => generated 114 bytes in 21 msecs (HTTP/1.1 404) 7 headers in 292 bytes (2 switches on core 0)
Feb 15 11:44:50.046137 dv-cinder-773985-26-smb devstack@c-api.service[115981]: INFO cinder.api.openstack.wsgi [None req-9f6e9eda-6af7-463a-ad3b-2a689dd05247 tempest-GroupSnapshotsTest-947834563 tempest-GroupSnapshotsTest-947834563-project] http://10.222.0.81/volume/v3/42e5d072c7b94a73873ec8ce2a2ce9e6/group_snapshots/ec2f1ad2-e0ec-45a4-b77a-5bdf9e55a56b returned with HTTP 404
Feb 15 11:44:50.047338 dv-cinder-773985-26-smb devstack@c-api.service[115981]: [pid: 115981|app: 0|req: 234/447] 10.222.0.81 () {60 vars in 1389 bytes} [Tue Feb 15 11:44:50 2022] GET /volume/v3/42e5d072c7b94a73873ec8ce2a2ce9e6/group_snapshots/ec2f1ad2-e0ec-45a4-b77a-5bdf9e55a56b => generated 116 bytes in 34 msecs (HTTP/1.1 404) 7 headers in 293 bytes (1 switches on core 0)
Feb 15 11:44:50.055440 dv-cinder-773985-26-smb devstack@c-api.service[115983]: INFO cinder.api.openstack.wsgi [None req-2f79ce66-566c-43a5-8832-333fc23967f0 tempest-GroupsTest-1305766632 tempest-GroupsTest-1305766632-project-admin] DELETE http://10.222.0.81/volume/v3/7f3e94d2931347c3b89142404c68c04e/types/d3d25988-30ba-4fca-8f3e-738368e7b702
Feb 15 11:44:50.055922 dv-cinder-773985-26-smb devstack@c-api.service[115983]: DEBUG cinder.api.openstack.wsgi [None req-2f79ce66-566c-43a5-8832-333fc23967f0 tempest-GroupsTest-1305766632 tempest-GroupsTest-1305766632-project-admin] Empty body provided in request {{(pid=115983) get_body /opt/stack/cinder/cinder/api/openstack/wsgi.py:715}}
Feb 15 11:44:50.056382 dv-cinder-773985-26-smb devstack@c-api.service[115983]: DEBUG cinder.api.openstack.wsgi [None req-2f79ce66-566c-43a5-8832-333fc23967f0 tempest-GroupsTest-1305766632 tempest-GroupsTest-1305766632-project-admin] Calling method '_delete' {{(pid=115983) _process_stack /opt/stack/cinder/cinder/api/openstack/wsgi.py:868}}
Feb 15 11:44:50.058912 dv-cinder-773985-26-smb devstack@c-api.service[115981]: INFO cinder.api.openstack.wsgi [None req-0d5e324e-758a-4634-87bd-6196b9d5fd2b tempest-GroupSnapshotsTest-947834563 tempest-GroupSnapshotsTest-947834563-project] GET http://10.222.0.81/volume/v3/42e5d072c7b94a73873ec8ce2a2ce9e6/group_snapshots
Feb 15 11:44:50.059436 dv-cinder-773985-26-smb devstack@c-api.service[115981]: DEBUG cinder.api.openstack.wsgi [None req-0d5e324e-758a-4634-87bd-6196b9d5fd2b tempest-GroupSnapshotsTest-947834563 tempest-GroupSnapshotsTest-947834563-project] Empty body provided in request {{(pid=115981) get_body /opt/stack/cinder/cinder/api/openstack/wsgi.py:715}}
Feb 15 11:44:50.059896 dv-cinder-773985-26-smb devstack@c-api.service[115981]: DEBUG cinder.api.openstack.wsgi [None req-0d5e324e-758a-4634-87bd-6196b9d5fd2b tempest-GroupSnapshotsTest-947834563 tempest-GroupSnapshotsTest-947834563-project] Calling method 'version_select' {{(pid=115981) _process_stack /opt/stack/cinder/cinder/api/openstack/wsgi.py:868}}
Feb 15 11:44:50.078745 dv-cinder-773985-26-smb devstack@c-api.service[115981]: INFO cinder.api.openstack.wsgi [None req-0d5e324e-758a-4634-87bd-6196b9d5fd2b tempest-GroupSnapshotsTest-947834563 tempest-GroupSnapshotsTest-947834563-project] http://10.222.0.81/volume/v3/42e5d072c7b94a73873ec8ce2a2ce9e6/group_snapshots returned with HTTP 200
Feb 15 11:44:50.083896 dv-cinder-773985-26-smb devstack@c-api.service[115981]: [pid: 115981|app: 0|req: 235/448] 10.222.0.81 () {60 vars in 1278 bytes} [Tue Feb 15 11:44:50 2022] GET /volume/v3/42e5d072c7b94a73873ec8ce2a2ce9e6/group_snapshots => generated 23 bytes in 28 msecs (HTTP/1.1 200) 7 headers in 285 bytes (1 switches on core 0)
Feb 15 11:44:50.089722 dv-cinder-773985-26-smb devstack@c-api.service[115981]: INFO cinder.api.openstack.wsgi [None req-85a07361-e969-446e-a40d-d707d14b5464 tempest-GroupSnapshotsTest-947834563 tempest-GroupSnapshotsTest-947834563-project] DELETE http://10.222.0.81/volume/v3/42e5d072c7b94a73873ec8ce2a2ce9e6/group_snapshots/ec2f1ad2-e0ec-45a4-b77a-5bdf9e55a56b
Feb 15 11:44:50.093110 dv-cinder-773985-26-smb devstack@c-api.service[115981]: DEBUG cinder.api.openstack.wsgi [None req-85a07361-e969-446e-a40d-d707d14b5464 tempest-GroupSnapshotsTest-947834563 tempest-GroupSnapshotsTest-947834563-project] Empty body provided in request {{(pid=115981) get_body /opt/stack/cinder/cinder/api/openstack/wsgi.py:715}}
Feb 15 11:44:50.093110 dv-cinder-773985-26-smb devstack@c-api.service[115981]: DEBUG cinder.api.openstack.wsgi [None req-85a07361-e969-446e-a40d-d707d14b5464 tempest-GroupSnapshotsTest-947834563 tempest-GroupSnapshotsTest-947834563-project] Calling method 'version_select' {{(pid=115981) _process_stack /opt/stack/cinder/cinder/api/openstack/wsgi.py:868}}
Feb 15 11:44:50.093110 dv-cinder-773985-26-smb devstack@c-api.service[115981]: DEBUG cinder.api.v3.group_snapshots [None req-85a07361-e969-446e-a40d-d707d14b5464 tempest-GroupSnapshotsTest-947834563 tempest-GroupSnapshotsTest-947834563-project] delete called for member ec2f1ad2-e0ec-45a4-b77a-5bdf9e55a56b {{(pid=115981) delete /opt/stack/cinder/cinder/api/v3/group_snapshots.py:72}}
Feb 15 11:44:50.093110 dv-cinder-773985-26-smb devstack@c-api.service[115981]: INFO cinder.api.v3.group_snapshots [None req-85a07361-e969-446e-a40d-d707d14b5464 tempest-GroupSnapshotsTest-947834563 tempest-GroupSnapshotsTest-947834563-project] Delete group_snapshot with id: ec2f1ad2-e0ec-45a4-b77a-5bdf9e55a56b
Feb 15 11:44:50.098217 dv-cinder-773985-26-smb devstack@c-api.service[115981]: INFO cinder.api.openstack.wsgi [None req-85a07361-e969-446e-a40d-d707d14b5464 tempest-GroupSnapshotsTest-947834563 tempest-GroupSnapshotsTest-947834563-project] http://10.222.0.81/volume/v3/42e5d072c7b94a73873ec8ce2a2ce9e6/group_snapshots/ec2f1ad2-e0ec-45a4-b77a-5bdf9e55a56b returned with HTTP 404
Feb 15 11:44:50.104078 dv-cinder-773985-26-smb devstack@c-api.service[115981]: [pid: 115981|app: 0|req: 236/449] 10.222.0.81 () {60 vars in 1392 bytes} [Tue Feb 15 11:44:50 2022] DELETE /volume/v3/42e5d072c7b94a73873ec8ce2a2ce9e6/group_snapshots/ec2f1ad2-e0ec-45a4-b77a-5bdf9e55a56b => generated 116 bytes in 16 msecs (HTTP/1.1 404) 7 headers in 293 bytes (1 switches on core 0)
Feb 15 11:44:50.112414 dv-cinder-773985-26-smb devstack@c-api.service[115981]: INFO cinder.api.openstack.wsgi [None req-01cb3eae-aef4-4357-8a47-bae4c06bfcdd tempest-GroupSnapshotsTest-947834563 tempest-GroupSnapshotsTest-947834563-project] GET http://10.222.0.81/volume/v3/42e5d072c7b94a73873ec8ce2a2ce9e6/volumes/detail
Feb 15 11:44:50.115036 dv-cinder-773985-26-smb devstack@c-api.service[115981]: DEBUG cinder.api.openstack.wsgi [None req-01cb3eae-aef4-4357-8a47-bae4c06bfcdd tempest-GroupSnapshotsTest-947834563 tempest-GroupSnapshotsTest-947834563-project] Empty body provided in request {{(pid=115981) get_body /opt/stack/cinder/cinder/api/openstack/wsgi.py:715}}
Feb 15 11:44:50.115509 dv-cinder-773985-26-smb devstack@c-api.service[115981]: DEBUG cinder.api.openstack.wsgi [None req-01cb3eae-aef4-4357-8a47-bae4c06bfcdd tempest-GroupSnapshotsTest-947834563 tempest-GroupSnapshotsTest-947834563-project] Calling method 'detail' {{(pid=115981) _process_stack /opt/stack/cinder/cinder/api/openstack/wsgi.py:868}}
Feb 15 11:44:50.116120 dv-cinder-773985-26-smb devstack@c-api.service[115981]: DEBUG cinder.api.api_utils [None req-01cb3eae-aef4-4357-8a47-bae4c06bfcdd tempest-GroupSnapshotsTest-947834563 tempest-GroupSnapshotsTest-947834563-project] Removing options '' from query. {{(pid=115981) remove_invalid_filter_options /opt/stack/cinder/cinder/api/api_utils.py:73}}
Feb 15 11:44:50.120715 dv-cinder-773985-26-smb devstack@c-api.service[115981]: DEBUG cinder.volume.api [None req-01cb3eae-aef4-4357-8a47-bae4c06bfcdd tempest-GroupSnapshotsTest-947834563 tempest-GroupSnapshotsTest-947834563-project] Searching by: MultiDict([('no_migration_targets', True)]). {{(pid=115981) get_all /opt/stack/cinder/cinder/volume/api.py:661}}
Feb 15 11:44:50.157885 dv-cinder-773985-26-smb devstack@c-api.service[115983]: INFO cinder.api.openstack.wsgi [None req-2f79ce66-566c-43a5-8832-333fc23967f0 tempest-GroupsTest-1305766632 tempest-GroupsTest-1305766632-project-admin] http://10.222.0.81/volume/v3/7f3e94d2931347c3b89142404c68c04e/types/d3d25988-30ba-4fca-8f3e-738368e7b702 returned with HTTP 202
Feb 15 11:44:50.162489 dv-cinder-773985-26-smb devstack@c-api.service[115983]: [pid: 115983|app: 0|req: 214/450] 10.222.0.81 () {58 vars in 1321 bytes} [Tue Feb 15 11:44:50 2022] DELETE /volume/v3/7f3e94d2931347c3b89142404c68c04e/types/d3d25988-30ba-4fca-8f3e-738368e7b702 => generated 0 bytes in 112 msecs (HTTP/1.1 202) 6 headers in 233 bytes (1 switches on core 0)
Feb 15 11:44:50.168207 dv-cinder-773985-26-smb devstack@c-api.service[115983]: INFO cinder.api.openstack.wsgi [None req-b638ac1e-f4f2-43ff-a27d-e567a22b24b1 tempest-GroupsTest-1305766632 tempest-GroupsTest-1305766632-project-admin] GET http://10.222.0.81/volume/v3/7f3e94d2931347c3b89142404c68c04e/types/d3d25988-30ba-4fca-8f3e-738368e7b702
Feb 15 11:44:50.168956 dv-cinder-773985-26-smb devstack@c-api.service[115983]: DEBUG cinder.api.openstack.wsgi [None req-b638ac1e-f4f2-43ff-a27d-e567a22b24b1 tempest-GroupsTest-1305766632 tempest-GroupsTest-1305766632-project-admin] Empty body provided in request {{(pid=115983) get_body /opt/stack/cinder/cinder/api/openstack/wsgi.py:715}}
Feb 15 11:44:50.169836 dv-cinder-773985-26-smb devstack@c-api.service[115983]: DEBUG cinder.api.openstack.wsgi [None req-b638ac1e-f4f2-43ff-a27d-e567a22b24b1 tempest-GroupsTest-1305766632 tempest-GroupsTest-1305766632-project-admin] Calling method 'show' {{(pid=115983) _process_stack /opt/stack/cinder/cinder/api/openstack/wsgi.py:868}}
Feb 15 11:44:50.176544 dv-cinder-773985-26-smb devstack@c-api.service[115983]: INFO cinder.api.openstack.wsgi [None req-b638ac1e-f4f2-43ff-a27d-e567a22b24b1 tempest-GroupsTest-1305766632 tempest-GroupsTest-1305766632-project-admin] http://10.222.0.81/volume/v3/7f3e94d2931347c3b89142404c68c04e/types/d3d25988-30ba-4fca-8f3e-738368e7b702 returned with HTTP 404
Feb 15 11:44:50.181721 dv-cinder-773985-26-smb devstack@c-api.service[115983]: [pid: 115983|app: 0|req: 215/451] 10.222.0.81 () {58 vars in 1318 bytes} [Tue Feb 15 11:44:50 2022] GET /volume/v3/7f3e94d2931347c3b89142404c68c04e/types/d3d25988-30ba-4fca-8f3e-738368e7b702 => generated 114 bytes in 18 msecs (HTTP/1.1 404) 7 headers in 292 bytes (1 switches on core 0)
Feb 15 11:44:50.249034 dv-cinder-773985-26-smb devstack@c-api.service[115981]: INFO cinder.volume.api [None req-01cb3eae-aef4-4357-8a47-bae4c06bfcdd tempest-GroupSnapshotsTest-947834563 tempest-GroupSnapshotsTest-947834563-project] Get all volumes completed successfully.
Feb 15 11:44:50.250826 dv-cinder-773985-26-smb devstack@c-api.service[115981]: WARNING stevedore.named [None req-01cb3eae-aef4-4357-8a47-bae4c06bfcdd tempest-GroupSnapshotsTest-947834563 tempest-GroupSnapshotsTest-947834563-project] Could not load cinder.keymgr.conf_key_mgr.ConfKeyManager
Feb 15 11:44:50.251658 dv-cinder-773985-26-smb devstack@c-api.service[115981]: WARNING castellan.key_manager [None req-01cb3eae-aef4-4357-8a47-bae4c06bfcdd tempest-GroupSnapshotsTest-947834563 tempest-GroupSnapshotsTest-947834563-project] Deprecation Warning : cinder.keymgr.conf_key_mgr.ConfKeyManager is not a stevedore based driver, trying to load it as a class: stevedore.exception.NoMatches: No 'castellan.drivers' driver found, looking for 'cinder.keymgr.conf_key_mgr.ConfKeyManager'
