Feb 15 11:59:01.711671 dv-cinder-773985-26-iscsi neutron-server[109503]: DEBUG neutron.api.rpc.handlers.resources_rpc [None req-4574938c-f658-4a38-b34d-322dd5eeea9c None None] Pushing event updated for resources: {'Port': ['ID=a7c81c74-9935-4417-bf82-11bc4dac111a,revision_number=4']} {{(pid=109503) push /opt/stack/neutron/neutron/api/rpc/handlers/resources_rpc.py:237}}
Feb 15 11:59:01.720431 dv-cinder-773985-26-iscsi neutron-server[109503]: DEBUG neutron.api.rpc.callbacks.version_manager [None req-4574938c-f658-4a38-b34d-322dd5eeea9c None None] Version for resource type AddressGroup changed None to 1.2 on consumer Open vSwitch agent@dv-cinder-773985-26-iscsi {{(pid=109503) _set_version /opt/stack/neutron/neutron/api/rpc/callbacks/version_manager.py:113}}
Feb 15 11:59:01.722112 dv-cinder-773985-26-iscsi neutron-server[109503]: DEBUG neutron.api.rpc.callbacks.version_manager [None req-4574938c-f658-4a38-b34d-322dd5eeea9c None None] Version for resource type ConntrackHelper changed None to 1.0 on consumer Open vSwitch agent@dv-cinder-773985-26-iscsi {{(pid=109503) _set_version /opt/stack/neutron/neutron/api/rpc/callbacks/version_manager.py:113}}
Feb 15 11:59:01.722325 dv-cinder-773985-26-iscsi neutron-server[109503]: DEBUG neutron.api.rpc.callbacks.version_manager [None req-4574938c-f658-4a38-b34d-322dd5eeea9c None None] Version for resource type LocalIPAssociation changed None to 1.0 on consumer Open vSwitch agent@dv-cinder-773985-26-iscsi {{(pid=109503) _set_version /opt/stack/neutron/neutron/api/rpc/callbacks/version_manager.py:113}}
Feb 15 11:59:01.722681 dv-cinder-773985-26-iscsi neutron-server[109503]: DEBUG neutron.api.rpc.callbacks.version_manager [None req-4574938c-f658-4a38-b34d-322dd5eeea9c None None] Version for resource type Log changed None to 1.0 on consumer Open vSwitch agent@dv-cinder-773985-26-iscsi {{(pid=109503) _set_version /opt/stack/neutron/neutron/api/rpc/callbacks/version_manager.py:113}}
Feb 15 11:59:01.724027 dv-cinder-773985-26-iscsi neutron-server[109503]: DEBUG neutron.api.rpc.callbacks.version_manager [None req-4574938c-f658-4a38-b34d-322dd5eeea9c None None] Version for resource type Network changed None to 1.1 on consumer Open vSwitch agent@dv-cinder-773985-26-iscsi {{(pid=109503) _set_version /opt/stack/neutron/neutron/api/rpc/callbacks/version_manager.py:113}}
Feb 15 11:59:01.724377 dv-cinder-773985-26-iscsi neutron-server[109503]: DEBUG neutron.api.rpc.callbacks.version_manager [None req-4574938c-f658-4a38-b34d-322dd5eeea9c None None] Version for resource type Port changed None to 1.7 on consumer Open vSwitch agent@dv-cinder-773985-26-iscsi {{(pid=109503) _set_version /opt/stack/neutron/neutron/api/rpc/callbacks/version_manager.py:113}}
Feb 15 11:59:01.724726 dv-cinder-773985-26-iscsi neutron-server[109503]: DEBUG neutron.api.rpc.callbacks.version_manager [None req-4574938c-f658-4a38-b34d-322dd5eeea9c None None] Version for resource type PortForwarding changed None to 1.2 on consumer Open vSwitch agent@dv-cinder-773985-26-iscsi {{(pid=109503) _set_version /opt/stack/neutron/neutron/api/rpc/callbacks/version_manager.py:113}}
Feb 15 11:59:01.726527 dv-cinder-773985-26-iscsi neutron-server[109503]: DEBUG neutron.api.rpc.callbacks.version_manager [None req-4574938c-f658-4a38-b34d-322dd5eeea9c None None] Version for resource type QosPolicy changed None to 1.10 on consumer Open vSwitch agent@dv-cinder-773985-26-iscsi {{(pid=109503) _set_version /opt/stack/neutron/neutron/api/rpc/callbacks/version_manager.py:113}}
Feb 15 11:59:01.726687 dv-cinder-773985-26-iscsi neutron-server[109503]: DEBUG neutron.api.rpc.callbacks.version_manager [None req-4574938c-f658-4a38-b34d-322dd5eeea9c None None] Version for resource type SecurityGroup changed None to 1.5 on consumer Open vSwitch agent@dv-cinder-773985-26-iscsi {{(pid=109503) _set_version /opt/stack/neutron/neutron/api/rpc/callbacks/version_manager.py:113}}
Feb 15 11:59:01.727816 dv-cinder-773985-26-iscsi neutron-server[109503]: DEBUG neutron.api.rpc.callbacks.version_manager [None req-4574938c-f658-4a38-b34d-322dd5eeea9c None None] Version for resource type SecurityGroupRule changed None to 1.2 on consumer Open vSwitch agent@dv-cinder-773985-26-iscsi {{(pid=109503) _set_version /opt/stack/neutron/neutron/api/rpc/callbacks/version_manager.py:113}}
Feb 15 11:59:01.728112 dv-cinder-773985-26-iscsi neutron-server[109501]: DEBUG neutron.plugins.ml2.db [req-ddae95e2-67bd-4898-ad6c-d27c9acd83b0 req-8a005635-1000-40b4-84d2-6b71007fdb7f tempest-DeleteServersTestJSON-352335897 tempest-DeleteServersTestJSON-352335897-project] For port eb029296-df84-42c4-9046-cf10dbb4fa04, host hv-cinder-77398, got binding levels [PortBindingLevel(driver='hyperv',host='hv-cinder-77398',level=0,port_id=eb029296-df84-42c4-9046-cf10dbb4fa04,segment=NetworkSegment(d3af68c2-0f05-44e1-af5f-82eb0861da24),segment_id=d3af68c2-0f05-44e1-af5f-82eb0861da24)] {{(pid=109501) get_binding_level_objs /opt/stack/neutron/neutron/plugins/ml2/db.py:74}}
Feb 15 11:59:01.728234 dv-cinder-773985-26-iscsi neutron-server[109503]: DEBUG neutron.api.rpc.callbacks.version_manager [None req-4574938c-f658-4a38-b34d-322dd5eeea9c None None] Version for resource type SubPort changed None to 1.0 on consumer Open vSwitch agent@dv-cinder-773985-26-iscsi {{(pid=109503) _set_version /opt/stack/neutron/neutron/api/rpc/callbacks/version_manager.py:113}}
Feb 15 11:59:01.728483 dv-cinder-773985-26-iscsi neutron-server[109501]: DEBUG neutron_lib.callbacks.manager [req-ddae95e2-67bd-4898-ad6c-d27c9acd83b0 req-8a005635-1000-40b4-84d2-6b71007fdb7f tempest-DeleteServersTestJSON-352335897 tempest-DeleteServersTestJSON-352335897-project] Publish callbacks ['neutron.services.l3_router.l3_router_plugin.L3_NAT_dbonly_mixin._precommit_delete_port_callback-624196'] for port (eb029296-df84-42c4-9046-cf10dbb4fa04), precommit_delete {{(pid=109501) _notify_loop /usr/local/lib/python3.8/dist-packages/neutron_lib/callbacks/manager.py:176}}
Feb 15 11:59:01.728583 dv-cinder-773985-26-iscsi neutron-server[109503]: DEBUG neutron.api.rpc.callbacks.version_manager [None req-4574938c-f658-4a38-b34d-322dd5eeea9c None None] Version for resource type Subnet changed None to 1.1 on consumer Open vSwitch agent@dv-cinder-773985-26-iscsi {{(pid=109503) _set_version /opt/stack/neutron/neutron/api/rpc/callbacks/version_manager.py:113}}
Feb 15 11:59:01.729729 dv-cinder-773985-26-iscsi neutron-server[109503]: DEBUG neutron.api.rpc.callbacks.version_manager [None req-4574938c-f658-4a38-b34d-322dd5eeea9c None None] Version for resource type Trunk changed None to 1.1 on consumer Open vSwitch agent@dv-cinder-773985-26-iscsi {{(pid=109503) _set_version /opt/stack/neutron/neutron/api/rpc/callbacks/version_manager.py:113}}
Feb 15 11:59:01.746572 dv-cinder-773985-26-iscsi neutron-server[109501]: DEBUG neutron.plugins.ml2.plugin [req-ddae95e2-67bd-4898-ad6c-d27c9acd83b0 req-8a005635-1000-40b4-84d2-6b71007fdb7f tempest-DeleteServersTestJSON-352335897 tempest-DeleteServersTestJSON-352335897-project] Calling delete_port for eb029296-df84-42c4-9046-cf10dbb4fa04 owned by compute:nova {{(pid=109501) delete_port /opt/stack/neutron/neutron/plugins/ml2/plugin.py:2056}}
Feb 15 11:59:01.778194 dv-cinder-773985-26-iscsi neutron-server[109502]: DEBUG neutron.pecan_wsgi.hooks.policy_enforcement [req-0f431880-5d33-4e64-b3d7-2857a5b67824 req-77e84184-c8de-426a-a84d-11f93ee88bb6 tempest-ServerRescueNegativeTestJSON-983272081 tempest-ServerRescueNegativeTestJSON-983272081-project] Attributes excluded by policy engine: ['standard_attr_id', 'binding:profile', 'binding:host_id', 'binding:vif_type', 'binding:vif_details'] {{(pid=109502) _exclude_attributes_by_policy /opt/stack/neutron/neutron/pecan_wsgi/hooks/policy_enforcement.py:255}}
Feb 15 11:59:01.779817 dv-cinder-773985-26-iscsi neutron-server[109502]: INFO neutron.wsgi [req-0f431880-5d33-4e64-b3d7-2857a5b67824 req-77e84184-c8de-426a-a84d-11f93ee88bb6 tempest-ServerRescueNegativeTestJSON-983272081 tempest-ServerRescueNegativeTestJSON-983272081-project] 10.222.0.47 "GET /v2.0/ports?device_id=38e4d58c-659c-4141-9a75-59b7b28488be HTTP/1.1" status: 200 len: 945 time: 0.1012330
Feb 15 11:59:01.874657 dv-cinder-773985-26-iscsi neutron-server[109502]: DEBUG neutron.pecan_wsgi.hooks.policy_enforcement [req-6c118908-3375-44a4-ab82-9dc353f1b07a req-85559348-3089-44cb-85f9-70c04d2865d6 tempest-DeleteServersTestJSON-352335897 tempest-DeleteServersTestJSON-352335897-project] Attributes excluded by policy engine: ['standard_attr_id', 'binding:profile', 'binding:host_id', 'binding:vif_type', 'binding:vif_details'] {{(pid=109502) _exclude_attributes_by_policy /opt/stack/neutron/neutron/pecan_wsgi/hooks/policy_enforcement.py:255}}
Feb 15 11:59:01.877683 dv-cinder-773985-26-iscsi neutron-server[109502]: INFO neutron.wsgi [req-6c118908-3375-44a4-ab82-9dc353f1b07a req-85559348-3089-44cb-85f9-70c04d2865d6 tempest-DeleteServersTestJSON-352335897 tempest-DeleteServersTestJSON-352335897-project] 10.222.0.47 "GET /v2.0/ports?device_id=52d1aec7-cbe2-4c17-818c-d9ae32ebb0f5 HTTP/1.1" status: 200 len: 945 time: 0.0967340
Feb 15 11:59:01.883454 dv-cinder-773985-26-iscsi neutron-server[109502]: INFO neutron.wsgi [req-0f431880-5d33-4e64-b3d7-2857a5b67824 req-685b6c9d-4afb-42be-95e8-728975a1365a tempest-ServerRescueNegativeTestJSON-983272081 tempest-ServerRescueNegativeTestJSON-983272081-project] 10.222.0.47 "GET /v2.0/security-groups?id=1637c864-7a10-4508-a0f7-53f941cbb76d&fields=id&fields=name HTTP/1.1" status: 200 len: 286 time: 0.0944767
Feb 15 11:59:01.943603 dv-cinder-773985-26-iscsi neutron-server[109502]: INFO neutron.wsgi [req-6c118908-3375-44a4-ab82-9dc353f1b07a req-78f6bacb-5e4e-4f25-a8b3-025d1814cfad tempest-DeleteServersTestJSON-352335897 tempest-DeleteServersTestJSON-352335897-project] 10.222.0.47 "GET /v2.0/security-groups?id=59486ea5-9791-4e0d-a7eb-a66bd8c694f9&fields=id&fields=name HTTP/1.1" status: 200 len: 286 time: 0.0564449
Feb 15 11:59:02.000931 dv-cinder-773985-26-iscsi neutron-server[109503]: DEBUG neutron.plugins.ml2.db [None req-4574938c-f658-4a38-b34d-322dd5eeea9c None None] get_ports_and_sgs() called for port_ids ['a7c81c74-9935-4417-bf82-11bc4dac111a'] {{(pid=109503) get_ports_and_sgs /opt/stack/neutron/neutron/plugins/ml2/db.py:156}}
Feb 15 11:59:02.206359 dv-cinder-773985-26-iscsi neutron-server[109501]: DEBUG neutron_lib.callbacks.manager [req-ddae95e2-67bd-4898-ad6c-d27c9acd83b0 req-8a005635-1000-40b4-84d2-6b71007fdb7f tempest-DeleteServersTestJSON-352335897 tempest-DeleteServersTestJSON-352335897-project] Publish callbacks ['neutron.plugins.ml2.plugin.SecurityGroupServerNotifierRpcMixin._notify_sg_on_port_change-1738820', 'neutron.plugins.ml2.ovo_rpc._ObjectChangeHandler.handle_event-121272', 'neutron.api.rpc.agentnotifiers.dhcp_rpc_agent_api.DhcpAgentNotifyAPI._native_event_send_dhcp_notification-614844', 'neutron.db.l3_db.L3RpcNotifierMixin._notify_routers_callback-8777930330381', 'neutron.db.l3_dvrscheduler_db._notify_port_delete-8777929727178'] for port (eb029296-df84-42c4-9046-cf10dbb4fa04), after_delete {{(pid=109501) _notify_loop /usr/local/lib/python3.8/dist-packages/neutron_lib/callbacks/manager.py:176}}
Feb 15 11:59:02.241424 dv-cinder-773985-26-iscsi neutron-server[109501]: DEBUG neutron.api.rpc.handlers.resources_rpc [None req-8a005635-1000-40b4-84d2-6b71007fdb7f tempest-DeleteServersTestJSON-352335897 tempest-DeleteServersTestJSON-352335897-project] Pushing event deleted for resources: {'Port': ['ID=eb029296-df84-42c4-9046-cf10dbb4fa04,revision_number=None']} {{(pid=109501) push /opt/stack/neutron/neutron/api/rpc/handlers/resources_rpc.py:237}}
Feb 15 11:59:02.303274 dv-cinder-773985-26-iscsi neutron-server[109501]: DEBUG neutron.db.l3_dvrscheduler_db [req-ddae95e2-67bd-4898-ad6c-d27c9acd83b0 req-8a005635-1000-40b4-84d2-6b71007fdb7f tempest-DeleteServersTestJSON-352335897 tempest-DeleteServersTestJSON-352335897-project] No DVR routers for this DVR port eb029296-df84-42c4-9046-cf10dbb4fa04 on host hv-cinder-77398 {{(pid=109501) get_dvr_routers_to_remove /opt/stack/neutron/neutron/db/l3_dvrscheduler_db.py:214}}
Feb 15 11:59:02.307839 dv-cinder-773985-26-iscsi neutron-server[109501]: DEBUG neutron_lib.callbacks.manager [req-ddae95e2-67bd-4898-ad6c-d27c9acd83b0 req-8a005635-1000-40b4-84d2-6b71007fdb7f tempest-DeleteServersTestJSON-352335897 tempest-DeleteServersTestJSON-352335897-project] Publish callbacks ['neutron.notifiers.nova.Notifier._send_nova_notification-37489'] for port (None), before_response {{(pid=109501) _notify_loop /usr/local/lib/python3.8/dist-packages/neutron_lib/callbacks/manager.py:176}}
Feb 15 11:59:02.311239 dv-cinder-773985-26-iscsi neutron-server[109501]: INFO neutron.wsgi [req-ddae95e2-67bd-4898-ad6c-d27c9acd83b0 req-8a005635-1000-40b4-84d2-6b71007fdb7f tempest-DeleteServersTestJSON-352335897 tempest-DeleteServersTestJSON-352335897-project] 10.222.0.10 "DELETE /v2.0/ports/eb029296-df84-42c4-9046-cf10dbb4fa04 HTTP/1.1" status: 204 len: 173 time: 0.8967860
Feb 15 11:59:02.311705 dv-cinder-773985-26-iscsi neutron-server[109501]: DEBUG neutron.notifiers.nova [-] Sending events: [{'server_uuid': '52d1aec7-cbe2-4c17-818c-d9ae32ebb0f5', 'name': 'network-vif-deleted', 'tag': 'eb029296-df84-42c4-9046-cf10dbb4fa04'}] {{(pid=109501) send_events /opt/stack/neutron/neutron/notifiers/nova.py:271}}
Feb 15 11:59:02.314400 dv-cinder-773985-26-iscsi neutron-server[109501]: DEBUG novaclient.v2.client [-] REQ: curl -g -i --cacert "/opt/stack/data/ca-bundle.pem" -X POST http://10.222.0.47/compute/v2.1/os-server-external-events -H "Accept: application/json" -H "Content-Type: application/json" -H "User-Agent: python-novaclient" -H "X-Auth-Token: {SHA256}724a29046b7c100cba3ccb9cea8076374de1f244d4812ce06ff38d205443cfed" -H "X-OpenStack-Nova-API-Version: 2.1" -H "X-OpenStack-Request-ID: req-42507cd6-ef4a-4a9c-9e28-502f2965775a" -d '{"events": [{"server_uuid": "52d1aec7-cbe2-4c17-818c-d9ae32ebb0f5", "name": "network-vif-deleted", "tag": "eb029296-df84-42c4-9046-cf10dbb4fa04"}]}' {{(pid=109501) _http_log_request /usr/local/lib/python3.8/dist-packages/keystoneauth1/session.py:519}}
Feb 15 11:59:02.362593 dv-cinder-773985-26-iscsi neutron-server[109501]: DEBUG novaclient.v2.client [-] RESP: [200] Connection: close Content-Length: 183 Content-Type: application/json Date: Tue, 15 Feb 2022 11:59:02 GMT OpenStack-API-Version: compute 2.1 Server: Apache/2.4.41 (Ubuntu) Vary: OpenStack-API-Version,X-OpenStack-Nova-API-Version X-OpenStack-Nova-API-Version: 2.1 x-compute-request-id: req-a7ff0f8e-222c-4dba-bdca-ad5e039226a1 x-openstack-request-id: req-a7ff0f8e-222c-4dba-bdca-ad5e039226a1 {{(pid=109501) _http_log_response /usr/local/lib/python3.8/dist-packages/keystoneauth1/session.py:550}}
Feb 15 11:59:02.362893 dv-cinder-773985-26-iscsi neutron-server[109501]: DEBUG novaclient.v2.client [-] RESP BODY: {"events": [{"server_uuid": "52d1aec7-cbe2-4c17-818c-d9ae32ebb0f5", "name": "network-vif-deleted", "tag": "eb029296-df84-42c4-9046-cf10dbb4fa04", "status": "completed", "code": 200}]} {{(pid=109501) _http_log_response /usr/local/lib/python3.8/dist-packages/keystoneauth1/session.py:582}}
Feb 15 11:59:02.363180 dv-cinder-773985-26-iscsi neutron-server[109501]: DEBUG novaclient.v2.client [-] POST call to compute for http://10.222.0.47/compute/v2.1/os-server-external-events used request id req-a7ff0f8e-222c-4dba-bdca-ad5e039226a1 {{(pid=109501) request /usr/local/lib/python3.8/dist-packages/keystoneauth1/session.py:954}}
Feb 15 11:59:02.363762 dv-cinder-773985-26-iscsi neutron-server[109501]: INFO neutron.notifiers.nova [-] Nova event response: {'server_uuid': '52d1aec7-cbe2-4c17-818c-d9ae32ebb0f5', 'name': 'network-vif-deleted', 'tag': 'eb029296-df84-42c4-9046-cf10dbb4fa04', 'status': 'completed', 'code': 200}
Feb 15 11:59:02.425457 dv-cinder-773985-26-iscsi neutron-server[109502]: DEBUG neutron.pecan_wsgi.hooks.policy_enforcement [req-410b168c-338c-49d9-a191-acaaf6d3fef8 req-52f21668-767d-43d4-a81c-cc1cec364c6f tempest-AttachVolumeNegativeTest-125773640 tempest-AttachVolumeNegativeTest-125773640-project] Attributes excluded by policy engine: ['standard_attr_id', 'binding:profile', 'binding:host_id', 'binding:vif_type', 'binding:vif_details'] {{(pid=109502) _exclude_attributes_by_policy /opt/stack/neutron/neutron/pecan_wsgi/hooks/policy_enforcement.py:255}}
Feb 15 11:59:02.427123 dv-cinder-773985-26-iscsi neutron-server[109502]: INFO neutron.wsgi [req-410b168c-338c-49d9-a191-acaaf6d3fef8 req-52f21668-767d-43d4-a81c-cc1cec364c6f tempest-AttachVolumeNegativeTest-125773640 tempest-AttachVolumeNegativeTest-125773640-project] 10.222.0.47 "GET /v2.0/ports?device_id=af3357d5-e04d-4bf0-b73f-d208e9155adf HTTP/1.1" status: 200 len: 944 time: 0.0563276
Feb 15 11:59:02.480935 dv-cinder-773985-26-iscsi neutron-server[109502]: INFO neutron.wsgi [req-410b168c-338c-49d9-a191-acaaf6d3fef8 req-7b9aba78-b14f-431c-a3b3-a2a57c47948f tempest-AttachVolumeNegativeTest-125773640 tempest-AttachVolumeNegativeTest-125773640-project] 10.222.0.47 "GET /v2.0/security-groups?id=855bda9b-d209-45ec-a9e3-6e0731a65af6&fields=id&fields=name HTTP/1.1" status: 200 len: 286 time: 0.0458598
Feb 15 11:59:03.014133 dv-cinder-773985-26-iscsi neutron-server[109502]: DEBUG neutron.pecan_wsgi.hooks.policy_enforcement [req-e0dad7e8-0561-4dbf-a887-378b5891e052 req-6d3bbaac-6643-49d9-abe3-7f2da957cc44 tempest-ServerRescueNegativeTestJSON-983272081 tempest-ServerRescueNegativeTestJSON-983272081-project] Attributes excluded by policy engine: ['standard_attr_id', 'binding:profile', 'binding:host_id', 'binding:vif_type', 'binding:vif_details'] {{(pid=109502) _exclude_attributes_by_policy /opt/stack/neutron/neutron/pecan_wsgi/hooks/policy_enforcement.py:255}}
Feb 15 11:59:03.015894 dv-cinder-773985-26-iscsi neutron-server[109502]: INFO neutron.wsgi [req-e0dad7e8-0561-4dbf-a887-378b5891e052 req-6d3bbaac-6643-49d9-abe3-7f2da957cc44 tempest-ServerRescueNegativeTestJSON-983272081 tempest-ServerRescueNegativeTestJSON-983272081-project] 10.222.0.47 "GET /v2.0/ports?device_id=38e4d58c-659c-4141-9a75-59b7b28488be HTTP/1.1" status: 200 len: 945 time: 0.0559649
Feb 15 11:59:03.052092 dv-cinder-773985-26-iscsi neutron-server[109502]: INFO neutron.wsgi [req-117bd927-2db6-49fa-8c9d-c683f0a2b512 req-33bd7ac5-6773-4c34-98d0-c889a33d2985 tempest-DeleteServersTestJSON-352335897 tempest-DeleteServersTestJSON-352335897-project] 10.222.0.47 "GET /v2.0/ports?device_id=52d1aec7-cbe2-4c17-818c-d9ae32ebb0f5 HTTP/1.1" status: 200 len: 210 time: 0.0352228
Feb 15 11:59:03.080850 dv-cinder-773985-26-iscsi neutron-server[109502]: INFO neutron.wsgi [req-e0dad7e8-0561-4dbf-a887-378b5891e052 req-b267c608-76b0-4482-b7cf-f74265caa682 tempest-ServerRescueNegativeTestJSON-983272081 tempest-ServerRescueNegativeTestJSON-983272081-project] 10.222.0.47 "GET /v2.0/security-groups?id=1637c864-7a10-4508-a0f7-53f941cbb76d&fields=id&fields=name HTTP/1.1" status: 200 len: 286 time: 0.0561035
Feb 15 11:59:03.596096 dv-cinder-773985-26-iscsi neutron-server[109502]: DEBUG neutron.pecan_wsgi.hooks.policy_enforcement [req-21eb1ecf-16aa-4bcb-9ea2-b079008a0ab8 req-c2adc9f0-4ec5-4bf0-b061-90526a2e1e5e tempest-AttachVolumeNegativeTest-125773640 tempest-AttachVolumeNegativeTest-125773640-project] Attributes excluded by policy engine: ['standard_attr_id', 'binding:profile', 'binding:host_id', 'binding:vif_type', 'binding:vif_details'] {{(pid=109502) _exclude_attributes_by_policy /opt/stack/neutron/neutron/pecan_wsgi/hooks/policy_enforcement.py:255}}
Feb 15 11:59:03.597529 dv-cinder-773985-26-iscsi neutron-server[109502]: INFO neutron.wsgi [req-21eb1ecf-16aa-4bcb-9ea2-b079008a0ab8 req-c2adc9f0-4ec5-4bf0-b061-90526a2e1e5e tempest-AttachVolumeNegativeTest-125773640 tempest-AttachVolumeNegativeTest-125773640-project] 10.222.0.47 "GET /v2.0/ports?device_id=af3357d5-e04d-4bf0-b73f-d208e9155adf HTTP/1.1" status: 200 len: 944 time: 0.0519829
Feb 15 11:59:03.633554 dv-cinder-773985-26-iscsi neutron-server[109503]: DEBUG neutron.plugins.ml2.rpc [None req-4574938c-f658-4a38-b34d-322dd5eeea9c None None] Device eb029296-df84-42c4-9046-cf10dbb4fa04 no longer exists at agent hyperv_hv-cinder-77398 {{(pid=109503) update_device_down /opt/stack/neutron/neutron/plugins/ml2/rpc.py:259}}
Feb 15 11:59:03.644286 dv-cinder-773985-26-iscsi neutron-server[109502]: INFO neutron.wsgi [req-21eb1ecf-16aa-4bcb-9ea2-b079008a0ab8 req-ea3f75a4-d747-4caf-9c33-e09c3c734fb3 tempest-AttachVolumeNegativeTest-125773640 tempest-AttachVolumeNegativeTest-125773640-project] 10.222.0.47 "GET /v2.0/security-groups?id=855bda9b-d209-45ec-a9e3-6e0731a65af6&fields=id&fields=name HTTP/1.1" status: 200 len: 286 time: 0.0412157
Feb 15 11:59:03.661555 dv-cinder-773985-26-iscsi neutron-server[109503]: DEBUG neutron.plugins.ml2.plugin [None req-4574938c-f658-4a38-b34d-322dd5eeea9c None None] No Port match for: eb029296-df84-42c4-9046-cf10dbb4fa04 {{(pid=109503) port_bound_to_host /opt/stack/neutron/neutron/plugins/ml2/plugin.py:2316}}
Feb 15 11:59:03.662027 dv-cinder-773985-26-iscsi neutron-server[109503]: DEBUG neutron.plugins.ml2.rpc [None req-4574938c-f658-4a38-b34d-322dd5eeea9c None None] Device eb029296-df84-42c4-9046-cf10dbb4fa04 not bound to the agent host hv-cinder-77398 {{(pid=109503) update_device_down /opt/stack/neutron/neutron/plugins/ml2/rpc.py:269}}
Feb 15 11:59:04.147865 dv-cinder-773985-26-iscsi neutron-server[109502]: INFO neutron.wsgi [req-d9c8e27b-56df-4104-91b8-995d6e74dacc req-13ae0281-c724-48f5-bddb-8908216ec05c tempest-DeleteServersTestJSON-352335897 tempest-DeleteServersTestJSON-352335897-project] 10.222.0.47 "GET /v2.0/ports?device_id=52d1aec7-cbe2-4c17-818c-d9ae32ebb0f5 HTTP/1.1" status: 200 len: 210 time: 0.0299165
Feb 15 11:59:04.198059 dv-cinder-773985-26-iscsi neutron-server[109502]: DEBUG neutron.pecan_wsgi.hooks.policy_enforcement [req-317ca4c5-56f4-4993-8432-4e5bdaebb741 req-4854684b-713b-4b11-81a9-33ce0368dcfb tempest-ServerRescueNegativeTestJSON-983272081 tempest-ServerRescueNegativeTestJSON-983272081-project] Attributes excluded by policy engine: ['standard_attr_id', 'binding:profile', 'binding:host_id', 'binding:vif_type', 'binding:vif_details'] {{(pid=109502) _exclude_attributes_by_policy /opt/stack/neutron/neutron/pecan_wsgi/hooks/policy_enforcement.py:255}}
Feb 15 11:59:04.199644 dv-cinder-773985-26-iscsi neutron-server[109502]: INFO neutron.wsgi [req-317ca4c5-56f4-4993-8432-4e5bdaebb741 req-4854684b-713b-4b11-81a9-33ce0368dcfb tempest-ServerRescueNegativeTestJSON-983272081 tempest-ServerRescueNegativeTestJSON-983272081-project] 10.222.0.47 "GET /v2.0/ports?device_id=38e4d58c-659c-4141-9a75-59b7b28488be HTTP/1.1" status: 200 len: 945 time: 0.0510032
Feb 15 11:59:04.245407 dv-cinder-773985-26-iscsi neutron-server[109502]: INFO neutron.wsgi [req-317ca4c5-56f4-4993-8432-4e5bdaebb741 req-46f3fea5-fb23-4960-902f-897e11ea27f8 tempest-ServerRescueNegativeTestJSON-983272081 tempest-ServerRescueNegativeTestJSON-983272081-project] 10.222.0.47 "GET /v2.0/security-groups?id=1637c864-7a10-4508-a0f7-53f941cbb76d&fields=id&fields=name HTTP/1.1" status: 200 len: 286 time: 0.0404758
Feb 15 11:59:04.761896 dv-cinder-773985-26-iscsi neutron-server[109502]: DEBUG neutron.pecan_wsgi.hooks.policy_enforcement [req-2f151ec5-debe-448f-bc52-8c335119f5f4 req-c589248b-ce46-4986-a100-66a32f32dec3 tempest-AttachVolumeNegativeTest-125773640 tempest-AttachVolumeNegativeTest-125773640-project] Attributes excluded by policy engine: ['standard_attr_id', 'binding:profile', 'binding:host_id', 'binding:vif_type', 'binding:vif_details'] {{(pid=109502) _exclude_attributes_by_policy /opt/stack/neutron/neutron/pecan_wsgi/hooks/policy_enforcement.py:255}}
Feb 15 11:59:04.763405 dv-cinder-773985-26-iscsi neutron-server[109502]: INFO neutron.wsgi [req-2f151ec5-debe-448f-bc52-8c335119f5f4 req-c589248b-ce46-4986-a100-66a32f32dec3 tempest-AttachVolumeNegativeTest-125773640 tempest-AttachVolumeNegativeTest-125773640-project] 10.222.0.47 "GET /v2.0/ports?device_id=af3357d5-e04d-4bf0-b73f-d208e9155adf HTTP/1.1" status: 200 len: 944 time: 0.0515816
Feb 15 11:59:04.810832 dv-cinder-773985-26-iscsi neutron-server[109502]: INFO neutron.wsgi [req-2f151ec5-debe-448f-bc52-8c335119f5f4 req-2e1f9611-91d6-405b-89a8-af552bac4d45 tempest-AttachVolumeNegativeTest-125773640 tempest-AttachVolumeNegativeTest-125773640-project] 10.222.0.47 "GET /v2.0/security-groups?id=855bda9b-d209-45ec-a9e3-6e0731a65af6&fields=id&fields=name HTTP/1.1" status: 200 len: 286 time: 0.0413311
Feb 15 11:59:05.245828 dv-cinder-773985-26-iscsi neutron-server[109502]: INFO neutron.wsgi [req-74ff12df-8729-4d36-9c68-b4c244064803 req-aaa6f2de-eacb-481d-9e45-d29804b913e9 tempest-DeleteServersTestJSON-352335897 tempest-DeleteServersTestJSON-352335897-project] 10.222.0.47 "GET /v2.0/ports?device_id=52d1aec7-cbe2-4c17-818c-d9ae32ebb0f5 HTTP/1.1" status: 200 len: 210 time: 0.0300720
Feb 15 11:59:05.362937 dv-cinder-773985-26-iscsi neutron-server[109502]: DEBUG neutron.pecan_wsgi.hooks.policy_enforcement [req-08d20abf-4a1a-4c5b-8c59-126bfdcac5bb req-45bd370a-4d99-4872-8c76-863dfbde05b6 tempest-ServerRescueNegativeTestJSON-983272081 tempest-ServerRescueNegativeTestJSON-983272081-project] Attributes excluded by policy engine: ['standard_attr_id', 'binding:profile', 'binding:host_id', 'binding:vif_type', 'binding:vif_details'] {{(pid=109502) _exclude_attributes_by_policy /opt/stack/neutron/neutron/pecan_wsgi/hooks/policy_enforcement.py:255}}
Feb 15 11:59:05.364439 dv-cinder-773985-26-iscsi neutron-server[109502]: INFO neutron.wsgi [req-08d20abf-4a1a-4c5b-8c59-126bfdcac5bb req-45bd370a-4d99-4872-8c76-863dfbde05b6 tempest-ServerRescueNegativeTestJSON-983272081 tempest-ServerRescueNegativeTestJSON-983272081-project] 10.222.0.47 "GET /v2.0/ports?device_id=38e4d58c-659c-4141-9a75-59b7b28488be HTTP/1.1" status: 200 len: 945 time: 0.0529575
Feb 15 11:59:05.416290 dv-cinder-773985-26-iscsi neutron-server[109502]: INFO neutron.wsgi [req-08d20abf-4a1a-4c5b-8c59-126bfdcac5bb req-c11fe616-5181-481c-a95e-477f13dc1f82 tempest-ServerRescueNegativeTestJSON-983272081 tempest-ServerRescueNegativeTestJSON-983272081-project] 10.222.0.47 "GET /v2.0/security-groups?id=1637c864-7a10-4508-a0f7-53f941cbb76d&fields=id&fields=name HTTP/1.1" status: 200 len: 286 time: 0.0459852
Feb 15 11:59:05.931321 dv-cinder-773985-26-iscsi neutron-server[109502]: DEBUG neutron.pecan_wsgi.hooks.policy_enforcement [req-77e21a32-8f67-41dd-b089-07761ae42a3c req-def5c1ea-91d1-4d1f-aa31-2472fc02951c tempest-AttachVolumeNegativeTest-125773640 tempest-AttachVolumeNegativeTest-125773640-project] Attributes excluded by policy engine: ['standard_attr_id', 'binding:profile', 'binding:host_id', 'binding:vif_type', 'binding:vif_details'] {{(pid=109502) _exclude_attributes_by_policy /opt/stack/neutron/neutron/pecan_wsgi/hooks/policy_enforcement.py:255}}
Feb 15 11:59:05.932774 dv-cinder-773985-26-iscsi neutron-server[109502]: INFO neutron.wsgi [req-77e21a32-8f67-41dd-b089-07761ae42a3c req-def5c1ea-91d1-4d1f-aa31-2472fc02951c tempest-AttachVolumeNegativeTest-125773640 tempest-AttachVolumeNegativeTest-125773640-project] 10.222.0.47 "GET /v2.0/ports?device_id=af3357d5-e04d-4bf0-b73f-d208e9155adf HTTP/1.1" status: 200 len: 944 time: 0.0562174
Feb 15 11:59:05.981274 dv-cinder-773985-26-iscsi neutron-server[109502]: INFO neutron.wsgi [req-77e21a32-8f67-41dd-b089-07761ae42a3c req-083be1f4-c6cf-4d04-89dc-3aa2d9846ab0 tempest-AttachVolumeNegativeTest-125773640 tempest-AttachVolumeNegativeTest-125773640-project] 10.222.0.47 "GET /v2.0/security-groups?id=855bda9b-d209-45ec-a9e3-6e0731a65af6&fields=id&fields=name HTTP/1.1" status: 200 len: 286 time: 0.0428998
Feb 15 11:59:06.360804 dv-cinder-773985-26-iscsi neutron-server[109502]: INFO neutron.wsgi [req-60349619-b210-4eed-b82e-779be5b5986f req-3c012d67-5498-4bfa-a3a5-46435b898b73 tempest-DeleteServersTestJSON-352335897 tempest-DeleteServersTestJSON-352335897-project] 10.222.0.47 "GET /v2.0/ports?device_id=52d1aec7-cbe2-4c17-818c-d9ae32ebb0f5 HTTP/1.1" status: 200 len: 210 time: 0.0323143
Feb 15 11:59:06.537797 dv-cinder-773985-26-iscsi neutron-server[109502]: DEBUG neutron.pecan_wsgi.hooks.policy_enforcement [req-532b953d-b00d-48d7-bac8-93808b85519f req-5de358e9-2592-4732-a382-0d55d3e64123 tempest-ServerRescueNegativeTestJSON-983272081 tempest-ServerRescueNegativeTestJSON-983272081-project] Attributes excluded by policy engine: ['standard_attr_id', 'binding:profile', 'binding:host_id', 'binding:vif_type', 'binding:vif_details'] {{(pid=109502) _exclude_attributes_by_policy /opt/stack/neutron/neutron/pecan_wsgi/hooks/policy_enforcement.py:255}}
Feb 15 11:59:06.541123 dv-cinder-773985-26-iscsi neutron-server[109502]: INFO neutron.wsgi [req-532b953d-b00d-48d7-bac8-93808b85519f req-5de358e9-2592-4732-a382-0d55d3e64123 tempest-ServerRescueNegativeTestJSON-983272081 tempest-ServerRescueNegativeTestJSON-983272081-project] 10.222.0.47 "GET /v2.0/ports?device_id=38e4d58c-659c-4141-9a75-59b7b28488be HTTP/1.1" status: 200 len: 945 time: 0.0531211
Feb 15 11:59:06.590239 dv-cinder-773985-26-iscsi neutron-server[109502]: INFO neutron.wsgi [req-532b953d-b00d-48d7-bac8-93808b85519f req-4ff8e1b9-3d6b-4608-8246-b09ce1682fde tempest-ServerRescueNegativeTestJSON-983272081 tempest-ServerRescueNegativeTestJSON-983272081-project] 10.222.0.47 "GET /v2.0/security-groups?id=1637c864-7a10-4508-a0f7-53f941cbb76d&fields=id&fields=name HTTP/1.1" status: 200 len: 286 time: 0.0445430
Feb 15 11:59:07.110910 dv-cinder-773985-26-iscsi neutron-server[109502]: DEBUG neutron.pecan_wsgi.hooks.policy_enforcement [req-5295e7eb-c396-43df-8f98-77d65cd55a17 req-72dbbd34-ceda-4a92-9a13-783eb15ac6fd tempest-AttachVolumeNegativeTest-125773640 tempest-AttachVolumeNegativeTest-125773640-project] Attributes excluded by policy engine: ['standard_attr_id', 'binding:profile', 'binding:host_id', 'binding:vif_type', 'binding:vif_details'] {{(pid=109502) _exclude_attributes_by_policy /opt/stack/neutron/neutron/pecan_wsgi/hooks/policy_enforcement.py:255}}
Feb 15 11:59:07.112435 dv-cinder-773985-26-iscsi neutron-server[109502]: INFO neutron.wsgi [req-5295e7eb-c396-43df-8f98-77d65cd55a17 req-72dbbd34-ceda-4a92-9a13-783eb15ac6fd tempest-AttachVolumeNegativeTest-125773640 tempest-AttachVolumeNegativeTest-125773640-project] 10.222.0.47 "GET /v2.0/ports?device_id=af3357d5-e04d-4bf0-b73f-d208e9155adf HTTP/1.1" status: 200 len: 944 time: 0.0523865
Feb 15 11:59:07.167543 dv-cinder-773985-26-iscsi neutron-server[109502]: INFO neutron.wsgi [req-5295e7eb-c396-43df-8f98-77d65cd55a17 req-d3f69ab5-95bc-4735-ac22-cac3fa95bd6d tempest-AttachVolumeNegativeTest-125773640 tempest-AttachVolumeNegativeTest-125773640-project] 10.222.0.47 "GET /v2.0/security-groups?id=855bda9b-d209-45ec-a9e3-6e0731a65af6&fields=id&fields=name HTTP/1.1" status: 200 len: 286 time: 0.0495074
Feb 15 11:59:07.310603 dv-cinder-773985-26-iscsi neutron-server[109502]: DEBUG neutron.wsgi [-] (109502) accepted ('10.222.0.47', 56164) {{(pid=109502) server /usr/local/lib/python3.8/dist-packages/eventlet/wsgi.py:1004}}
Feb 15 11:59:07.369409 dv-cinder-773985-26-iscsi neutron-server[109503]: DEBUG neutron.plugins.ml2.rpc [None req-4574938c-f658-4a38-b34d-322dd5eeea9c None None] Device a7c81c74-9935-4417-bf82-11bc4dac111a up at agent hyperv_hv-cinder-77398 {{(pid=109503) update_device_up /opt/stack/neutron/neutron/plugins/ml2/rpc.py:296}}
Feb 15 11:59:07.424979 dv-cinder-773985-26-iscsi neutron-server[109502]: DEBUG neutron_lib.callbacks.manager [None req-f6050dfc-54d2-47cd-b3d2-df7085b0ada3 admin admin] Publish callbacks [] for security_group (None), before_create {{(pid=109502) _notify_loop /usr/local/lib/python3.8/dist-packages/neutron_lib/callbacks/manager.py:176}}
Feb 15 11:59:07.469787 dv-cinder-773985-26-iscsi neutron-server[109503]: DEBUG neutron.db.provisioning_blocks [None req-4574938c-f658-4a38-b34d-322dd5eeea9c None None] Provisioning for port a7c81c74-9935-4417-bf82-11bc4dac111a completed by entity L2. {{(pid=109503) provisioning_complete /opt/stack/neutron/neutron/db/provisioning_blocks.py:133}}
Feb 15 11:59:07.479940 dv-cinder-773985-26-iscsi neutron-server[109503]: DEBUG neutron.db.provisioning_blocks [None req-4574938c-f658-4a38-b34d-322dd5eeea9c None None] Provisioning complete for port a7c81c74-9935-4417-bf82-11bc4dac111a triggered by entity L2. {{(pid=109503) provisioning_complete /opt/stack/neutron/neutron/db/provisioning_blocks.py:139}}
Feb 15 11:59:07.479940 dv-cinder-773985-26-iscsi neutron-server[109503]: DEBUG neutron_lib.callbacks.manager [None req-4574938c-f658-4a38-b34d-322dd5eeea9c None None] Publish callbacks ['neutron.plugins.ml2.plugin.Ml2Plugin._port_provisioned-1727786'] for port (a7c81c74-9935-4417-bf82-11bc4dac111a), provisioning_complete {{(pid=109503) _notify_loop /usr/local/lib/python3.8/dist-packages/neutron_lib/callbacks/manager.py:176}}
Feb 15 11:59:07.502896 dv-cinder-773985-26-iscsi neutron-server[109502]: DEBUG neutron_lib.callbacks.manager [None req-f6050dfc-54d2-47cd-b3d2-df7085b0ada3 admin admin] Publish callbacks [] for security_group (846d2919-d1fb-40d3-8b01-e1ca18b4ed33), precommit_create {{(pid=109502) _notify_loop /usr/local/lib/python3.8/dist-packages/neutron_lib/callbacks/manager.py:176}}
Feb 15 11:59:07.563123 dv-cinder-773985-26-iscsi neutron-server[109503]: DEBUG neutron.plugins.ml2.plugin [None req-4574938c-f658-4a38-b34d-322dd5eeea9c None None] Current status of the port a7c81c74-9935-4417-bf82-11bc4dac111a is: BUILD; New status is: ACTIVE {{(pid=109503) _update_individual_port_db_status /opt/stack/neutron/neutron/plugins/ml2/plugin.py:2232}}
Feb 15 11:59:07.563123 dv-cinder-773985-26-iscsi neutron-server[109503]: DEBUG neutron_lib.callbacks.manager [None req-4574938c-f658-4a38-b34d-322dd5eeea9c None None] Publish callbacks ['neutron.plugins.ml2.plugin.SecurityGroupDbMixin._ensure_default_security_group_handler-1738907'] for port (a7c81c74-9935-4417-bf82-11bc4dac111a), before_update {{(pid=109503) _notify_loop /usr/local/lib/python3.8/dist-packages/neutron_lib/callbacks/manager.py:176}}
Feb 15 11:59:07.583554 dv-cinder-773985-26-iscsi neutron-server[109502]: DEBUG neutron_lib.callbacks.manager [None req-f6050dfc-54d2-47cd-b3d2-df7085b0ada3 admin admin] Publish callbacks ['neutron.plugins.ml2.ovo_rpc._ObjectChangeHandler.handle_event-722983'] for security_group (846d2919-d1fb-40d3-8b01-e1ca18b4ed33), after_create {{(pid=109502) _notify_loop /usr/local/lib/python3.8/dist-packages/neutron_lib/callbacks/manager.py:176}}
Feb 15 11:59:07.612244 dv-cinder-773985-26-iscsi neutron-server[109503]: DEBUG neutron.plugins.ml2.db [None req-4574938c-f658-4a38-b34d-322dd5eeea9c None None] For port a7c81c74-9935-4417-bf82-11bc4dac111a, host hv-cinder-77398, got binding levels [PortBindingLevel(driver='hyperv',host='hv-cinder-77398',level=0,port_id=a7c81c74-9935-4417-bf82-11bc4dac111a,segment=NetworkSegment(5db7a48f-4323-4ae1-b999-18fe5b98a651),segment_id=5db7a48f-4323-4ae1-b999-18fe5b98a651)] {{(pid=109503) get_binding_level_objs /opt/stack/neutron/neutron/plugins/ml2/db.py:74}}
Feb 15 11:59:07.616911 dv-cinder-773985-26-iscsi neutron-server[109503]: DEBUG neutron.notifiers.nova [-] Sending events: [{'server_uuid': 'af3357d5-e04d-4bf0-b73f-d208e9155adf', 'name': 'network-vif-plugged', 'status': 'completed', 'tag': 'a7c81c74-9935-4417-bf82-11bc4dac111a'}] {{(pid=109503) send_events /opt/stack/neutron/neutron/notifiers/nova.py:271}}
Feb 15 11:59:07.616911 dv-cinder-773985-26-iscsi neutron-server[109503]: DEBUG novaclient.v2.client [-] REQ: curl -g -i --cacert "/opt/stack/data/ca-bundle.pem" -X POST http://10.222.0.47/compute/v2.1/os-server-external-events -H "Accept: application/json" -H "Content-Type: application/json" -H "User-Agent: python-novaclient" -H "X-Auth-Token: {SHA256}d93f5566cf8c849b071d8f1b8b20c3af5fb20a82d2d4d2a2c132dd02e5e3b1e5" -H "X-OpenStack-Nova-API-Version: 2.1" -H "X-OpenStack-Request-ID: req-d73da373-4807-42b6-9ed0-089979e5c1c2" -d '{"events": [{"server_uuid": "af3357d5-e04d-4bf0-b73f-d208e9155adf", "name": "network-vif-plugged", "status": "completed", "tag": "a7c81c74-9935-4417-bf82-11bc4dac111a"}]}' {{(pid=109503) _http_log_request /usr/local/lib/python3.8/dist-packages/keystoneauth1/session.py:519}}
Feb 15 11:59:07.626188 dv-cinder-773985-26-iscsi neutron-server[109502]: DEBUG neutron.api.rpc.handlers.resources_rpc [None req-f6050dfc-54d2-47cd-b3d2-df7085b0ada3 admin admin] Pushing event updated for resources: {'SecurityGroup': ['ID=846d2919-d1fb-40d3-8b01-e1ca18b4ed33,revision_number=1']} {{(pid=109502) push /opt/stack/neutron/neutron/api/rpc/handlers/resources_rpc.py:237}}
Feb 15 11:59:07.647410 dv-cinder-773985-26-iscsi neutron-server[109501]: DEBUG neutron.wsgi [-] (109501) accepted ('10.222.0.47', 56188) {{(pid=109501) server /usr/local/lib/python3.8/dist-packages/eventlet/wsgi.py:1004}}
Feb 15 11:59:07.652399 dv-cinder-773985-26-iscsi neutron-server[109502]: INFO neutron.wsgi [None req-f6050dfc-54d2-47cd-b3d2-df7085b0ada3 admin admin] 10.222.0.47 "GET /v2.0/security-groups?tenant_id=f727e64ead904f1c8d836480098b6f8c&name=default HTTP/1.1" status: 200 len: 2996 time: 0.3404067
Feb 15 11:59:07.660551 dv-cinder-773985-26-iscsi neutron-server[109503]: DEBUG novaclient.v2.client [-] RESP: [200] Connection: close Content-Length: 183 Content-Type: application/json Date: Tue, 15 Feb 2022 11:59:07 GMT OpenStack-API-Version: compute 2.1 Server: Apache/2.4.41 (Ubuntu) Vary: OpenStack-API-Version,X-OpenStack-Nova-API-Version X-OpenStack-Nova-API-Version: 2.1 x-compute-request-id: req-5e6b11e9-45d1-47b4-aa76-3ad3e61323d9 x-openstack-request-id: req-5e6b11e9-45d1-47b4-aa76-3ad3e61323d9 {{(pid=109503) _http_log_response /usr/local/lib/python3.8/dist-packages/keystoneauth1/session.py:550}}
Feb 15 11:59:07.661047 dv-cinder-773985-26-iscsi neutron-server[109503]: DEBUG novaclient.v2.client [-] RESP BODY: {"events": [{"server_uuid": "af3357d5-e04d-4bf0-b73f-d208e9155adf", "name": "network-vif-plugged", "status": "completed", "tag": "a7c81c74-9935-4417-bf82-11bc4dac111a", "code": 200}]} {{(pid=109503) _http_log_response /usr/local/lib/python3.8/dist-packages/keystoneauth1/session.py:582}}
Feb 15 11:59:07.661479 dv-cinder-773985-26-iscsi neutron-server[109503]: DEBUG novaclient.v2.client [-] POST call to compute for http://10.222.0.47/compute/v2.1/os-server-external-events used request id req-5e6b11e9-45d1-47b4-aa76-3ad3e61323d9 {{(pid=109503) request /usr/local/lib/python3.8/dist-packages/keystoneauth1/session.py:954}}
Feb 15 11:59:07.662051 dv-cinder-773985-26-iscsi neutron-server[109503]: INFO neutron.notifiers.nova [-] Nova event response: {'server_uuid': 'af3357d5-e04d-4bf0-b73f-d208e9155adf', 'name': 'network-vif-plugged', 'status': 'completed', 'tag': 'a7c81c74-9935-4417-bf82-11bc4dac111a', 'code': 200}
Feb 15 11:59:07.669134 dv-cinder-773985-26-iscsi neutron-server[109503]: DEBUG neutron_lib.callbacks.manager [None req-4574938c-f658-4a38-b34d-322dd5eeea9c None None] Publish callbacks ['neutron.plugins.ml2.plugin.SecurityGroupServerNotifierRpcMixin._notify_sg_on_port_change-1738820', 'neutron.plugins.ml2.ovo_rpc._ObjectChangeHandler.handle_event-121272', 'neutron.api.rpc.agentnotifiers.dhcp_rpc_agent_api.DhcpAgentNotifyAPI._native_event_send_dhcp_notification-614844', 'neutron.db.l3_db.L3RpcNotifierMixin._notify_gateway_port_ip_changed-8777930330399', 'neutron.db.l3_dvrscheduler_db._notify_l3_agent_port_update-8777929727187', 'neutron.db.l3_hascheduler_db._notify_l3_agent_ha_port_update-8777929727205'] for port (a7c81c74-9935-4417-bf82-11bc4dac111a), after_update {{(pid=109503) _notify_loop /usr/local/lib/python3.8/dist-packages/neutron_lib/callbacks/manager.py:176}}
Feb 15 11:59:07.727109 dv-cinder-773985-26-iscsi neutron-server[109503]: DEBUG neutron.api.rpc.handlers.resources_rpc [None req-4574938c-f658-4a38-b34d-322dd5eeea9c None None] Pushing event updated for resources: {'Port': ['ID=a7c81c74-9935-4417-bf82-11bc4dac111a,revision_number=5']} {{(pid=109503) push /opt/stack/neutron/neutron/api/rpc/handlers/resources_rpc.py:237}}
Feb 15 11:59:07.733041 dv-cinder-773985-26-iscsi neutron-server[109501]: DEBUG neutron_lib.callbacks.manager [None req-9a500765-d24a-4674-9fce-378830181bf2 admin admin] Publish callbacks [] for security_group (846d2919-d1fb-40d3-8b01-e1ca18b4ed33), before_delete {{(pid=109501) _notify_loop /usr/local/lib/python3.8/dist-packages/neutron_lib/callbacks/manager.py:176}}
Feb 15 11:59:07.757351 dv-cinder-773985-26-iscsi neutron-server[109501]: DEBUG neutron_lib.callbacks.manager [None req-9a500765-d24a-4674-9fce-378830181bf2 admin admin] Publish callbacks [] for security_group (846d2919-d1fb-40d3-8b01-e1ca18b4ed33), precommit_delete {{(pid=109501) _notify_loop /usr/local/lib/python3.8/dist-packages/neutron_lib/callbacks/manager.py:176}}
Feb 15 11:59:07.759956 dv-cinder-773985-26-iscsi neutron-server[109502]: DEBUG neutron.pecan_wsgi.hooks.policy_enforcement [req-063382a6-7aaf-4505-a292-31d922734778 req-11840307-0d8f-44d0-9c88-237d113eddcc tempest-ServerRescueNegativeTestJSON-983272081 tempest-ServerRescueNegativeTestJSON-983272081-project] Attributes excluded by policy engine: ['standard_attr_id', 'binding:profile', 'binding:host_id', 'binding:vif_type', 'binding:vif_details'] {{(pid=109502) _exclude_attributes_by_policy /opt/stack/neutron/neutron/pecan_wsgi/hooks/policy_enforcement.py:255}}
Feb 15 11:59:07.761991 dv-cinder-773985-26-iscsi neutron-server[109502]: INFO neutron.wsgi [req-063382a6-7aaf-4505-a292-31d922734778 req-11840307-0d8f-44d0-9c88-237d113eddcc tempest-ServerRescueNegativeTestJSON-983272081 tempest-ServerRescueNegativeTestJSON-983272081-project] 10.222.0.47 "GET /v2.0/ports?device_id=38e4d58c-659c-4141-9a75-59b7b28488be HTTP/1.1" status: 200 len: 945 time: 0.0806932
Feb 15 11:59:07.811390 dv-cinder-773985-26-iscsi neutron-server[109502]: INFO neutron.wsgi [req-063382a6-7aaf-4505-a292-31d922734778 req-f4e55dac-0cbb-46ff-b4e7-19b53a510e3b tempest-ServerRescueNegativeTestJSON-983272081 tempest-ServerRescueNegativeTestJSON-983272081-project] 10.222.0.47 "GET /v2.0/security-groups?id=1637c864-7a10-4508-a0f7-53f941cbb76d&fields=id&fields=name HTTP/1.1" status: 200 len: 286 time: 0.0429816
Feb 15 11:59:07.886508 dv-cinder-773985-26-iscsi neutron-server[109501]: DEBUG neutron_lib.callbacks.manager [None req-9a500765-d24a-4674-9fce-378830181bf2 admin admin] Publish callbacks ['neutron.plugins.ml2.ovo_rpc._ObjectChangeHandler.handle_event-722983'] for security_group (846d2919-d1fb-40d3-8b01-e1ca18b4ed33), after_delete {{(pid=109501) _notify_loop /usr/local/lib/python3.8/dist-packages/neutron_lib/callbacks/manager.py:176}}
Feb 15 11:59:07.889214 dv-cinder-773985-26-iscsi neutron-server[109501]: DEBUG neutron_lib.callbacks.manager [None req-9a500765-d24a-4674-9fce-378830181bf2 admin admin] Publish callbacks [] for security_group (None), before_response {{(pid=109501) _notify_loop /usr/local/lib/python3.8/dist-packages/neutron_lib/callbacks/manager.py:176}}
Feb 15 11:59:07.890634 dv-cinder-773985-26-iscsi neutron-server[109501]: INFO neutron.wsgi [None req-9a500765-d24a-4674-9fce-378830181bf2 admin admin] 10.222.0.47 "DELETE /v2.0/security-groups/846d2919-d1fb-40d3-8b01-e1ca18b4ed33 HTTP/1.1" status: 204 len: 168 time: 0.2415626
Feb 15 11:59:07.898282 dv-cinder-773985-26-iscsi neutron-server[109501]: DEBUG neutron.api.rpc.handlers.resources_rpc [None req-9a500765-d24a-4674-9fce-378830181bf2 admin admin] Pushing event deleted for resources: {'SecurityGroup': ['ID=846d2919-d1fb-40d3-8b01-e1ca18b4ed33,revision_number=None']} {{(pid=109501) push /opt/stack/neutron/neutron/api/rpc/handlers/resources_rpc.py:237}}
Feb 15 11:59:08.107314 dv-cinder-773985-26-iscsi neutron-server[109501]: DEBUG neutron.pecan_wsgi.hooks.policy_enforcement [req-354d4d11-aaa4-48d7-ae00-661c4757a0a1 req-c542af63-510c-415b-8d7a-292aaa5cf921 service neutron] Attributes excluded by policy engine: ['standard_attr_id'] {{(pid=109501) _exclude_attributes_by_policy /opt/stack/neutron/neutron/pecan_wsgi/hooks/policy_enforcement.py:255}}
Feb 15 11:59:08.108890 dv-cinder-773985-26-iscsi neutron-server[109501]: INFO neutron.wsgi [req-354d4d11-aaa4-48d7-ae00-661c4757a0a1 req-c542af63-510c-415b-8d7a-292aaa5cf921 service neutron] 10.222.0.10 "GET /v2.0/ports?device_id=af3357d5-e04d-4bf0-b73f-d208e9155adf HTTP/1.1" status: 200 len: 1129 time: 0.0447991
Feb 15 11:59:08.154452 dv-cinder-773985-26-iscsi neutron-server[109501]: INFO neutron.wsgi [req-354d4d11-aaa4-48d7-ae00-661c4757a0a1 req-301325b2-ab23-4bc1-9858-b77215c0471f service neutron] 10.222.0.10 "GET /v2.0/security-groups?id=855bda9b-d209-45ec-a9e3-6e0731a65af6&fields=id&fields=name HTTP/1.1" status: 200 len: 286 time: 0.0366254
Feb 15 11:59:08.294584 dv-cinder-773985-26-iscsi neutron-server[109502]: DEBUG neutron.pecan_wsgi.hooks.policy_enforcement [req-f36b6162-ecae-45b4-a141-d8c842a983ce req-33598abb-b760-4f5b-8136-24e16b1c80b5 tempest-AttachVolumeNegativeTest-125773640 tempest-AttachVolumeNegativeTest-125773640-project] Attributes excluded by policy engine: ['standard_attr_id', 'binding:profile', 'binding:host_id', 'binding:vif_type', 'binding:vif_details'] {{(pid=109502) _exclude_attributes_by_policy /opt/stack/neutron/neutron/pecan_wsgi/hooks/policy_enforcement.py:255}}
Feb 15 11:59:08.297063 dv-cinder-773985-26-iscsi neutron-server[109502]: INFO neutron.wsgi [req-f36b6162-ecae-45b4-a141-d8c842a983ce req-33598abb-b760-4f5b-8136-24e16b1c80b5 tempest-AttachVolumeNegativeTest-125773640 tempest-AttachVolumeNegativeTest-125773640-project] 10.222.0.47 "GET /v2.0/ports?device_id=af3357d5-e04d-4bf0-b73f-d208e9155adf HTTP/1.1" status: 200 len: 945 time: 0.0596390
Feb 15 11:59:08.342899 dv-cinder-773985-26-iscsi neutron-server[109502]: INFO neutron.wsgi [req-f36b6162-ecae-45b4-a141-d8c842a983ce req-ebc833c4-e22d-4076-978c-0792504a4f48 tempest-AttachVolumeNegativeTest-125773640 tempest-AttachVolumeNegativeTest-125773640-project] 10.222.0.47 "GET /v2.0/security-groups?id=855bda9b-d209-45ec-a9e3-6e0731a65af6&fields=id&fields=name HTTP/1.1" status: 200 len: 286 time: 0.0407984
Feb 15 11:59:08.544734 dv-cinder-773985-26-iscsi neutron-server[109502]: DEBUG neutron.wsgi [-] (109502) accepted ('10.222.0.47', 56206) {{(pid=109502) server /usr/local/lib/python3.8/dist-packages/eventlet/wsgi.py:1004}}
Feb 15 11:59:08.557566 dv-cinder-773985-26-iscsi neutron-server[109502]: DEBUG neutron_lib.callbacks.manager [None req-d4712426-8be3-4ba0-80f8-ef3b086daef4 admin admin] Publish callbacks [] for security_group (None), before_create {{(pid=109502) _notify_loop /usr/local/lib/python3.8/dist-packages/neutron_lib/callbacks/manager.py:176}}
Feb 15 11:59:08.629465 dv-cinder-773985-26-iscsi neutron-server[109502]: DEBUG neutron_lib.callbacks.manager [None req-d4712426-8be3-4ba0-80f8-ef3b086daef4 admin admin] Publish callbacks [] for security_group (793ce59c-d537-44d3-adef-15945cd14757), precommit_create {{(pid=109502) _notify_loop /usr/local/lib/python3.8/dist-packages/neutron_lib/callbacks/manager.py:176}}
Feb 15 11:59:08.777481 dv-cinder-773985-26-iscsi neutron-server[109502]: DEBUG neutron_lib.callbacks.manager [None req-d4712426-8be3-4ba0-80f8-ef3b086daef4 admin admin] Publish callbacks ['neutron.plugins.ml2.ovo_rpc._ObjectChangeHandler.handle_event-722983'] for security_group (793ce59c-d537-44d3-adef-15945cd14757), after_create {{(pid=109502) _notify_loop /usr/local/lib/python3.8/dist-packages/neutron_lib/callbacks/manager.py:176}}
Feb 15 11:59:08.816168 dv-cinder-773985-26-iscsi neutron-server[109502]: INFO neutron.wsgi [None req-d4712426-8be3-4ba0-80f8-ef3b086daef4 admin admin] 10.222.0.47 "GET /v2.0/security-groups?tenant_id=af56dfb58bea4b8bbf23faf487fb5b1c&name=default HTTP/1.1" status: 200 len: 2996 time: 0.2703183
Feb 15 11:59:08.817052 dv-cinder-773985-26-iscsi neutron-server[109502]: DEBUG neutron.api.rpc.handlers.resources_rpc [None req-d4712426-8be3-4ba0-80f8-ef3b086daef4 admin admin] Pushing event updated for resources: {'SecurityGroup': ['ID=793ce59c-d537-44d3-adef-15945cd14757,revision_number=1']} {{(pid=109502) push /opt/stack/neutron/neutron/api/rpc/handlers/resources_rpc.py:237}}
Feb 15 11:59:08.818978 dv-cinder-773985-26-iscsi neutron-server[109501]: DEBUG neutron.wsgi [-] (109501) accepted ('10.222.0.47', 56208) {{(pid=109501) server /usr/local/lib/python3.8/dist-packages/eventlet/wsgi.py:1004}}
Feb 15 11:59:08.878143 dv-cinder-773985-26-iscsi neutron-server[109501]: DEBUG neutron_lib.callbacks.manager [None req-e7329266-3053-4f80-afb9-1efd22eb56e8 admin admin] Publish callbacks [] for security_group (793ce59c-d537-44d3-adef-15945cd14757), before_delete {{(pid=109501) _notify_loop /usr/local/lib/python3.8/dist-packages/neutron_lib/callbacks/manager.py:176}}
Feb 15 11:59:08.901969 dv-cinder-773985-26-iscsi neutron-server[109501]: DEBUG neutron_lib.callbacks.manager [None req-e7329266-3053-4f80-afb9-1efd22eb56e8 admin admin] Publish callbacks [] for security_group (793ce59c-d537-44d3-adef-15945cd14757), precommit_delete {{(pid=109501) _notify_loop /usr/local/lib/python3.8/dist-packages/neutron_lib/callbacks/manager.py:176}}
Feb 15 11:59:08.951943 dv-cinder-773985-26-iscsi neutron-server[109502]: DEBUG neutron.pecan_wsgi.hooks.policy_enforcement [req-f6ab4d6f-adc9-4f8f-8eb5-d5721e5a863e req-57932d82-2b83-4e1a-ad65-7bd88643193b tempest-ServerRescueNegativeTestJSON-983272081 tempest-ServerRescueNegativeTestJSON-983272081-project] Attributes excluded by policy engine: ['standard_attr_id', 'binding:profile', 'binding:host_id', 'binding:vif_type', 'binding:vif_details'] {{(pid=109502) _exclude_attributes_by_policy /opt/stack/neutron/neutron/pecan_wsgi/hooks/policy_enforcement.py:255}}
Feb 15 11:59:08.953798 dv-cinder-773985-26-iscsi neutron-server[109502]: INFO neutron.wsgi [req-f6ab4d6f-adc9-4f8f-8eb5-d5721e5a863e req-57932d82-2b83-4e1a-ad65-7bd88643193b tempest-ServerRescueNegativeTestJSON-983272081 tempest-ServerRescueNegativeTestJSON-983272081-project] 10.222.0.47 "GET /v2.0/ports?device_id=38e4d58c-659c-4141-9a75-59b7b28488be HTTP/1.1" status: 200 len: 945 time: 0.0673337
