Aug 31 05:19:37.006543 dv-cinder-773985-16-smb devstack@c-api.service[100746]: /usr/local/lib/python3.8/dist-packages/oslo_context/context.py:105: DeprecationWarning: Policy enforcement is depending on the value of is_admin. This key is deprecated. Please update your policy file to use the standard policy values.
Aug 31 05:19:37.006543 dv-cinder-773985-16-smb devstack@c-api.service[100746]: warnings.warn('Policy enforcement is depending on the value of '
Aug 31 05:19:37.028036 dv-cinder-773985-16-smb devstack@c-api.service[100746]: INFO cinder.volume.api [None req-99a5590d-e5b7-4d55-b109-9c0d76365592 tempest-VolumesTransfersV355Test-926019252 tempest-VolumesTransfersV355Test-926019252-project] Volume info retrieved successfully.
Aug 31 05:19:37.055786 dv-cinder-773985-16-smb devstack@c-api.service[100746]: INFO cinder.api.openstack.wsgi [None req-99a5590d-e5b7-4d55-b109-9c0d76365592 tempest-VolumesTransfersV355Test-926019252 tempest-VolumesTransfersV355Test-926019252-project] http://10.222.0.52/volume/v3/e6d724d3dbe94ea29fcad63f3d757f86/volumes/2a23390c-9411-4d2a-9689-1380fd59f419 returned with HTTP 200
Aug 31 05:19:37.058719 dv-cinder-773985-16-smb devstack@c-api.service[100746]: [pid: 100746|app: 0|req: 239/459] 10.222.0.52 () {60 vars in 1366 bytes} [Tue Aug 31 05:19:36 2021] GET /volume/v3/e6d724d3dbe94ea29fcad63f3d757f86/volumes/2a23390c-9411-4d2a-9689-1380fd59f419 => generated 1023 bytes in 83 msecs (HTTP/1.1 200) 7 headers in 287 bytes (1 switches on core 0)
Aug 31 05:19:37.082297 dv-cinder-773985-16-smb devstack@c-api.service[100746]: INFO cinder.api.openstack.wsgi [None req-79df857e-77c9-4dff-b6d3-e8d36c94453a tempest-VolumesTransfersV355Test-926019252 tempest-VolumesTransfersV355Test-926019252-project] GET http://10.222.0.52/volume/v3/e6d724d3dbe94ea29fcad63f3d757f86/volume-transfers/detail
Aug 31 05:19:37.082807 dv-cinder-773985-16-smb devstack@c-api.service[100746]: DEBUG cinder.api.openstack.wsgi [None req-79df857e-77c9-4dff-b6d3-e8d36c94453a tempest-VolumesTransfersV355Test-926019252 tempest-VolumesTransfersV355Test-926019252-project] Empty body provided in request {{(pid=100746) get_body /opt/stack/cinder/cinder/api/openstack/wsgi.py:703}}
Aug 31 05:19:37.082981 dv-cinder-773985-16-smb devstack@c-api.service[100746]: /usr/local/lib/python3.8/dist-packages/webob/acceptparse.py:1047: DeprecationWarning: The behavior of AcceptValidHeader.best_match is currently being maintained for backward compatibility, but it will be deprecated in the future, as it does not conform to the RFC.
Aug 31 05:19:37.082981 dv-cinder-773985-16-smb devstack@c-api.service[100746]: warnings.warn(
Aug 31 05:19:37.083525 dv-cinder-773985-16-smb devstack@c-api.service[100746]: DEBUG cinder.api.openstack.wsgi [None req-79df857e-77c9-4dff-b6d3-e8d36c94453a tempest-VolumesTransfersV355Test-926019252 tempest-VolumesTransfersV355Test-926019252-project] Calling method 'detail' {{(pid=100746) _process_stack /opt/stack/cinder/cinder/api/openstack/wsgi.py:856}}
Aug 31 05:19:37.084094 dv-cinder-773985-16-smb devstack@c-api.service[100746]: DEBUG cinder.api.v3.volume_transfer [None req-79df857e-77c9-4dff-b6d3-e8d36c94453a tempest-VolumesTransfersV355Test-926019252 tempest-VolumesTransfersV355Test-926019252-project] Listing volume transfers {{(pid=100746) _get_transfers /opt/stack/cinder/cinder/api/v3/volume_transfer.py:51}}
Aug 31 05:19:37.098863 dv-cinder-773985-16-smb devstack@c-api.service[100746]: INFO cinder.api.openstack.wsgi [None req-79df857e-77c9-4dff-b6d3-e8d36c94453a tempest-VolumesTransfersV355Test-926019252 tempest-VolumesTransfersV355Test-926019252-project] http://10.222.0.52/volume/v3/e6d724d3dbe94ea29fcad63f3d757f86/volume-transfers/detail returned with HTTP 200
Aug 31 05:19:37.100576 dv-cinder-773985-16-smb devstack@c-api.service[100746]: [pid: 100746|app: 0|req: 240/460] 10.222.0.52 () {58 vars in 1262 bytes} [Tue Aug 31 05:19:37 2021] GET /volume/v3/e6d724d3dbe94ea29fcad63f3d757f86/volume-transfers/detail => generated 478 bytes in 30 msecs (HTTP/1.1 200) 7 headers in 285 bytes (1 switches on core 0)
Aug 31 05:19:37.113135 dv-cinder-773985-16-smb devstack@c-api.service[100746]: INFO cinder.api.openstack.wsgi [None req-aac46fc4-1fb1-4903-b33f-9e34a1bdf5e5 tempest-VolumesTransfersV355Test-926019252 tempest-VolumesTransfersV355Test-926019252-project] DELETE http://10.222.0.52/volume/v3/e6d724d3dbe94ea29fcad63f3d757f86/volume-transfers/72fc201f-6c7f-488e-abb6-c300a3fe119a
Aug 31 05:19:37.114532 dv-cinder-773985-16-smb devstack@c-api.service[100746]: DEBUG cinder.api.openstack.wsgi [None req-aac46fc4-1fb1-4903-b33f-9e34a1bdf5e5 tempest-VolumesTransfersV355Test-926019252 tempest-VolumesTransfersV355Test-926019252-project] Empty body provided in request {{(pid=100746) get_body /opt/stack/cinder/cinder/api/openstack/wsgi.py:703}}
Aug 31 05:19:37.115202 dv-cinder-773985-16-smb devstack@c-api.service[100746]: DEBUG cinder.api.openstack.wsgi [None req-aac46fc4-1fb1-4903-b33f-9e34a1bdf5e5 tempest-VolumesTransfersV355Test-926019252 tempest-VolumesTransfersV355Test-926019252-project] Calling method 'delete' {{(pid=100746) _process_stack /opt/stack/cinder/cinder/api/openstack/wsgi.py:856}}
Aug 31 05:19:37.117397 dv-cinder-773985-16-smb devstack@c-api.service[100746]: INFO cinder.api.contrib.volume_transfer [None req-aac46fc4-1fb1-4903-b33f-9e34a1bdf5e5 tempest-VolumesTransfersV355Test-926019252 tempest-VolumesTransfersV355Test-926019252-project] Delete transfer with id: 72fc201f-6c7f-488e-abb6-c300a3fe119a
Aug 31 05:19:37.149269 dv-cinder-773985-16-smb devstack@c-api.service[100746]: /usr/local/lib/python3.8/dist-packages/oslo_context/context.py:105: DeprecationWarning: Policy enforcement is depending on the value of is_admin. This key is deprecated. Please update your policy file to use the standard policy values.
Aug 31 05:19:37.149269 dv-cinder-773985-16-smb devstack@c-api.service[100746]: warnings.warn('Policy enforcement is depending on the value of '
Aug 31 05:19:37.175184 dv-cinder-773985-16-smb devstack@c-api.service[100746]: INFO cinder.api.openstack.wsgi [None req-aac46fc4-1fb1-4903-b33f-9e34a1bdf5e5 tempest-VolumesTransfersV355Test-926019252 tempest-VolumesTransfersV355Test-926019252-project] http://10.222.0.52/volume/v3/e6d724d3dbe94ea29fcad63f3d757f86/volume-transfers/72fc201f-6c7f-488e-abb6-c300a3fe119a returned with HTTP 202
Aug 31 05:19:37.176113 dv-cinder-773985-16-smb devstack@c-api.service[100746]: [pid: 100746|app: 0|req: 241/461] 10.222.0.52 () {58 vars in 1355 bytes} [Tue Aug 31 05:19:37 2021] DELETE /volume/v3/e6d724d3dbe94ea29fcad63f3d757f86/volume-transfers/72fc201f-6c7f-488e-abb6-c300a3fe119a => generated 0 bytes in 69 msecs (HTTP/1.1 202) 6 headers in 233 bytes (1 switches on core 0)
Aug 31 05:19:37.184982 dv-cinder-773985-16-smb devstack@c-api.service[100746]: INFO cinder.api.openstack.wsgi [None req-acfeca13-8b33-4337-b1ad-b9749c6c6a2b tempest-VolumesTransfersV355Test-926019252 tempest-VolumesTransfersV355Test-926019252-project] GET http://10.222.0.52/volume/v3/e6d724d3dbe94ea29fcad63f3d757f86/volumes/2a23390c-9411-4d2a-9689-1380fd59f419
Aug 31 05:19:37.185934 dv-cinder-773985-16-smb devstack@c-api.service[100746]: DEBUG cinder.api.openstack.wsgi [None req-acfeca13-8b33-4337-b1ad-b9749c6c6a2b tempest-VolumesTransfersV355Test-926019252 tempest-VolumesTransfersV355Test-926019252-project] Empty body provided in request {{(pid=100746) get_body /opt/stack/cinder/cinder/api/openstack/wsgi.py:703}}
Aug 31 05:19:37.186395 dv-cinder-773985-16-smb devstack@c-api.service[100746]: /usr/local/lib/python3.8/dist-packages/webob/acceptparse.py:1047: DeprecationWarning: The behavior of AcceptValidHeader.best_match is currently being maintained for backward compatibility, but it will be deprecated in the future, as it does not conform to the RFC.
Aug 31 05:19:37.186395 dv-cinder-773985-16-smb devstack@c-api.service[100746]: warnings.warn(
Aug 31 05:19:37.187338 dv-cinder-773985-16-smb devstack@c-api.service[100746]: DEBUG cinder.api.openstack.wsgi [None req-acfeca13-8b33-4337-b1ad-b9749c6c6a2b tempest-VolumesTransfersV355Test-926019252 tempest-VolumesTransfersV355Test-926019252-project] Calling method 'show' {{(pid=100746) _process_stack /opt/stack/cinder/cinder/api/openstack/wsgi.py:856}}
Aug 31 05:19:37.204265 dv-cinder-773985-16-smb devstack@c-api.service[100746]: /usr/local/lib/python3.8/dist-packages/oslo_context/context.py:105: DeprecationWarning: Policy enforcement is depending on the value of is_admin. This key is deprecated. Please update your policy file to use the standard policy values.
Aug 31 05:19:37.204265 dv-cinder-773985-16-smb devstack@c-api.service[100746]: warnings.warn('Policy enforcement is depending on the value of '
Aug 31 05:19:37.215094 dv-cinder-773985-16-smb devstack@c-api.service[100746]: INFO cinder.volume.api [None req-acfeca13-8b33-4337-b1ad-b9749c6c6a2b tempest-VolumesTransfersV355Test-926019252 tempest-VolumesTransfersV355Test-926019252-project] Volume info retrieved successfully.
Aug 31 05:19:37.244540 dv-cinder-773985-16-smb devstack@c-api.service[100746]: INFO cinder.api.openstack.wsgi [None req-acfeca13-8b33-4337-b1ad-b9749c6c6a2b tempest-VolumesTransfersV355Test-926019252 tempest-VolumesTransfersV355Test-926019252-project] http://10.222.0.52/volume/v3/e6d724d3dbe94ea29fcad63f3d757f86/volumes/2a23390c-9411-4d2a-9689-1380fd59f419 returned with HTTP 200
Aug 31 05:19:37.252763 dv-cinder-773985-16-smb devstack@c-api.service[100746]: [pid: 100746|app: 0|req: 242/462] 10.222.0.52 () {60 vars in 1366 bytes} [Tue Aug 31 05:19:37 2021] GET /volume/v3/e6d724d3dbe94ea29fcad63f3d757f86/volumes/2a23390c-9411-4d2a-9689-1380fd59f419 => generated 1015 bytes in 72 msecs (HTTP/1.1 200) 7 headers in 287 bytes (2 switches on core 0)
Aug 31 05:19:37.318516 dv-cinder-773985-16-smb devstack@c-api.service[100747]: INFO cinder.api.openstack.wsgi [None req-5d273b9c-cb17-46ca-9ace-dc9a4566ec9f tempest-VolumeTypesAccessTest-1760260043 tempest-VolumeTypesAccessTest-1760260043-project] POST http://10.222.0.52/volume/v3/3f77fbfe7907410cbacc5af9770de585/volumes
Aug 31 05:19:37.319415 dv-cinder-773985-16-smb devstack@c-api.service[100747]: DEBUG cinder.api.openstack.wsgi [None req-5d273b9c-cb17-46ca-9ace-dc9a4566ec9f tempest-VolumeTypesAccessTest-1760260043 tempest-VolumeTypesAccessTest-1760260043-project] Action: 'create', calling method: create, body: {"volume": {"volume_type": "ae407182-19fe-4a76-bb12-24032a2a5744", "size": 1}} {{(pid=100747) _process_stack /opt/stack/cinder/cinder/api/openstack/wsgi.py:854}}
Aug 31 05:19:37.320554 dv-cinder-773985-16-smb devstack@c-api.service[100747]: DEBUG cinder.api.v3.volumes [None req-5d273b9c-cb17-46ca-9ace-dc9a4566ec9f tempest-VolumeTypesAccessTest-1760260043 tempest-VolumeTypesAccessTest-1760260043-project] Create volume request body: {'volume': {'volume_type': 'ae407182-19fe-4a76-bb12-24032a2a5744', 'size': 1}} {{(pid=100747) create /opt/stack/cinder/cinder/api/v3/volumes.py:298}}
Aug 31 05:19:37.336980 dv-cinder-773985-16-smb devstack@c-api.service[100747]: INFO cinder.api.openstack.wsgi [None req-5d273b9c-cb17-46ca-9ace-dc9a4566ec9f tempest-VolumeTypesAccessTest-1760260043 tempest-VolumeTypesAccessTest-1760260043-project] http://10.222.0.52/volume/v3/3f77fbfe7907410cbacc5af9770de585/volumes returned with HTTP 404
Aug 31 05:19:37.342525 dv-cinder-773985-16-smb devstack@c-api.service[100747]: [pid: 100747|app: 0|req: 221/463] 10.222.0.52 () {60 vars in 1235 bytes} [Tue Aug 31 05:19:36 2021] POST /volume/v3/3f77fbfe7907410cbacc5af9770de585/volumes => generated 114 bytes in 374 msecs (HTTP/1.1 404) 7 headers in 292 bytes (1 switches on core 0)
Aug 31 05:19:37.345933 dv-cinder-773985-16-smb devstack@c-api.service[100747]: INFO cinder.api.openstack.wsgi [None req-9ed942e3-a357-400c-93ee-59d53640523a tempest-VolumesTransfersV355Test-926019252 tempest-VolumesTransfersV355Test-926019252-project] DELETE http://10.222.0.52/volume/v3/e6d724d3dbe94ea29fcad63f3d757f86/volume-transfers/72fc201f-6c7f-488e-abb6-c300a3fe119a
Aug 31 05:19:37.346485 dv-cinder-773985-16-smb devstack@c-api.service[100747]: DEBUG cinder.api.openstack.wsgi [None req-9ed942e3-a357-400c-93ee-59d53640523a tempest-VolumesTransfersV355Test-926019252 tempest-VolumesTransfersV355Test-926019252-project] Empty body provided in request {{(pid=100747) get_body /opt/stack/cinder/cinder/api/openstack/wsgi.py:703}}
Aug 31 05:19:37.346901 dv-cinder-773985-16-smb devstack@c-api.service[100747]: DEBUG cinder.api.openstack.wsgi [None req-9ed942e3-a357-400c-93ee-59d53640523a tempest-VolumesTransfersV355Test-926019252 tempest-VolumesTransfersV355Test-926019252-project] Calling method 'delete' {{(pid=100747) _process_stack /opt/stack/cinder/cinder/api/openstack/wsgi.py:856}}
Aug 31 05:19:37.347873 dv-cinder-773985-16-smb devstack@c-api.service[100747]: INFO cinder.api.contrib.volume_transfer [None req-9ed942e3-a357-400c-93ee-59d53640523a tempest-VolumesTransfersV355Test-926019252 tempest-VolumesTransfersV355Test-926019252-project] Delete transfer with id: 72fc201f-6c7f-488e-abb6-c300a3fe119a
Aug 31 05:19:37.354927 dv-cinder-773985-16-smb devstack@c-api.service[100747]: INFO cinder.api.openstack.wsgi [None req-9ed942e3-a357-400c-93ee-59d53640523a tempest-VolumesTransfersV355Test-926019252 tempest-VolumesTransfersV355Test-926019252-project] http://10.222.0.52/volume/v3/e6d724d3dbe94ea29fcad63f3d757f86/volume-transfers/72fc201f-6c7f-488e-abb6-c300a3fe119a returned with HTTP 404
Aug 31 05:19:37.356492 dv-cinder-773985-16-smb devstack@c-api.service[100747]: [pid: 100747|app: 0|req: 222/464] 10.222.0.52 () {58 vars in 1355 bytes} [Tue Aug 31 05:19:37 2021] DELETE /volume/v3/e6d724d3dbe94ea29fcad63f3d757f86/volume-transfers/72fc201f-6c7f-488e-abb6-c300a3fe119a => generated 111 bytes in 17 msecs (HTTP/1.1 404) 7 headers in 292 bytes (1 switches on core 0)
Aug 31 05:19:37.357944 dv-cinder-773985-16-smb devstack@c-api.service[100746]: INFO cinder.api.openstack.wsgi [None req-55d3056f-4b16-4552-8b33-1b9c20aaf3ea tempest-VolumesServicesTestJSON-1339479173 tempest-VolumesServicesTestJSON-1339479173-project-admin] GET http://10.222.0.52/volume/v3/6118050bdaa048f7872d017acf518cd6/os-services
Aug 31 05:19:37.358495 dv-cinder-773985-16-smb devstack@c-api.service[100746]: DEBUG cinder.api.openstack.wsgi [None req-55d3056f-4b16-4552-8b33-1b9c20aaf3ea tempest-VolumesServicesTestJSON-1339479173 tempest-VolumesServicesTestJSON-1339479173-project-admin] Empty body provided in request {{(pid=100746) get_body /opt/stack/cinder/cinder/api/openstack/wsgi.py:703}}
Aug 31 05:19:37.358788 dv-cinder-773985-16-smb devstack@c-api.service[100746]: /usr/local/lib/python3.8/dist-packages/webob/acceptparse.py:1047: DeprecationWarning: The behavior of AcceptValidHeader.best_match is currently being maintained for backward compatibility, but it will be deprecated in the future, as it does not conform to the RFC.
Aug 31 05:19:37.358788 dv-cinder-773985-16-smb devstack@c-api.service[100746]: warnings.warn(
Aug 31 05:19:37.359101 dv-cinder-773985-16-smb devstack@c-api.service[100746]: DEBUG cinder.api.openstack.wsgi [None req-55d3056f-4b16-4552-8b33-1b9c20aaf3ea tempest-VolumesServicesTestJSON-1339479173 tempest-VolumesServicesTestJSON-1339479173-project-admin] Calling method 'index' {{(pid=100746) _process_stack /opt/stack/cinder/cinder/api/openstack/wsgi.py:856}}
Aug 31 05:19:37.362657 dv-cinder-773985-16-smb devstack@c-api.service[100747]: INFO cinder.api.openstack.wsgi [None req-128f774b-09aa-4ef8-9617-be66ea9263dc tempest-VolumeTypesAccessTest-150125989 tempest-VolumeTypesAccessTest-150125989-project-admin] POST http://10.222.0.52/volume/v3/147ce52385344acaaeee42f66e4ac51c/types/ae407182-19fe-4a76-bb12-24032a2a5744/action
Aug 31 05:19:37.363529 dv-cinder-773985-16-smb devstack@c-api.service[100747]: DEBUG cinder.api.openstack.wsgi [None req-128f774b-09aa-4ef8-9617-be66ea9263dc tempest-VolumeTypesAccessTest-150125989 tempest-VolumeTypesAccessTest-150125989-project-admin] Action body: b'{"addProjectAccess": {"project": "3f77fbfe7907410cbacc5af9770de585"}}' {{(pid=100747) get_method /opt/stack/cinder/cinder/api/openstack/wsgi.py:971}}
Aug 31 05:19:37.364064 dv-cinder-773985-16-smb devstack@c-api.service[100747]: DEBUG cinder.api.openstack.wsgi [None req-128f774b-09aa-4ef8-9617-be66ea9263dc tempest-VolumeTypesAccessTest-150125989 tempest-VolumeTypesAccessTest-150125989-project-admin] Action: 'action', calling method: _addProjectAccess, body: {"addProjectAccess": {"project": "3f77fbfe7907410cbacc5af9770de585"}} {{(pid=100747) _process_stack /opt/stack/cinder/cinder/api/openstack/wsgi.py:854}}
Aug 31 05:19:37.371635 dv-cinder-773985-16-smb devstack@c-api.service[100746]: INFO cinder.api.openstack.wsgi [None req-55d3056f-4b16-4552-8b33-1b9c20aaf3ea tempest-VolumesServicesTestJSON-1339479173 tempest-VolumesServicesTestJSON-1339479173-project-admin] http://10.222.0.52/volume/v3/6118050bdaa048f7872d017acf518cd6/os-services returned with HTTP 200
Aug 31 05:19:37.374008 dv-cinder-773985-16-smb devstack@c-api.service[100746]: [pid: 100746|app: 0|req: 243/465] 10.222.0.52 () {58 vars in 1226 bytes} [Tue Aug 31 05:19:37 2021] GET /volume/v3/6118050bdaa048f7872d017acf518cd6/os-services => generated 641 bytes in 120 msecs (HTTP/1.1 200) 7 headers in 285 bytes (1 switches on core 0)
Aug 31 05:19:37.379607 dv-cinder-773985-16-smb devstack@c-api.service[100746]: INFO cinder.api.openstack.wsgi [None req-8e2a4596-0b38-4d8c-b6d4-fe55a9119f1e tempest-VolumesTransfersV355Test-929357634 tempest-VolumesTransfersV355Test-929357634-project-admin] DELETE http://10.222.0.52/volume/v3/c91c47ee03b54af4950f8292bdad1161/volumes/2a23390c-9411-4d2a-9689-1380fd59f419
Aug 31 05:19:37.380401 dv-cinder-773985-16-smb devstack@c-api.service[100746]: DEBUG cinder.api.openstack.wsgi [None req-8e2a4596-0b38-4d8c-b6d4-fe55a9119f1e tempest-VolumesTransfersV355Test-929357634 tempest-VolumesTransfersV355Test-929357634-project-admin] Empty body provided in request {{(pid=100746) get_body /opt/stack/cinder/cinder/api/openstack/wsgi.py:703}}
Aug 31 05:19:37.381356 dv-cinder-773985-16-smb devstack@c-api.service[100746]: DEBUG cinder.api.openstack.wsgi [None req-8e2a4596-0b38-4d8c-b6d4-fe55a9119f1e tempest-VolumesTransfersV355Test-929357634 tempest-VolumesTransfersV355Test-929357634-project-admin] Calling method 'delete' {{(pid=100746) _process_stack /opt/stack/cinder/cinder/api/openstack/wsgi.py:856}}
Aug 31 05:19:37.381770 dv-cinder-773985-16-smb devstack@c-api.service[100746]: INFO cinder.api.v3.volumes [None req-8e2a4596-0b38-4d8c-b6d4-fe55a9119f1e tempest-VolumesTransfersV355Test-929357634 tempest-VolumesTransfersV355Test-929357634-project-admin] Delete volume with id: 2a23390c-9411-4d2a-9689-1380fd59f419
Aug 31 05:19:37.393174 dv-cinder-773985-16-smb devstack@c-api.service[100747]: INFO cinder.api.openstack.wsgi [None req-128f774b-09aa-4ef8-9617-be66ea9263dc tempest-VolumeTypesAccessTest-150125989 tempest-VolumeTypesAccessTest-150125989-project-admin] http://10.222.0.52/volume/v3/147ce52385344acaaeee42f66e4ac51c/types/ae407182-19fe-4a76-bb12-24032a2a5744/action returned with HTTP 202
Aug 31 05:19:37.394120 dv-cinder-773985-16-smb devstack@c-api.service[100747]: [pid: 100747|app: 0|req: 223/466] 10.222.0.52 () {60 vars in 1361 bytes} [Tue Aug 31 05:19:37 2021] POST /volume/v3/147ce52385344acaaeee42f66e4ac51c/types/ae407182-19fe-4a76-bb12-24032a2a5744/action => generated 0 bytes in 37 msecs (HTTP/1.1 202) 6 headers in 233 bytes (1 switches on core 0)
Aug 31 05:19:37.397057 dv-cinder-773985-16-smb devstack@c-api.service[100746]: /usr/local/lib/python3.8/dist-packages/oslo_context/context.py:105: DeprecationWarning: Policy enforcement is depending on the value of is_admin. This key is deprecated. Please update your policy file to use the standard policy values.
Aug 31 05:19:37.397057 dv-cinder-773985-16-smb devstack@c-api.service[100746]: warnings.warn('Policy enforcement is depending on the value of '
Aug 31 05:19:37.398195 dv-cinder-773985-16-smb devstack@c-api.service[100746]: INFO cinder.volume.api [None req-8e2a4596-0b38-4d8c-b6d4-fe55a9119f1e tempest-VolumesTransfersV355Test-929357634 tempest-VolumesTransfersV355Test-929357634-project-admin] Volume info retrieved successfully.
Aug 31 05:19:37.400698 dv-cinder-773985-16-smb devstack@c-api.service[100747]: INFO cinder.api.openstack.wsgi [None req-85c75de8-d2e7-4675-a55d-86bd11104849 tempest-VolumesServicesTestJSON-1339479173 tempest-VolumesServicesTestJSON-1339479173-project-admin] GET http://10.222.0.52/volume/v3/6118050bdaa048f7872d017acf518cd6/os-services?host=dv-cinder-773985-16-smb
Aug 31 05:19:37.402804 dv-cinder-773985-16-smb devstack@c-api.service[100747]: DEBUG cinder.api.openstack.wsgi [None req-85c75de8-d2e7-4675-a55d-86bd11104849 tempest-VolumesServicesTestJSON-1339479173 tempest-VolumesServicesTestJSON-1339479173-project-admin] Empty body provided in request {{(pid=100747) get_body /opt/stack/cinder/cinder/api/openstack/wsgi.py:703}}
Aug 31 05:19:37.403312 dv-cinder-773985-16-smb devstack@c-api.service[100747]: DEBUG cinder.api.openstack.wsgi [None req-85c75de8-d2e7-4675-a55d-86bd11104849 tempest-VolumesServicesTestJSON-1339479173 tempest-VolumesServicesTestJSON-1339479173-project-admin] Calling method 'index' {{(pid=100747) _process_stack /opt/stack/cinder/cinder/api/openstack/wsgi.py:856}}
Aug 31 05:19:37.420708 dv-cinder-773985-16-smb devstack@c-api.service[100747]: INFO cinder.api.openstack.wsgi [None req-85c75de8-d2e7-4675-a55d-86bd11104849 tempest-VolumesServicesTestJSON-1339479173 tempest-VolumesServicesTestJSON-1339479173-project-admin] http://10.222.0.52/volume/v3/6118050bdaa048f7872d017acf518cd6/os-services?host=dv-cinder-773985-16-smb returned with HTTP 200
Aug 31 05:19:37.421547 dv-cinder-773985-16-smb devstack@c-api.service[100747]: [pid: 100747|app: 0|req: 224/467] 10.222.0.52 () {58 vars in 1283 bytes} [Tue Aug 31 05:19:37 2021] GET /volume/v3/6118050bdaa048f7872d017acf518cd6/os-services?host=dv-cinder-773985-16-smb => generated 202 bytes in 27 msecs (HTTP/1.1 200) 7 headers in 285 bytes (1 switches on core 0)
Aug 31 05:19:37.428557 dv-cinder-773985-16-smb devstack@c-api.service[100747]: INFO cinder.api.openstack.wsgi [None req-3ac396e8-8e40-4077-87c0-8219030e0b49 tempest-VolumeTypesAccessTest-1760260043 tempest-VolumeTypesAccessTest-1760260043-project] POST http://10.222.0.52/volume/v3/3f77fbfe7907410cbacc5af9770de585/volumes
Aug 31 05:19:37.429545 dv-cinder-773985-16-smb devstack@c-api.service[100747]: DEBUG cinder.api.openstack.wsgi [None req-3ac396e8-8e40-4077-87c0-8219030e0b49 tempest-VolumeTypesAccessTest-1760260043 tempest-VolumeTypesAccessTest-1760260043-project] Action: 'create', calling method: create, body: {"volume": {"volume_type": "ae407182-19fe-4a76-bb12-24032a2a5744", "size": 1, "name": "tempest-VolumeTypesAccessTest-Volume-361799596"}} {{(pid=100747) _process_stack /opt/stack/cinder/cinder/api/openstack/wsgi.py:854}}
Aug 31 05:19:37.431047 dv-cinder-773985-16-smb devstack@c-api.service[100747]: DEBUG cinder.api.v3.volumes [None req-3ac396e8-8e40-4077-87c0-8219030e0b49 tempest-VolumeTypesAccessTest-1760260043 tempest-VolumeTypesAccessTest-1760260043-project] Create volume request body: {'volume': {'volume_type': 'ae407182-19fe-4a76-bb12-24032a2a5744', 'size': 1, 'name': 'tempest-VolumeTypesAccessTest-Volume-361799596'}} {{(pid=100747) create /opt/stack/cinder/cinder/api/v3/volumes.py:298}}
Aug 31 05:19:37.441543 dv-cinder-773985-16-smb devstack@c-api.service[100747]: INFO cinder.api.v3.volumes [None req-3ac396e8-8e40-4077-87c0-8219030e0b49 tempest-VolumeTypesAccessTest-1760260043 tempest-VolumeTypesAccessTest-1760260043-project] Create volume of 1 GB
Aug 31 05:19:37.442621 dv-cinder-773985-16-smb devstack@c-api.service[100747]: /usr/local/lib/python3.8/dist-packages/oslo_context/context.py:105: DeprecationWarning: Policy enforcement is depending on the value of is_admin. This key is deprecated. Please update your policy file to use the standard policy values.
Aug 31 05:19:37.442621 dv-cinder-773985-16-smb devstack@c-api.service[100747]: warnings.warn('Policy enforcement is depending on the value of '
Aug 31 05:19:37.443468 dv-cinder-773985-16-smb devstack@c-api.service[100747]: INFO cinder.volume.api [None req-3ac396e8-8e40-4077-87c0-8219030e0b49 tempest-VolumeTypesAccessTest-1760260043 tempest-VolumeTypesAccessTest-1760260043-project] Availability Zones retrieved successfully.
Aug 31 05:19:37.446515 dv-cinder-773985-16-smb devstack@c-api.service[100746]: INFO cinder.volume.api [None req-8e2a4596-0b38-4d8c-b6d4-fe55a9119f1e tempest-VolumesTransfersV355Test-929357634 tempest-VolumesTransfersV355Test-929357634-project-admin] Delete volume request issued successfully.
Aug 31 05:19:37.447061 dv-cinder-773985-16-smb devstack@c-api.service[100746]: INFO cinder.api.openstack.wsgi [None req-8e2a4596-0b38-4d8c-b6d4-fe55a9119f1e tempest-VolumesTransfersV355Test-929357634 tempest-VolumesTransfersV355Test-929357634-project-admin] http://10.222.0.52/volume/v3/c91c47ee03b54af4950f8292bdad1161/volumes/2a23390c-9411-4d2a-9689-1380fd59f419 returned with HTTP 202
Aug 31 05:19:37.451365 dv-cinder-773985-16-smb devstack@c-api.service[100746]: [pid: 100746|app: 0|req: 244/468] 10.222.0.52 () {60 vars in 1369 bytes} [Tue Aug 31 05:19:37 2021] DELETE /volume/v3/c91c47ee03b54af4950f8292bdad1161/volumes/2a23390c-9411-4d2a-9689-1380fd59f419 => generated 0 bytes in 76 msecs (HTTP/1.1 202) 6 headers in 234 bytes (1 switches on core 0)
Aug 31 05:19:37.458423 dv-cinder-773985-16-smb devstack@c-api.service[100746]: INFO cinder.api.openstack.wsgi [None req-aef9e479-ed44-4657-a221-26072a8f5cbe tempest-VolumesServicesTestJSON-1339479173 tempest-VolumesServicesTestJSON-1339479173-project-admin] GET http://10.222.0.52/volume/v3/6118050bdaa048f7872d017acf518cd6/os-services?host=dv-cinder-773985-16-smb&binary=cinder-scheduler
Aug 31 05:19:37.459149 dv-cinder-773985-16-smb devstack@c-api.service[100746]: DEBUG cinder.api.openstack.wsgi [None req-aef9e479-ed44-4657-a221-26072a8f5cbe tempest-VolumesServicesTestJSON-1339479173 tempest-VolumesServicesTestJSON-1339479173-project-admin] Empty body provided in request {{(pid=100746) get_body /opt/stack/cinder/cinder/api/openstack/wsgi.py:703}}
Aug 31 05:19:37.459522 dv-cinder-773985-16-smb devstack@c-api.service[100746]: /usr/local/lib/python3.8/dist-packages/webob/acceptparse.py:1047: DeprecationWarning: The behavior of AcceptValidHeader.best_match is currently being maintained for backward compatibility, but it will be deprecated in the future, as it does not conform to the RFC.
Aug 31 05:19:37.459522 dv-cinder-773985-16-smb devstack@c-api.service[100746]: warnings.warn(
Aug 31 05:19:37.460057 dv-cinder-773985-16-smb devstack@c-api.service[100746]: DEBUG cinder.api.openstack.wsgi [None req-aef9e479-ed44-4657-a221-26072a8f5cbe tempest-VolumesServicesTestJSON-1339479173 tempest-VolumesServicesTestJSON-1339479173-project-admin] Calling method 'index' {{(pid=100746) _process_stack /opt/stack/cinder/cinder/api/openstack/wsgi.py:856}}
Aug 31 05:19:37.461771 dv-cinder-773985-16-smb devstack@c-api.service[100747]: DEBUG cinder.volume.api [None req-3ac396e8-8e40-4077-87c0-8219030e0b49 tempest-VolumeTypesAccessTest-1760260043 tempest-VolumeTypesAccessTest-1760260043-project] Flow 'volume_create_api' (8ec4c768-6be8-4ce9-ae29-620fa39313cb) transitioned into state 'RUNNING' from state 'PENDING' {{(pid=100747) _flow_receiver /usr/local/lib/python3.8/dist-packages/taskflow/listeners/logging.py:141}}
Aug 31 05:19:37.468305 dv-cinder-773985-16-smb devstack@c-api.service[100747]: DEBUG cinder.volume.api [None req-3ac396e8-8e40-4077-87c0-8219030e0b49 tempest-VolumeTypesAccessTest-1760260043 tempest-VolumeTypesAccessTest-1760260043-project] Task 'cinder.volume.flows.api.create_volume.ExtractVolumeRequestTask;volume:create' (cf9e4b64-fe8b-4858-8d8f-fc5ddd0cc291) transitioned into state 'RUNNING' from state 'PENDING' {{(pid=100747) _task_receiver /usr/local/lib/python3.8/dist-packages/taskflow/listeners/logging.py:190}}
Aug 31 05:19:37.470748 dv-cinder-773985-16-smb devstack@c-api.service[100747]: DEBUG cinder.volume.flows.api.create_volume [None req-3ac396e8-8e40-4077-87c0-8219030e0b49 tempest-VolumeTypesAccessTest-1760260043 tempest-VolumeTypesAccessTest-1760260043-project] Validating volume size '1' using validate_int {{(pid=100747) _extract_size /opt/stack/cinder/cinder/volume/flows/api/create_volume.py:225}}
Aug 31 05:19:37.471099 dv-cinder-773985-16-smb devstack@c-api.service[100746]: INFO cinder.api.openstack.wsgi [None req-aef9e479-ed44-4657-a221-26072a8f5cbe tempest-VolumesServicesTestJSON-1339479173 tempest-VolumesServicesTestJSON-1339479173-project-admin] http://10.222.0.52/volume/v3/6118050bdaa048f7872d017acf518cd6/os-services?host=dv-cinder-773985-16-smb&binary=cinder-scheduler returned with HTTP 200
Aug 31 05:19:37.472131 dv-cinder-773985-16-smb devstack@c-api.service[100746]: [pid: 100746|app: 0|req: 245/469] 10.222.0.52 () {58 vars in 1331 bytes} [Tue Aug 31 05:19:37 2021] GET /volume/v3/6118050bdaa048f7872d017acf518cd6/os-services?host=dv-cinder-773985-16-smb&binary=cinder-scheduler => generated 202 bytes in 20 msecs (HTTP/1.1 200) 7 headers in 285 bytes (1 switches on core 0)
Aug 31 05:19:37.483094 dv-cinder-773985-16-smb devstack@c-api.service[100746]: INFO cinder.api.openstack.wsgi [None req-dfcbce51-3559-4fb7-aa6f-a1757a561c60 tempest-VolumesTransfersV355Test-929357634 tempest-VolumesTransfersV355Test-929357634-project-admin] GET http://10.222.0.52/volume/v3/c91c47ee03b54af4950f8292bdad1161/volumes/2a23390c-9411-4d2a-9689-1380fd59f419
Aug 31 05:19:37.484353 dv-cinder-773985-16-smb devstack@c-api.service[100746]: DEBUG cinder.api.openstack.wsgi [None req-dfcbce51-3559-4fb7-aa6f-a1757a561c60 tempest-VolumesTransfersV355Test-929357634 tempest-VolumesTransfersV355Test-929357634-project-admin] Empty body provided in request {{(pid=100746) get_body /opt/stack/cinder/cinder/api/openstack/wsgi.py:703}}
Aug 31 05:19:37.485127 dv-cinder-773985-16-smb devstack@c-api.service[100746]: DEBUG cinder.api.openstack.wsgi [None req-dfcbce51-3559-4fb7-aa6f-a1757a561c60 tempest-VolumesTransfersV355Test-929357634 tempest-VolumesTransfersV355Test-929357634-project-admin] Calling method 'show' {{(pid=100746) _process_stack /opt/stack/cinder/cinder/api/openstack/wsgi.py:856}}
Aug 31 05:19:37.506532 dv-cinder-773985-16-smb devstack@c-api.service[100746]: /usr/local/lib/python3.8/dist-packages/oslo_context/context.py:105: DeprecationWarning: Policy enforcement is depending on the value of is_admin. This key is deprecated. Please update your policy file to use the standard policy values.
Aug 31 05:19:37.506532 dv-cinder-773985-16-smb devstack@c-api.service[100746]: warnings.warn('Policy enforcement is depending on the value of '
Aug 31 05:19:37.515043 dv-cinder-773985-16-smb devstack@c-api.service[100746]: INFO cinder.volume.api [None req-dfcbce51-3559-4fb7-aa6f-a1757a561c60 tempest-VolumesTransfersV355Test-929357634 tempest-VolumesTransfersV355Test-929357634-project-admin] Volume info retrieved successfully.
Aug 31 05:19:37.532862 dv-cinder-773985-16-smb devstack@c-api.service[100747]: DEBUG cinder.volume.api [None req-3ac396e8-8e40-4077-87c0-8219030e0b49 tempest-VolumeTypesAccessTest-1760260043 tempest-VolumeTypesAccessTest-1760260043-project] Task 'cinder.volume.flows.api.create_volume.ExtractVolumeRequestTask;volume:create' (cf9e4b64-fe8b-4858-8d8f-fc5ddd0cc291) transitioned into state 'SUCCESS' from state 'RUNNING' with result '{'size': 1, 'snapshot_id': None, 'source_volid': None, 'volume_type': VolumeType(created_at=2021-08-31T05:19:37Z,deleted=False,deleted_at=None,description=None,extra_specs={},id=ae407182-19fe-4a76-bb12-24032a2a5744,is_public=False,name='tempest-VolumeTypesAccessTest-volume-type-1582930904',projects=[],qos_specs=,qos_specs_id=None,updated_at=None), 'volume_type_id': 'ae407182-19fe-4a76-bb12-24032a2a5744', 'encryption_key_id': None, 'qos_specs': None, 'consistencygroup_id': None, 'cgsnapshot_id': None, 'group_id': None, 'replication_status': 'disabled', 'refresh_az': False, 'backup_id': None, 'multiattach': False, 'availability_zones': ['nova']}' {{(pid=100747) _task_receiver /usr/local/lib/python3.8/dist-packages/taskflow/listeners/logging.py:178}}
Aug 31 05:19:37.534113 dv-cinder-773985-16-smb devstack@c-api.service[100746]: INFO cinder.api.openstack.wsgi [None req-dfcbce51-3559-4fb7-aa6f-a1757a561c60 tempest-VolumesTransfersV355Test-929357634 tempest-VolumesTransfersV355Test-929357634-project-admin] http://10.222.0.52/volume/v3/c91c47ee03b54af4950f8292bdad1161/volumes/2a23390c-9411-4d2a-9689-1380fd59f419 returned with HTTP 200
Aug 31 05:19:37.535138 dv-cinder-773985-16-smb devstack@c-api.service[100746]: [pid: 100746|app: 0|req: 246/470] 10.222.0.52 () {60 vars in 1366 bytes} [Tue Aug 31 05:19:37 2021] GET /volume/v3/c91c47ee03b54af4950f8292bdad1161/volumes/2a23390c-9411-4d2a-9689-1380fd59f419 => generated 1201 bytes in 56 msecs (HTTP/1.1 200) 7 headers in 287 bytes (1 switches on core 0)
Aug 31 05:19:37.544833 dv-cinder-773985-16-smb devstack@c-api.service[100746]: INFO cinder.api.openstack.wsgi [None req-0b6a4089-a624-4866-bfc6-31a042240427 tempest-VolumesServicesTestJSON-1339479173 tempest-VolumesServicesTestJSON-1339479173-project-admin] GET http://10.222.0.52/volume/v3/6118050bdaa048f7872d017acf518cd6/os-services?binary=cinder-scheduler
Aug 31 05:19:37.546481 dv-cinder-773985-16-smb devstack@c-api.service[100746]: DEBUG cinder.api.openstack.wsgi [None req-0b6a4089-a624-4866-bfc6-31a042240427 tempest-VolumesServicesTestJSON-1339479173 tempest-VolumesServicesTestJSON-1339479173-project-admin] Empty body provided in request {{(pid=100746) get_body /opt/stack/cinder/cinder/api/openstack/wsgi.py:703}}
Aug 31 05:19:37.547394 dv-cinder-773985-16-smb devstack@c-api.service[100746]: /usr/local/lib/python3.8/dist-packages/webob/acceptparse.py:1047: DeprecationWarning: The behavior of AcceptValidHeader.best_match is currently being maintained for backward compatibility, but it will be deprecated in the future, as it does not conform to the RFC.
Aug 31 05:19:37.547394 dv-cinder-773985-16-smb devstack@c-api.service[100746]: warnings.warn(
Aug 31 05:19:37.548247 dv-cinder-773985-16-smb devstack@c-api.service[100746]: DEBUG cinder.api.openstack.wsgi [None req-0b6a4089-a624-4866-bfc6-31a042240427 tempest-VolumesServicesTestJSON-1339479173 tempest-VolumesServicesTestJSON-1339479173-project-admin] Calling method 'index' {{(pid=100746) _process_stack /opt/stack/cinder/cinder/api/openstack/wsgi.py:856}}
Aug 31 05:19:37.556987 dv-cinder-773985-16-smb devstack@c-api.service[100746]: INFO cinder.api.openstack.wsgi [None req-0b6a4089-a624-4866-bfc6-31a042240427 tempest-VolumesServicesTestJSON-1339479173 tempest-VolumesServicesTestJSON-1339479173-project-admin] http://10.222.0.52/volume/v3/6118050bdaa048f7872d017acf518cd6/os-services?binary=cinder-scheduler returned with HTTP 200
Aug 31 05:19:37.561870 dv-cinder-773985-16-smb devstack@c-api.service[100747]: DEBUG cinder.volume.api [None req-3ac396e8-8e40-4077-87c0-8219030e0b49 tempest-VolumeTypesAccessTest-1760260043 tempest-VolumeTypesAccessTest-1760260043-project] Task 'cinder.volume.flows.api.create_volume.QuotaReserveTask;volume:create' (dbcdd38f-38fa-401a-90e5-ee1079621d32) transitioned into state 'RUNNING' from state 'PENDING' {{(pid=100747) _task_receiver /usr/local/lib/python3.8/dist-packages/taskflow/listeners/logging.py:190}}
Aug 31 05:19:37.566553 dv-cinder-773985-16-smb devstack@c-api.service[100746]: [pid: 100746|app: 0|req: 247/471] 10.222.0.52 () {58 vars in 1273 bytes} [Tue Aug 31 05:19:37 2021] GET /volume/v3/6118050bdaa048f7872d017acf518cd6/os-services?binary=cinder-scheduler => generated 202 bytes in 30 msecs (HTTP/1.1 200) 7 headers in 285 bytes (1 switches on core 0)
Aug 31 05:19:37.701846 dv-cinder-773985-16-smb devstack@c-api.service[100747]: WARNING cinder.quota [None req-3ac396e8-8e40-4077-87c0-8219030e0b49 tempest-VolumeTypesAccessTest-1760260043 tempest-VolumeTypesAccessTest-1760260043-project] Deprecated: Default quota for resource: volumes_tempest-VolumeTypesAccessTest-volume-type-1582930904 is set by the default quota flag: quota_volumes_tempest-VolumeTypesAccessTest-volume-type-1582930904, it is now deprecated. Please use the default quota class for default quota.
Aug 31 05:19:37.702897 dv-cinder-773985-16-smb devstack@c-api.service[100747]: WARNING cinder.quota [None req-3ac396e8-8e40-4077-87c0-8219030e0b49 tempest-VolumeTypesAccessTest-1760260043 tempest-VolumeTypesAccessTest-1760260043-project] Deprecated: Default quota for resource: gigabytes_tempest-VolumeTypesAccessTest-volume-type-1582930904 is set by the default quota flag: quota_gigabytes_tempest-VolumeTypesAccessTest-volume-type-1582930904, it is now deprecated. Please use the default quota class for default quota.
Aug 31 05:19:37.796014 dv-cinder-773985-16-smb devstack@c-api.service[100746]: INFO cinder.api.openstack.wsgi [None req-c038c0a7-679f-407e-b744-f643d81dc5d5 tempest-VolumesServicesTestJSON-883246297 tempest-VolumesServicesTestJSON-883246297-project] POST http://10.222.0.52/volume/v3/5458f6f2b1c94ec681e57a1a2c1cc6c9/volumes
Aug 31 05:19:37.797107 dv-cinder-773985-16-smb devstack@c-api.service[100746]: DEBUG cinder.api.openstack.wsgi [None req-c038c0a7-679f-407e-b744-f643d81dc5d5 tempest-VolumesServicesTestJSON-883246297 tempest-VolumesServicesTestJSON-883246297-project] Action: 'create', calling method: create, body: {"volume": {"size": 1, "name": "tempest-VolumesServicesTestJSON-Volume-2119176826"}} {{(pid=100746) _process_stack /opt/stack/cinder/cinder/api/openstack/wsgi.py:854}}
Aug 31 05:19:37.798230 dv-cinder-773985-16-smb devstack@c-api.service[100746]: DEBUG cinder.api.v3.volumes [None req-c038c0a7-679f-407e-b744-f643d81dc5d5 tempest-VolumesServicesTestJSON-883246297 tempest-VolumesServicesTestJSON-883246297-project] Create volume request body: {'volume': {'size': 1, 'name': 'tempest-VolumesServicesTestJSON-Volume-2119176826'}} {{(pid=100746) create /opt/stack/cinder/cinder/api/v3/volumes.py:298}}
Aug 31 05:19:37.799325 dv-cinder-773985-16-smb devstack@c-api.service[100746]: INFO cinder.api.v3.volumes [None req-c038c0a7-679f-407e-b744-f643d81dc5d5 tempest-VolumesServicesTestJSON-883246297 tempest-VolumesServicesTestJSON-883246297-project] Create volume of 1 GB
Aug 31 05:19:37.807279 dv-cinder-773985-16-smb devstack@c-api.service[100746]: INFO cinder.volume.api [None req-c038c0a7-679f-407e-b744-f643d81dc5d5 tempest-VolumesServicesTestJSON-883246297 tempest-VolumesServicesTestJSON-883246297-project] Availability Zones retrieved successfully.
Aug 31 05:19:37.842409 dv-cinder-773985-16-smb devstack@c-api.service[100746]: DEBUG cinder.volume.api [None req-c038c0a7-679f-407e-b744-f643d81dc5d5 tempest-VolumesServicesTestJSON-883246297 tempest-VolumesServicesTestJSON-883246297-project] Flow 'volume_create_api' (c3777c1a-bb52-4066-a7c6-c7bf2e2d99c1) transitioned into state 'RUNNING' from state 'PENDING' {{(pid=100746) _flow_receiver /usr/local/lib/python3.8/dist-packages/taskflow/listeners/logging.py:141}}
Aug 31 05:19:37.846149 dv-cinder-773985-16-smb devstack@c-api.service[100746]: DEBUG cinder.volume.api [None req-c038c0a7-679f-407e-b744-f643d81dc5d5 tempest-VolumesServicesTestJSON-883246297 tempest-VolumesServicesTestJSON-883246297-project] Task 'cinder.volume.flows.api.create_volume.ExtractVolumeRequestTask;volume:create' (5eeb2223-7f21-4efd-92bd-fb64b24b1f25) transitioned into state 'RUNNING' from state 'PENDING' {{(pid=100746) _task_receiver /usr/local/lib/python3.8/dist-packages/taskflow/listeners/logging.py:190}}
Aug 31 05:19:37.850119 dv-cinder-773985-16-smb devstack@c-api.service[100746]: DEBUG cinder.volume.flows.api.create_volume [None req-c038c0a7-679f-407e-b744-f643d81dc5d5 tempest-VolumesServicesTestJSON-883246297 tempest-VolumesServicesTestJSON-883246297-project] Validating volume size '1' using validate_int {{(pid=100746) _extract_size /opt/stack/cinder/cinder/volume/flows/api/create_volume.py:225}}
Aug 31 05:19:37.882545 dv-cinder-773985-16-smb devstack@c-api.service[100747]: DEBUG cinder.quota [None req-3ac396e8-8e40-4077-87c0-8219030e0b49 tempest-VolumeTypesAccessTest-1760260043 tempest-VolumeTypesAccessTest-1760260043-project] Created reservations ['bc6cb260-206a-45e9-83fb-47130feb2856', 'a4fd15ef-cb5f-4389-9ed6-c5665bcc803c', '46bd5933-513a-4f79-b824-87a91fe7841e', 'cc3c3a9f-2eea-48d9-b7d4-fd5c968c5f00'] {{(pid=100747) reserve /opt/stack/cinder/cinder/quota.py:755}}
Aug 31 05:19:37.887162 dv-cinder-773985-16-smb devstack@c-api.service[100747]: DEBUG cinder.volume.api [None req-3ac396e8-8e40-4077-87c0-8219030e0b49 tempest-VolumeTypesAccessTest-1760260043 tempest-VolumeTypesAccessTest-1760260043-project] Task 'cinder.volume.flows.api.create_volume.QuotaReserveTask;volume:create' (dbcdd38f-38fa-401a-90e5-ee1079621d32) transitioned into state 'SUCCESS' from state 'RUNNING' with result '{'reservations': ['bc6cb260-206a-45e9-83fb-47130feb2856', 'a4fd15ef-cb5f-4389-9ed6-c5665bcc803c', '46bd5933-513a-4f79-b824-87a91fe7841e', 'cc3c3a9f-2eea-48d9-b7d4-fd5c968c5f00']}' {{(pid=100747) _task_receiver /usr/local/lib/python3.8/dist-packages/taskflow/listeners/logging.py:178}}
Aug 31 05:19:37.893598 dv-cinder-773985-16-smb devstack@c-api.service[100747]: DEBUG cinder.volume.api [None req-3ac396e8-8e40-4077-87c0-8219030e0b49 tempest-VolumeTypesAccessTest-1760260043 tempest-VolumeTypesAccessTest-1760260043-project] Task 'cinder.volume.flows.api.create_volume.EntryCreateTask;volume:create' (a5ba2466-4dec-4e33-83f5-a27e7569d67b) transitioned into state 'RUNNING' from state 'PENDING' {{(pid=100747) _task_receiver /usr/local/lib/python3.8/dist-packages/taskflow/listeners/logging.py:190}}
Aug 31 05:19:37.897768 dv-cinder-773985-16-smb devstack@c-api.service[100746]: DEBUG cinder.volume.api [None req-c038c0a7-679f-407e-b744-f643d81dc5d5 tempest-VolumesServicesTestJSON-883246297 tempest-VolumesServicesTestJSON-883246297-project] Task 'cinder.volume.flows.api.create_volume.ExtractVolumeRequestTask;volume:create' (5eeb2223-7f21-4efd-92bd-fb64b24b1f25) transitioned into state 'SUCCESS' from state 'RUNNING' with result '{'size': 1, 'snapshot_id': None, 'source_volid': None, 'volume_type': VolumeType(created_at=2021-08-31T05:08:27Z,deleted=False,deleted_at=None,description='Default Volume Type',extra_specs={},id=5c522015-9c9a-487d-95d1-f6faad2741d8,is_public=True,name='__DEFAULT__',projects=[],qos_specs=,qos_specs_id=None,updated_at=2021-08-31T05:08:27Z), 'volume_type_id': '5c522015-9c9a-487d-95d1-f6faad2741d8', 'encryption_key_id': None, 'qos_specs': None, 'consistencygroup_id': None, 'cgsnapshot_id': None, 'group_id': None, 'replication_status': 'disabled', 'refresh_az': False, 'backup_id': None, 'multiattach': False, 'availability_zones': ['nova']}' {{(pid=100746) _task_receiver /usr/local/lib/python3.8/dist-packages/taskflow/listeners/logging.py:178}}
Aug 31 05:19:37.900664 dv-cinder-773985-16-smb devstack@c-api.service[100746]: DEBUG cinder.volume.api [None req-c038c0a7-679f-407e-b744-f643d81dc5d5 tempest-VolumesServicesTestJSON-883246297 tempest-VolumesServicesTestJSON-883246297-project] Task 'cinder.volume.flows.api.create_volume.QuotaReserveTask;volume:create' (55191069-e86f-4951-849a-787c1645a771) transitioned into state 'RUNNING' from state 'PENDING' {{(pid=100746) _task_receiver /usr/local/lib/python3.8/dist-packages/taskflow/listeners/logging.py:190}}
Aug 31 05:19:37.963613 dv-cinder-773985-16-smb devstack@c-api.service[100747]: DEBUG cinder.volume.api [None req-3ac396e8-8e40-4077-87c0-8219030e0b49 tempest-VolumeTypesAccessTest-1760260043 tempest-VolumeTypesAccessTest-1760260043-project] Task 'cinder.volume.flows.api.create_volume.EntryCreateTask;volume:create' (a5ba2466-4dec-4e33-83f5-a27e7569d67b) transitioned into state 'SUCCESS' from state 'RUNNING' with result '{'volume_id': 'ad8a5420-5b8c-4318-8f1b-87e52dd64382', 'volume_properties': VolumeProperties(attach_status='detached',availability_zone='nova',cgsnapshot_id=None,consistencygroup_id=None,display_description=None,display_name='tempest-VolumeTypesAccessTest-Volume-361799596',encryption_key_id=None,group_id=None,group_type_id=,metadata={},multiattach=False,project_id='3f77fbfe7907410cbacc5af9770de585',qos_specs=None,replication_status=,reservations=['bc6cb260-206a-45e9-83fb-47130feb2856','a4fd15ef-cb5f-4389-9ed6-c5665bcc803c','46bd5933-513a-4f79-b824-87a91fe7841e','cc3c3a9f-2eea-48d9-b7d4-fd5c968c5f00'],size=1,snapshot_id=None,source_replicaid=,source_volid=None,status='creating',user_id='a593eb776d3b43caa1c25c91809a8ee8',volume_type_id=ae407182-19fe-4a76-bb12-24032a2a5744), 'volume': Volume(_name_id=None,admin_metadata=,attach_status='detached',availability_zone='nova',bootable=False,cluster=,cluster_name=None,consistencygroup=,consistencygroup_id=None,created_at=2021-08-31T05:19:37Z,deleted=False,deleted_at=None,display_description=None,display_name='tempest-VolumeTypesAccessTest-Volume-361799596',ec2_id=None,encryption_key_id=None,glance_metadata=,group=,group_id=None,host=None,id=ad8a5420-5b8c-4318-8f1b-87e52dd64382,launched_at=None,metadata={},migration_status=None,multiattach=False,previous_status=None,project_id='3f77fbfe7907410cbacc5af9770de585',provider_auth=None,provider_geometry=None,provider_id=None,provider_location=None,replication_driver_data=None,replication_extended_status=None,replication_status=None,scheduled_at=None,service_uuid=None,shared_targets=True,size=1,snapshot_id=None,snapshots=,source_volid=None,status='creating',terminated_at=None,updated_at=None,use_quota=True,user_id='a593eb776d3b43caa1c25c91809a8ee8',volume_attachment=,volume_type=VolumeType(ae407182-19fe-4a76-bb12-24032a2a5744),volume_type_id=ae407182-19fe-4a76-bb12-24032a2a5744)}' {{(pid=100747) _task_receiver /usr/local/lib/python3.8/dist-packages/taskflow/listeners/logging.py:178}}
Aug 31 05:19:37.971517 dv-cinder-773985-16-smb devstack@c-api.service[100747]: DEBUG cinder.volume.api [None req-3ac396e8-8e40-4077-87c0-8219030e0b49 tempest-VolumeTypesAccessTest-1760260043 tempest-VolumeTypesAccessTest-1760260043-project] Task 'cinder.volume.flows.api.create_volume.QuotaCommitTask;volume:create' (85e70889-463c-4b95-a3a0-aee530540feb) transitioned into state 'RUNNING' from state 'PENDING' {{(pid=100747) _task_receiver /usr/local/lib/python3.8/dist-packages/taskflow/listeners/logging.py:190}}
Aug 31 05:19:38.036548 dv-cinder-773985-16-smb devstack@c-api.service[100747]: DEBUG cinder.volume.api [None req-3ac396e8-8e40-4077-87c0-8219030e0b49 tempest-VolumeTypesAccessTest-1760260043 tempest-VolumeTypesAccessTest-1760260043-project] Task 'cinder.volume.flows.api.create_volume.QuotaCommitTask;volume:create' (85e70889-463c-4b95-a3a0-aee530540feb) transitioned into state 'SUCCESS' from state 'RUNNING' with result '{'volume_properties': VolumeProperties(attach_status='detached',availability_zone='nova',cgsnapshot_id=None,consistencygroup_id=None,display_description=None,display_name='tempest-VolumeTypesAccessTest-Volume-361799596',encryption_key_id=None,group_id=None,group_type_id=,metadata={},multiattach=False,project_id='3f77fbfe7907410cbacc5af9770de585',qos_specs=None,replication_status=,reservations=['bc6cb260-206a-45e9-83fb-47130feb2856','a4fd15ef-cb5f-4389-9ed6-c5665bcc803c','46bd5933-513a-4f79-b824-87a91fe7841e','cc3c3a9f-2eea-48d9-b7d4-fd5c968c5f00'],size=1,snapshot_id=None,source_replicaid=,source_volid=None,status='creating',user_id='a593eb776d3b43caa1c25c91809a8ee8',volume_type_id=ae407182-19fe-4a76-bb12-24032a2a5744)}' {{(pid=100747) _task_receiver /usr/local/lib/python3.8/dist-packages/taskflow/listeners/logging.py:178}}
Aug 31 05:19:38.057294 dv-cinder-773985-16-smb devstack@c-api.service[100747]: DEBUG cinder.volume.api [None req-3ac396e8-8e40-4077-87c0-8219030e0b49 tempest-VolumeTypesAccessTest-1760260043 tempest-VolumeTypesAccessTest-1760260043-project] Task 'cinder.volume.flows.api.create_volume.VolumeCastTask;volume:create' (86d61fd3-e08a-4790-a588-e38c1cf7fc77) transitioned into state 'RUNNING' from state 'PENDING' {{(pid=100747) _task_receiver /usr/local/lib/python3.8/dist-packages/taskflow/listeners/logging.py:190}}
Aug 31 05:19:38.094340 dv-cinder-773985-16-smb devstack@c-api.service[100746]: DEBUG cinder.quota [None req-c038c0a7-679f-407e-b744-f643d81dc5d5 tempest-VolumesServicesTestJSON-883246297 tempest-VolumesServicesTestJSON-883246297-project] Created reservations ['802b23cc-df56-4527-9f1e-b212f9926233', '7789f997-a1fa-48f7-a7f4-7dabb6d3d98b', '218881f1-e94e-426e-99bf-012fbb4cac34', 'f24798c2-f465-41db-9e9a-16cef050c87c'] {{(pid=100746) reserve /opt/stack/cinder/cinder/quota.py:755}}
Aug 31 05:19:38.121082 dv-cinder-773985-16-smb devstack@c-api.service[100746]: DEBUG cinder.volume.api [None req-c038c0a7-679f-407e-b744-f643d81dc5d5 tempest-VolumesServicesTestJSON-883246297 tempest-VolumesServicesTestJSON-883246297-project] Task 'cinder.volume.flows.api.create_volume.QuotaReserveTask;volume:create' (55191069-e86f-4951-849a-787c1645a771) transitioned into state 'SUCCESS' from state 'RUNNING' with result '{'reservations': ['802b23cc-df56-4527-9f1e-b212f9926233', '7789f997-a1fa-48f7-a7f4-7dabb6d3d98b', '218881f1-e94e-426e-99bf-012fbb4cac34', 'f24798c2-f465-41db-9e9a-16cef050c87c']}' {{(pid=100746) _task_receiver /usr/local/lib/python3.8/dist-packages/taskflow/listeners/logging.py:178}}
Aug 31 05:19:38.129719 dv-cinder-773985-16-smb devstack@c-api.service[100747]: DEBUG cinder.volume.api [None req-3ac396e8-8e40-4077-87c0-8219030e0b49 tempest-VolumeTypesAccessTest-1760260043 tempest-VolumeTypesAccessTest-1760260043-project] Task 'cinder.volume.flows.api.create_volume.VolumeCastTask;volume:create' (86d61fd3-e08a-4790-a588-e38c1cf7fc77) transitioned into state 'SUCCESS' from state 'RUNNING' with result 'None' {{(pid=100747) _task_receiver /usr/local/lib/python3.8/dist-packages/taskflow/listeners/logging.py:178}}
