Aug 31 05:19:09.772547 dv-cinder-773985-16-iscsi devstack@c-api.service[101128]: /usr/local/lib/python3.8/dist-packages/oslo_context/context.py:105: DeprecationWarning: Policy enforcement is depending on the value of is_admin. This key is deprecated. Please update your policy file to use the standard policy values.
Aug 31 05:19:09.772547 dv-cinder-773985-16-iscsi devstack@c-api.service[101128]: warnings.warn('Policy enforcement is depending on the value of '
Aug 31 05:19:09.773307 dv-cinder-773985-16-iscsi devstack@c-api.service[101128]: INFO cinder.volume.api [None req-c5371f10-1124-4c6c-80b7-17957b94becc tempest-SnapshotsActionsTest-1337919731 tempest-SnapshotsActionsTest-1337919731-project-admin] Snapshot retrieved successfully.
Aug 31 05:19:09.810135 dv-cinder-773985-16-iscsi devstack@c-api.service[101128]: INFO cinder.volume.api [None req-c5371f10-1124-4c6c-80b7-17957b94becc tempest-SnapshotsActionsTest-1337919731 tempest-SnapshotsActionsTest-1337919731-project-admin] Snapshot delete request issued successfully.
Aug 31 05:19:09.810754 dv-cinder-773985-16-iscsi devstack@c-api.service[101128]: INFO cinder.api.openstack.wsgi [None req-c5371f10-1124-4c6c-80b7-17957b94becc tempest-SnapshotsActionsTest-1337919731 tempest-SnapshotsActionsTest-1337919731-project-admin] http://10.222.0.25/volume/v3/dd434ca2a4d54bccb7c55013a9eb5d41/snapshots/e5365e6c-dfc2-4199-9e32-4846eeeaa9be/action returned with HTTP 202
Aug 31 05:19:09.811763 dv-cinder-773985-16-iscsi devstack@c-api.service[101128]: [pid: 101128|app: 0|req: 147/290] 10.222.0.25 () {60 vars in 1373 bytes} [Tue Aug 31 05:19:09 2021] POST /volume/v3/dd434ca2a4d54bccb7c55013a9eb5d41/snapshots/e5365e6c-dfc2-4199-9e32-4846eeeaa9be/action => generated 0 bytes in 59 msecs (HTTP/1.1 202) 7 headers in 289 bytes (1 switches on core 0)
Aug 31 05:19:09.824019 dv-cinder-773985-16-iscsi devstack@c-api.service[101129]: INFO cinder.api.openstack.wsgi [None req-e7e04835-784e-4490-8a30-931e068aafaa tempest-SnapshotsActionsTest-1797383860 tempest-SnapshotsActionsTest-1797383860-project] GET http://10.222.0.25/volume/v3/04418b83c4014498aecfa7f7f8eb2381/snapshots/e5365e6c-dfc2-4199-9e32-4846eeeaa9be
Aug 31 05:19:09.825218 dv-cinder-773985-16-iscsi devstack@c-api.service[101129]: DEBUG cinder.api.openstack.wsgi [None req-e7e04835-784e-4490-8a30-931e068aafaa tempest-SnapshotsActionsTest-1797383860 tempest-SnapshotsActionsTest-1797383860-project] Empty body provided in request {{(pid=101129) get_body /opt/stack/cinder/cinder/api/openstack/wsgi.py:703}}
Aug 31 05:19:09.825483 dv-cinder-773985-16-iscsi devstack@c-api.service[101129]: /usr/local/lib/python3.8/dist-packages/webob/acceptparse.py:1047: DeprecationWarning: The behavior of AcceptValidHeader.best_match is currently being maintained for backward compatibility, but it will be deprecated in the future, as it does not conform to the RFC.
Aug 31 05:19:09.825483 dv-cinder-773985-16-iscsi devstack@c-api.service[101129]: warnings.warn(
Aug 31 05:19:09.826562 dv-cinder-773985-16-iscsi devstack@c-api.service[101129]: DEBUG cinder.api.openstack.wsgi [None req-e7e04835-784e-4490-8a30-931e068aafaa tempest-SnapshotsActionsTest-1797383860 tempest-SnapshotsActionsTest-1797383860-project] Calling method 'show' {{(pid=101129) _process_stack /opt/stack/cinder/cinder/api/openstack/wsgi.py:856}}
Aug 31 05:19:09.847276 dv-cinder-773985-16-iscsi devstack@c-api.service[101129]: /usr/local/lib/python3.8/dist-packages/oslo_context/context.py:105: DeprecationWarning: Policy enforcement is depending on the value of is_admin. This key is deprecated. Please update your policy file to use the standard policy values.
Aug 31 05:19:09.847276 dv-cinder-773985-16-iscsi devstack@c-api.service[101129]: warnings.warn('Policy enforcement is depending on the value of '
Aug 31 05:19:09.849678 dv-cinder-773985-16-iscsi devstack@c-api.service[101129]: INFO cinder.volume.api [None req-e7e04835-784e-4490-8a30-931e068aafaa tempest-SnapshotsActionsTest-1797383860 tempest-SnapshotsActionsTest-1797383860-project] Snapshot retrieved successfully.
Aug 31 05:19:09.853003 dv-cinder-773985-16-iscsi devstack@c-api.service[101129]: INFO cinder.api.openstack.wsgi [None req-e7e04835-784e-4490-8a30-931e068aafaa tempest-SnapshotsActionsTest-1797383860 tempest-SnapshotsActionsTest-1797383860-project] http://10.222.0.25/volume/v3/04418b83c4014498aecfa7f7f8eb2381/snapshots/e5365e6c-dfc2-4199-9e32-4846eeeaa9be returned with HTTP 200
Aug 31 05:19:09.857730 dv-cinder-773985-16-iscsi devstack@c-api.service[101129]: [pid: 101129|app: 0|req: 144/291] 10.222.0.25 () {58 vars in 1331 bytes} [Tue Aug 31 05:19:09 2021] GET /volume/v3/04418b83c4014498aecfa7f7f8eb2381/snapshots/e5365e6c-dfc2-4199-9e32-4846eeeaa9be => generated 464 bytes in 37 msecs (HTTP/1.1 200) 7 headers in 285 bytes (2 switches on core 0)
Aug 31 05:19:10.022851 dv-cinder-773985-16-iscsi devstack@c-api.service[101128]: INFO cinder.api.openstack.wsgi [None req-62652bbc-afad-4d57-9d76-2d884784aab6 tempest-VolumesDeleteCascade-1866890377 tempest-VolumesDeleteCascade-1866890377-project] GET http://10.222.0.25/volume/v3/a5c1c10cd0724a0baa399cca5b012f32/volumes/6ad9a7fb-41ee-4f8a-82e8-95f5b5b3f56e
Aug 31 05:19:10.024484 dv-cinder-773985-16-iscsi devstack@c-api.service[101128]: DEBUG cinder.api.openstack.wsgi [None req-62652bbc-afad-4d57-9d76-2d884784aab6 tempest-VolumesDeleteCascade-1866890377 tempest-VolumesDeleteCascade-1866890377-project] Empty body provided in request {{(pid=101128) get_body /opt/stack/cinder/cinder/api/openstack/wsgi.py:703}}
Aug 31 05:19:10.025065 dv-cinder-773985-16-iscsi devstack@c-api.service[101128]: /usr/local/lib/python3.8/dist-packages/webob/acceptparse.py:1047: DeprecationWarning: The behavior of AcceptValidHeader.best_match is currently being maintained for backward compatibility, but it will be deprecated in the future, as it does not conform to the RFC.
Aug 31 05:19:10.025065 dv-cinder-773985-16-iscsi devstack@c-api.service[101128]: warnings.warn(
Aug 31 05:19:10.025995 dv-cinder-773985-16-iscsi devstack@c-api.service[101128]: DEBUG cinder.api.openstack.wsgi [None req-62652bbc-afad-4d57-9d76-2d884784aab6 tempest-VolumesDeleteCascade-1866890377 tempest-VolumesDeleteCascade-1866890377-project] Calling method 'show' {{(pid=101128) _process_stack /opt/stack/cinder/cinder/api/openstack/wsgi.py:856}}
Aug 31 05:19:10.055530 dv-cinder-773985-16-iscsi devstack@c-api.service[101128]: /usr/local/lib/python3.8/dist-packages/oslo_context/context.py:105: DeprecationWarning: Policy enforcement is depending on the value of is_admin. This key is deprecated. Please update your policy file to use the standard policy values.
Aug 31 05:19:10.055530 dv-cinder-773985-16-iscsi devstack@c-api.service[101128]: warnings.warn('Policy enforcement is depending on the value of '
Aug 31 05:19:10.069132 dv-cinder-773985-16-iscsi devstack@c-api.service[101128]: INFO cinder.volume.api [None req-62652bbc-afad-4d57-9d76-2d884784aab6 tempest-VolumesDeleteCascade-1866890377 tempest-VolumesDeleteCascade-1866890377-project] Volume info retrieved successfully.
Aug 31 05:19:10.089006 dv-cinder-773985-16-iscsi devstack@c-api.service[101128]: INFO cinder.api.openstack.wsgi [None req-62652bbc-afad-4d57-9d76-2d884784aab6 tempest-VolumesDeleteCascade-1866890377 tempest-VolumesDeleteCascade-1866890377-project] http://10.222.0.25/volume/v3/a5c1c10cd0724a0baa399cca5b012f32/volumes/6ad9a7fb-41ee-4f8a-82e8-95f5b5b3f56e returned with HTTP 200
Aug 31 05:19:10.090523 dv-cinder-773985-16-iscsi devstack@c-api.service[101128]: [pid: 101128|app: 0|req: 148/292] 10.222.0.25 () {58 vars in 1325 bytes} [Tue Aug 31 05:19:10 2021] GET /volume/v3/a5c1c10cd0724a0baa399cca5b012f32/volumes/6ad9a7fb-41ee-4f8a-82e8-95f5b5b3f56e => generated 913 bytes in 77 msecs (HTTP/1.1 200) 7 headers in 285 bytes (1 switches on core 0)
Aug 31 05:19:10.121487 dv-cinder-773985-16-iscsi devstack@c-api.service[101129]: INFO cinder.api.openstack.wsgi [None req-d9cc5f5d-68dc-41ac-83e5-c718c8ccd921 tempest-VolumesDeleteCascade-1866890377 tempest-VolumesDeleteCascade-1866890377-project] POST http://10.222.0.25/volume/v3/a5c1c10cd0724a0baa399cca5b012f32/snapshots
Aug 31 05:19:10.122464 dv-cinder-773985-16-iscsi devstack@c-api.service[101129]: /usr/local/lib/python3.8/dist-packages/webob/acceptparse.py:1047: DeprecationWarning: The behavior of AcceptValidHeader.best_match is currently being maintained for backward compatibility, but it will be deprecated in the future, as it does not conform to the RFC.
Aug 31 05:19:10.122464 dv-cinder-773985-16-iscsi devstack@c-api.service[101129]: warnings.warn(
Aug 31 05:19:10.124149 dv-cinder-773985-16-iscsi devstack@c-api.service[101129]: DEBUG cinder.api.openstack.wsgi [None req-d9cc5f5d-68dc-41ac-83e5-c718c8ccd921 tempest-VolumesDeleteCascade-1866890377 tempest-VolumesDeleteCascade-1866890377-project] Action: 'create', calling method: create, body: {"snapshot": {"volume_id": "6ad9a7fb-41ee-4f8a-82e8-95f5b5b3f56e", "name": "tempest-VolumesDeleteCascade-Snapshot-59208988"}} {{(pid=101129) _process_stack /opt/stack/cinder/cinder/api/openstack/wsgi.py:854}}
Aug 31 05:19:10.165867 dv-cinder-773985-16-iscsi devstack@c-api.service[101129]: /usr/local/lib/python3.8/dist-packages/oslo_context/context.py:105: DeprecationWarning: Policy enforcement is depending on the value of is_admin. This key is deprecated. Please update your policy file to use the standard policy values.
Aug 31 05:19:10.165867 dv-cinder-773985-16-iscsi devstack@c-api.service[101129]: warnings.warn('Policy enforcement is depending on the value of '
Aug 31 05:19:10.168407 dv-cinder-773985-16-iscsi devstack@c-api.service[101129]: INFO cinder.volume.api [None req-d9cc5f5d-68dc-41ac-83e5-c718c8ccd921 tempest-VolumesDeleteCascade-1866890377 tempest-VolumesDeleteCascade-1866890377-project] Volume info retrieved successfully.
Aug 31 05:19:10.168674 dv-cinder-773985-16-iscsi devstack@c-api.service[101129]: INFO cinder.api.v2.snapshots [None req-d9cc5f5d-68dc-41ac-83e5-c718c8ccd921 tempest-VolumesDeleteCascade-1866890377 tempest-VolumesDeleteCascade-1866890377-project] Create snapshot from volume 6ad9a7fb-41ee-4f8a-82e8-95f5b5b3f56e
Aug 31 05:19:10.299018 dv-cinder-773985-16-iscsi devstack@c-api.service[101129]: DEBUG cinder.quota [None req-d9cc5f5d-68dc-41ac-83e5-c718c8ccd921 tempest-VolumesDeleteCascade-1866890377 tempest-VolumesDeleteCascade-1866890377-project] Created reservations ['d823a89b-b860-4aa7-87bf-867863d7849c', '3b4b8bc2-90f1-461b-a0fe-a7e6e5e3f09e', '71d9f189-0b11-4898-be1b-dc7550b93a07', '0ff20029-4eb1-45f1-a077-ea90dad4d49f'] {{(pid=101129) reserve /opt/stack/cinder/cinder/quota.py:755}}
Aug 31 05:19:10.395268 dv-cinder-773985-16-iscsi devstack@c-api.service[101128]: INFO cinder.api.openstack.wsgi [None req-628e34ff-66a8-4779-a1b0-180171d1e0cb tempest-VolumesImageMetadata-1642481752 tempest-VolumesImageMetadata-1642481752-project] GET http://10.222.0.25/volume/v3/495f44aec5eb4f228c0fca4243e5351c/volumes/d51bfbd6-3b69-4085-a2ef-81bea9b924ad
Aug 31 05:19:10.396553 dv-cinder-773985-16-iscsi devstack@c-api.service[101128]: DEBUG cinder.api.openstack.wsgi [None req-628e34ff-66a8-4779-a1b0-180171d1e0cb tempest-VolumesImageMetadata-1642481752 tempest-VolumesImageMetadata-1642481752-project] Empty body provided in request {{(pid=101128) get_body /opt/stack/cinder/cinder/api/openstack/wsgi.py:703}}
Aug 31 05:19:10.401967 dv-cinder-773985-16-iscsi devstack@c-api.service[101129]: INFO cinder.volume.api [None req-d9cc5f5d-68dc-41ac-83e5-c718c8ccd921 tempest-VolumesDeleteCascade-1866890377 tempest-VolumesDeleteCascade-1866890377-project] Snapshot create request issued successfully.
Aug 31 05:19:10.403464 dv-cinder-773985-16-iscsi devstack@c-api.service[101129]: INFO cinder.api.openstack.wsgi [None req-d9cc5f5d-68dc-41ac-83e5-c718c8ccd921 tempest-VolumesDeleteCascade-1866890377 tempest-VolumesDeleteCascade-1866890377-project] http://10.222.0.25/volume/v3/a5c1c10cd0724a0baa399cca5b012f32/snapshots returned with HTTP 202
Aug 31 05:19:10.411202 dv-cinder-773985-16-iscsi devstack@c-api.service[101128]: /usr/local/lib/python3.8/dist-packages/webob/acceptparse.py:1047: DeprecationWarning: The behavior of AcceptValidHeader.best_match is currently being maintained for backward compatibility, but it will be deprecated in the future, as it does not conform to the RFC.
Aug 31 05:19:10.411202 dv-cinder-773985-16-iscsi devstack@c-api.service[101128]: warnings.warn(
Aug 31 05:19:10.411689 dv-cinder-773985-16-iscsi devstack@c-api.service[101129]: [pid: 101129|app: 0|req: 145/293] 10.222.0.25 () {60 vars in 1242 bytes} [Tue Aug 31 05:19:10 2021] POST /volume/v3/a5c1c10cd0724a0baa399cca5b012f32/snapshots => generated 305 bytes in 299 msecs (HTTP/1.1 202) 7 headers in 291 bytes (1 switches on core 0)
Aug 31 05:19:10.412330 dv-cinder-773985-16-iscsi devstack@c-api.service[101128]: DEBUG cinder.api.openstack.wsgi [None req-628e34ff-66a8-4779-a1b0-180171d1e0cb tempest-VolumesImageMetadata-1642481752 tempest-VolumesImageMetadata-1642481752-project] Calling method 'show' {{(pid=101128) _process_stack /opt/stack/cinder/cinder/api/openstack/wsgi.py:856}}
Aug 31 05:19:10.417509 dv-cinder-773985-16-iscsi devstack@c-api.service[101129]: INFO cinder.api.openstack.wsgi [None req-6710f9d8-22a8-449c-bade-fcf65c67571a tempest-VolumesDeleteCascade-1866890377 tempest-VolumesDeleteCascade-1866890377-project] GET http://10.222.0.25/volume/v3/a5c1c10cd0724a0baa399cca5b012f32/snapshots/b6849647-6fca-48e8-bf8f-4527928f3f6e
Aug 31 05:19:10.418208 dv-cinder-773985-16-iscsi devstack@c-api.service[101129]: DEBUG cinder.api.openstack.wsgi [None req-6710f9d8-22a8-449c-bade-fcf65c67571a tempest-VolumesDeleteCascade-1866890377 tempest-VolumesDeleteCascade-1866890377-project] Empty body provided in request {{(pid=101129) get_body /opt/stack/cinder/cinder/api/openstack/wsgi.py:703}}
Aug 31 05:19:10.418552 dv-cinder-773985-16-iscsi devstack@c-api.service[101129]: /usr/local/lib/python3.8/dist-packages/webob/acceptparse.py:1047: DeprecationWarning: The behavior of AcceptValidHeader.best_match is currently being maintained for backward compatibility, but it will be deprecated in the future, as it does not conform to the RFC.
Aug 31 05:19:10.418552 dv-cinder-773985-16-iscsi devstack@c-api.service[101129]: warnings.warn(
Aug 31 05:19:10.419088 dv-cinder-773985-16-iscsi devstack@c-api.service[101129]: DEBUG cinder.api.openstack.wsgi [None req-6710f9d8-22a8-449c-bade-fcf65c67571a tempest-VolumesDeleteCascade-1866890377 tempest-VolumesDeleteCascade-1866890377-project] Calling method 'show' {{(pid=101129) _process_stack /opt/stack/cinder/cinder/api/openstack/wsgi.py:856}}
Aug 31 05:19:10.430902 dv-cinder-773985-16-iscsi devstack@c-api.service[101129]: /usr/local/lib/python3.8/dist-packages/oslo_context/context.py:105: DeprecationWarning: Policy enforcement is depending on the value of is_admin. This key is deprecated. Please update your policy file to use the standard policy values.
Aug 31 05:19:10.430902 dv-cinder-773985-16-iscsi devstack@c-api.service[101129]: warnings.warn('Policy enforcement is depending on the value of '
Aug 31 05:19:10.433582 dv-cinder-773985-16-iscsi devstack@c-api.service[101129]: INFO cinder.volume.api [None req-6710f9d8-22a8-449c-bade-fcf65c67571a tempest-VolumesDeleteCascade-1866890377 tempest-VolumesDeleteCascade-1866890377-project] Snapshot retrieved successfully.
Aug 31 05:19:10.436895 dv-cinder-773985-16-iscsi devstack@c-api.service[101129]: INFO cinder.api.openstack.wsgi [None req-6710f9d8-22a8-449c-bade-fcf65c67571a tempest-VolumesDeleteCascade-1866890377 tempest-VolumesDeleteCascade-1866890377-project] http://10.222.0.25/volume/v3/a5c1c10cd0724a0baa399cca5b012f32/snapshots/b6849647-6fca-48e8-bf8f-4527928f3f6e returned with HTTP 200
Aug 31 05:19:10.438676 dv-cinder-773985-16-iscsi devstack@c-api.service[101129]: [pid: 101129|app: 0|req: 146/294] 10.222.0.25 () {58 vars in 1331 bytes} [Tue Aug 31 05:19:10 2021] GET /volume/v3/a5c1c10cd0724a0baa399cca5b012f32/snapshots/b6849647-6fca-48e8-bf8f-4527928f3f6e => generated 437 bytes in 26 msecs (HTTP/1.1 200) 7 headers in 285 bytes (1 switches on core 0)
Aug 31 05:19:10.467293 dv-cinder-773985-16-iscsi devstack@c-api.service[101128]: /usr/local/lib/python3.8/dist-packages/oslo_context/context.py:105: DeprecationWarning: Policy enforcement is depending on the value of is_admin. This key is deprecated. Please update your policy file to use the standard policy values.
Aug 31 05:19:10.467293 dv-cinder-773985-16-iscsi devstack@c-api.service[101128]: warnings.warn('Policy enforcement is depending on the value of '
Aug 31 05:19:10.468118 dv-cinder-773985-16-iscsi devstack@c-api.service[101129]: INFO cinder.api.openstack.wsgi [None req-86dc41ea-7c0c-45b6-a1f4-f1a4c10816c1 tempest-VolumeQuotasAdminTestJSON-749658820 tempest-VolumeQuotasAdminTestJSON-749658820-project] GET http://10.222.0.25/volume/v3/3bc8b102e4974e479c649d528b9bd885/volumes/cc679067-a5b9-47e0-b516-d37b92972edc
Aug 31 05:19:10.470100 dv-cinder-773985-16-iscsi devstack@c-api.service[101129]: DEBUG cinder.api.openstack.wsgi [None req-86dc41ea-7c0c-45b6-a1f4-f1a4c10816c1 tempest-VolumeQuotasAdminTestJSON-749658820 tempest-VolumeQuotasAdminTestJSON-749658820-project] Empty body provided in request {{(pid=101129) get_body /opt/stack/cinder/cinder/api/openstack/wsgi.py:703}}
Aug 31 05:19:10.474307 dv-cinder-773985-16-iscsi devstack@c-api.service[101129]: /usr/local/lib/python3.8/dist-packages/webob/acceptparse.py:1047: DeprecationWarning: The behavior of AcceptValidHeader.best_match is currently being maintained for backward compatibility, but it will be deprecated in the future, as it does not conform to the RFC.
Aug 31 05:19:10.474307 dv-cinder-773985-16-iscsi devstack@c-api.service[101129]: warnings.warn(
Aug 31 05:19:10.475809 dv-cinder-773985-16-iscsi devstack@c-api.service[101129]: DEBUG cinder.api.openstack.wsgi [None req-86dc41ea-7c0c-45b6-a1f4-f1a4c10816c1 tempest-VolumeQuotasAdminTestJSON-749658820 tempest-VolumeQuotasAdminTestJSON-749658820-project] Calling method 'show' {{(pid=101129) _process_stack /opt/stack/cinder/cinder/api/openstack/wsgi.py:856}}
Aug 31 05:19:10.504699 dv-cinder-773985-16-iscsi devstack@c-api.service[101128]: INFO cinder.volume.api [None req-628e34ff-66a8-4779-a1b0-180171d1e0cb tempest-VolumesImageMetadata-1642481752 tempest-VolumesImageMetadata-1642481752-project] Volume info retrieved successfully.
Aug 31 05:19:10.533477 dv-cinder-773985-16-iscsi devstack@c-api.service[101129]: /usr/local/lib/python3.8/dist-packages/oslo_context/context.py:105: DeprecationWarning: Policy enforcement is depending on the value of is_admin. This key is deprecated. Please update your policy file to use the standard policy values.
Aug 31 05:19:10.533477 dv-cinder-773985-16-iscsi devstack@c-api.service[101129]: warnings.warn('Policy enforcement is depending on the value of '
Aug 31 05:19:10.566171 dv-cinder-773985-16-iscsi devstack@c-api.service[101129]: INFO cinder.volume.api [None req-86dc41ea-7c0c-45b6-a1f4-f1a4c10816c1 tempest-VolumeQuotasAdminTestJSON-749658820 tempest-VolumeQuotasAdminTestJSON-749658820-project] Volume info retrieved successfully.
Aug 31 05:19:10.580391 dv-cinder-773985-16-iscsi devstack@c-api.service[101128]: INFO cinder.api.openstack.wsgi [None req-628e34ff-66a8-4779-a1b0-180171d1e0cb tempest-VolumesImageMetadata-1642481752 tempest-VolumesImageMetadata-1642481752-project] http://10.222.0.25/volume/v3/495f44aec5eb4f228c0fca4243e5351c/volumes/d51bfbd6-3b69-4085-a2ef-81bea9b924ad returned with HTTP 200
Aug 31 05:19:10.584796 dv-cinder-773985-16-iscsi devstack@c-api.service[101128]: [pid: 101128|app: 0|req: 149/295] 10.222.0.25 () {58 vars in 1325 bytes} [Tue Aug 31 05:19:10 2021] GET /volume/v3/495f44aec5eb4f228c0fca4243e5351c/volumes/d51bfbd6-3b69-4085-a2ef-81bea9b924ad => generated 911 bytes in 194 msecs (HTTP/1.1 200) 7 headers in 285 bytes (2 switches on core 0)
Aug 31 05:19:10.601910 dv-cinder-773985-16-iscsi devstack@c-api.service[101129]: INFO cinder.api.openstack.wsgi [None req-86dc41ea-7c0c-45b6-a1f4-f1a4c10816c1 tempest-VolumeQuotasAdminTestJSON-749658820 tempest-VolumeQuotasAdminTestJSON-749658820-project] http://10.222.0.25/volume/v3/3bc8b102e4974e479c649d528b9bd885/volumes/cc679067-a5b9-47e0-b516-d37b92972edc returned with HTTP 200
Aug 31 05:19:10.613997 dv-cinder-773985-16-iscsi devstack@c-api.service[101129]: [pid: 101129|app: 0|req: 147/296] 10.222.0.25 () {58 vars in 1325 bytes} [Tue Aug 31 05:19:10 2021] GET /volume/v3/3bc8b102e4974e479c649d528b9bd885/volumes/cc679067-a5b9-47e0-b516-d37b92972edc => generated 917 bytes in 159 msecs (HTTP/1.1 200) 7 headers in 285 bytes (1 switches on core 0)
Aug 31 05:19:10.615272 dv-cinder-773985-16-iscsi devstack@c-api.service[101128]: INFO cinder.api.openstack.wsgi [None req-1b3aeffd-5825-4a59-9b32-f3731785d57b tempest-DeleteServersTestJSON-1022462942 tempest-DeleteServersTestJSON-1022462942-project] GET http://10.222.0.25/volume/v3/7f896576628345269f70da101a52401f/volumes/b5e284d5-29d2-48c3-9d64-b7d1dfc38570
Aug 31 05:19:10.615993 dv-cinder-773985-16-iscsi devstack@c-api.service[101128]: DEBUG cinder.api.openstack.wsgi [None req-1b3aeffd-5825-4a59-9b32-f3731785d57b tempest-DeleteServersTestJSON-1022462942 tempest-DeleteServersTestJSON-1022462942-project] Empty body provided in request {{(pid=101128) get_body /opt/stack/cinder/cinder/api/openstack/wsgi.py:703}}
Aug 31 05:19:10.616366 dv-cinder-773985-16-iscsi devstack@c-api.service[101128]: /usr/local/lib/python3.8/dist-packages/webob/acceptparse.py:1047: DeprecationWarning: The behavior of AcceptValidHeader.best_match is currently being maintained for backward compatibility, but it will be deprecated in the future, as it does not conform to the RFC.
Aug 31 05:19:10.616366 dv-cinder-773985-16-iscsi devstack@c-api.service[101128]: warnings.warn(
Aug 31 05:19:10.617025 dv-cinder-773985-16-iscsi devstack@c-api.service[101128]: DEBUG cinder.api.openstack.wsgi [None req-1b3aeffd-5825-4a59-9b32-f3731785d57b tempest-DeleteServersTestJSON-1022462942 tempest-DeleteServersTestJSON-1022462942-project] Calling method 'show' {{(pid=101128) _process_stack /opt/stack/cinder/cinder/api/openstack/wsgi.py:856}}
Aug 31 05:19:10.621072 dv-cinder-773985-16-iscsi devstack@c-api.service[101129]: INFO cinder.api.openstack.wsgi [None req-6d953d25-0032-4c3d-b1f7-9bad2ca91540 tempest-VolumeQuotasAdminTestJSON-1165644202 tempest-VolumeQuotasAdminTestJSON-1165644202-project-admin] GET http://10.222.0.25/volume/v3/8acd96884175440686b7f1abe406ecbe/os-quota-sets/3bc8b102e4974e479c649d528b9bd885?usage=True
Aug 31 05:19:10.621956 dv-cinder-773985-16-iscsi devstack@c-api.service[101129]: DEBUG cinder.api.openstack.wsgi [None req-6d953d25-0032-4c3d-b1f7-9bad2ca91540 tempest-VolumeQuotasAdminTestJSON-1165644202 tempest-VolumeQuotasAdminTestJSON-1165644202-project-admin] Empty body provided in request {{(pid=101129) get_body /opt/stack/cinder/cinder/api/openstack/wsgi.py:703}}
Aug 31 05:19:10.622409 dv-cinder-773985-16-iscsi devstack@c-api.service[101129]: /usr/local/lib/python3.8/dist-packages/webob/acceptparse.py:1047: DeprecationWarning: The behavior of AcceptValidHeader.best_match is currently being maintained for backward compatibility, but it will be deprecated in the future, as it does not conform to the RFC.
Aug 31 05:19:10.622409 dv-cinder-773985-16-iscsi devstack@c-api.service[101129]: warnings.warn(
Aug 31 05:19:10.623306 dv-cinder-773985-16-iscsi devstack@c-api.service[101129]: DEBUG cinder.api.openstack.wsgi [None req-6d953d25-0032-4c3d-b1f7-9bad2ca91540 tempest-VolumeQuotasAdminTestJSON-1165644202 tempest-VolumeQuotasAdminTestJSON-1165644202-project-admin] Calling method 'show' {{(pid=101129) _process_stack /opt/stack/cinder/cinder/api/openstack/wsgi.py:856}}
Aug 31 05:19:10.652290 dv-cinder-773985-16-iscsi devstack@c-api.service[101128]: /usr/local/lib/python3.8/dist-packages/oslo_context/context.py:105: DeprecationWarning: Policy enforcement is depending on the value of is_admin. This key is deprecated. Please update your policy file to use the standard policy values.
Aug 31 05:19:10.652290 dv-cinder-773985-16-iscsi devstack@c-api.service[101128]: warnings.warn('Policy enforcement is depending on the value of '
Aug 31 05:19:10.669822 dv-cinder-773985-16-iscsi devstack@c-api.service[101128]: INFO cinder.volume.api [None req-1b3aeffd-5825-4a59-9b32-f3731785d57b tempest-DeleteServersTestJSON-1022462942 tempest-DeleteServersTestJSON-1022462942-project] Volume info retrieved successfully.
Aug 31 05:19:10.684285 dv-cinder-773985-16-iscsi devstack@c-api.service[101128]: /usr/local/lib/python3.8/dist-packages/oslo_context/context.py:105: DeprecationWarning: Policy enforcement is depending on the value of is_admin. This key is deprecated. Please update your policy file to use the standard policy values.
Aug 31 05:19:10.684285 dv-cinder-773985-16-iscsi devstack@c-api.service[101128]: warnings.warn('Policy enforcement is depending on the value of '
Aug 31 05:19:10.693380 dv-cinder-773985-16-iscsi devstack@c-api.service[101128]: INFO cinder.api.openstack.wsgi [None req-1b3aeffd-5825-4a59-9b32-f3731785d57b tempest-DeleteServersTestJSON-1022462942 tempest-DeleteServersTestJSON-1022462942-project] http://10.222.0.25/volume/v3/7f896576628345269f70da101a52401f/volumes/b5e284d5-29d2-48c3-9d64-b7d1dfc38570 returned with HTTP 200
Aug 31 05:19:10.701593 dv-cinder-773985-16-iscsi devstack@c-api.service[101128]: [pid: 101128|app: 0|req: 150/297] 10.222.0.25 () {58 vars in 1325 bytes} [Tue Aug 31 05:19:10 2021] GET /volume/v3/7f896576628345269f70da101a52401f/volumes/b5e284d5-29d2-48c3-9d64-b7d1dfc38570 => generated 914 bytes in 84 msecs (HTTP/1.1 200) 7 headers in 285 bytes (2 switches on core 0)
Aug 31 05:19:10.702007 dv-cinder-773985-16-iscsi devstack@c-api.service[101129]: INFO cinder.api.openstack.wsgi [None req-6d953d25-0032-4c3d-b1f7-9bad2ca91540 tempest-VolumeQuotasAdminTestJSON-1165644202 tempest-VolumeQuotasAdminTestJSON-1165644202-project-admin] http://10.222.0.25/volume/v3/8acd96884175440686b7f1abe406ecbe/os-quota-sets/3bc8b102e4974e479c649d528b9bd885?usage=True returned with HTTP 200
Aug 31 05:19:10.702007 dv-cinder-773985-16-iscsi devstack@c-api.service[101129]: [pid: 101129|app: 0|req: 148/298] 10.222.0.25 () {58 vars in 1352 bytes} [Tue Aug 31 05:19:10 2021] GET /volume/v3/8acd96884175440686b7f1abe406ecbe/os-quota-sets/3bc8b102e4974e479c649d528b9bd885?usage=True => generated 868 bytes in 81 msecs (HTTP/1.1 200) 7 headers in 285 bytes (1 switches on core 0)
Aug 31 05:19:10.712052 dv-cinder-773985-16-iscsi devstack@c-api.service[101128]: INFO cinder.api.openstack.wsgi [None req-2abc4829-b5cd-4558-92fd-80d771c31fc7 tempest-VolumeQuotasAdminTestJSON-1165644202 tempest-VolumeQuotasAdminTestJSON-1165644202-project-admin] GET http://10.222.0.25/volume/v3/8acd96884175440686b7f1abe406ecbe/os-quota-sets/210528099ce3472999bcb1bf9560b81f?usage=True
Aug 31 05:19:10.712659 dv-cinder-773985-16-iscsi devstack@c-api.service[101128]: DEBUG cinder.api.openstack.wsgi [None req-2abc4829-b5cd-4558-92fd-80d771c31fc7 tempest-VolumeQuotasAdminTestJSON-1165644202 tempest-VolumeQuotasAdminTestJSON-1165644202-project-admin] Empty body provided in request {{(pid=101128) get_body /opt/stack/cinder/cinder/api/openstack/wsgi.py:703}}
Aug 31 05:19:10.712832 dv-cinder-773985-16-iscsi devstack@c-api.service[101128]: /usr/local/lib/python3.8/dist-packages/webob/acceptparse.py:1047: DeprecationWarning: The behavior of AcceptValidHeader.best_match is currently being maintained for backward compatibility, but it will be deprecated in the future, as it does not conform to the RFC.
Aug 31 05:19:10.712832 dv-cinder-773985-16-iscsi devstack@c-api.service[101128]: warnings.warn(
Aug 31 05:19:10.713237 dv-cinder-773985-16-iscsi devstack@c-api.service[101128]: DEBUG cinder.api.openstack.wsgi [None req-2abc4829-b5cd-4558-92fd-80d771c31fc7 tempest-VolumeQuotasAdminTestJSON-1165644202 tempest-VolumeQuotasAdminTestJSON-1165644202-project-admin] Calling method 'show' {{(pid=101128) _process_stack /opt/stack/cinder/cinder/api/openstack/wsgi.py:856}}
Aug 31 05:19:10.770795 dv-cinder-773985-16-iscsi devstack@c-api.service[101128]: INFO cinder.api.openstack.wsgi [None req-2abc4829-b5cd-4558-92fd-80d771c31fc7 tempest-VolumeQuotasAdminTestJSON-1165644202 tempest-VolumeQuotasAdminTestJSON-1165644202-project-admin] http://10.222.0.25/volume/v3/8acd96884175440686b7f1abe406ecbe/os-quota-sets/210528099ce3472999bcb1bf9560b81f?usage=True returned with HTTP 200
Aug 31 05:19:10.772542 dv-cinder-773985-16-iscsi devstack@c-api.service[101128]: [pid: 101128|app: 0|req: 151/299] 10.222.0.25 () {58 vars in 1352 bytes} [Tue Aug 31 05:19:10 2021] GET /volume/v3/8acd96884175440686b7f1abe406ecbe/os-quota-sets/210528099ce3472999bcb1bf9560b81f?usage=True => generated 868 bytes in 65 msecs (HTTP/1.1 200) 7 headers in 285 bytes (1 switches on core 0)
Aug 31 05:19:10.790357 dv-cinder-773985-16-iscsi devstack@c-api.service[101129]: INFO cinder.api.openstack.wsgi [None req-359626b6-2b70-40cc-99f2-b3b5e0c260ab tempest-VolumeQuotasAdminTestJSON-749658820 tempest-VolumeQuotasAdminTestJSON-749658820-project] POST http://10.222.0.25/volume/v3/3bc8b102e4974e479c649d528b9bd885/os-volume-transfer
Aug 31 05:19:10.791204 dv-cinder-773985-16-iscsi devstack@c-api.service[101129]: DEBUG cinder.api.openstack.wsgi [None req-359626b6-2b70-40cc-99f2-b3b5e0c260ab tempest-VolumeQuotasAdminTestJSON-749658820 tempest-VolumeQuotasAdminTestJSON-749658820-project] Action: 'create', calling method: create, body: {"transfer": {"volume_id": "cc679067-a5b9-47e0-b516-d37b92972edc"}} {{(pid=101129) _process_stack /opt/stack/cinder/cinder/api/openstack/wsgi.py:854}}
Aug 31 05:19:10.792068 dv-cinder-773985-16-iscsi devstack@c-api.service[101129]: DEBUG cinder.api.contrib.volume_transfer [None req-359626b6-2b70-40cc-99f2-b3b5e0c260ab tempest-VolumeQuotasAdminTestJSON-749658820 tempest-VolumeQuotasAdminTestJSON-749658820-project] Creating new volume transfer {'transfer': {'volume_id': 'cc679067-a5b9-47e0-b516-d37b92972edc'}} {{(pid=101129) create /opt/stack/cinder/cinder/api/contrib/volume_transfer.py:85}}
Aug 31 05:19:10.792365 dv-cinder-773985-16-iscsi devstack@c-api.service[101129]: INFO cinder.api.contrib.volume_transfer [None req-359626b6-2b70-40cc-99f2-b3b5e0c260ab tempest-VolumeQuotasAdminTestJSON-749658820 tempest-VolumeQuotasAdminTestJSON-749658820-project] Creating transfer of volume cc679067-a5b9-47e0-b516-d37b92972edc
Aug 31 05:19:10.792664 dv-cinder-773985-16-iscsi devstack@c-api.service[101129]: INFO cinder.transfer.api [None req-359626b6-2b70-40cc-99f2-b3b5e0c260ab tempest-VolumeQuotasAdminTestJSON-749658820 tempest-VolumeQuotasAdminTestJSON-749658820-project] Generating transfer record for volume cc679067-a5b9-47e0-b516-d37b92972edc
Aug 31 05:19:10.817791 dv-cinder-773985-16-iscsi devstack@c-api.service[101129]: /usr/local/lib/python3.8/dist-packages/oslo_context/context.py:105: DeprecationWarning: Policy enforcement is depending on the value of is_admin. This key is deprecated. Please update your policy file to use the standard policy values.
Aug 31 05:19:10.817791 dv-cinder-773985-16-iscsi devstack@c-api.service[101129]: warnings.warn('Policy enforcement is depending on the value of '
Aug 31 05:19:10.856681 dv-cinder-773985-16-iscsi devstack@c-api.service[101129]: INFO cinder.api.openstack.wsgi [None req-359626b6-2b70-40cc-99f2-b3b5e0c260ab tempest-VolumeQuotasAdminTestJSON-749658820 tempest-VolumeQuotasAdminTestJSON-749658820-project] http://10.222.0.25/volume/v3/3bc8b102e4974e479c649d528b9bd885/os-volume-transfer returned with HTTP 202
Aug 31 05:19:10.858246 dv-cinder-773985-16-iscsi devstack@c-api.service[101129]: [pid: 101129|app: 0|req: 149/300] 10.222.0.25 () {60 vars in 1268 bytes} [Tue Aug 31 05:19:10 2021] POST /volume/v3/3bc8b102e4974e479c649d528b9bd885/os-volume-transfer => generated 507 bytes in 75 msecs (HTTP/1.1 202) 7 headers in 291 bytes (1 switches on core 0)
Aug 31 05:19:10.872602 dv-cinder-773985-16-iscsi devstack@c-api.service[101128]: INFO cinder.api.openstack.wsgi [None req-e580adbb-d575-4667-8227-d8a9956985d3 tempest-SnapshotsActionsTest-1797383860 tempest-SnapshotsActionsTest-1797383860-project] GET http://10.222.0.25/volume/v3/04418b83c4014498aecfa7f7f8eb2381/snapshots/e5365e6c-dfc2-4199-9e32-4846eeeaa9be
Aug 31 05:19:10.873405 dv-cinder-773985-16-iscsi devstack@c-api.service[101128]: DEBUG cinder.api.openstack.wsgi [None req-e580adbb-d575-4667-8227-d8a9956985d3 tempest-SnapshotsActionsTest-1797383860 tempest-SnapshotsActionsTest-1797383860-project] Empty body provided in request {{(pid=101128) get_body /opt/stack/cinder/cinder/api/openstack/wsgi.py:703}}
Aug 31 05:19:10.874004 dv-cinder-773985-16-iscsi devstack@c-api.service[101128]: DEBUG cinder.api.openstack.wsgi [None req-e580adbb-d575-4667-8227-d8a9956985d3 tempest-SnapshotsActionsTest-1797383860 tempest-SnapshotsActionsTest-1797383860-project] Calling method 'show' {{(pid=101128) _process_stack /opt/stack/cinder/cinder/api/openstack/wsgi.py:856}}
Aug 31 05:19:10.893362 dv-cinder-773985-16-iscsi devstack@c-api.service[101128]: INFO cinder.api.openstack.wsgi [None req-e580adbb-d575-4667-8227-d8a9956985d3 tempest-SnapshotsActionsTest-1797383860 tempest-SnapshotsActionsTest-1797383860-project] http://10.222.0.25/volume/v3/04418b83c4014498aecfa7f7f8eb2381/snapshots/e5365e6c-dfc2-4199-9e32-4846eeeaa9be returned with HTTP 404
Aug 31 05:19:10.895113 dv-cinder-773985-16-iscsi devstack@c-api.service[101128]: [pid: 101128|app: 0|req: 152/301] 10.222.0.25 () {58 vars in 1331 bytes} [Tue Aug 31 05:19:10 2021] GET /volume/v3/04418b83c4014498aecfa7f7f8eb2381/snapshots/e5365e6c-dfc2-4199-9e32-4846eeeaa9be => generated 111 bytes in 30 msecs (HTTP/1.1 404) 7 headers in 292 bytes (1 switches on core 0)
Aug 31 05:19:10.905697 dv-cinder-773985-16-iscsi devstack@c-api.service[101128]: INFO cinder.api.openstack.wsgi [None req-87a3d8d5-a279-4963-b578-d68864affed8 tempest-SnapshotsActionsTest-1337919731 tempest-SnapshotsActionsTest-1337919731-project-admin] POST http://10.222.0.25/volume/v3/dd434ca2a4d54bccb7c55013a9eb5d41/snapshots/a2e2c083-2430-4739-af83-4027a51624a4/action
Aug 31 05:19:10.908394 dv-cinder-773985-16-iscsi devstack@c-api.service[101128]: DEBUG cinder.api.openstack.wsgi [None req-87a3d8d5-a279-4963-b578-d68864affed8 tempest-SnapshotsActionsTest-1337919731 tempest-SnapshotsActionsTest-1337919731-project-admin] Action body: b'{"os-reset_status": {"status": "available"}}' {{(pid=101128) get_method /opt/stack/cinder/cinder/api/openstack/wsgi.py:971}}
Aug 31 05:19:10.908992 dv-cinder-773985-16-iscsi devstack@c-api.service[101128]: DEBUG cinder.api.openstack.wsgi [None req-87a3d8d5-a279-4963-b578-d68864affed8 tempest-SnapshotsActionsTest-1337919731 tempest-SnapshotsActionsTest-1337919731-project-admin] Action: 'action', calling method: _reset_status, body: {"os-reset_status": {"status": "available"}} {{(pid=101128) _process_stack /opt/stack/cinder/cinder/api/openstack/wsgi.py:854}}
Aug 31 05:19:10.910467 dv-cinder-773985-16-iscsi devstack@c-api.service[101128]: DEBUG cinder.api.contrib.admin_actions [None req-87a3d8d5-a279-4963-b578-d68864affed8 tempest-SnapshotsActionsTest-1337919731 tempest-SnapshotsActionsTest-1337919731-project-admin] Updating snapshot 'a2e2c083-2430-4739-af83-4027a51624a4' with '{'status': 'available'}' {{(pid=101128) _reset_status /opt/stack/cinder/cinder/api/contrib/admin_actions.py:100}}
Aug 31 05:19:10.946825 dv-cinder-773985-16-iscsi devstack@c-api.service[101128]: /usr/local/lib/python3.8/dist-packages/oslo_context/context.py:105: DeprecationWarning: Policy enforcement is depending on the value of is_admin. This key is deprecated. Please update your policy file to use the standard policy values.
Aug 31 05:19:10.946825 dv-cinder-773985-16-iscsi devstack@c-api.service[101128]: warnings.warn('Policy enforcement is depending on the value of '
Aug 31 05:19:10.975848 dv-cinder-773985-16-iscsi devstack@c-api.service[101128]: INFO cinder.api.openstack.wsgi [None req-87a3d8d5-a279-4963-b578-d68864affed8 tempest-SnapshotsActionsTest-1337919731 tempest-SnapshotsActionsTest-1337919731-project-admin] http://10.222.0.25/volume/v3/dd434ca2a4d54bccb7c55013a9eb5d41/snapshots/a2e2c083-2430-4739-af83-4027a51624a4/action returned with HTTP 202
Aug 31 05:19:10.976622 dv-cinder-773985-16-iscsi devstack@c-api.service[101128]: [pid: 101128|app: 0|req: 153/302] 10.222.0.25 () {60 vars in 1373 bytes} [Tue Aug 31 05:19:10 2021] POST /volume/v3/dd434ca2a4d54bccb7c55013a9eb5d41/snapshots/a2e2c083-2430-4739-af83-4027a51624a4/action => generated 0 bytes in 78 msecs (HTTP/1.1 202) 7 headers in 289 bytes (2 switches on core 0)
Aug 31 05:19:10.985660 dv-cinder-773985-16-iscsi devstack@c-api.service[101128]: INFO cinder.api.openstack.wsgi [None req-747788f7-6c0e-437d-aae7-67f92bd5bef2 tempest-SnapshotsActionsTest-1797383860 tempest-SnapshotsActionsTest-1797383860-project] GET http://10.222.0.25/volume/v3/04418b83c4014498aecfa7f7f8eb2381/snapshots/a2e2c083-2430-4739-af83-4027a51624a4
Aug 31 05:19:10.986121 dv-cinder-773985-16-iscsi devstack@c-api.service[101128]: DEBUG cinder.api.openstack.wsgi [None req-747788f7-6c0e-437d-aae7-67f92bd5bef2 tempest-SnapshotsActionsTest-1797383860 tempest-SnapshotsActionsTest-1797383860-project] Empty body provided in request {{(pid=101128) get_body /opt/stack/cinder/cinder/api/openstack/wsgi.py:703}}
Aug 31 05:19:10.986299 dv-cinder-773985-16-iscsi devstack@c-api.service[101128]: /usr/local/lib/python3.8/dist-packages/webob/acceptparse.py:1047: DeprecationWarning: The behavior of AcceptValidHeader.best_match is currently being maintained for backward compatibility, but it will be deprecated in the future, as it does not conform to the RFC.
Aug 31 05:19:10.986299 dv-cinder-773985-16-iscsi devstack@c-api.service[101128]: warnings.warn(
Aug 31 05:19:10.986596 dv-cinder-773985-16-iscsi devstack@c-api.service[101128]: DEBUG cinder.api.openstack.wsgi [None req-747788f7-6c0e-437d-aae7-67f92bd5bef2 tempest-SnapshotsActionsTest-1797383860 tempest-SnapshotsActionsTest-1797383860-project] Calling method 'show' {{(pid=101128) _process_stack /opt/stack/cinder/cinder/api/openstack/wsgi.py:856}}
Aug 31 05:19:10.997066 dv-cinder-773985-16-iscsi devstack@c-api.service[101128]: /usr/local/lib/python3.8/dist-packages/oslo_context/context.py:105: DeprecationWarning: Policy enforcement is depending on the value of is_admin. This key is deprecated. Please update your policy file to use the standard policy values.
Aug 31 05:19:10.997066 dv-cinder-773985-16-iscsi devstack@c-api.service[101128]: warnings.warn('Policy enforcement is depending on the value of '
Aug 31 05:19:10.998141 dv-cinder-773985-16-iscsi devstack@c-api.service[101128]: INFO cinder.volume.api [None req-747788f7-6c0e-437d-aae7-67f92bd5bef2 tempest-SnapshotsActionsTest-1797383860 tempest-SnapshotsActionsTest-1797383860-project] Snapshot retrieved successfully.
Aug 31 05:19:11.001428 dv-cinder-773985-16-iscsi devstack@c-api.service[101128]: INFO cinder.api.openstack.wsgi [None req-747788f7-6c0e-437d-aae7-67f92bd5bef2 tempest-SnapshotsActionsTest-1797383860 tempest-SnapshotsActionsTest-1797383860-project] http://10.222.0.25/volume/v3/04418b83c4014498aecfa7f7f8eb2381/snapshots/a2e2c083-2430-4739-af83-4027a51624a4 returned with HTTP 200
Aug 31 05:19:11.002778 dv-cinder-773985-16-iscsi devstack@c-api.service[101128]: [pid: 101128|app: 0|req: 154/303] 10.222.0.25 () {58 vars in 1331 bytes} [Tue Aug 31 05:19:10 2021] GET /volume/v3/04418b83c4014498aecfa7f7f8eb2381/snapshots/a2e2c083-2430-4739-af83-4027a51624a4 => generated 465 bytes in 22 msecs (HTTP/1.1 200) 7 headers in 285 bytes (1 switches on core 0)
Aug 31 05:19:11.022995 dv-cinder-773985-16-iscsi devstack@c-api.service[101128]: INFO cinder.api.openstack.wsgi [None req-d6a0c7e4-54ef-44f6-967d-d8959afe91c1 tempest-SnapshotsActionsTest-1797383860 tempest-SnapshotsActionsTest-1797383860-project] POST http://10.222.0.25/volume/v3/04418b83c4014498aecfa7f7f8eb2381/snapshots
Aug 31 05:19:11.023691 dv-cinder-773985-16-iscsi devstack@c-api.service[101128]: /usr/local/lib/python3.8/dist-packages/webob/acceptparse.py:1047: DeprecationWarning: The behavior of AcceptValidHeader.best_match is currently being maintained for backward compatibility, but it will be deprecated in the future, as it does not conform to the RFC.
Aug 31 05:19:11.023691 dv-cinder-773985-16-iscsi devstack@c-api.service[101128]: warnings.warn(
Aug 31 05:19:11.024240 dv-cinder-773985-16-iscsi devstack@c-api.service[101128]: DEBUG cinder.api.openstack.wsgi [None req-d6a0c7e4-54ef-44f6-967d-d8959afe91c1 tempest-SnapshotsActionsTest-1797383860 tempest-SnapshotsActionsTest-1797383860-project] Action: 'create', calling method: create, body: {"snapshot": {"volume_id": "f0d56f57-35c4-4f71-a2c3-6e52c18bdaff", "name": "tempest-SnapshotsActionsTest-Snapshot-1514908190"}} {{(pid=101128) _process_stack /opt/stack/cinder/cinder/api/openstack/wsgi.py:854}}
Aug 31 05:19:11.051542 dv-cinder-773985-16-iscsi devstack@c-api.service[101128]: /usr/local/lib/python3.8/dist-packages/oslo_context/context.py:105: DeprecationWarning: Policy enforcement is depending on the value of is_admin. This key is deprecated. Please update your policy file to use the standard policy values.
Aug 31 05:19:11.051542 dv-cinder-773985-16-iscsi devstack@c-api.service[101128]: warnings.warn('Policy enforcement is depending on the value of '
Aug 31 05:19:11.053688 dv-cinder-773985-16-iscsi devstack@c-api.service[101128]: INFO cinder.volume.api [None req-d6a0c7e4-54ef-44f6-967d-d8959afe91c1 tempest-SnapshotsActionsTest-1797383860 tempest-SnapshotsActionsTest-1797383860-project] Volume info retrieved successfully.
Aug 31 05:19:11.054176 dv-cinder-773985-16-iscsi devstack@c-api.service[101128]: INFO cinder.api.v2.snapshots [None req-d6a0c7e4-54ef-44f6-967d-d8959afe91c1 tempest-SnapshotsActionsTest-1797383860 tempest-SnapshotsActionsTest-1797383860-project] Create snapshot from volume f0d56f57-35c4-4f71-a2c3-6e52c18bdaff
Aug 31 05:19:11.066487 dv-cinder-773985-16-iscsi devstack@c-api.service[101129]: INFO cinder.api.openstack.wsgi [None req-af869c4a-f393-4384-9024-b452fda9f35e tempest-VolumeQuotasAdminTestJSON-2141787698 tempest-VolumeQuotasAdminTestJSON-2141787698-project] POST http://10.222.0.25/volume/v3/210528099ce3472999bcb1bf9560b81f/os-volume-transfer/1baf8826-fad6-4e56-93b0-034a960df30a/accept
Aug 31 05:19:11.067023 dv-cinder-773985-16-iscsi devstack@c-api.service[101129]: /usr/local/lib/python3.8/dist-packages/webob/acceptparse.py:1047: DeprecationWarning: The behavior of AcceptValidHeader.best_match is currently being maintained for backward compatibility, but it will be deprecated in the future, as it does not conform to the RFC.
Aug 31 05:19:11.067023 dv-cinder-773985-16-iscsi devstack@c-api.service[101129]: warnings.warn(
Aug 31 05:19:11.067689 dv-cinder-773985-16-iscsi devstack@c-api.service[101129]: DEBUG cinder.api.openstack.wsgi [None req-af869c4a-f393-4384-9024-b452fda9f35e tempest-VolumeQuotasAdminTestJSON-2141787698 tempest-VolumeQuotasAdminTestJSON-2141787698-project] Action: 'accept', calling method: accept, body: {"accept": {"auth_key": "979f3996930a8b4e"}} {{(pid=101129) _process_stack /opt/stack/cinder/cinder/api/openstack/wsgi.py:854}}
Aug 31 05:19:11.069027 dv-cinder-773985-16-iscsi devstack@c-api.service[101129]: DEBUG cinder.api.contrib.volume_transfer [None req-af869c4a-f393-4384-9024-b452fda9f35e tempest-VolumeQuotasAdminTestJSON-2141787698 tempest-VolumeQuotasAdminTestJSON-2141787698-project] Accepting volume transfer 1baf8826-fad6-4e56-93b0-034a960df30a {{(pid=101129) accept /opt/stack/cinder/cinder/api/contrib/volume_transfer.py:115}}
Aug 31 05:19:11.069538 dv-cinder-773985-16-iscsi devstack@c-api.service[101129]: INFO cinder.api.contrib.volume_transfer [None req-af869c4a-f393-4384-9024-b452fda9f35e tempest-VolumeQuotasAdminTestJSON-2141787698 tempest-VolumeQuotasAdminTestJSON-2141787698-project] Accepting transfer 1baf8826-fad6-4e56-93b0-034a960df30a
Aug 31 05:19:11.100348 dv-cinder-773985-16-iscsi devstack@c-api.service[101128]: DEBUG cinder.quota [None req-d6a0c7e4-54ef-44f6-967d-d8959afe91c1 tempest-SnapshotsActionsTest-1797383860 tempest-SnapshotsActionsTest-1797383860-project] Created reservations ['45d5474e-7849-4c04-9fa3-5a3845bbad4d', 'c9298374-b097-4528-a5e3-5dd73e95cb79', 'b879c081-58f6-4a93-b6ac-3971385e9b1b', '38c6a30b-e63a-4875-a4b0-c5b2cdf74cdd'] {{(pid=101128) reserve /opt/stack/cinder/cinder/quota.py:755}}
Aug 31 05:19:11.169044 dv-cinder-773985-16-iscsi devstack@c-api.service[101128]: INFO cinder.volume.api [None req-d6a0c7e4-54ef-44f6-967d-d8959afe91c1 tempest-SnapshotsActionsTest-1797383860 tempest-SnapshotsActionsTest-1797383860-project] Snapshot create request issued successfully.
Aug 31 05:19:11.169891 dv-cinder-773985-16-iscsi devstack@c-api.service[101128]: INFO cinder.api.openstack.wsgi [None req-d6a0c7e4-54ef-44f6-967d-d8959afe91c1 tempest-SnapshotsActionsTest-1797383860 tempest-SnapshotsActionsTest-1797383860-project] http://10.222.0.25/volume/v3/04418b83c4014498aecfa7f7f8eb2381/snapshots returned with HTTP 202
Aug 31 05:19:11.170959 dv-cinder-773985-16-iscsi devstack@c-api.service[101128]: [pid: 101128|app: 0|req: 155/304] 10.222.0.25 () {60 vars in 1242 bytes} [Tue Aug 31 05:19:11 2021] POST /volume/v3/04418b83c4014498aecfa7f7f8eb2381/snapshots => generated 307 bytes in 155 msecs (HTTP/1.1 202) 7 headers in 291 bytes (1 switches on core 0)
Aug 31 05:19:11.184837 dv-cinder-773985-16-iscsi devstack@c-api.service[101128]: INFO cinder.api.openstack.wsgi [None req-994d6fd0-a7fd-48df-ac98-13cc7c2290a4 tempest-SnapshotsActionsTest-1797383860 tempest-SnapshotsActionsTest-1797383860-project] GET http://10.222.0.25/volume/v3/04418b83c4014498aecfa7f7f8eb2381/snapshots/a104e887-47ad-4246-b0ef-b7d401c565d2
Aug 31 05:19:11.186339 dv-cinder-773985-16-iscsi devstack@c-api.service[101128]: DEBUG cinder.api.openstack.wsgi [None req-994d6fd0-a7fd-48df-ac98-13cc7c2290a4 tempest-SnapshotsActionsTest-1797383860 tempest-SnapshotsActionsTest-1797383860-project] Empty body provided in request {{(pid=101128) get_body /opt/stack/cinder/cinder/api/openstack/wsgi.py:703}}
Aug 31 05:19:11.187018 dv-cinder-773985-16-iscsi devstack@c-api.service[101128]: /usr/local/lib/python3.8/dist-packages/webob/acceptparse.py:1047: DeprecationWarning: The behavior of AcceptValidHeader.best_match is currently being maintained for backward compatibility, but it will be deprecated in the future, as it does not conform to the RFC.
Aug 31 05:19:11.187018 dv-cinder-773985-16-iscsi devstack@c-api.service[101128]: warnings.warn(
Aug 31 05:19:11.191260 dv-cinder-773985-16-iscsi devstack@c-api.service[101128]: DEBUG cinder.api.openstack.wsgi [None req-994d6fd0-a7fd-48df-ac98-13cc7c2290a4 tempest-SnapshotsActionsTest-1797383860 tempest-SnapshotsActionsTest-1797383860-project] Calling method 'show' {{(pid=101128) _process_stack /opt/stack/cinder/cinder/api/openstack/wsgi.py:856}}
Aug 31 05:19:11.204235 dv-cinder-773985-16-iscsi devstack@c-api.service[101128]: /usr/local/lib/python3.8/dist-packages/oslo_context/context.py:105: DeprecationWarning: Policy enforcement is depending on the value of is_admin. This key is deprecated. Please update your policy file to use the standard policy values.
Aug 31 05:19:11.204235 dv-cinder-773985-16-iscsi devstack@c-api.service[101128]: warnings.warn('Policy enforcement is depending on the value of '
Aug 31 05:19:11.205332 dv-cinder-773985-16-iscsi devstack@c-api.service[101128]: INFO cinder.volume.api [None req-994d6fd0-a7fd-48df-ac98-13cc7c2290a4 tempest-SnapshotsActionsTest-1797383860 tempest-SnapshotsActionsTest-1797383860-project] Snapshot retrieved successfully.
Aug 31 05:19:11.208189 dv-cinder-773985-16-iscsi devstack@c-api.service[101128]: INFO cinder.api.openstack.wsgi [None req-994d6fd0-a7fd-48df-ac98-13cc7c2290a4 tempest-SnapshotsActionsTest-1797383860 tempest-SnapshotsActionsTest-1797383860-project] http://10.222.0.25/volume/v3/04418b83c4014498aecfa7f7f8eb2381/snapshots/a104e887-47ad-4246-b0ef-b7d401c565d2 returned with HTTP 200
Aug 31 05:19:11.213103 dv-cinder-773985-16-iscsi devstack@c-api.service[101128]: [pid: 101128|app: 0|req: 156/305] 10.222.0.25 () {58 vars in 1331 bytes} [Tue Aug 31 05:19:11 2021] GET /volume/v3/04418b83c4014498aecfa7f7f8eb2381/snapshots/a104e887-47ad-4246-b0ef-b7d401c565d2 => generated 439 bytes in 32 msecs (HTTP/1.1 200) 7 headers in 285 bytes (2 switches on core 0)
Aug 31 05:19:11.255790 dv-cinder-773985-16-iscsi devstack@c-api.service[101129]: DEBUG cinder.quota [None req-af869c4a-f393-4384-9024-b452fda9f35e tempest-VolumeQuotasAdminTestJSON-2141787698 tempest-VolumeQuotasAdminTestJSON-2141787698-project] Created reservations ['345fa686-ed18-4dba-bef1-e7d188699392', 'dc36dddc-aa45-45a9-a0a3-e37ae02c001e', '71847af6-4970-437c-ae1f-8c56b47649d5', '92fdcc63-2524-4ae5-b730-155b6fc4a415'] {{(pid=101129) reserve /opt/stack/cinder/cinder/quota.py:755}}
Aug 31 05:19:11.294290 dv-cinder-773985-16-iscsi devstack@c-api.service[101129]: DEBUG cinder.quota [None req-af869c4a-f393-4384-9024-b452fda9f35e tempest-VolumeQuotasAdminTestJSON-2141787698 tempest-VolumeQuotasAdminTestJSON-2141787698-project] Created reservations ['5fc818d4-713e-461a-a092-6c0d5f957267', '6686e707-8953-4224-800b-bcf6927881cc', '4942134a-5a57-4152-97bc-61c1988c6fdf', '83e2f08f-251e-4186-9f96-7197a397b2f3'] {{(pid=101129) reserve /opt/stack/cinder/cinder/quota.py:755}}
Aug 31 05:19:11.365690 dv-cinder-773985-16-iscsi devstack@c-api.service[101129]: DEBUG cinder.quota [None req-af869c4a-f393-4384-9024-b452fda9f35e tempest-VolumeQuotasAdminTestJSON-2141787698 tempest-VolumeQuotasAdminTestJSON-2141787698-project] Created reservations ['bd51cdd6-3299-42c8-9cdb-201cc8921e6b', '5516a8d5-e862-454c-9679-145d14028334', 'de401b83-c7e5-4d3c-a122-27291083fe31', '369e2a84-bfea-4fcc-b4f3-215dc9aa2f90'] {{(pid=101129) reserve /opt/stack/cinder/cinder/quota.py:755}}
