Jun 14 14:49:56.190727 dv-cinder-772623-8-smb neutron-server[99635]: DEBUG neutron.pecan_wsgi.hooks.policy_enforcement [req-7a648806-2478-439e-bbf1-6b1c034dad34 req-02267a0e-dda9-4727-9c1c-9e57399ba238 tempest-AttachVolumeNegativeTest-2109476935 tempest-AttachVolumeNegativeTest-2109476935-project] Attributes excluded by policy engine: ['standard_attr_id', 'binding:profile', 'binding:host_id', 'binding:vif_type', 'binding:vif_details'] {{(pid=99635) _exclude_attributes_by_policy /opt/stack/neutron/neutron/pecan_wsgi/hooks/policy_enforcement.py:255}}
Jun 14 14:49:56.192852 dv-cinder-772623-8-smb neutron-server[99635]: INFO neutron.wsgi [req-7a648806-2478-439e-bbf1-6b1c034dad34 req-02267a0e-dda9-4727-9c1c-9e57399ba238 tempest-AttachVolumeNegativeTest-2109476935 tempest-AttachVolumeNegativeTest-2109476935-project] 10.222.0.45 "GET /v2.0/ports?device_id=15371ee2-c7e4-412e-ad55-c3325ab7eb26 HTTP/1.1" status: 200 len: 944 time: 0.1318746
Jun 14 14:49:56.286785 dv-cinder-772623-8-smb neutron-server[99635]: INFO neutron.wsgi [req-7a648806-2478-439e-bbf1-6b1c034dad34 req-2d3ce31e-8f84-48cb-a65b-fb8e24952057 tempest-AttachVolumeNegativeTest-2109476935 tempest-AttachVolumeNegativeTest-2109476935-project] 10.222.0.45 "GET /v2.0/security-groups?id=853db6ec-cdf7-4ff7-8a82-b247c620a491&fields=id&fields=name HTTP/1.1" status: 200 len: 286 time: 0.0808985
Jun 14 14:49:57.308468 dv-cinder-772623-8-smb neutron-server[99636]: DEBUG neutron.wsgi [-] (99636) accepted ('10.222.0.45', 42694) {{(pid=99636) server /usr/local/lib/python3.8/dist-packages/eventlet/wsgi.py:992}}
Jun 14 14:49:57.349835 dv-cinder-772623-8-smb neutron-server[99636]: DEBUG neutron_lib.callbacks.manager [None req-514ef22e-7e21-4dfc-9cea-146b52c64e26 admin admin] Notify callbacks [] for security_group, before_create {{(pid=99636) _notify_loop /usr/local/lib/python3.8/dist-packages/neutron_lib/callbacks/manager.py:192}}
Jun 14 14:49:57.484884 dv-cinder-772623-8-smb neutron-server[99636]: DEBUG neutron_lib.callbacks.manager [None req-514ef22e-7e21-4dfc-9cea-146b52c64e26 admin admin] Notify callbacks [] for security_group, precommit_create {{(pid=99636) _notify_loop /usr/local/lib/python3.8/dist-packages/neutron_lib/callbacks/manager.py:192}}
Jun 14 14:49:57.610619 dv-cinder-772623-8-smb neutron-server[99636]: DEBUG neutron_lib.callbacks.manager [None req-514ef22e-7e21-4dfc-9cea-146b52c64e26 admin admin] Notify callbacks ['neutron.plugins.ml2.ovo_rpc._ObjectChangeHandler.handle_event-1029427'] for security_group, after_create {{(pid=99636) _notify_loop /usr/local/lib/python3.8/dist-packages/neutron_lib/callbacks/manager.py:192}}
Jun 14 14:49:57.617654 dv-cinder-772623-8-smb neutron-server[99636]: DEBUG oslo_concurrency.lockutils [None req-9d4d5432-2fcc-41ef-9cb7-42aa240d48b0 admin admin] Lock "event-dispatch" acquired by "neutron.plugins.ml2.ovo_rpc._ObjectChangeHandler.dispatch_events" :: waited 0.000s {{(pid=99636) inner /usr/local/lib/python3.8/dist-packages/oslo_concurrency/lockutils.py:355}}
Jun 14 14:49:57.726320 dv-cinder-772623-8-smb neutron-server[99636]: INFO neutron.wsgi [None req-514ef22e-7e21-4dfc-9cea-146b52c64e26 admin admin] 10.222.0.45 "GET /v2.0/security-groups?tenant_id=d142e8b9b10d4373b910a5edb338ad4a&name=default HTTP/1.1" status: 200 len: 2979 time: 0.4163868
Jun 14 14:49:57.728559 dv-cinder-772623-8-smb neutron-server[99636]: DEBUG neutron.api.rpc.handlers.resources_rpc [None req-514ef22e-7e21-4dfc-9cea-146b52c64e26 admin admin] Pushing event updated for resources: {'SecurityGroup': ['ID=885321b9-6865-4dc6-b80f-0f21cc46fe59,revision_number=1']} {{(pid=99636) push /opt/stack/neutron/neutron/api/rpc/handlers/resources_rpc.py:237}}
Jun 14 14:49:57.729930 dv-cinder-772623-8-smb neutron-server[99635]: DEBUG neutron.wsgi [-] (99635) accepted ('10.222.0.45', 42710) {{(pid=99635) server /usr/local/lib/python3.8/dist-packages/eventlet/wsgi.py:992}}
Jun 14 14:49:57.736026 dv-cinder-772623-8-smb neutron-server[99636]: DEBUG oslo_concurrency.lockutils [None req-514ef22e-7e21-4dfc-9cea-146b52c64e26 admin admin] Lock "event-dispatch" released by "neutron.plugins.ml2.ovo_rpc._ObjectChangeHandler.dispatch_events" :: held 0.118s {{(pid=99636) inner /usr/local/lib/python3.8/dist-packages/oslo_concurrency/lockutils.py:367}}
Jun 14 14:49:57.757494 dv-cinder-772623-8-smb neutron-server[99636]: DEBUG neutron.pecan_wsgi.hooks.policy_enforcement [req-70c81c77-4ab9-4926-9f9d-23ef10c44592 req-bbc5b00d-13c8-4cdb-b6de-98878622f08e tempest-AttachVolumeNegativeTest-2109476935 tempest-AttachVolumeNegativeTest-2109476935-project] Attributes excluded by policy engine: ['standard_attr_id', 'binding:profile', 'binding:host_id', 'binding:vif_type', 'binding:vif_details'] {{(pid=99636) _exclude_attributes_by_policy /opt/stack/neutron/neutron/pecan_wsgi/hooks/policy_enforcement.py:255}}
Jun 14 14:49:57.760949 dv-cinder-772623-8-smb neutron-server[99636]: INFO neutron.wsgi [req-70c81c77-4ab9-4926-9f9d-23ef10c44592 req-bbc5b00d-13c8-4cdb-b6de-98878622f08e tempest-AttachVolumeNegativeTest-2109476935 tempest-AttachVolumeNegativeTest-2109476935-project] 10.222.0.45 "GET /v2.0/ports?device_id=15371ee2-c7e4-412e-ad55-c3325ab7eb26 HTTP/1.1" status: 200 len: 944 time: 0.2451437
Jun 14 14:49:57.858855 dv-cinder-772623-8-smb neutron-server[99636]: INFO neutron.wsgi [req-70c81c77-4ab9-4926-9f9d-23ef10c44592 req-455b321a-7174-4e9b-bec4-5627fec5a45c tempest-AttachVolumeNegativeTest-2109476935 tempest-AttachVolumeNegativeTest-2109476935-project] 10.222.0.45 "GET /v2.0/security-groups?id=853db6ec-cdf7-4ff7-8a82-b247c620a491&fields=id&fields=name HTTP/1.1" status: 200 len: 286 time: 0.0890188
Jun 14 14:49:57.871649 dv-cinder-772623-8-smb neutron-server[99635]: DEBUG neutron_lib.callbacks.manager [None req-64d184a7-a679-419e-aa98-2063db75c142 admin admin] Notify callbacks [] for security_group, before_delete {{(pid=99635) _notify_loop /usr/local/lib/python3.8/dist-packages/neutron_lib/callbacks/manager.py:192}}
Jun 14 14:49:57.924109 dv-cinder-772623-8-smb neutron-server[99635]: DEBUG neutron_lib.callbacks.manager [None req-64d184a7-a679-419e-aa98-2063db75c142 admin admin] Notify callbacks [] for security_group, precommit_delete {{(pid=99635) _notify_loop /usr/local/lib/python3.8/dist-packages/neutron_lib/callbacks/manager.py:192}}
Jun 14 14:49:58.141220 dv-cinder-772623-8-smb neutron-server[99635]: DEBUG neutron_lib.callbacks.manager [None req-64d184a7-a679-419e-aa98-2063db75c142 admin admin] Notify callbacks ['neutron.plugins.ml2.ovo_rpc._ObjectChangeHandler.handle_event-1029427'] for security_group, after_delete {{(pid=99635) _notify_loop /usr/local/lib/python3.8/dist-packages/neutron_lib/callbacks/manager.py:192}}
Jun 14 14:49:58.145232 dv-cinder-772623-8-smb neutron-server[99635]: DEBUG neutron_lib.callbacks.manager [None req-64d184a7-a679-419e-aa98-2063db75c142 admin admin] Notify callbacks [] for security_group, before_response {{(pid=99635) _notify_loop /usr/local/lib/python3.8/dist-packages/neutron_lib/callbacks/manager.py:192}}
Jun 14 14:49:58.150639 dv-cinder-772623-8-smb neutron-server[99635]: INFO neutron.wsgi [None req-64d184a7-a679-419e-aa98-2063db75c142 admin admin] 10.222.0.45 "DELETE /v2.0/security-groups/885321b9-6865-4dc6-b80f-0f21cc46fe59 HTTP/1.1" status: 204 len: 168 time: 0.4190452
Jun 14 14:49:58.152227 dv-cinder-772623-8-smb neutron-server[99635]: DEBUG oslo_concurrency.lockutils [None req-577d4dbd-93cb-4d25-a534-15f07fa1b6a4 admin admin] Lock "event-dispatch" acquired by "neutron.plugins.ml2.ovo_rpc._ObjectChangeHandler.dispatch_events" :: waited 0.000s {{(pid=99635) inner /usr/local/lib/python3.8/dist-packages/oslo_concurrency/lockutils.py:355}}
Jun 14 14:49:58.164438 dv-cinder-772623-8-smb neutron-server[99635]: DEBUG neutron.api.rpc.handlers.resources_rpc [None req-64d184a7-a679-419e-aa98-2063db75c142 admin admin] Pushing event deleted for resources: {'SecurityGroup': ['ID=885321b9-6865-4dc6-b80f-0f21cc46fe59,revision_number=None']} {{(pid=99635) push /opt/stack/neutron/neutron/api/rpc/handlers/resources_rpc.py:237}}
Jun 14 14:49:58.168197 dv-cinder-772623-8-smb neutron-server[99635]: DEBUG oslo_concurrency.lockutils [None req-64d184a7-a679-419e-aa98-2063db75c142 admin admin] Lock "event-dispatch" released by "neutron.plugins.ml2.ovo_rpc._ObjectChangeHandler.dispatch_events" :: held 0.016s {{(pid=99635) inner /usr/local/lib/python3.8/dist-packages/oslo_concurrency/lockutils.py:367}}
Jun 14 14:49:58.230396 dv-cinder-772623-8-smb neutron-server[99637]: DEBUG neutron.plugins.ml2.rpc [None req-1b8ad820-0128-46ac-80b2-8f48628d4f2c None None] Device aa15c37a-387a-44b7-97ab-e7f2a649e3e4 up at agent hyperv_hv-cinder-77262 {{(pid=99637) update_device_up /opt/stack/neutron/neutron/plugins/ml2/rpc.py:278}}
Jun 14 14:49:58.388278 dv-cinder-772623-8-smb neutron-server[99637]: DEBUG neutron.db.provisioning_blocks [None req-1b8ad820-0128-46ac-80b2-8f48628d4f2c None None] Provisioning for port aa15c37a-387a-44b7-97ab-e7f2a649e3e4 completed by entity L2. {{(pid=99637) provisioning_complete /opt/stack/neutron/neutron/db/provisioning_blocks.py:133}}
Jun 14 14:49:58.394492 dv-cinder-772623-8-smb neutron-server[99637]: DEBUG neutron.db.provisioning_blocks [None req-1b8ad820-0128-46ac-80b2-8f48628d4f2c None None] Provisioning complete for port aa15c37a-387a-44b7-97ab-e7f2a649e3e4 triggered by entity L2. {{(pid=99637) provisioning_complete /opt/stack/neutron/neutron/db/provisioning_blocks.py:139}}
Jun 14 14:49:58.395151 dv-cinder-772623-8-smb neutron-server[99637]: DEBUG neutron_lib.callbacks.manager [None req-1b8ad820-0128-46ac-80b2-8f48628d4f2c None None] Notify callbacks ['neutron.plugins.ml2.plugin.Ml2Plugin._port_provisioned-3516690'] for port, provisioning_complete {{(pid=99637) _notify_loop /usr/local/lib/python3.8/dist-packages/neutron_lib/callbacks/manager.py:192}}
Jun 14 14:49:58.530715 dv-cinder-772623-8-smb neutron-server[99637]: DEBUG neutron_lib.callbacks.manager [None req-1b8ad820-0128-46ac-80b2-8f48628d4f2c None None] Notify callbacks ['neutron.plugins.ml2.plugin.SecurityGroupDbMixin._ensure_default_security_group_handler_port-3824730'] for port, before_update {{(pid=99637) _notify_loop /usr/local/lib/python3.8/dist-packages/neutron_lib/callbacks/manager.py:192}}
Jun 14 14:49:58.571568 dv-cinder-772623-8-smb neutron-server[99637]: DEBUG neutron.notifiers.nova [-] Sending events: [{'server_uuid': '15371ee2-c7e4-412e-ad55-c3325ab7eb26', 'name': 'network-vif-plugged', 'status': 'completed', 'tag': 'aa15c37a-387a-44b7-97ab-e7f2a649e3e4'}] {{(pid=99637) send_events /opt/stack/neutron/neutron/notifiers/nova.py:262}}
Jun 14 14:49:58.574697 dv-cinder-772623-8-smb neutron-server[99637]: DEBUG novaclient.v2.client [-] REQ: curl -g -i --cacert "/opt/stack/data/ca-bundle.pem" -X POST http://10.222.0.45/compute/v2.1/os-server-external-events -H "Accept: application/json" -H "Content-Type: application/json" -H "User-Agent: python-novaclient" -H "X-Auth-Token: {SHA256}992bbd904602762b308a7591528111e2d63a5869501299e671e981c45f86e247" -H "X-OpenStack-Nova-API-Version: 2.1" -H "X-OpenStack-Request-ID: req-76cf8d04-9852-4d64-aac3-cca88aa7b32f" -d '{"events": [{"server_uuid": "15371ee2-c7e4-412e-ad55-c3325ab7eb26", "name": "network-vif-plugged", "status": "completed", "tag": "aa15c37a-387a-44b7-97ab-e7f2a649e3e4"}]}' {{(pid=99637) _http_log_request /usr/local/lib/python3.8/dist-packages/keystoneauth1/session.py:519}}
Jun 14 14:49:58.600616 dv-cinder-772623-8-smb neutron-server[99637]: DEBUG neutron.plugins.ml2.db [None req-1b8ad820-0128-46ac-80b2-8f48628d4f2c None None] For port aa15c37a-387a-44b7-97ab-e7f2a649e3e4, host hv-cinder-77262, got binding levels [PortBindingLevel(driver='hyperv',host='hv-cinder-77262',level=0,port_id=aa15c37a-387a-44b7-97ab-e7f2a649e3e4,segment=NetworkSegment(bf45277d-1c97-47fd-994c-24f8f4ea6d23),segment_id=bf45277d-1c97-47fd-994c-24f8f4ea6d23)] {{(pid=99637) get_binding_level_objs /opt/stack/neutron/neutron/plugins/ml2/db.py:75}}
Jun 14 14:49:58.618114 dv-cinder-772623-8-smb neutron-server[99637]: DEBUG novaclient.v2.client [-] RESP: [200] Connection: close Content-Length: 183 Content-Type: application/json Date: Mon, 14 Jun 2021 14:49:58 GMT OpenStack-API-Version: compute 2.1 Server: Apache/2.4.41 (Ubuntu) Vary: OpenStack-API-Version,X-OpenStack-Nova-API-Version X-OpenStack-Nova-API-Version: 2.1 x-compute-request-id: req-3b6721cc-8a6e-4d33-a232-b46372322f18 x-openstack-request-id: req-3b6721cc-8a6e-4d33-a232-b46372322f18 {{(pid=99637) _http_log_response /usr/local/lib/python3.8/dist-packages/keystoneauth1/session.py:550}}
Jun 14 14:49:58.618505 dv-cinder-772623-8-smb neutron-server[99637]: DEBUG novaclient.v2.client [-] RESP BODY: {"events": [{"server_uuid": "15371ee2-c7e4-412e-ad55-c3325ab7eb26", "name": "network-vif-plugged", "status": "completed", "tag": "aa15c37a-387a-44b7-97ab-e7f2a649e3e4", "code": 200}]} {{(pid=99637) _http_log_response /usr/local/lib/python3.8/dist-packages/keystoneauth1/session.py:582}}
Jun 14 14:49:58.618877 dv-cinder-772623-8-smb neutron-server[99637]: DEBUG novaclient.v2.client [-] POST call to compute for http://10.222.0.45/compute/v2.1/os-server-external-events used request id req-3b6721cc-8a6e-4d33-a232-b46372322f18 {{(pid=99637) request /usr/local/lib/python3.8/dist-packages/keystoneauth1/session.py:954}}
Jun 14 14:49:58.619435 dv-cinder-772623-8-smb neutron-server[99637]: INFO neutron.notifiers.nova [-] Nova event response: {'server_uuid': '15371ee2-c7e4-412e-ad55-c3325ab7eb26', 'name': 'network-vif-plugged', 'status': 'completed', 'tag': 'aa15c37a-387a-44b7-97ab-e7f2a649e3e4', 'code': 200}
Jun 14 14:49:58.716984 dv-cinder-772623-8-smb neutron-server[99636]: DEBUG neutron.wsgi [-] (99636) accepted ('10.222.0.45', 42740) {{(pid=99636) server /usr/local/lib/python3.8/dist-packages/eventlet/wsgi.py:992}}
Jun 14 14:49:58.745579 dv-cinder-772623-8-smb neutron-server[99637]: DEBUG neutron_lib.callbacks.manager [None req-1b8ad820-0128-46ac-80b2-8f48628d4f2c None None] Notify callbacks ['neutron.plugins.ml2.plugin.SecurityGroupServerNotifierRpcMixin.notify_sg_on_port_change-3824816', 'neutron.plugins.ml2.ovo_rpc._ObjectChangeHandler.handle_event-1035553', 'neutron.api.rpc.agentnotifiers.dhcp_rpc_agent_api.DhcpAgentNotifyAPI._native_event_send_dhcp_notification-537131', 'neutron.db.l3_db.L3RpcNotifierMixin._notify_gateway_port_ip_changed-8785919279171', 'neutron.db.l3_dvrscheduler_db._notify_l3_agent_port_update-8785918836794', 'neutron.db.l3_hascheduler_db._notify_l3_agent_ha_port_update-8785918836839'] for port, after_update {{(pid=99637) _notify_loop /usr/local/lib/python3.8/dist-packages/neutron_lib/callbacks/manager.py:192}}
Jun 14 14:49:58.749399 dv-cinder-772623-8-smb neutron-server[99637]: DEBUG oslo_concurrency.lockutils [None req-1b8ad820-0128-46ac-80b2-8f48628d4f2c None None] Lock "event-dispatch" acquired by "neutron.plugins.ml2.ovo_rpc._ObjectChangeHandler.dispatch_events" :: waited 0.000s {{(pid=99637) inner /usr/local/lib/python3.8/dist-packages/oslo_concurrency/lockutils.py:355}}
Jun 14 14:49:58.882408 dv-cinder-772623-8-smb neutron-server[99637]: DEBUG neutron.api.rpc.handlers.resources_rpc [None req-1b8ad820-0128-46ac-80b2-8f48628d4f2c None None] Pushing event updated for resources: {'Port': ['ID=aa15c37a-387a-44b7-97ab-e7f2a649e3e4,revision_number=5']} {{(pid=99637) push /opt/stack/neutron/neutron/api/rpc/handlers/resources_rpc.py:237}}
Jun 14 14:49:58.891857 dv-cinder-772623-8-smb neutron-server[99637]: DEBUG oslo_concurrency.lockutils [None req-1b8ad820-0128-46ac-80b2-8f48628d4f2c None None] Lock "event-dispatch" released by "neutron.plugins.ml2.ovo_rpc._ObjectChangeHandler.dispatch_events" :: held 0.142s {{(pid=99637) inner /usr/local/lib/python3.8/dist-packages/oslo_concurrency/lockutils.py:367}}
Jun 14 14:49:59.174722 dv-cinder-772623-8-smb neutron-server[99636]: DEBUG neutron.pecan_wsgi.hooks.policy_enforcement [req-e9b1db37-4b04-4c70-8a31-352e5bdf3657 req-98229880-57e5-4de2-bb08-7f8f4f00cab6 tempest-AttachVolumeNegativeTest-2109476935 tempest-AttachVolumeNegativeTest-2109476935-project] Attributes excluded by policy engine: ['standard_attr_id', 'binding:profile', 'binding:host_id', 'binding:vif_type', 'binding:vif_details'] {{(pid=99636) _exclude_attributes_by_policy /opt/stack/neutron/neutron/pecan_wsgi/hooks/policy_enforcement.py:255}}
Jun 14 14:49:59.184079 dv-cinder-772623-8-smb neutron-server[99636]: INFO neutron.wsgi [req-e9b1db37-4b04-4c70-8a31-352e5bdf3657 req-98229880-57e5-4de2-bb08-7f8f4f00cab6 tempest-AttachVolumeNegativeTest-2109476935 tempest-AttachVolumeNegativeTest-2109476935-project] 10.222.0.45 "GET /v2.0/ports?device_id=15371ee2-c7e4-412e-ad55-c3325ab7eb26 HTTP/1.1" status: 200 len: 945 time: 0.1273131
Jun 14 14:49:59.273983 dv-cinder-772623-8-smb neutron-server[99636]: DEBUG neutron.api.v2.base [None req-ff3cbf32-0f8b-4da7-8465-519d4c5fa3b1 admin admin] Request body: {'network': {'name': 'tempest-ServerRescueNegativeTestJSON-1443908847-network', 'tenant_id': '808845fee1fe4742a1723385ae868b44'}} {{(pid=99636) prepare_request_body /opt/stack/neutron/neutron/api/v2/base.py:729}}
Jun 14 14:49:59.298983 dv-cinder-772623-8-smb neutron-server[99636]: INFO neutron.wsgi [req-e9b1db37-4b04-4c70-8a31-352e5bdf3657 req-d85612c4-f07c-45cb-812c-b6f09850ba92 tempest-AttachVolumeNegativeTest-2109476935 tempest-AttachVolumeNegativeTest-2109476935-project] 10.222.0.45 "GET /v2.0/security-groups?id=853db6ec-cdf7-4ff7-8a82-b247c620a491&fields=id&fields=name HTTP/1.1" status: 200 len: 286 time: 0.1139102
Jun 14 14:49:59.327026 dv-cinder-772623-8-smb neutron-server[99636]: DEBUG neutron.pecan_wsgi.hooks.policy_enforcement [req-fcc81951-833a-489e-b77d-5fc13c890967 req-247a65a5-8e1d-443d-b1c2-eb18cb5dbbd7 service neutron] Attributes excluded by policy engine: ['standard_attr_id'] {{(pid=99636) _exclude_attributes_by_policy /opt/stack/neutron/neutron/pecan_wsgi/hooks/policy_enforcement.py:255}}
Jun 14 14:49:59.328889 dv-cinder-772623-8-smb neutron-server[99636]: INFO neutron.wsgi [req-fcc81951-833a-489e-b77d-5fc13c890967 req-247a65a5-8e1d-443d-b1c2-eb18cb5dbbd7 service neutron] 10.222.0.49 "GET /v2.0/ports?device_id=15371ee2-c7e4-412e-ad55-c3325ab7eb26 HTTP/1.1" status: 200 len: 1098 time: 0.1416914
Jun 14 14:49:59.393386 dv-cinder-772623-8-smb neutron-server[99636]: INFO neutron.wsgi [req-fcc81951-833a-489e-b77d-5fc13c890967 req-c87945c2-dd14-4dba-9eae-57fd94451289 service neutron] 10.222.0.49 "GET /v2.0/security-groups?id=853db6ec-cdf7-4ff7-8a82-b247c620a491&fields=id&fields=name HTTP/1.1" status: 200 len: 286 time: 0.0451453
Jun 14 14:49:59.421964 dv-cinder-772623-8-smb neutron-server[99636]: DEBUG neutron.pecan_wsgi.hooks.quota_enforcement [None req-ff3cbf32-0f8b-4da7-8465-519d4c5fa3b1 admin admin] Made reservation on behalf of 808845fee1fe4742a1723385ae868b44 for: {'network': 1} {{(pid=99636) before /opt/stack/neutron/neutron/pecan_wsgi/hooks/quota_enforcement.py:53}}
Jun 14 14:49:59.424596 dv-cinder-772623-8-smb neutron-server[99636]: DEBUG neutron_lib.callbacks.manager [None req-ff3cbf32-0f8b-4da7-8465-519d4c5fa3b1 admin admin] Notify callbacks ['neutron.plugins.ml2.plugin.SecurityGroupDbMixin._ensure_default_security_group_handler_before_create-3824712'] for network, before_create {{(pid=99636) _notify_loop /usr/local/lib/python3.8/dist-packages/neutron_lib/callbacks/manager.py:192}}
Jun 14 14:49:59.439888 dv-cinder-772623-8-smb neutron-server[99636]: DEBUG neutron_lib.callbacks.manager [None req-ff3cbf32-0f8b-4da7-8465-519d4c5fa3b1 admin admin] Notify callbacks [] for security_group, before_create {{(pid=99636) _notify_loop /usr/local/lib/python3.8/dist-packages/neutron_lib/callbacks/manager.py:192}}
Jun 14 14:49:59.640628 dv-cinder-772623-8-smb neutron-server[99636]: DEBUG neutron_lib.callbacks.manager [None req-ff3cbf32-0f8b-4da7-8465-519d4c5fa3b1 admin admin] Notify callbacks [] for security_group, precommit_create {{(pid=99636) _notify_loop /usr/local/lib/python3.8/dist-packages/neutron_lib/callbacks/manager.py:192}}
Jun 14 14:49:59.759957 dv-cinder-772623-8-smb neutron-server[99636]: DEBUG neutron_lib.callbacks.manager [None req-ff3cbf32-0f8b-4da7-8465-519d4c5fa3b1 admin admin] Notify callbacks ['neutron.plugins.ml2.ovo_rpc._ObjectChangeHandler.handle_event-1029427'] for security_group, after_create {{(pid=99636) _notify_loop /usr/local/lib/python3.8/dist-packages/neutron_lib/callbacks/manager.py:192}}
Jun 14 14:49:59.769936 dv-cinder-772623-8-smb neutron-server[99636]: DEBUG oslo_concurrency.lockutils [None req-f59b0aa6-c9fc-407a-855b-092b6f4d3def admin admin] Lock "event-dispatch" acquired by "neutron.plugins.ml2.ovo_rpc._ObjectChangeHandler.dispatch_events" :: waited 0.000s {{(pid=99636) inner /usr/local/lib/python3.8/dist-packages/oslo_concurrency/lockutils.py:355}}
Jun 14 14:49:59.820768 dv-cinder-772623-8-smb neutron-server[99636]: DEBUG neutron.plugins.ml2.drivers.helpers [None req-ff3cbf32-0f8b-4da7-8465-519d4c5fa3b1 admin admin] vlan segment allocate from pool success with {'vlan_id': 228, 'physical_network': 'physnet1'} {{(pid=99636) allocate_partially_specified_segment /opt/stack/neutron/neutron/plugins/ml2/drivers/helpers.py:153}}
Jun 14 14:49:59.829416 dv-cinder-772623-8-smb neutron-server[99636]: DEBUG neutron.api.rpc.handlers.resources_rpc [None req-ff3cbf32-0f8b-4da7-8465-519d4c5fa3b1 admin admin] Pushing event updated for resources: {'SecurityGroup': ['ID=bf81af06-41a3-4fea-9eb1-cb912fbb4f93,revision_number=1']} {{(pid=99636) push /opt/stack/neutron/neutron/api/rpc/handlers/resources_rpc.py:237}}
Jun 14 14:49:59.834006 dv-cinder-772623-8-smb neutron-server[99636]: DEBUG oslo_concurrency.lockutils [None req-ff3cbf32-0f8b-4da7-8465-519d4c5fa3b1 admin admin] Lock "event-dispatch" released by "neutron.plugins.ml2.ovo_rpc._ObjectChangeHandler.dispatch_events" :: held 0.067s {{(pid=99636) inner /usr/local/lib/python3.8/dist-packages/oslo_concurrency/lockutils.py:367}}
Jun 14 14:49:59.837341 dv-cinder-772623-8-smb neutron-server[99636]: DEBUG neutron_lib.callbacks.manager [None req-ff3cbf32-0f8b-4da7-8465-519d4c5fa3b1 admin admin] Notify callbacks ['neutron.plugins.ml2.plugin.Ml2Plugin._handle_segment_change-3520341'] for segment, precommit_create {{(pid=99636) _notify_loop /usr/local/lib/python3.8/dist-packages/neutron_lib/callbacks/manager.py:192}}
Jun 14 14:49:59.837801 dv-cinder-772623-8-smb neutron-server[99636]: INFO neutron.db.segments_db [None req-ff3cbf32-0f8b-4da7-8465-519d4c5fa3b1 admin admin] Added segment 41ebbb7a-c119-4085-9f14-125522eae02d of type vlan for network 28f294d8-5250-492d-bbf0-fefecb78de41
Jun 14 14:49:59.916596 dv-cinder-772623-8-smb neutron-server[99636]: DEBUG neutron_lib.callbacks.manager [None req-ff3cbf32-0f8b-4da7-8465-519d4c5fa3b1 admin admin] Notify callbacks ['neutron.services.auto_allocate.db._ensure_external_network_default_value_callback-8785918823096'] for network, precommit_create {{(pid=99636) _notify_loop /usr/local/lib/python3.8/dist-packages/neutron_lib/callbacks/manager.py:192}}
Jun 14 14:50:00.102076 dv-cinder-772623-8-smb neutron-server[99636]: DEBUG neutron_lib.callbacks.manager [None req-ff3cbf32-0f8b-4da7-8465-519d4c5fa3b1 admin admin] Notify callbacks ['neutron.plugins.ml2.ovo_rpc._ObjectChangeHandler.handle_payload_event-780592', 'neutron.api.rpc.agentnotifiers.dhcp_rpc_agent_api.DhcpAgentNotifyAPI._native_event_send_dhcp_notification_payload-537136'] for network, after_create {{(pid=99636) _notify_loop /usr/local/lib/python3.8/dist-packages/neutron_lib/callbacks/manager.py:192}}
Jun 14 14:50:00.103485 dv-cinder-772623-8-smb neutron-server[99636]: DEBUG neutron.pecan_wsgi.hooks.policy_enforcement [None req-ff3cbf32-0f8b-4da7-8465-519d4c5fa3b1 admin admin] Attributes excluded by policy engine: ['standard_attr_id', 'vlan_transparent'] {{(pid=99636) _exclude_attributes_by_policy /opt/stack/neutron/neutron/pecan_wsgi/hooks/policy_enforcement.py:255}}
Jun 14 14:50:00.104083 dv-cinder-772623-8-smb neutron-server[99636]: DEBUG neutron_lib.callbacks.manager [None req-ff3cbf32-0f8b-4da7-8465-519d4c5fa3b1 admin admin] Notify callbacks ['neutron.api.rpc.agentnotifiers.dhcp_rpc_agent_api.DhcpAgentNotifyAPI._send_dhcp_notification-537109'] for network, before_response {{(pid=99636) _notify_loop /usr/local/lib/python3.8/dist-packages/neutron_lib/callbacks/manager.py:192}}
Jun 14 14:50:00.107566 dv-cinder-772623-8-smb neutron-server[99636]: DEBUG oslo_concurrency.lockutils [-] Lock "event-dispatch" acquired by "neutron.plugins.ml2.ovo_rpc._ObjectChangeHandler.dispatch_events" :: waited 0.000s {{(pid=99636) inner /usr/local/lib/python3.8/dist-packages/oslo_concurrency/lockutils.py:355}}
Jun 14 14:50:00.217249 dv-cinder-772623-8-smb neutron-server[99636]: DEBUG neutron.api.rpc.handlers.resources_rpc [None req-ff3cbf32-0f8b-4da7-8465-519d4c5fa3b1 admin admin] Pushing event updated for resources: {'Network': ['ID=28f294d8-5250-492d-bbf0-fefecb78de41,revision_number=1']} {{(pid=99636) push /opt/stack/neutron/neutron/api/rpc/handlers/resources_rpc.py:237}}
Jun 14 14:50:00.220442 dv-cinder-772623-8-smb neutron-server[99636]: DEBUG oslo_concurrency.lockutils [None req-ff3cbf32-0f8b-4da7-8465-519d4c5fa3b1 admin admin] Lock "event-dispatch" released by "neutron.plugins.ml2.ovo_rpc._ObjectChangeHandler.dispatch_events" :: held 0.113s {{(pid=99636) inner /usr/local/lib/python3.8/dist-packages/oslo_concurrency/lockutils.py:367}}
Jun 14 14:50:00.235847 dv-cinder-772623-8-smb neutron-server[99637]: DEBUG neutron.plugins.ml2.rpc [None req-489ac764-3f8d-4a42-9268-b4a2c67cfd12 None None] Network 28f294d8-5250-492d-bbf0-fefecb78de41 details requested by agent ovs-agent-dv-cinder-772623-8-smb with host dv-cinder-772623-8-smb {{(pid=99637) get_network_details /opt/stack/neutron/neutron/plugins/ml2/rpc.py:232}}
Jun 14 14:50:00.336239 dv-cinder-772623-8-smb neutron-server[99636]: INFO neutron.wsgi [None req-ff3cbf32-0f8b-4da7-8465-519d4c5fa3b1 admin admin] 10.222.0.45 "POST /v2.0/networks HTTP/1.1" status: 201 len: 892 time: 1.6174030
Jun 14 14:50:00.356791 dv-cinder-772623-8-smb neutron-server[99636]: DEBUG neutron.wsgi [-] (99636) accepted ('10.222.0.45', 42804) {{(pid=99636) server /usr/local/lib/python3.8/dist-packages/eventlet/wsgi.py:992}}
Jun 14 14:50:00.356791 dv-cinder-772623-8-smb neutron-server[99636]: DEBUG neutron.api.v2.base [None req-25a2911f-7611-4397-a97a-a4307cca6665 admin admin] Request body: {'subnet': {'network_id': '28f294d8-5250-492d-bbf0-fefecb78de41', 'cidr': '172.20.0.0/28', 'name': 'tempest-ServerRescueNegativeTestJSON-1443908847-subnet', 'tenant_id': '808845fee1fe4742a1723385ae868b44', 'enable_dhcp': False, 'ip_version': 4}} {{(pid=99636) prepare_request_body /opt/stack/neutron/neutron/api/v2/base.py:729}}
Jun 14 14:50:00.485574 dv-cinder-772623-8-smb neutron-server[99636]: DEBUG neutron.pecan_wsgi.hooks.quota_enforcement [None req-25a2911f-7611-4397-a97a-a4307cca6665 admin admin] Made reservation on behalf of 808845fee1fe4742a1723385ae868b44 for: {'subnet': 1} {{(pid=99636) before /opt/stack/neutron/neutron/pecan_wsgi/hooks/quota_enforcement.py:53}}
Jun 14 14:50:00.488355 dv-cinder-772623-8-smb neutron-server[99636]: DEBUG neutron_lib.callbacks.manager [None req-25a2911f-7611-4397-a97a-a4307cca6665 admin admin] Notify callbacks ['neutron.services.segments.plugin.SegmentHostRoutes.host_routes_before_create-9995087'] for subnet, before_create {{(pid=99636) _notify_loop /usr/local/lib/python3.8/dist-packages/neutron_lib/callbacks/manager.py:192}}
Jun 14 14:50:00.687671 dv-cinder-772623-8-smb neutron-server[99636]: DEBUG neutron.wsgi [-] (99636) accepted ('10.222.0.45', 42816) {{(pid=99636) server /usr/local/lib/python3.8/dist-packages/eventlet/wsgi.py:992}}
Jun 14 14:50:00.763699 dv-cinder-772623-8-smb neutron-server[99635]: DEBUG neutron.pecan_wsgi.hooks.policy_enforcement [req-119fcf69-a119-4862-9cf7-bf9cba6d2654 req-f9824fc4-74e9-4a71-93bc-a923abfbd236 tempest-AttachVolumeNegativeTest-2109476935 tempest-AttachVolumeNegativeTest-2109476935-project] Attributes excluded by policy engine: ['standard_attr_id', 'binding:profile', 'binding:host_id', 'binding:vif_type', 'binding:vif_details'] {{(pid=99635) _exclude_attributes_by_policy /opt/stack/neutron/neutron/pecan_wsgi/hooks/policy_enforcement.py:255}}
Jun 14 14:50:00.768041 dv-cinder-772623-8-smb neutron-server[99635]: INFO neutron.wsgi [req-119fcf69-a119-4862-9cf7-bf9cba6d2654 req-f9824fc4-74e9-4a71-93bc-a923abfbd236 tempest-AttachVolumeNegativeTest-2109476935 tempest-AttachVolumeNegativeTest-2109476935-project] 10.222.0.45 "GET /v2.0/ports?device_id=15371ee2-c7e4-412e-ad55-c3325ab7eb26 HTTP/1.1" status: 200 len: 945 time: 0.2342491
Jun 14 14:50:00.888311 dv-cinder-772623-8-smb neutron-server[99635]: INFO neutron.wsgi [req-119fcf69-a119-4862-9cf7-bf9cba6d2654 req-462f9172-d4fe-45ab-94c3-198a42643408 tempest-AttachVolumeNegativeTest-2109476935 tempest-AttachVolumeNegativeTest-2109476935-project] 10.222.0.45 "GET /v2.0/security-groups?id=853db6ec-cdf7-4ff7-8a82-b247c620a491&fields=id&fields=name HTTP/1.1" status: 200 len: 286 time: 0.1141207
Jun 14 14:50:00.963888 dv-cinder-772623-8-smb neutron-server[99636]: DEBUG neutron_lib.callbacks.manager [None req-40f1ac50-b574-4c7d-a221-6283a2f6493e admin admin] Notify callbacks [] for security_group, before_create {{(pid=99636) _notify_loop /usr/local/lib/python3.8/dist-packages/neutron_lib/callbacks/manager.py:192}}
Jun 14 14:50:01.114223 dv-cinder-772623-8-smb neutron-server[99636]: DEBUG neutron_lib.callbacks.manager [None req-40f1ac50-b574-4c7d-a221-6283a2f6493e admin admin] Notify callbacks [] for security_group, precommit_create {{(pid=99636) _notify_loop /usr/local/lib/python3.8/dist-packages/neutron_lib/callbacks/manager.py:192}}
Jun 14 14:50:01.116381 dv-cinder-772623-8-smb neutron-server[99636]: DEBUG neutron_lib.callbacks.manager [None req-25a2911f-7611-4397-a97a-a4307cca6665 admin admin] Notify callbacks ['neutron.plugins.ml2.ovo_rpc._ObjectChangeHandler.handle_event-704366', 'neutron.api.rpc.agentnotifiers.dhcp_rpc_agent_api.DhcpAgentNotifyAPI._native_event_send_dhcp_notification-537131', 'neutron.services.segments.plugin.NovaSegmentNotifier._notify_subnet_created-9216895', 'neutron.services.segments.plugin.SegmentHostRoutes.host_routes_after_create-9995097'] for subnet, after_create {{(pid=99636) _notify_loop /usr/local/lib/python3.8/dist-packages/neutron_lib/callbacks/manager.py:192}}
Jun 14 14:50:01.122166 dv-cinder-772623-8-smb neutron-server[99636]: DEBUG oslo_concurrency.lockutils [-] Lock "event-dispatch" acquired by "neutron.plugins.ml2.ovo_rpc._ObjectChangeHandler.dispatch_events" :: waited 0.000s {{(pid=99636) inner /usr/local/lib/python3.8/dist-packages/oslo_concurrency/lockutils.py:355}}
Jun 14 14:50:01.226635 dv-cinder-772623-8-smb neutron-server[99636]: DEBUG neutron.api.rpc.handlers.resources_rpc [None req-25a2911f-7611-4397-a97a-a4307cca6665 admin admin] Pushing event updated for resources: {'Subnet': ['ID=c7812b0d-e4de-4f2c-a3b8-62a6f19d5de8,revision_number=0']} {{(pid=99636) push /opt/stack/neutron/neutron/api/rpc/handlers/resources_rpc.py:237}}
Jun 14 14:50:01.233141 dv-cinder-772623-8-smb neutron-server[99636]: DEBUG oslo_concurrency.lockutils [None req-25a2911f-7611-4397-a97a-a4307cca6665 admin admin] Lock "event-dispatch" released by "neutron.plugins.ml2.ovo_rpc._ObjectChangeHandler.dispatch_events" :: held 0.110s {{(pid=99636) inner /usr/local/lib/python3.8/dist-packages/oslo_concurrency/lockutils.py:367}}
Jun 14 14:50:01.243955 dv-cinder-772623-8-smb neutron-server[99636]: DEBUG neutron_lib.callbacks.manager [None req-40f1ac50-b574-4c7d-a221-6283a2f6493e admin admin] Notify callbacks ['neutron.plugins.ml2.ovo_rpc._ObjectChangeHandler.handle_event-1029427'] for security_group, after_create {{(pid=99636) _notify_loop /usr/local/lib/python3.8/dist-packages/neutron_lib/callbacks/manager.py:192}}
Jun 14 14:50:01.249347 dv-cinder-772623-8-smb neutron-server[99636]: DEBUG oslo_concurrency.lockutils [-] Lock "event-dispatch" acquired by "neutron.plugins.ml2.ovo_rpc._ObjectChangeHandler.dispatch_events" :: waited 0.000s {{(pid=99636) inner /usr/local/lib/python3.8/dist-packages/oslo_concurrency/lockutils.py:355}}
Jun 14 14:50:01.277543 dv-cinder-772623-8-smb neutron-server[99636]: DEBUG neutron.plugins.ml2.drivers.mech_agent [None req-25a2911f-7611-4397-a97a-a4307cca6665 admin admin] Checking segment: {'id': '41ebbb7a-c119-4085-9f14-125522eae02d', 'network_type': 'vlan', 'physical_network': 'physnet1', 'segmentation_id': 228, 'network_id': '28f294d8-5250-492d-bbf0-fefecb78de41'} for mappings: {'physnet1': 'br-data'} with network types: ['local', 'flat', 'vlan'] {{(pid=99636) check_segment_for_agent /opt/stack/neutron/neutron/plugins/ml2/drivers/mech_agent.py:341}}
Jun 14 14:50:01.277828 dv-cinder-772623-8-smb neutron-server[99636]: DEBUG neutron.scheduler.dhcp_agent_scheduler [None req-25a2911f-7611-4397-a97a-a4307cca6665 admin admin] Network hostable DHCP agents. Network: 28f294d8-5250-492d-bbf0-fefecb78de41, hostable agents: ['6d9a9d07-4af5-40ee-8b4a-8b1e4a3e9e8c'], hosted agents: [] {{(pid=99636) _get_network_hostable_dhcp_agents /opt/stack/neutron/neutron/scheduler/dhcp_agent_scheduler.py:329}}
Jun 14 14:50:01.328648 dv-cinder-772623-8-smb neutron-server[99636]: INFO neutron.wsgi [None req-40f1ac50-b574-4c7d-a221-6283a2f6493e admin admin] 10.222.0.45 "GET /v2.0/security-groups?tenant_id=25d2d67b990c40378a5cdcdba2b2a202&name=default HTTP/1.1" status: 200 len: 2979 time: 0.6382785
Jun 14 14:50:01.329492 dv-cinder-772623-8-smb neutron-server[99636]: DEBUG neutron.api.rpc.handlers.resources_rpc [None req-40f1ac50-b574-4c7d-a221-6283a2f6493e admin admin] Pushing event updated for resources: {'SecurityGroup': ['ID=8f3c4b0d-e362-48bf-97ab-0c1bd043afa1,revision_number=1']} {{(pid=99636) push /opt/stack/neutron/neutron/api/rpc/handlers/resources_rpc.py:237}}
Jun 14 14:50:01.331527 dv-cinder-772623-8-smb neutron-server[99635]: DEBUG neutron.wsgi [-] (99635) accepted ('10.222.0.45', 42842) {{(pid=99635) server /usr/local/lib/python3.8/dist-packages/eventlet/wsgi.py:992}}
Jun 14 14:50:01.333370 dv-cinder-772623-8-smb neutron-server[99636]: DEBUG oslo_concurrency.lockutils [None req-40f1ac50-b574-4c7d-a221-6283a2f6493e admin admin] Lock "event-dispatch" released by "neutron.plugins.ml2.ovo_rpc._ObjectChangeHandler.dispatch_events" :: held 0.084s {{(pid=99636) inner /usr/local/lib/python3.8/dist-packages/oslo_concurrency/lockutils.py:367}}
Jun 14 14:50:01.449944 dv-cinder-772623-8-smb neutron-server[99635]: DEBUG neutron_lib.callbacks.manager [None req-16817f49-3c6e-4b70-9c19-09cf2cf80dd1 admin admin] Notify callbacks [] for security_group, before_delete {{(pid=99635) _notify_loop /usr/local/lib/python3.8/dist-packages/neutron_lib/callbacks/manager.py:192}}
Jun 14 14:50:01.491279 dv-cinder-772623-8-smb neutron-server[99635]: DEBUG neutron_lib.callbacks.manager [None req-16817f49-3c6e-4b70-9c19-09cf2cf80dd1 admin admin] Notify callbacks [] for security_group, precommit_delete {{(pid=99635) _notify_loop /usr/local/lib/python3.8/dist-packages/neutron_lib/callbacks/manager.py:192}}
Jun 14 14:50:01.497489 dv-cinder-772623-8-smb neutron-server[99636]: DEBUG neutron.scheduler.dhcp_agent_scheduler [None req-25a2911f-7611-4397-a97a-a4307cca6665 admin admin] Network 28f294d8-5250-492d-bbf0-fefecb78de41 is scheduled to be hosted by DHCP agent 6d9a9d07-4af5-40ee-8b4a-8b1e4a3e9e8c with binding_index 1 {{(pid=99636) bind /opt/stack/neutron/neutron/scheduler/dhcp_agent_scheduler.py:227}}
Jun 14 14:50:01.593045 dv-cinder-772623-8-smb neutron-server[99636]: DEBUG neutron.scheduler.base_scheduler [None req-25a2911f-7611-4397-a97a-a4307cca6665 admin admin] Resources bound (agent type, host, resource id): (DHCP agent, dv-cinder-772623-8-smb, 28f294d8-5250-492d-bbf0-fefecb78de41) {{(pid=99636) schedule /opt/stack/neutron/neutron/scheduler/base_scheduler.py:57}}
Jun 14 14:50:01.599382 dv-cinder-772623-8-smb neutron-server[99636]: DEBUG neutron.pecan_wsgi.hooks.policy_enforcement [None req-25a2911f-7611-4397-a97a-a4307cca6665 admin admin] Attributes excluded by policy engine: ['standard_attr_id', 'shared', 'segment_id', 'network'] {{(pid=99636) _exclude_attributes_by_policy /opt/stack/neutron/neutron/pecan_wsgi/hooks/policy_enforcement.py:255}}
Jun 14 14:50:01.600349 dv-cinder-772623-8-smb neutron-server[99636]: DEBUG neutron_lib.callbacks.manager [None req-25a2911f-7611-4397-a97a-a4307cca6665 admin admin] Notify callbacks [] for subnet, before_response {{(pid=99636) _notify_loop /usr/local/lib/python3.8/dist-packages/neutron_lib/callbacks/manager.py:192}}
Jun 14 14:50:01.607204 dv-cinder-772623-8-smb neutron-server[99637]: DEBUG neutron.api.rpc.handlers.dhcp_rpc [None req-a8cb37cd-e9e3-421a-8d14-ecadeddd7f36 None None] Network 28f294d8-5250-492d-bbf0-fefecb78de41 requested from dv-cinder-772623-8-smb {{(pid=99637) get_network_info /opt/stack/neutron/neutron/api/rpc/handlers/dhcp_rpc.py:218}}
Jun 14 14:50:01.687999 dv-cinder-772623-8-smb neutron-server[99635]: DEBUG neutron_lib.callbacks.manager [None req-16817f49-3c6e-4b70-9c19-09cf2cf80dd1 admin admin] Notify callbacks ['neutron.plugins.ml2.ovo_rpc._ObjectChangeHandler.handle_event-1029427'] for security_group, after_delete {{(pid=99635) _notify_loop /usr/local/lib/python3.8/dist-packages/neutron_lib/callbacks/manager.py:192}}
Jun 14 14:50:01.689711 dv-cinder-772623-8-smb neutron-server[99636]: INFO neutron.wsgi [None req-25a2911f-7611-4397-a97a-a4307cca6665 admin admin] 10.222.0.45 "POST /v2.0/subnets HTTP/1.1" status: 201 len: 856 time: 1.3416266
Jun 14 14:50:01.691451 dv-cinder-772623-8-smb neutron-server[99635]: DEBUG neutron_lib.callbacks.manager [None req-16817f49-3c6e-4b70-9c19-09cf2cf80dd1 admin admin] Notify callbacks [] for security_group, before_response {{(pid=99635) _notify_loop /usr/local/lib/python3.8/dist-packages/neutron_lib/callbacks/manager.py:192}}
Jun 14 14:50:01.692006 dv-cinder-772623-8-smb neutron-server[99636]: DEBUG neutron.wsgi [-] (99636) accepted ('10.222.0.45', 42848) {{(pid=99636) server /usr/local/lib/python3.8/dist-packages/eventlet/wsgi.py:992}}
Jun 14 14:50:01.693228 dv-cinder-772623-8-smb neutron-server[99635]: INFO neutron.wsgi [None req-16817f49-3c6e-4b70-9c19-09cf2cf80dd1 admin admin] 10.222.0.45 "DELETE /v2.0/security-groups/8f3c4b0d-e362-48bf-97ab-0c1bd043afa1 HTTP/1.1" status: 204 len: 168 time: 0.3595865
Jun 14 14:50:01.694219 dv-cinder-772623-8-smb neutron-server[99635]: DEBUG oslo_concurrency.lockutils [None req-143ac0bf-97a9-48e7-93aa-17fc713835bd admin admin] Lock "event-dispatch" acquired by "neutron.plugins.ml2.ovo_rpc._ObjectChangeHandler.dispatch_events" :: waited 0.000s {{(pid=99635) inner /usr/local/lib/python3.8/dist-packages/oslo_concurrency/lockutils.py:355}}
Jun 14 14:50:01.701272 dv-cinder-772623-8-smb neutron-server[99636]: DEBUG neutron.api.v2.base [None req-8daa1ebe-7b80-4a83-a11d-7f0ccb8a5167 admin admin] Request body: {'router': {'name': 'tempest-ServerRescueNegativeTestJSON-1443908847-router', 'tenant_id': '808845fee1fe4742a1723385ae868b44', 'external_gateway_info': {'network_id': '7a19854c-bea8-4da7-b837-756531086d0b'}}} {{(pid=99636) prepare_request_body /opt/stack/neutron/neutron/api/v2/base.py:729}}
Jun 14 14:50:01.705952 dv-cinder-772623-8-smb neutron-server[99635]: DEBUG neutron.api.rpc.handlers.resources_rpc [None req-16817f49-3c6e-4b70-9c19-09cf2cf80dd1 admin admin] Pushing event deleted for resources: {'SecurityGroup': ['ID=8f3c4b0d-e362-48bf-97ab-0c1bd043afa1,revision_number=None']} {{(pid=99635) push /opt/stack/neutron/neutron/api/rpc/handlers/resources_rpc.py:237}}
Jun 14 14:50:01.716662 dv-cinder-772623-8-smb neutron-server[99635]: DEBUG oslo_concurrency.lockutils [None req-16817f49-3c6e-4b70-9c19-09cf2cf80dd1 admin admin] Lock "event-dispatch" released by "neutron.plugins.ml2.ovo_rpc._ObjectChangeHandler.dispatch_events" :: held 0.022s {{(pid=99635) inner /usr/local/lib/python3.8/dist-packages/oslo_concurrency/lockutils.py:367}}
Jun 14 14:50:01.816347 dv-cinder-772623-8-smb neutron-server[99636]: DEBUG neutron_lib.callbacks.manager [None req-8daa1ebe-7b80-4a83-a11d-7f0ccb8a5167 admin admin] Notify callbacks ['neutron.services.l3_router.l3_router_plugin.L3_HA_NAT_db_mixin._before_router_create-778154', 'neutron.services.l3_router.service_providers.driver_controller.DriverController._check_router_request-16138'] for router, before_create {{(pid=99636) _notify_loop /usr/local/lib/python3.8/dist-packages/neutron_lib/callbacks/manager.py:192}}
Jun 14 14:50:01.817576 dv-cinder-772623-8-smb neutron-server[99636]: DEBUG neutron_lib.callbacks.manager [None req-8daa1ebe-7b80-4a83-a11d-7f0ccb8a5167 admin admin] Notify callbacks ['neutron.services.l3_router.l3_router_plugin.L3_HA_NAT_db_mixin._precommit_router_create-778189', 'neutron.services.l3_router.l3_router_plugin.DVRResourceOperationHandler._set_distributed_flag-669403', 'neutron.services.l3_router.l3_router_plugin.RouterAvailabilityZoneMixin._process_az_request-786116', 'neutron.services.l3_router.service_providers.driver_controller.DriverController._set_router_provider-16131'] for router, precommit_create {{(pid=99636) _notify_loop /usr/local/lib/python3.8/dist-packages/neutron_lib/callbacks/manager.py:192}}
Jun 14 14:50:01.871891 dv-cinder-772623-8-smb neutron-server[99635]: DEBUG neutron.wsgi [-] (99635) accepted ('10.222.0.45', 42854) {{(pid=99635) server /usr/local/lib/python3.8/dist-packages/eventlet/wsgi.py:992}}
Jun 14 14:50:01.904995 dv-cinder-772623-8-smb neutron-server[99636]: DEBUG neutron_lib.callbacks.manager [None req-8daa1ebe-7b80-4a83-a11d-7f0ccb8a5167 admin admin] Notify callbacks [] for router_controller, precommit_add_association {{(pid=99636) _notify_loop /usr/local/lib/python3.8/dist-packages/neutron_lib/callbacks/manager.py:192}}
Jun 14 14:50:01.928456 dv-cinder-772623-8-smb neutron-server[99637]: DEBUG neutron.api.rpc.handlers.dhcp_rpc [None req-a42d9980-b23f-4b4c-87e8-f7008a2a4fa6 None None] Network 28f294d8-5250-492d-bbf0-fefecb78de41 requested from dv-cinder-772623-8-smb {{(pid=99637) get_network_info /opt/stack/neutron/neutron/api/rpc/handlers/dhcp_rpc.py:218}}
Jun 14 14:50:02.300213 dv-cinder-772623-8-smb neutron-server[99635]: DEBUG neutron_lib.callbacks.manager [None req-3e660381-2dcc-44f9-9a59-031d616dc97b admin admin] Notify callbacks [] for security_group, before_create {{(pid=99635) _notify_loop /usr/local/lib/python3.8/dist-packages/neutron_lib/callbacks/manager.py:192}}
Jun 14 14:50:02.309592 dv-cinder-772623-8-smb neutron-server[99636]: DEBUG neutron_lib.callbacks.manager [None req-8daa1ebe-7b80-4a83-a11d-7f0ccb8a5167 admin admin] Notify callbacks ['neutron.services.l3_router.l3_router_plugin.DVRResourceOperationHandler._handle_distributed_migration-669380', 'neutron.services.l3_router.l3_router_plugin.L3_HA_NAT_db_mixin._validate_migration-778168', 'neutron.services.l3_router.service_providers.driver_controller.DriverController._update_router_provider-16149'] for router, precommit_update {{(pid=99636) _notify_loop /usr/local/lib/python3.8/dist-packages/neutron_lib/callbacks/manager.py:192}}
Jun 14 14:50:02.380465 dv-cinder-772623-8-smb neutron-server[99636]: DEBUG neutron.pecan_wsgi.hooks.policy_enforcement [req-da13f3b3-4003-42ae-ae85-16d580c6c48d req-47e33f96-a021-4d56-9895-a44b61934d0d tempest-AttachVolumeNegativeTest-2109476935 tempest-AttachVolumeNegativeTest-2109476935-project] Attributes excluded by policy engine: ['standard_attr_id', 'binding:profile', 'binding:host_id', 'binding:vif_type', 'binding:vif_details'] {{(pid=99636) _exclude_attributes_by_policy /opt/stack/neutron/neutron/pecan_wsgi/hooks/policy_enforcement.py:255}}
Jun 14 14:50:02.399639 dv-cinder-772623-8-smb neutron-server[99636]: INFO neutron.wsgi [req-da13f3b3-4003-42ae-ae85-16d580c6c48d req-47e33f96-a021-4d56-9895-a44b61934d0d tempest-AttachVolumeNegativeTest-2109476935 tempest-AttachVolumeNegativeTest-2109476935-project] 10.222.0.45 "GET /v2.0/ports?device_id=15371ee2-c7e4-412e-ad55-c3325ab7eb26 HTTP/1.1" status: 200 len: 945 time: 0.3101449
Jun 14 14:50:02.497813 dv-cinder-772623-8-smb neutron-server[99635]: DEBUG neutron_lib.callbacks.manager [None req-3e660381-2dcc-44f9-9a59-031d616dc97b admin admin] Notify callbacks [] for security_group, precommit_create {{(pid=99635) _notify_loop /usr/local/lib/python3.8/dist-packages/neutron_lib/callbacks/manager.py:192}}
Jun 14 14:50:02.499744 dv-cinder-772623-8-smb neutron-server[99636]: INFO neutron.wsgi [req-da13f3b3-4003-42ae-ae85-16d580c6c48d req-3a83a8e6-9fce-43b6-bbe0-571f5df0e50c tempest-AttachVolumeNegativeTest-2109476935 tempest-AttachVolumeNegativeTest-2109476935-project] 10.222.0.45 "GET /v2.0/security-groups?id=853db6ec-cdf7-4ff7-8a82-b247c620a491&fields=id&fields=name HTTP/1.1" status: 200 len: 286 time: 0.0973268
Jun 14 14:50:02.605177 dv-cinder-772623-8-smb neutron-server[99635]: DEBUG neutron_lib.callbacks.manager [None req-3e660381-2dcc-44f9-9a59-031d616dc97b admin admin] Notify callbacks ['neutron.plugins.ml2.ovo_rpc._ObjectChangeHandler.handle_event-1029427'] for security_group, after_create {{(pid=99635) _notify_loop /usr/local/lib/python3.8/dist-packages/neutron_lib/callbacks/manager.py:192}}
Jun 14 14:50:02.609584 dv-cinder-772623-8-smb neutron-server[99635]: DEBUG oslo_concurrency.lockutils [None req-0b7b218c-64af-4b5d-beb8-c2b9bb49d5db admin admin] Lock "event-dispatch" acquired by "neutron.plugins.ml2.ovo_rpc._ObjectChangeHandler.dispatch_events" :: waited 0.000s {{(pid=99635) inner /usr/local/lib/python3.8/dist-packages/oslo_concurrency/lockutils.py:355}}
Jun 14 14:50:02.675421 dv-cinder-772623-8-smb neutron-server[99635]: INFO neutron.wsgi [None req-3e660381-2dcc-44f9-9a59-031d616dc97b admin admin] 10.222.0.45 "GET /v2.0/security-groups?tenant_id=1dbc5dfea0dc417483cbcc0dd0d14698&name=default HTTP/1.1" status: 200 len: 2979 time: 0.8014598
Jun 14 14:50:02.678827 dv-cinder-772623-8-smb neutron-server[99635]: DEBUG neutron.wsgi [-] (99635) accepted ('10.222.0.45', 42876) {{(pid=99635) server /usr/local/lib/python3.8/dist-packages/eventlet/wsgi.py:992}}
Jun 14 14:50:02.692900 dv-cinder-772623-8-smb neutron-server[99635]: DEBUG neutron.api.rpc.handlers.resources_rpc [None req-3e660381-2dcc-44f9-9a59-031d616dc97b admin admin] Pushing event updated for resources: {'SecurityGroup': ['ID=78517d3f-240c-4d61-a234-03ae07065c44,revision_number=1']} {{(pid=99635) push /opt/stack/neutron/neutron/api/rpc/handlers/resources_rpc.py:237}}
Jun 14 14:50:02.701537 dv-cinder-772623-8-smb neutron-server[99635]: DEBUG oslo_concurrency.lockutils [None req-3e660381-2dcc-44f9-9a59-031d616dc97b admin admin] Lock "event-dispatch" released by "neutron.plugins.ml2.ovo_rpc._ObjectChangeHandler.dispatch_events" :: held 0.092s {{(pid=99635) inner /usr/local/lib/python3.8/dist-packages/oslo_concurrency/lockutils.py:367}}
Jun 14 14:50:02.794345 dv-cinder-772623-8-smb neutron-server[99635]: DEBUG neutron.wsgi [-] (99635) accepted ('10.222.0.45', 42882) {{(pid=99635) server /usr/local/lib/python3.8/dist-packages/eventlet/wsgi.py:992}}
Jun 14 14:50:02.814514 dv-cinder-772623-8-smb neutron-server[99635]: DEBUG neutron_lib.callbacks.manager [None req-1b416c25-125b-46a9-80a4-ca598ceae386 admin admin] Notify callbacks [] for security_group, before_create {{(pid=99635) _notify_loop /usr/local/lib/python3.8/dist-packages/neutron_lib/callbacks/manager.py:192}}
Jun 14 14:50:02.871541 dv-cinder-772623-8-smb neutron-server[99635]: DEBUG neutron_lib.callbacks.manager [None req-04026f0b-e736-4db7-9d90-adde2e1d355e admin admin] Notify callbacks [] for security_group, before_delete {{(pid=99635) _notify_loop /usr/local/lib/python3.8/dist-packages/neutron_lib/callbacks/manager.py:192}}
Jun 14 14:50:02.941552 dv-cinder-772623-8-smb neutron-server[99635]: DEBUG neutron_lib.callbacks.manager [None req-04026f0b-e736-4db7-9d90-adde2e1d355e admin admin] Notify callbacks [] for security_group, precommit_delete {{(pid=99635) _notify_loop /usr/local/lib/python3.8/dist-packages/neutron_lib/callbacks/manager.py:192}}
Jun 14 14:50:03.123414 dv-cinder-772623-8-smb neutron-server[99635]: DEBUG neutron_lib.callbacks.manager [None req-1b416c25-125b-46a9-80a4-ca598ceae386 admin admin] Notify callbacks [] for security_group, precommit_create {{(pid=99635) _notify_loop /usr/local/lib/python3.8/dist-packages/neutron_lib/callbacks/manager.py:192}}
Jun 14 14:50:03.160091 dv-cinder-772623-8-smb neutron-server[99635]: DEBUG neutron_lib.callbacks.manager [None req-04026f0b-e736-4db7-9d90-adde2e1d355e admin admin] Notify callbacks ['neutron.plugins.ml2.ovo_rpc._ObjectChangeHandler.handle_event-1029427'] for security_group, after_delete {{(pid=99635) _notify_loop /usr/local/lib/python3.8/dist-packages/neutron_lib/callbacks/manager.py:192}}
Jun 14 14:50:03.165991 dv-cinder-772623-8-smb neutron-server[99635]: DEBUG neutron_lib.callbacks.manager [None req-04026f0b-e736-4db7-9d90-adde2e1d355e admin admin] Notify callbacks [] for security_group, before_response {{(pid=99635) _notify_loop /usr/local/lib/python3.8/dist-packages/neutron_lib/callbacks/manager.py:192}}
Jun 14 14:50:03.179724 dv-cinder-772623-8-smb neutron-server[99635]: INFO neutron.wsgi [None req-04026f0b-e736-4db7-9d90-adde2e1d355e admin admin] 10.222.0.45 "DELETE /v2.0/security-groups/78517d3f-240c-4d61-a234-03ae07065c44 HTTP/1.1" status: 204 len: 168 time: 0.4928253
Jun 14 14:50:03.183493 dv-cinder-772623-8-smb neutron-server[99635]: DEBUG oslo_concurrency.lockutils [None req-35007cd0-c7c6-40f8-b081-b478f0e5079c admin admin] Lock "event-dispatch" acquired by "neutron.plugins.ml2.ovo_rpc._ObjectChangeHandler.dispatch_events" :: waited 0.000s {{(pid=99635) inner /usr/local/lib/python3.8/dist-packages/oslo_concurrency/lockutils.py:355}}
Jun 14 14:50:03.197391 dv-cinder-772623-8-smb neutron-server[99635]: DEBUG neutron_lib.callbacks.manager [None req-1b416c25-125b-46a9-80a4-ca598ceae386 admin admin] Notify callbacks ['neutron.plugins.ml2.ovo_rpc._ObjectChangeHandler.handle_event-1029427'] for security_group, after_create {{(pid=99635) _notify_loop /usr/local/lib/python3.8/dist-packages/neutron_lib/callbacks/manager.py:192}}
