Sep 09 05:17:03.920754 dv-cinder-772623-14-iscsi neutron-server[94298]: DEBUG neutron.pecan_wsgi.hooks.quota_enforcement [req-b66834f8-0f82-40e1-a70c-3b5bb12aecc5 req-8472f7de-be8e-498d-ba57-aa7545da7a1a tempest-AttachVolumeNegativeTest-1289195922 tempest-AttachVolumeNegativeTest-1289195922-project] Made reservation on behalf of 4072331c63524c7cbf166cc5521b82fc for: {'port': 1} {{(pid=94298) before /opt/stack/neutron/neutron/pecan_wsgi/hooks/quota_enforcement.py:53}}
Sep 09 05:17:03.924649 dv-cinder-772623-14-iscsi neutron-server[94298]: DEBUG neutron_lib.callbacks.manager [req-b66834f8-0f82-40e1-a70c-3b5bb12aecc5 req-8472f7de-be8e-498d-ba57-aa7545da7a1a tempest-AttachVolumeNegativeTest-1289195922 tempest-AttachVolumeNegativeTest-1289195922-project] Notify callbacks ['neutron.plugins.ml2.plugin.SecurityGroupDbMixin._ensure_default_security_group_handler-3728095'] for port, before_create {{(pid=94298) _notify_loop /usr/local/lib/python3.8/dist-packages/neutron_lib/callbacks/manager.py:192}}
Sep 09 05:17:03.935303 dv-cinder-772623-14-iscsi neutron-server[94298]: INFO neutron.wsgi [req-c1fa2ca9-fe1a-4937-a827-7de4290e1696 req-8a53e263-755f-4372-983e-b55f1783986e tempest-AttachVolumeNegativeTest-1289195922 tempest-AttachVolumeNegativeTest-1289195922-project] 10.222.0.24 "GET /v2.0/ports?device_id=8e2c0125-9084-4058-906a-114695d331a7 HTTP/1.1" status: 200 len: 210 time: 0.2285073
Sep 09 05:17:03.951427 dv-cinder-772623-14-iscsi neutron-server[94298]: DEBUG neutron_lib.callbacks.manager [None req-8dfe6c78-740a-4c83-9f55-44370d9f9239 admin admin] Notify callbacks ['neutron.plugins.ml2.plugin.SecurityGroupServerNotifierRpcMixin._notify_sg_on_port_change-3728016', 'neutron.plugins.ml2.ovo_rpc._ObjectChangeHandler.handle_event-459426', 'neutron.api.rpc.agentnotifiers.dhcp_rpc_agent_api.DhcpAgentNotifyAPI._native_event_send_dhcp_notification-528442', 'neutron.db.l3_db.L3RpcNotifierMixin._notify_gateway_port_ip_changed-8748632172566', 'neutron.db.l3_dvrscheduler_db._notify_l3_agent_port_update-8748631669715', 'neutron.db.l3_hascheduler_db._notify_l3_agent_ha_port_update-8748631669733'] for port, after_update {{(pid=94298) _notify_loop /usr/local/lib/python3.8/dist-packages/neutron_lib/callbacks/manager.py:192}}
Sep 09 05:17:03.952347 dv-cinder-772623-14-iscsi neutron-server[94298]: DEBUG neutron_lib.callbacks.manager [None req-8dfe6c78-740a-4c83-9f55-44370d9f9239 admin admin] Notify callbacks ['neutron.api.rpc.agentnotifiers.dhcp_rpc_agent_api.DhcpAgentNotifyAPI._after_router_interface_created-527552', 'neutron.services.l3_router.l3_router_plugin.DVRResourceOperationHandler._update_snat_v6_addrs_after_intf_update-601088'] for router_interface, after_create {{(pid=94298) _notify_loop /usr/local/lib/python3.8/dist-packages/neutron_lib/callbacks/manager.py:192}}
Sep 09 05:17:03.971362 dv-cinder-772623-14-iscsi neutron-server[94297]: DEBUG neutron_lib.callbacks.manager [None req-dfb1b964-e84e-4583-ba35-2e9335e9655e admin admin] Notify callbacks ['neutron.plugins.ml2.ovo_rpc._ObjectChangeHandler.handle_event-532678'] for security_group, after_delete {{(pid=94297) _notify_loop /usr/local/lib/python3.8/dist-packages/neutron_lib/callbacks/manager.py:192}}
Sep 09 05:17:03.974898 dv-cinder-772623-14-iscsi neutron-server[94298]: INFO neutron.wsgi [req-cb3e4479-2448-489a-a1fb-05ffed2ece01 req-24ec8742-c044-4df0-aec5-3bd357de7eb5 tempest-DeleteServersTestJSON-78305451 tempest-DeleteServersTestJSON-78305451-project] 10.222.0.23 "POST /v2.0/ports HTTP/1.1" status: 201 len: 933 time: 4.4989626
Sep 09 05:17:03.976540 dv-cinder-772623-14-iscsi neutron-server[94297]: DEBUG neutron_lib.callbacks.manager [None req-dfb1b964-e84e-4583-ba35-2e9335e9655e admin admin] Notify callbacks [] for security_group, before_response {{(pid=94297) _notify_loop /usr/local/lib/python3.8/dist-packages/neutron_lib/callbacks/manager.py:192}}
Sep 09 05:17:03.984635 dv-cinder-772623-14-iscsi neutron-server[94297]: INFO neutron.wsgi [None req-dfb1b964-e84e-4583-ba35-2e9335e9655e admin admin] 10.222.0.24 "DELETE /v2.0/security-groups/3ee54949-6384-46d8-8033-d6c46f94ac5e HTTP/1.1" status: 204 len: 168 time: 0.3659034
Sep 09 05:17:03.989728 dv-cinder-772623-14-iscsi neutron-server[94299]: DEBUG neutron.plugins.ml2.db [None req-1e117248-b452-4b3a-b6f9-f6b9f813a2d2 None None] For port 3b42aea7-ee95-415f-b240-c1519168c13b, host dv-cinder-772623-14-iscsi, got binding levels [PortBindingLevel(driver='openvswitch',host='dv-cinder-772623-14-iscsi',level=0,port_id=3b42aea7-ee95-415f-b240-c1519168c13b,segment=NetworkSegment(df80411f-acb6-4e9d-a7f5-4a8066bc7b33),segment_id=df80411f-acb6-4e9d-a7f5-4a8066bc7b33)] {{(pid=94299) get_binding_level_objs /opt/stack/neutron/neutron/plugins/ml2/db.py:74}}
Sep 09 05:17:03.996806 dv-cinder-772623-14-iscsi neutron-server[94299]: DEBUG neutron_lib.callbacks.manager [None req-1e117248-b452-4b3a-b6f9-f6b9f813a2d2 None None] Notify callbacks ['neutron.plugins.ml2.plugin.SecurityGroupServerNotifierRpcMixin._notify_sg_on_port_change-3728016', 'neutron.plugins.ml2.ovo_rpc._ObjectChangeHandler.handle_event-459426', 'neutron.api.rpc.agentnotifiers.dhcp_rpc_agent_api.DhcpAgentNotifyAPI._native_event_send_dhcp_notification-528442', 'neutron.db.l3_db.L3RpcNotifierMixin._notify_gateway_port_ip_changed-8748632172566', 'neutron.db.l3_dvrscheduler_db._notify_l3_agent_port_update-8748631669715', 'neutron.db.l3_hascheduler_db._notify_l3_agent_ha_port_update-8748631669733'] for port, after_update {{(pid=94299) _notify_loop /usr/local/lib/python3.8/dist-packages/neutron_lib/callbacks/manager.py:192}}
Sep 09 05:17:04.019082 dv-cinder-772623-14-iscsi neutron-server[94297]: DEBUG neutron.api.rpc.handlers.resources_rpc [None req-dfb1b964-e84e-4583-ba35-2e9335e9655e admin admin] Pushing event deleted for resources: {'SecurityGroup': ['ID=3ee54949-6384-46d8-8033-d6c46f94ac5e,revision_number=None']} {{(pid=94297) push /opt/stack/neutron/neutron/api/rpc/handlers/resources_rpc.py:237}}
Sep 09 05:17:04.042295 dv-cinder-772623-14-iscsi neutron-server[94298]: DEBUG neutron.wsgi [req-cb3e4479-2448-489a-a1fb-05ffed2ece01 req-970c05b0-889f-47a1-b082-f04767f19105 tempest-DeleteServersTestJSON-78305451 tempest-DeleteServersTestJSON-78305451-project] http://10.222.0.24:9696/v2.0/extensions returned with HTTP 200 {{(pid=94298) __call__ /opt/stack/neutron/neutron/wsgi.py:729}}
Sep 09 05:17:04.043423 dv-cinder-772623-14-iscsi neutron-server[94298]: INFO neutron.wsgi [req-cb3e4479-2448-489a-a1fb-05ffed2ece01 req-970c05b0-889f-47a1-b082-f04767f19105 tempest-DeleteServersTestJSON-78305451 tempest-DeleteServersTestJSON-78305451-project] 10.222.0.23 "GET /v2.0/extensions HTTP/1.1" status: 200 len: 13640 time: 0.0157590
Sep 09 05:17:04.065338 dv-cinder-772623-14-iscsi neutron-server[94298]: DEBUG neutron_lib.callbacks.manager [None req-4bafb600-8620-4693-9cda-a375c1262124 admin admin] Notify callbacks [] for security_group, before_delete {{(pid=94298) _notify_loop /usr/local/lib/python3.8/dist-packages/neutron_lib/callbacks/manager.py:192}}
Sep 09 05:17:04.086696 dv-cinder-772623-14-iscsi neutron-server[94299]: DEBUG neutron.api.rpc.handlers.resources_rpc [None req-1e117248-b452-4b3a-b6f9-f6b9f813a2d2 None None] Pushing event updated for resources: {'Port': ['ID=3b42aea7-ee95-415f-b240-c1519168c13b,revision_number=4']} {{(pid=94299) push /opt/stack/neutron/neutron/api/rpc/handlers/resources_rpc.py:237}}
Sep 09 05:17:04.167606 dv-cinder-772623-14-iscsi neutron-server[94300]: DEBUG neutron.api.rpc.handlers.l3_rpc [None req-1bef0f03-1c9e-4e69-b912-4ba3553faf02 None None] Sync routers for ids ['dcdfbbce-d4d7-429b-be8e-ee89aa6ae8be'] in dv-cinder-772623-14-iscsi {{(pid=94300) sync_routers /opt/stack/neutron/neutron/api/rpc/handlers/l3_rpc.py:125}}
Sep 09 05:17:04.186070 dv-cinder-772623-14-iscsi neutron-server[94300]: DEBUG neutron.db.l3_dvrscheduler_db [None req-1bef0f03-1c9e-4e69-b912-4ba3553faf02 None None] Routers {'dcdfbbce-d4d7-429b-be8e-ee89aa6ae8be'} bound to L3 agent in host dv-cinder-772623-14-iscsi {{(pid=94300) _get_router_ids_for_agent /opt/stack/neutron/neutron/db/l3_dvrscheduler_db.py:420}}
Sep 09 05:17:04.187556 dv-cinder-772623-14-iscsi neutron-server[94300]: DEBUG neutron.db.l3_hamode_db [None req-1bef0f03-1c9e-4e69-b912-4ba3553faf02 None None] neutron.services.l3_router.l3_router_plugin.L3RouterPlugin method get_ha_sync_data_for_host called with arguments (, 'dv-cinder-772623-14-iscsi', Agent(admin_state_up=True,agent_type='L3 agent',availability_zone='nova',binary='neutron-l3-agent',configurations={"agent_mode": "legacy", "ex_gw_ports": 1, "extensions": [], "floating_ips": 0, "handle_internal_only_routers": true, "interface_driver": "openvswitch", "interfaces": 1, "log_agent_heartbeats": false, "routers": 1},created_at=2021-09-09T05:09:16Z,description=,heartbeat_timestamp=2021-09-09T05:16:46Z,host='dv-cinder-772623-14-iscsi',id=e912432c-85e4-4a31-b574-aae2dcf01ec7,load=0,resource_versions=,resources_synced=,started_at=2021-09-09T05:09:16Z,topic='l3_agent')) {'router_ids': ['dcdfbbce-d4d7-429b-be8e-ee89aa6ae8be'], 'active': True} {{(pid=94300) wrapper /usr/local/lib/python3.8/dist-packages/oslo_log/helpers.py:65}}
Sep 09 05:17:04.223916 dv-cinder-772623-14-iscsi neutron-server[94298]: DEBUG neutron_lib.callbacks.manager [None req-4bafb600-8620-4693-9cda-a375c1262124 admin admin] Notify callbacks [] for security_group, precommit_delete {{(pid=94298) _notify_loop /usr/local/lib/python3.8/dist-packages/neutron_lib/callbacks/manager.py:192}}
Sep 09 05:17:04.229128 dv-cinder-772623-14-iscsi neutron-server[94298]: DEBUG neutron.api.rpc.handlers.resources_rpc [None req-8dfe6c78-740a-4c83-9f55-44370d9f9239 admin admin] Pushing event updated for resources: {'Port': ['ID=e373628b-c4a9-460e-9a59-614b5eba363c,revision_number=2']} {{(pid=94298) push /opt/stack/neutron/neutron/api/rpc/handlers/resources_rpc.py:237}}
Sep 09 05:17:04.411248 dv-cinder-772623-14-iscsi neutron-server[94298]: DEBUG neutron.pecan_wsgi.hooks.policy_enforcement [req-64c8a9f4-4e7e-4faa-aa2f-68b4262355d1 req-c2b80026-e429-4139-97ce-f5c84d57dcdd tempest-ServerRescueNegativeTestJSON-672255769 tempest-ServerRescueNegativeTestJSON-672255769-project] Attributes excluded by policy engine: ['standard_attr_id', 'vlan_transparent', 'provider:network_type', 'provider:physical_network', 'provider:segmentation_id'] {{(pid=94298) _exclude_attributes_by_policy /opt/stack/neutron/neutron/pecan_wsgi/hooks/policy_enforcement.py:255}}
Sep 09 05:17:04.413093 dv-cinder-772623-14-iscsi neutron-server[94298]: INFO neutron.wsgi [req-64c8a9f4-4e7e-4faa-aa2f-68b4262355d1 req-c2b80026-e429-4139-97ce-f5c84d57dcdd tempest-ServerRescueNegativeTestJSON-672255769 tempest-ServerRescueNegativeTestJSON-672255769-project] 10.222.0.24 "GET /v2.0/networks?id=00cd2a8c-0672-473b-a5e4-39b12300043e HTTP/1.1" status: 200 len: 818 time: 0.5017192
Sep 09 05:17:04.496923 dv-cinder-772623-14-iscsi neutron-server[94298]: DEBUG neutron.pecan_wsgi.hooks.policy_enforcement [req-e5c3ef69-7207-48e3-989b-9d78b64afa53 req-b94786ad-5004-444f-9d92-439ea33edcfb tempest-DeleteServersTestJSON-78305451 tempest-DeleteServersTestJSON-78305451-project] Attributes excluded by policy engine: ['standard_attr_id', 'binding:profile', 'binding:host_id', 'binding:vif_type', 'binding:vif_details'] {{(pid=94298) _exclude_attributes_by_policy /opt/stack/neutron/neutron/pecan_wsgi/hooks/policy_enforcement.py:255}}
Sep 09 05:17:04.498517 dv-cinder-772623-14-iscsi neutron-server[94298]: INFO neutron.wsgi [req-e5c3ef69-7207-48e3-989b-9d78b64afa53 req-b94786ad-5004-444f-9d92-439ea33edcfb tempest-DeleteServersTestJSON-78305451 tempest-DeleteServersTestJSON-78305451-project] 10.222.0.24 "GET /v2.0/ports?device_id=7bb4d0fc-9007-45f5-834b-bc5f0ca7a336 HTTP/1.1" status: 200 len: 931 time: 0.3492987
Sep 09 05:17:04.506536 dv-cinder-772623-14-iscsi neutron-server[94298]: DEBUG neutron.scheduler.dhcp_agent_scheduler [None req-8dfe6c78-740a-4c83-9f55-44370d9f9239 admin admin] Network 7b28e044-cfb6-46f2-81af-55250817b403 is already hosted by enough agents. {{(pid=94298) _get_dhcp_agents_hosting_network /opt/stack/neutron/neutron/scheduler/dhcp_agent_scheduler.py:275}}
Sep 09 05:17:04.531613 dv-cinder-772623-14-iscsi neutron-server[94298]: DEBUG neutron.scheduler.base_scheduler [None req-8dfe6c78-740a-4c83-9f55-44370d9f9239 admin admin] Resources bound (agent type, host, resource id): {{(pid=94298) schedule /opt/stack/neutron/neutron/scheduler/base_scheduler.py:57}}
Sep 09 05:17:04.553129 dv-cinder-772623-14-iscsi neutron-server[94300]: DEBUG neutron.db.l3_dvr_db [None req-1bef0f03-1c9e-4e69-b912-4ba3553faf02 None None] Set router dcdfbbce-d4d7-429b-be8e-ee89aa6ae8be gateway port host: dv-cinder-772623-14-iscsi {{(pid=94300) _build_routers_list /opt/stack/neutron/neutron/db/l3_dvr_db.py:906}}
Sep 09 05:17:04.594634 dv-cinder-772623-14-iscsi neutron-server[94298]: INFO neutron.wsgi [req-e5c3ef69-7207-48e3-989b-9d78b64afa53 req-f8a68361-2dab-4c23-9fbe-043d46eeb34a tempest-DeleteServersTestJSON-78305451 tempest-DeleteServersTestJSON-78305451-project] 10.222.0.24 "GET /v2.0/security-groups?id=0a0a63ef-aff5-4cdc-93e8-c90f653570e7&fields=id&fields=name HTTP/1.1" status: 200 len: 286 time: 0.0813396
Sep 09 05:17:04.755076 dv-cinder-772623-14-iscsi neutron-server[94299]: DEBUG neutron.plugins.ml2.rpc [None req-1e117248-b452-4b3a-b6f9-f6b9f813a2d2 None None] Device 3b42aea7-ee95-415f-b240-c1519168c13b up at agent ovs-agent-dv-cinder-772623-14-iscsi {{(pid=94299) update_device_up /opt/stack/neutron/neutron/plugins/ml2/rpc.py:296}}
Sep 09 05:17:04.897963 dv-cinder-772623-14-iscsi neutron-server[94299]: DEBUG neutron_lib.callbacks.manager [None req-0662b1f6-6383-4ed7-a6c0-df96b9d8cd6b None None] Notify callbacks ['neutron.services.segments.db._update_segment_host_mapping_for_agent-8748632184971', 'neutron.plugins.ml2.plugin.Ml2Plugin._retry_binding_revived_agents-3772102'] for agent, after_update {{(pid=94299) _notify_loop /usr/local/lib/python3.8/dist-packages/neutron_lib/callbacks/manager.py:192}}
Sep 09 05:17:04.952056 dv-cinder-772623-14-iscsi neutron-server[94299]: DEBUG neutron.db.provisioning_blocks [None req-1e117248-b452-4b3a-b6f9-f6b9f813a2d2 None None] Provisioning complete for port 3b42aea7-ee95-415f-b240-c1519168c13b triggered by entity L2. {{(pid=94299) provisioning_complete /opt/stack/neutron/neutron/db/provisioning_blocks.py:139}}
Sep 09 05:17:04.954344 dv-cinder-772623-14-iscsi neutron-server[94299]: DEBUG neutron_lib.callbacks.manager [None req-1e117248-b452-4b3a-b6f9-f6b9f813a2d2 None None] Notify callbacks ['neutron.plugins.ml2.plugin.Ml2Plugin._port_provisioned-3772203'] for port, provisioning_complete {{(pid=94299) _notify_loop /usr/local/lib/python3.8/dist-packages/neutron_lib/callbacks/manager.py:192}}
Sep 09 05:17:04.982553 dv-cinder-772623-14-iscsi neutron-server[94298]: DEBUG neutron.scheduler.l3_agent_scheduler [None req-8dfe6c78-740a-4c83-9f55-44370d9f9239 admin admin] Router db3c3531-a9b0-426b-a20c-f8789cd89936 has already been hosted by L3 agent e912432c-85e4-4a31-b574-aae2dcf01ec7 {{(pid=94298) _get_candidates /opt/stack/neutron/neutron/scheduler/l3_agent_scheduler.py:126}}
Sep 09 05:17:04.996104 dv-cinder-772623-14-iscsi neutron-server[94298]: INFO neutron.wsgi [req-64c8a9f4-4e7e-4faa-aa2f-68b4262355d1 req-2a7e6521-b8b2-4943-a8bf-51df434b5ab6 tempest-ServerRescueNegativeTestJSON-672255769 tempest-ServerRescueNegativeTestJSON-672255769-project] 10.222.0.24 "GET /v2.0/quotas/bc42907dc3434e2ea444add09b95bb24 HTTP/1.1" status: 200 len: 375 time: 0.5443614
Sep 09 05:17:05.001836 dv-cinder-772623-14-iscsi neutron-server[94298]: DEBUG neutron.db.db_base_plugin_common [req-b66834f8-0f82-40e1-a70c-3b5bb12aecc5 req-8472f7de-be8e-498d-ba57-aa7545da7a1a tempest-AttachVolumeNegativeTest-1289195922 tempest-AttachVolumeNegativeTest-1289195922-project] Allocated IP 172.20.0.3 (cfd71842-6726-40b2-be3d-a4d60a862165/26afa4a7-ead4-4ffa-80cb-6879630dc238/c5e39047-1d7f-4114-87dd-09560771c0ed) {{(pid=94298) _store_ip_allocation /opt/stack/neutron/neutron/db/db_base_plugin_common.py:131}}
Sep 09 05:17:05.103317 dv-cinder-772623-14-iscsi neutron-server[94299]: DEBUG neutron.db.provisioning_blocks [None req-addcd638-dfe8-401f-876a-7718bf1090c0 None None] Provisioning complete for port e373628b-c4a9-460e-9a59-614b5eba363c triggered by entity DHCP. {{(pid=94299) provisioning_complete /opt/stack/neutron/neutron/db/provisioning_blocks.py:139}}
Sep 09 05:17:05.104198 dv-cinder-772623-14-iscsi neutron-server[94299]: DEBUG neutron_lib.callbacks.manager [None req-addcd638-dfe8-401f-876a-7718bf1090c0 None None] Notify callbacks ['neutron.plugins.ml2.plugin.Ml2Plugin._port_provisioned-3772203'] for port, provisioning_complete {{(pid=94299) _notify_loop /usr/local/lib/python3.8/dist-packages/neutron_lib/callbacks/manager.py:192}}
Sep 09 05:17:05.205527 dv-cinder-772623-14-iscsi neutron-server[94299]: DEBUG neutron.plugins.ml2.plugin [None req-addcd638-dfe8-401f-876a-7718bf1090c0 None None] Port e373628b-c4a9-460e-9a59-614b5eba363c cannot update to ACTIVE because it is not bound. {{(pid=94299) _port_provisioned /opt/stack/neutron/neutron/plugins/ml2/plugin.py:337}}
Sep 09 05:17:05.220880 dv-cinder-772623-14-iscsi neutron-server[94300]: DEBUG neutron.db.l3_hamode_db [None req-1bef0f03-1c9e-4e69-b912-4ba3553faf02 None None] neutron.services.l3_router.l3_router_plugin.L3RouterPlugin method _process_sync_ha_data called with arguments (, [{'id': 'dcdfbbce-d4d7-429b-be8e-ee89aa6ae8be', 'name': 'tempest-ServerRescueNegativeTestJSON-711260561-router', 'tenant_id': 'bc42907dc3434e2ea444add09b95bb24', 'admin_state_up': True, 'status': 'ACTIVE', 'external_gateway_info': {'network_id': '5214b103-0600-4a81-9a33-2571ddc573a1', 'external_fixed_ips': [{'subnet_id': '5b692485-8a86-47cc-9882-0c3698d3f08b', 'ip_address': '172.27.2.127'}], 'enable_snat': True}, 'gw_port_id': '3b42aea7-ee95-415f-b240-c1519168c13b', 'description': '', 'availability_zones': ['nova'], 'distributed': False, 'ha': False, 'ha_vr_id': 0, 'availability_zone_hints': [], 'routes': [], 'flavor_id': None, 'tags': [], 'created_at': '2021-09-09T05:16:53Z', 'updated_at': '2021-09-09T05:17:00Z', 'revision_number': 4, 'project_id': 'bc42907dc3434e2ea444add09b95bb24', 'gw_port': {'id': '3b42aea7-ee95-415f-b240-c1519168c13b', 'name': '', 'network_id': '5214b103-0600-4a81-9a33-2571ddc573a1', 'tenant_id': '', 'mac_address': 'fa:16:3e:48:a0:b5', 'admin_state_up': True, 'status': 'ACTIVE', 'device_id': 'dcdfbbce-d4d7-429b-be8e-ee89aa6ae8be', 'device_owner': 'network:router_gateway', 'standard_attr_id': 77, 'fixed_ips': [{'subnet_id': '5b692485-8a86-47cc-9882-0c3698d3f08b', 'ip_address': '172.27.2.127', 'prefixlen': 24}], 'allowed_address_pairs': [], 'extra_dhcp_opts': [], 'security_groups': [], 'description': '', 'binding:vnic_type': 'normal', 'binding:profile': {}, 'binding:host_id': 'dv-cinder-772623-14-iscsi', 'binding:vif_type': 'ovs', 'binding:vif_details': {'connectivity': 'l2', 'port_filter': True, 'ovs_hybrid_plug': False, 'datapath_type': 'system', 'bridge_name': 'br-int'}, 'port_security_enabled': False, 'tags': [], 'created_at': '2021-09-09T05:16:55Z', 'updated_at': '2021-09-09T05:17:03Z', 'revision_number': 4, 'project_id': '', 'subnets': [{'id': '5b692485-8a86-47cc-9882-0c3698d3f08b', 'cidr': '172.27.2.0/24', 'gateway_ip': '172.27.2.1', 'dns_nameservers': [], 'ipv6_ra_mode': None, 'subnetpool_id': None}], 'extra_subnets': [], 'address_scopes': {4: None, 6: None}, 'mtu': 1500}, 'enable_snat': True, 'gw_port_host': 'dv-cinder-772623-14-iscsi', '_interfaces': [{'id': '4bfcc528-1995-4c98-8c12-1d1305172650', 'name': '', 'network_id': '00cd2a8c-0672-473b-a5e4-39b12300043e', 'tenant_id': 'bc42907dc3434e2ea444add09b95bb24', 'mac_address': 'fa:16:3e:c0:b2:75', 'admin_state_up': True, 'status': 'DOWN', 'device_id': 'dcdfbbce-d4d7-429b-be8e-ee89aa6ae8be', 'device_owner': 'network:router_interface', 'standard_attr_id': 89, 'fixed_ips': [{'subnet_id': '0c182cba-f24f-48d3-93d9-c95e60c8cd67', 'ip_address': '172.20.0.1', 'prefixlen': 28}], 'allowed_address_pairs': [], 'extra_dhcp_opts': [], 'security_groups': [], 'description': '', 'binding:vnic_type': 'normal', 'binding:profile': {}, 'binding:host_id': '', 'binding:vif_type': 'unbound', 'binding:vif_details': {}, 'port_security_enabled': False, 'tags': [], 'created_at': '2021-09-09T05:16:59Z', 'updated_at': '2021-09-09T05:17:01Z', 'revision_number': 2, 'project_id': 'bc42907dc3434e2ea444add09b95bb24', 'subnets': [{'id': '0c182cba-f24f-48d3-93d9-c95e60c8cd67', 'cidr': '172.20.0.0/28', 'gateway_ip': '172.20.0.1', 'dns_nameservers': [], 'ipv6_ra_mode': None, 'subnetpool_id': None}], 'extra_subnets': [], 'address_scopes': {4: None, 6: None}, 'mtu': 1500}]}], 'dv-cinder-772623-14-iscsi', False) {} {{(pid=94300) wrapper /usr/local/lib/python3.8/dist-packages/oslo_log/helpers.py:65}}
Sep 09 05:17:05.298759 dv-cinder-772623-14-iscsi neutron-server[94300]: DEBUG neutron.api.rpc.handlers.l3_rpc [None req-1bef0f03-1c9e-4e69-b912-4ba3553faf02 None None] Checking router: dcdfbbce-d4d7-429b-be8e-ee89aa6ae8be for host: dv-cinder-772623-14-iscsi {{(pid=94300) _ensure_host_set_on_ports /opt/stack/neutron/neutron/api/rpc/handlers/l3_rpc.py:155}}
Sep 09 05:17:05.304233 dv-cinder-772623-14-iscsi neutron-server[94300]: DEBUG neutron.api.rpc.handlers.l3_rpc [None req-1bef0f03-1c9e-4e69-b912-4ba3553faf02 None None] Updating router dcdfbbce-d4d7-429b-be8e-ee89aa6ae8be port 4bfcc528-1995-4c98-8c12-1d1305172650 binding host dv-cinder-772623-14-iscsi {{(pid=94300) _ensure_host_set_on_port /opt/stack/neutron/neutron/api/rpc/handlers/l3_rpc.py:205}}
Sep 09 05:17:05.347032 dv-cinder-772623-14-iscsi neutron-server[94298]: DEBUG neutron_lib.callbacks.manager [None req-4bafb600-8620-4693-9cda-a375c1262124 admin admin] Notify callbacks ['neutron.plugins.ml2.ovo_rpc._ObjectChangeHandler.handle_event-532678'] for security_group, after_delete {{(pid=94298) _notify_loop /usr/local/lib/python3.8/dist-packages/neutron_lib/callbacks/manager.py:192}}
Sep 09 05:17:05.370087 dv-cinder-772623-14-iscsi neutron-server[94298]: DEBUG neutron_lib.callbacks.manager [None req-4bafb600-8620-4693-9cda-a375c1262124 admin admin] Notify callbacks [] for security_group, before_response {{(pid=94298) _notify_loop /usr/local/lib/python3.8/dist-packages/neutron_lib/callbacks/manager.py:192}}
Sep 09 05:17:05.377165 dv-cinder-772623-14-iscsi neutron-server[94298]: INFO neutron.wsgi [None req-4bafb600-8620-4693-9cda-a375c1262124 admin admin] 10.222.0.24 "DELETE /v2.0/security-groups/87b4bf94-6d83-4ff4-b362-bf498c6b98b6 HTTP/1.1" status: 204 len: 168 time: 1.8051088
Sep 09 05:17:05.390691 dv-cinder-772623-14-iscsi neutron-server[94300]: DEBUG neutron_lib.callbacks.manager [None req-1bef0f03-1c9e-4e69-b912-4ba3553faf02 None None] Notify callbacks ['neutron.plugins.ml2.plugin.SecurityGroupDbMixin._ensure_default_security_group_handler-3728095'] for port, before_update {{(pid=94300) _notify_loop /usr/local/lib/python3.8/dist-packages/neutron_lib/callbacks/manager.py:192}}
Sep 09 05:17:05.908381 dv-cinder-772623-14-iscsi neutron-server[94298]: INFO neutron.wsgi [req-676b9e10-e221-4c3a-8a49-013a70433e47 req-864e8e9b-831b-46ae-8e3f-443fb3ab1e21 tempest-AttachVolumeNegativeTest-1289195922 tempest-AttachVolumeNegativeTest-1289195922-project] 10.222.0.24 "GET /v2.0/ports?device_id=8e2c0125-9084-4058-906a-114695d331a7 HTTP/1.1" status: 200 len: 210 time: 0.6557698
Sep 09 05:17:05.955083 dv-cinder-772623-14-iscsi neutron-server[94298]: DEBUG neutron.api.rpc.handlers.resources_rpc [None req-4bafb600-8620-4693-9cda-a375c1262124 admin admin] Pushing event deleted for resources: {'SecurityGroup': ['ID=87b4bf94-6d83-4ff4-b362-bf498c6b98b6,revision_number=None']} {{(pid=94298) push /opt/stack/neutron/neutron/api/rpc/handlers/resources_rpc.py:237}}
Sep 09 05:17:05.983034 dv-cinder-772623-14-iscsi neutron-server[94298]: INFO neutron.wsgi [req-64c8a9f4-4e7e-4faa-aa2f-68b4262355d1 req-4a978f9a-d742-4328-9589-94ab4360a371 tempest-ServerRescueNegativeTestJSON-672255769 tempest-ServerRescueNegativeTestJSON-672255769-project] 10.222.0.24 "GET /v2.0/ports?tenant_id=bc42907dc3434e2ea444add09b95bb24&fields=id HTTP/1.1" status: 200 len: 255 time: 0.9860787
Sep 09 05:17:06.070556 dv-cinder-772623-14-iscsi neutron-server[94300]: DEBUG neutron_lib.callbacks.manager [None req-1bef0f03-1c9e-4e69-b912-4ba3553faf02 None None] Notify callbacks [] for port, precommit_update {{(pid=94300) _notify_loop /usr/local/lib/python3.8/dist-packages/neutron_lib/callbacks/manager.py:192}}
Sep 09 05:17:06.080331 dv-cinder-772623-14-iscsi neutron-server[94298]: DEBUG neutron_lib.callbacks.manager [req-b66834f8-0f82-40e1-a70c-3b5bb12aecc5 req-8472f7de-be8e-498d-ba57-aa7545da7a1a tempest-AttachVolumeNegativeTest-1289195922 tempest-AttachVolumeNegativeTest-1289195922-project] Notify callbacks [] for port, precommit_create {{(pid=94298) _notify_loop /usr/local/lib/python3.8/dist-packages/neutron_lib/callbacks/manager.py:192}}
Sep 09 05:17:06.084118 dv-cinder-772623-14-iscsi neutron-server[94300]: DEBUG neutron.db.provisioning_blocks [None req-1bef0f03-1c9e-4e69-b912-4ba3553faf02 None None] Transition to ACTIVE for port object 4bfcc528-1995-4c98-8c12-1d1305172650 will not be triggered until provisioned by entity L2. {{(pid=94300) add_provisioning_component /opt/stack/neutron/neutron/db/provisioning_blocks.py:73}}
Sep 09 05:17:06.095883 dv-cinder-772623-14-iscsi neutron-server[94300]: DEBUG neutron_lib.callbacks.manager [None req-1bef0f03-1c9e-4e69-b912-4ba3553faf02 None None] Notify callbacks ['neutron.plugins.ml2.plugin.SecurityGroupServerNotifierRpcMixin._notify_sg_on_port_change-3728016', 'neutron.plugins.ml2.ovo_rpc._ObjectChangeHandler.handle_event-459426', 'neutron.api.rpc.agentnotifiers.dhcp_rpc_agent_api.DhcpAgentNotifyAPI._native_event_send_dhcp_notification-528442', 'neutron.db.l3_db.L3RpcNotifierMixin._notify_gateway_port_ip_changed-8748632172566', 'neutron.db.l3_dvrscheduler_db._notify_l3_agent_port_update-8748631669715', 'neutron.db.l3_hascheduler_db._notify_l3_agent_ha_port_update-8748631669733'] for port, after_update {{(pid=94300) _notify_loop /usr/local/lib/python3.8/dist-packages/neutron_lib/callbacks/manager.py:192}}
Sep 09 05:17:06.194811 dv-cinder-772623-14-iscsi neutron-server[94297]: DEBUG neutron.wsgi [-] (94297) accepted ('10.222.0.24', 32986) {{(pid=94297) server /usr/local/lib/python3.8/dist-packages/eventlet/wsgi.py:982}}
Sep 09 05:17:06.209994 dv-cinder-772623-14-iscsi neutron-server[94297]: DEBUG neutron_lib.callbacks.manager [None req-b952d824-ec5a-4e7b-9ebf-99cb221598c1 admin admin] Notify callbacks [] for security_group, before_create {{(pid=94297) _notify_loop /usr/local/lib/python3.8/dist-packages/neutron_lib/callbacks/manager.py:192}}
Sep 09 05:17:06.261610 dv-cinder-772623-14-iscsi neutron-server[94298]: DEBUG neutron.api.rpc.agentnotifiers.l3_rpc_agent_api [None req-8dfe6c78-740a-4c83-9f55-44370d9f9239 admin admin] Notify agent at l3_agent.dv-cinder-772623-14-iscsi the message routers_updated {{(pid=94298) _agent_notification /opt/stack/neutron/neutron/api/rpc/agentnotifiers/l3_rpc_agent_api.py:65}}
Sep 09 05:17:06.273053 dv-cinder-772623-14-iscsi neutron-server[94299]: DEBUG neutron.api.rpc.handlers.l3_rpc [None req-70e4af04-b71f-4e48-9a1d-30b96024cd48 None None] Sync routers for ids ['db3c3531-a9b0-426b-a20c-f8789cd89936'] in dv-cinder-772623-14-iscsi {{(pid=94299) sync_routers /opt/stack/neutron/neutron/api/rpc/handlers/l3_rpc.py:125}}
Sep 09 05:17:06.289443 dv-cinder-772623-14-iscsi neutron-server[94299]: DEBUG neutron.db.l3_dvrscheduler_db [None req-70e4af04-b71f-4e48-9a1d-30b96024cd48 None None] Routers {'db3c3531-a9b0-426b-a20c-f8789cd89936'} bound to L3 agent in host dv-cinder-772623-14-iscsi {{(pid=94299) _get_router_ids_for_agent /opt/stack/neutron/neutron/db/l3_dvrscheduler_db.py:420}}
Sep 09 05:17:06.293287 dv-cinder-772623-14-iscsi neutron-server[94299]: DEBUG neutron.db.l3_hamode_db [None req-70e4af04-b71f-4e48-9a1d-30b96024cd48 None None] neutron.services.l3_router.l3_router_plugin.L3RouterPlugin method get_ha_sync_data_for_host called with arguments (, 'dv-cinder-772623-14-iscsi', Agent(admin_state_up=True,agent_type='L3 agent',availability_zone='nova',binary='neutron-l3-agent',configurations={"agent_mode": "legacy", "ex_gw_ports": 1, "extensions": [], "floating_ips": 0, "handle_internal_only_routers": true, "interface_driver": "openvswitch", "interfaces": 1, "log_agent_heartbeats": false, "routers": 1},created_at=2021-09-09T05:09:16Z,description=,heartbeat_timestamp=2021-09-09T05:16:46Z,host='dv-cinder-772623-14-iscsi',id=e912432c-85e4-4a31-b574-aae2dcf01ec7,load=0,resource_versions=,resources_synced=,started_at=2021-09-09T05:09:16Z,topic='l3_agent')) {'router_ids': ['db3c3531-a9b0-426b-a20c-f8789cd89936'], 'active': True} {{(pid=94299) wrapper /usr/local/lib/python3.8/dist-packages/oslo_log/helpers.py:65}}
Sep 09 05:17:06.315711 dv-cinder-772623-14-iscsi neutron-server[94298]: INFO neutron.wsgi [None req-8dfe6c78-740a-4c83-9f55-44370d9f9239 admin admin] 10.222.0.24 "PUT /v2.0/routers/db3c3531-a9b0-426b-a20c-f8789cd89936/add_router_interface HTTP/1.1" status: 200 len: 503 time: 9.7525713
Sep 09 05:17:06.395528 dv-cinder-772623-14-iscsi neutron-server[94298]: DEBUG neutron.pecan_wsgi.hooks.policy_enforcement [req-b8c812b3-6495-40c5-92ec-1f00ff0709b0 req-336527fd-38b6-4e59-8654-de89a3182c57 tempest-DeleteServersTestJSON-78305451 tempest-DeleteServersTestJSON-78305451-project] Attributes excluded by policy engine: ['standard_attr_id', 'binding:profile', 'binding:host_id', 'binding:vif_type', 'binding:vif_details'] {{(pid=94298) _exclude_attributes_by_policy /opt/stack/neutron/neutron/pecan_wsgi/hooks/policy_enforcement.py:255}}
Sep 09 05:17:06.415728 dv-cinder-772623-14-iscsi neutron-server[94298]: INFO neutron.wsgi [req-b8c812b3-6495-40c5-92ec-1f00ff0709b0 req-336527fd-38b6-4e59-8654-de89a3182c57 tempest-DeleteServersTestJSON-78305451 tempest-DeleteServersTestJSON-78305451-project] 10.222.0.24 "GET /v2.0/ports?device_id=7bb4d0fc-9007-45f5-834b-bc5f0ca7a336 HTTP/1.1" status: 200 len: 931 time: 0.3248692
Sep 09 05:17:06.417354 dv-cinder-772623-14-iscsi neutron-server[94300]: DEBUG neutron.plugins.ml2.managers [None req-1bef0f03-1c9e-4e69-b912-4ba3553faf02 None None] Attempting to bind port 4bfcc528-1995-4c98-8c12-1d1305172650 on host dv-cinder-772623-14-iscsi for vnic_type normal with profile {{(pid=94300) bind_port /opt/stack/neutron/neutron/plugins/ml2/managers.py:790}}
Sep 09 05:17:06.419585 dv-cinder-772623-14-iscsi neutron-server[94300]: DEBUG neutron.plugins.ml2.managers [None req-1bef0f03-1c9e-4e69-b912-4ba3553faf02 None None] Attempting to bind port 4bfcc528-1995-4c98-8c12-1d1305172650 by drivers openvswitch,hyperv on host dv-cinder-772623-14-iscsi at level 0 using segments [{'id': '5aa37a3f-66af-4ce9-afe5-b18ee79b928a', 'network_type': 'vlan', 'physical_network': 'physnet1', 'segmentation_id': 97, 'network_id': '00cd2a8c-0672-473b-a5e4-39b12300043e'}] {{(pid=94300) _bind_port_level /opt/stack/neutron/neutron/plugins/ml2/managers.py:815}}
Sep 09 05:17:06.420186 dv-cinder-772623-14-iscsi neutron-server[94300]: DEBUG neutron.plugins.ml2.drivers.mech_agent [None req-1bef0f03-1c9e-4e69-b912-4ba3553faf02 None None] Attempting to bind port 4bfcc528-1995-4c98-8c12-1d1305172650 on network 00cd2a8c-0672-473b-a5e4-39b12300043e {{(pid=94300) bind_port /opt/stack/neutron/neutron/plugins/ml2/drivers/mech_agent.py:85}}
Sep 09 05:17:06.432602 dv-cinder-772623-14-iscsi neutron-server[94300]: DEBUG neutron.api.rpc.handlers.resources_rpc [None req-3eedc5a7-a723-40ab-9469-4a403aada349 None None] Pushing event updated for resources: {'Port': ['ID=4bfcc528-1995-4c98-8c12-1d1305172650,revision_number=3']} {{(pid=94300) push /opt/stack/neutron/neutron/api/rpc/handlers/resources_rpc.py:237}}
Sep 09 05:17:06.435836 dv-cinder-772623-14-iscsi neutron-server[94298]: INFO neutron.wsgi [req-64c8a9f4-4e7e-4faa-aa2f-68b4262355d1 req-7433e91f-73fa-4bcc-898a-8bbc68265326 service neutron] 10.222.0.24 "GET /v2.0/networks/00cd2a8c-0672-473b-a5e4-39b12300043e?fields=segments HTTP/1.1" status: 200 len: 212 time: 0.4395206
Sep 09 05:17:06.472265 dv-cinder-772623-14-iscsi neutron-server[94300]: DEBUG neutron.plugins.ml2.drivers.mech_agent [None req-1bef0f03-1c9e-4e69-b912-4ba3553faf02 None None] Checking agent: {'id': 'b4d491fa-f395-4d31-93f5-2c51f286f631', 'agent_type': 'Open vSwitch agent', 'binary': 'neutron-openvswitch-agent', 'topic': 'N/A', 'host': 'dv-cinder-772623-14-iscsi', 'admin_state_up': True, 'created_at': datetime.datetime(2021, 9, 9, 5, 9, 17), 'started_at': datetime.datetime(2021, 9, 9, 5, 9, 47), 'heartbeat_timestamp': datetime.datetime(2021, 9, 9, 5, 16, 47), 'description': None, 'resources_synced': None, 'availability_zone': None, 'alive': True, 'configurations': {'arp_responder_enabled': False, 'baremetal_smartnic': False, 'bridge_mappings': {'physnet1': 'br-data'}, 'datapath_type': 'system', 'devices': 0, 'enable_distributed_routing': False, 'extensions': [], 'in_distributed_mode': False, 'integration_bridge': 'br-int', 'l2_population': False, 'log_agent_heartbeats': False, 'ovs_capabilities': {'datapath_types': ['netdev', 'system'], 'iface_types': ['erspan', 'geneve', 'gre', 'internal', 'ip6erspan', 'ip6gre', 'lisp', 'patch', 'stt', 'system', 'tap', 'vxlan']}, 'ovs_hybrid_plug': False, 'resource_provider_bandwidths': {}, 'resource_provider_hypervisors': {'br-data': 'dv-cinder-772623-14-iscsi'}, 'resource_provider_inventory_defaults': {'allocation_ratio': 1.0, 'min_unit': 1, 'step_size': 1, 'reserved': 0}, 'tunnel_types': [], 'tunneling_ip': None, 'vhostuser_socket_dir': '/var/run/openvswitch'}, 'resource_versions': {'AddressGroup': '1.2', 'ConntrackHelper': '1.0', 'Log': '1.0', 'Network': '1.1', 'Port': '1.7', 'PortForwarding': '1.2', 'QosPolicy': '1.9', 'SecurityGroup': '1.4', 'SecurityGroupRule': '1.2', 'SubPort': '1.0', 'Subnet': '1.1', 'Trunk': '1.1'}} {{(pid=94300) bind_port /opt/stack/neutron/neutron/plugins/ml2/drivers/mech_agent.py:104}}
Sep 09 05:17:06.472928 dv-cinder-772623-14-iscsi neutron-server[94300]: DEBUG neutron.plugins.ml2.drivers.mech_agent [None req-1bef0f03-1c9e-4e69-b912-4ba3553faf02 None None] Checking segment: {'id': '5aa37a3f-66af-4ce9-afe5-b18ee79b928a', 'network_type': 'vlan', 'physical_network': 'physnet1', 'segmentation_id': 97, 'network_id': '00cd2a8c-0672-473b-a5e4-39b12300043e'} for mappings: {'physnet1': 'br-data'} with network types: ['local', 'flat', 'vlan'] {{(pid=94300) check_segment_for_agent /opt/stack/neutron/neutron/plugins/ml2/drivers/mech_agent.py:352}}
Sep 09 05:17:06.474144 dv-cinder-772623-14-iscsi neutron-server[94300]: DEBUG neutron_lib.callbacks.manager [None req-1bef0f03-1c9e-4e69-b912-4ba3553faf02 None None] Notify callbacks [] for ovs_bridge_name, before_read {{(pid=94300) _notify_loop /usr/local/lib/python3.8/dist-packages/neutron_lib/callbacks/manager.py:192}}
Sep 09 05:17:06.476329 dv-cinder-772623-14-iscsi neutron-server[94300]: DEBUG neutron.plugins.ml2.drivers.mech_agent [None req-1bef0f03-1c9e-4e69-b912-4ba3553faf02 None None] Bound using segment: {'id': '5aa37a3f-66af-4ce9-afe5-b18ee79b928a', 'network_type': 'vlan', 'physical_network': 'physnet1', 'segmentation_id': 97, 'network_id': '00cd2a8c-0672-473b-a5e4-39b12300043e'} {{(pid=94300) bind_port /opt/stack/neutron/neutron/plugins/ml2/drivers/mech_agent.py:114}}
Sep 09 05:17:06.477005 dv-cinder-772623-14-iscsi neutron-server[94300]: DEBUG neutron.plugins.ml2.managers [None req-1bef0f03-1c9e-4e69-b912-4ba3553faf02 None None] Bound port: 4bfcc528-1995-4c98-8c12-1d1305172650, host: dv-cinder-772623-14-iscsi, vif_type: ovs, vif_details: {"connectivity": "l2", "port_filter": true, "ovs_hybrid_plug": false, "datapath_type": "system", "bridge_name": "br-int"}, binding_levels: [{'bound_driver': 'openvswitch', 'bound_segment': {'id': '5aa37a3f-66af-4ce9-afe5-b18ee79b928a', 'network_type': 'vlan', 'physical_network': 'physnet1', 'segmentation_id': 97, 'network_id': '00cd2a8c-0672-473b-a5e4-39b12300043e'}}] {{(pid=94300) _bind_port_level /opt/stack/neutron/neutron/plugins/ml2/managers.py:928}}
Sep 09 05:17:06.479747 dv-cinder-772623-14-iscsi neutron-server[94300]: DEBUG neutron_lib.callbacks.manager [None req-1bef0f03-1c9e-4e69-b912-4ba3553faf02 None None] Notify callbacks ['neutron.plugins.ml2.plugin.SecurityGroupDbMixin._ensure_default_security_group_handler-3728095'] for port, before_update {{(pid=94300) _notify_loop /usr/local/lib/python3.8/dist-packages/neutron_lib/callbacks/manager.py:192}}
Sep 09 05:17:06.513088 dv-cinder-772623-14-iscsi neutron-server[94297]: DEBUG neutron_lib.callbacks.manager [None req-b952d824-ec5a-4e7b-9ebf-99cb221598c1 admin admin] Notify callbacks [] for security_group, precommit_create {{(pid=94297) _notify_loop /usr/local/lib/python3.8/dist-packages/neutron_lib/callbacks/manager.py:192}}
Sep 09 05:17:06.523827 dv-cinder-772623-14-iscsi neutron-server[94297]: DEBUG neutron_lib.callbacks.manager [None req-b952d824-ec5a-4e7b-9ebf-99cb221598c1 admin admin] Notify callbacks ['neutron.plugins.ml2.ovo_rpc._ObjectChangeHandler.handle_event-532678'] for security_group, after_create {{(pid=94297) _notify_loop /usr/local/lib/python3.8/dist-packages/neutron_lib/callbacks/manager.py:192}}
Sep 09 05:17:06.544949 dv-cinder-772623-14-iscsi neutron-server[94298]: INFO neutron.wsgi [req-b8c812b3-6495-40c5-92ec-1f00ff0709b0 req-4e78a98c-a625-4fbc-af77-88a61d98a410 tempest-DeleteServersTestJSON-78305451 tempest-DeleteServersTestJSON-78305451-project] 10.222.0.24 "GET /v2.0/security-groups?id=0a0a63ef-aff5-4cdc-93e8-c90f653570e7&fields=id&fields=name HTTP/1.1" status: 200 len: 286 time: 0.1197126
Sep 09 05:17:06.597397 dv-cinder-772623-14-iscsi neutron-server[94298]: DEBUG neutron_lib.callbacks.manager [req-b66834f8-0f82-40e1-a70c-3b5bb12aecc5 req-8472f7de-be8e-498d-ba57-aa7545da7a1a tempest-AttachVolumeNegativeTest-1289195922 tempest-AttachVolumeNegativeTest-1289195922-project] Notify callbacks ['neutron.plugins.ml2.plugin.SecurityGroupServerNotifierRpcMixin._notify_sg_on_port_change-3728016', 'neutron.plugins.ml2.ovo_rpc._ObjectChangeHandler.handle_event-459426', 'neutron.api.rpc.agentnotifiers.dhcp_rpc_agent_api.DhcpAgentNotifyAPI._native_event_send_dhcp_notification-528442', 'neutron.db.l3_dvrscheduler_db._notify_l3_agent_new_port-8748631669697'] for port, after_create {{(pid=94298) _notify_loop /usr/local/lib/python3.8/dist-packages/neutron_lib/callbacks/manager.py:192}}
Sep 09 05:17:06.599631 dv-cinder-772623-14-iscsi neutron-server[94299]: DEBUG neutron.db.l3_dvr_db [None req-70e4af04-b71f-4e48-9a1d-30b96024cd48 None None] Set router db3c3531-a9b0-426b-a20c-f8789cd89936 gateway port host: dv-cinder-772623-14-iscsi {{(pid=94299) _build_routers_list /opt/stack/neutron/neutron/db/l3_dvr_db.py:906}}
Sep 09 05:17:06.634097 dv-cinder-772623-14-iscsi neutron-server[94300]: DEBUG neutron.plugins.ml2.db [None req-1bef0f03-1c9e-4e69-b912-4ba3553faf02 None None] For port 4bfcc528-1995-4c98-8c12-1d1305172650, host dv-cinder-772623-14-iscsi, cleared binding levels {{(pid=94300) clear_binding_levels /opt/stack/neutron/neutron/plugins/ml2/db.py:87}}
Sep 09 05:17:06.643939 dv-cinder-772623-14-iscsi neutron-server[94300]: DEBUG neutron.plugins.ml2.db [None req-1bef0f03-1c9e-4e69-b912-4ba3553faf02 None None] For port 4bfcc528-1995-4c98-8c12-1d1305172650, host dv-cinder-772623-14-iscsi, set binding levels [PortBindingLevel(driver='openvswitch',host='dv-cinder-772623-14-iscsi',level=0,port_id=4bfcc528-1995-4c98-8c12-1d1305172650,segment=NetworkSegment(5aa37a3f-66af-4ce9-afe5-b18ee79b928a),segment_id=5aa37a3f-66af-4ce9-afe5-b18ee79b928a)] {{(pid=94300) set_binding_levels /opt/stack/neutron/neutron/plugins/ml2/db.py:59}}
Sep 09 05:17:06.652954 dv-cinder-772623-14-iscsi neutron-server[94298]: DEBUG neutron.scheduler.dhcp_agent_scheduler [req-b66834f8-0f82-40e1-a70c-3b5bb12aecc5 req-8472f7de-be8e-498d-ba57-aa7545da7a1a tempest-AttachVolumeNegativeTest-1289195922 tempest-AttachVolumeNegativeTest-1289195922-project] Network cfd71842-6726-40b2-be3d-a4d60a862165 is already hosted by enough agents. {{(pid=94298) _get_dhcp_agents_hosting_network /opt/stack/neutron/neutron/scheduler/dhcp_agent_scheduler.py:275}}
Sep 09 05:17:06.654430 dv-cinder-772623-14-iscsi neutron-server[94300]: DEBUG neutron_lib.callbacks.manager [None req-1bef0f03-1c9e-4e69-b912-4ba3553faf02 None None] Notify callbacks ['neutron.plugins.ml2.plugin.SecurityGroupServerNotifierRpcMixin._notify_sg_on_port_change-3728016', 'neutron.plugins.ml2.ovo_rpc._ObjectChangeHandler.handle_event-459426', 'neutron.api.rpc.agentnotifiers.dhcp_rpc_agent_api.DhcpAgentNotifyAPI._native_event_send_dhcp_notification-528442', 'neutron.db.l3_db.L3RpcNotifierMixin._notify_gateway_port_ip_changed-8748632172566', 'neutron.db.l3_dvrscheduler_db._notify_l3_agent_port_update-8748631669715', 'neutron.db.l3_hascheduler_db._notify_l3_agent_ha_port_update-8748631669733'] for port, after_update {{(pid=94300) _notify_loop /usr/local/lib/python3.8/dist-packages/neutron_lib/callbacks/manager.py:192}}
Sep 09 05:17:06.661243 dv-cinder-772623-14-iscsi neutron-server[94298]: DEBUG neutron.scheduler.base_scheduler [req-b66834f8-0f82-40e1-a70c-3b5bb12aecc5 req-8472f7de-be8e-498d-ba57-aa7545da7a1a tempest-AttachVolumeNegativeTest-1289195922 tempest-AttachVolumeNegativeTest-1289195922-project] Resources bound (agent type, host, resource id): {{(pid=94298) schedule /opt/stack/neutron/neutron/scheduler/base_scheduler.py:57}}
Sep 09 05:17:06.670979 dv-cinder-772623-14-iscsi neutron-server[94298]: DEBUG neutron.db.l3_dvrscheduler_db [req-b66834f8-0f82-40e1-a70c-3b5bb12aecc5 req-8472f7de-be8e-498d-ba57-aa7545da7a1a tempest-AttachVolumeNegativeTest-1289195922 tempest-AttachVolumeNegativeTest-1289195922-project] Received port after_create {{(pid=94298) _notify_l3_agent_new_port /opt/stack/neutron/neutron/db/l3_dvrscheduler_db.py:535}}
Sep 09 05:17:06.676374 dv-cinder-772623-14-iscsi neutron-server[94298]: DEBUG neutron.pecan_wsgi.hooks.policy_enforcement [req-b66834f8-0f82-40e1-a70c-3b5bb12aecc5 req-8472f7de-be8e-498d-ba57-aa7545da7a1a tempest-AttachVolumeNegativeTest-1289195922 tempest-AttachVolumeNegativeTest-1289195922-project] Attributes excluded by policy engine: ['standard_attr_id', 'binding:profile', 'binding:host_id', 'binding:vif_type', 'binding:vif_details', 'network'] {{(pid=94298) _exclude_attributes_by_policy /opt/stack/neutron/neutron/pecan_wsgi/hooks/policy_enforcement.py:255}}
Sep 09 05:17:06.677106 dv-cinder-772623-14-iscsi neutron-server[94298]: DEBUG neutron_lib.callbacks.manager [req-b66834f8-0f82-40e1-a70c-3b5bb12aecc5 req-8472f7de-be8e-498d-ba57-aa7545da7a1a tempest-AttachVolumeNegativeTest-1289195922 tempest-AttachVolumeNegativeTest-1289195922-project] Notify callbacks ['neutron.notifiers.nova.Notifier._send_nova_notification-438482', 'neutron.api.rpc.agentnotifiers.dhcp_rpc_agent_api.DhcpAgentNotifyAPI._send_dhcp_notification-528424'] for port, before_response {{(pid=94298) _notify_loop /usr/local/lib/python3.8/dist-packages/neutron_lib/callbacks/manager.py:192}}
Sep 09 05:17:06.699718 dv-cinder-772623-14-iscsi neutron-server[94298]: INFO neutron.wsgi [req-64c8a9f4-4e7e-4faa-aa2f-68b4262355d1 req-e093704c-764d-4be6-b205-764ea50f08fe service neutron] 10.222.0.24 "GET /v2.0/networks/00cd2a8c-0672-473b-a5e4-39b12300043e?fields=provider%3Aphysical_network&fields=provider%3Anetwork_type HTTP/1.1" status: 200 len: 281 time: 0.2336960
Sep 09 05:17:06.705509 dv-cinder-772623-14-iscsi neutron-server[94298]: DEBUG neutron.api.rpc.handlers.resources_rpc [None req-8472f7de-be8e-498d-ba57-aa7545da7a1a tempest-AttachVolumeNegativeTest-1289195922 tempest-AttachVolumeNegativeTest-1289195922-project] Pushing event updated for resources: {'Port': ['ID=c5e39047-1d7f-4114-87dd-09560771c0ed,revision_number=1']} {{(pid=94298) push /opt/stack/neutron/neutron/api/rpc/handlers/resources_rpc.py:237}}
Sep 09 05:17:06.715445 dv-cinder-772623-14-iscsi neutron-server[94298]: INFO neutron.wsgi [req-b66834f8-0f82-40e1-a70c-3b5bb12aecc5 req-8472f7de-be8e-498d-ba57-aa7545da7a1a tempest-AttachVolumeNegativeTest-1289195922 tempest-AttachVolumeNegativeTest-1289195922-project] 10.222.0.23 "POST /v2.0/ports HTTP/1.1" status: 201 len: 933 time: 4.3880830
Sep 09 05:17:06.718509 dv-cinder-772623-14-iscsi neutron-server[94297]: INFO neutron.wsgi [None req-b952d824-ec5a-4e7b-9ebf-99cb221598c1 admin admin] 10.222.0.24 "GET /v2.0/security-groups?tenant_id=27a59e7b7089439daf283e546c19521c&name=default HTTP/1.1" status: 200 len: 2979 time: 0.5225856
Sep 09 05:17:06.721209 dv-cinder-772623-14-iscsi neutron-server[94298]: DEBUG neutron.wsgi [-] (94298) accepted ('10.222.0.24', 33000) {{(pid=94298) server /usr/local/lib/python3.8/dist-packages/eventlet/wsgi.py:982}}
Sep 09 05:17:06.722252 dv-cinder-772623-14-iscsi neutron-server[94297]: DEBUG neutron.api.rpc.handlers.resources_rpc [None req-b952d824-ec5a-4e7b-9ebf-99cb221598c1 admin admin] Pushing event updated for resources: {'SecurityGroup': ['ID=ecabc4e3-096a-4d86-93e0-7003d1d0bcf3,revision_number=1']} {{(pid=94297) push /opt/stack/neutron/neutron/api/rpc/handlers/resources_rpc.py:237}}
Sep 09 05:17:06.794105 dv-cinder-772623-14-iscsi neutron-server[94300]: DEBUG neutron.db.l3_dvrscheduler_db [None req-1bef0f03-1c9e-4e69-b912-4ba3553faf02 None None] Routers {'dcdfbbce-d4d7-429b-be8e-ee89aa6ae8be'} bound to L3 agent in host dv-cinder-772623-14-iscsi {{(pid=94300) _get_router_ids_for_agent /opt/stack/neutron/neutron/db/l3_dvrscheduler_db.py:420}}
Sep 09 05:17:06.794893 dv-cinder-772623-14-iscsi neutron-server[94300]: DEBUG neutron.db.l3_hamode_db [None req-1bef0f03-1c9e-4e69-b912-4ba3553faf02 None None] neutron.services.l3_router.l3_router_plugin.L3RouterPlugin method get_ha_sync_data_for_host called with arguments (, 'dv-cinder-772623-14-iscsi', Agent(admin_state_up=True,agent_type='L3 agent',availability_zone='nova',binary='neutron-l3-agent',configurations={"agent_mode": "legacy", "ex_gw_ports": 1, "extensions": [], "floating_ips": 0, "handle_internal_only_routers": true, "interface_driver": "openvswitch", "interfaces": 1, "log_agent_heartbeats": false, "routers": 1},created_at=2021-09-09T05:09:16Z,description=,heartbeat_timestamp=2021-09-09T05:16:46Z,host='dv-cinder-772623-14-iscsi',id=e912432c-85e4-4a31-b574-aae2dcf01ec7,load=0,resource_versions=,resources_synced=,started_at=2021-09-09T05:09:16Z,topic='l3_agent')) {'router_ids': ['dcdfbbce-d4d7-429b-be8e-ee89aa6ae8be'], 'active': True} {{(pid=94300) wrapper /usr/local/lib/python3.8/dist-packages/oslo_log/helpers.py:65}}
Sep 09 05:17:06.805346 dv-cinder-772623-14-iscsi neutron-server[94298]: DEBUG neutron_lib.callbacks.manager [None req-f4c11f03-a0f0-4994-82e4-967ddc58195f admin admin] Notify callbacks [] for security_group, before_delete {{(pid=94298) _notify_loop /usr/local/lib/python3.8/dist-packages/neutron_lib/callbacks/manager.py:192}}
Sep 09 05:17:06.830365 dv-cinder-772623-14-iscsi neutron-server[94298]: DEBUG neutron_lib.callbacks.manager [None req-f4c11f03-a0f0-4994-82e4-967ddc58195f admin admin] Notify callbacks [] for security_group, precommit_delete {{(pid=94298) _notify_loop /usr/local/lib/python3.8/dist-packages/neutron_lib/callbacks/manager.py:192}}
Sep 09 05:17:06.895818 dv-cinder-772623-14-iscsi neutron-server[94300]: DEBUG neutron.api.rpc.handlers.resources_rpc [None req-3eedc5a7-a723-40ab-9469-4a403aada349 None None] Pushing event updated for resources: {'Port': ['ID=4bfcc528-1995-4c98-8c12-1d1305172650,revision_number=4']} {{(pid=94300) push /opt/stack/neutron/neutron/api/rpc/handlers/resources_rpc.py:237}}
Sep 09 05:17:06.910215 dv-cinder-772623-14-iscsi neutron-server[94298]: DEBUG neutron_lib.callbacks.manager [None req-f4c11f03-a0f0-4994-82e4-967ddc58195f admin admin] Notify callbacks ['neutron.plugins.ml2.ovo_rpc._ObjectChangeHandler.handle_event-532678'] for security_group, after_delete {{(pid=94298) _notify_loop /usr/local/lib/python3.8/dist-packages/neutron_lib/callbacks/manager.py:192}}
Sep 09 05:17:06.914892 dv-cinder-772623-14-iscsi neutron-server[94298]: DEBUG neutron_lib.callbacks.manager [None req-f4c11f03-a0f0-4994-82e4-967ddc58195f admin admin] Notify callbacks [] for security_group, before_response {{(pid=94298) _notify_loop /usr/local/lib/python3.8/dist-packages/neutron_lib/callbacks/manager.py:192}}
Sep 09 05:17:06.927229 dv-cinder-772623-14-iscsi neutron-server[94298]: INFO neutron.wsgi [None req-f4c11f03-a0f0-4994-82e4-967ddc58195f admin admin] 10.222.0.24 "DELETE /v2.0/security-groups/ecabc4e3-096a-4d86-93e0-7003d1d0bcf3 HTTP/1.1" status: 204 len: 168 time: 0.2049553
Sep 09 05:17:06.951545 dv-cinder-772623-14-iscsi neutron-server[94298]: DEBUG neutron.api.rpc.handlers.resources_rpc [None req-f4c11f03-a0f0-4994-82e4-967ddc58195f admin admin] Pushing event deleted for resources: {'SecurityGroup': ['ID=ecabc4e3-096a-4d86-93e0-7003d1d0bcf3,revision_number=None']} {{(pid=94298) push /opt/stack/neutron/neutron/api/rpc/handlers/resources_rpc.py:237}}
