Jul 19 07:42:50.335487 dv-cinder-772623-11-smb neutron-server[99859]: INFO neutron.wsgi [req-911f921b-a783-4b79-b03c-f36f61354a98 req-10f0ca8f-03c3-433e-b325-23819705831e tempest-ServerRescueNegativeTestJSON-2009713068 tempest-ServerRescueNegativeTestJSON-2009713068-project] 10.222.0.35 "GET /v2.0/security-groups?id=258d672a-dcf8-4afc-85d3-061123126182&fields=id&fields=name HTTP/1.1" status: 200 len: 286 time: 0.1172485
Jul 19 07:42:50.468568 dv-cinder-772623-11-smb neutron-server[99858]: DEBUG neutron.pecan_wsgi.hooks.policy_enforcement [req-983b311a-dc49-4c6f-987f-55f396ce2cf6 req-0e799b09-81d1-45d9-bb17-1b9983a44497 tempest-AttachVolumeNegativeTest-361396134 tempest-AttachVolumeNegativeTest-361396134-project] Attributes excluded by policy engine: ['standard_attr_id', 'binding:profile', 'binding:host_id', 'binding:vif_type', 'binding:vif_details'] {{(pid=99858) _exclude_attributes_by_policy /opt/stack/neutron/neutron/pecan_wsgi/hooks/policy_enforcement.py:255}}
Jul 19 07:42:50.470340 dv-cinder-772623-11-smb neutron-server[99858]: INFO neutron.wsgi [req-983b311a-dc49-4c6f-987f-55f396ce2cf6 req-0e799b09-81d1-45d9-bb17-1b9983a44497 tempest-AttachVolumeNegativeTest-361396134 tempest-AttachVolumeNegativeTest-361396134-project] 10.222.0.35 "GET /v2.0/ports?device_id=6edc4902-63cd-4f58-8d29-7110d8b1afde HTTP/1.1" status: 200 len: 932 time: 0.0864427
Jul 19 07:42:50.552988 dv-cinder-772623-11-smb neutron-server[99858]: INFO neutron.wsgi [req-983b311a-dc49-4c6f-987f-55f396ce2cf6 req-580bf665-03a8-4118-8577-eb760ff761e8 tempest-AttachVolumeNegativeTest-361396134 tempest-AttachVolumeNegativeTest-361396134-project] 10.222.0.35 "GET /v2.0/security-groups?id=1d190464-6818-4b7f-b662-008ffe2361ba&fields=id&fields=name HTTP/1.1" status: 200 len: 286 time: 0.0742896
Jul 19 07:42:50.594241 dv-cinder-772623-11-smb neutron-server[99858]: DEBUG neutron.pecan_wsgi.hooks.policy_enforcement [req-944f56d3-8c6b-4fa6-8d9a-a793a36e00ee req-109526cf-744e-4dfd-a521-9b73609cd452 service neutron] Attributes excluded by policy engine: ['standard_attr_id'] {{(pid=99858) _exclude_attributes_by_policy /opt/stack/neutron/neutron/pecan_wsgi/hooks/policy_enforcement.py:255}}
Jul 19 07:42:50.595724 dv-cinder-772623-11-smb neutron-server[99858]: INFO neutron.wsgi [req-944f56d3-8c6b-4fa6-8d9a-a793a36e00ee req-109526cf-744e-4dfd-a521-9b73609cd452 service neutron] 10.222.0.15 "GET /v2.0/ports?device_id=93e675d6-6d1d-4333-9e32-47e9e374202f HTTP/1.1" status: 200 len: 1098 time: 0.1023324
Jul 19 07:42:50.652300 dv-cinder-772623-11-smb neutron-server[99858]: INFO neutron.wsgi [req-944f56d3-8c6b-4fa6-8d9a-a793a36e00ee req-5cccda66-8bcc-4812-b46e-71f4f23f294e service neutron] 10.222.0.15 "GET /v2.0/security-groups?id=8e77b2b8-bfa3-436c-92a1-30588290d47f&fields=id&fields=name HTTP/1.1" status: 200 len: 286 time: 0.0497348
Jul 19 07:42:50.679690 dv-cinder-772623-11-smb neutron-server[99859]: DEBUG neutron.notifiers.nova [req-bbc2814d-524b-4ff9-9b05-8eb3c2fa68d8 req-db5d7590-2668-45b0-8899-ca431002a728 service neutron] Ignoring state change previous_port_status: DOWN current_port_status: DOWN port_id e87b7261-5041-456b-a58a-ea128cfe105c {{(pid=99859) record_port_status_changed /opt/stack/neutron/neutron/notifiers/nova.py:224}}
Jul 19 07:42:50.687204 dv-cinder-772623-11-smb neutron-server[99859]: DEBUG neutron_lib.callbacks.manager [req-bbc2814d-524b-4ff9-9b05-8eb3c2fa68d8 req-db5d7590-2668-45b0-8899-ca431002a728 service neutron] Notify callbacks [] for port, precommit_update {{(pid=99859) _notify_loop /usr/local/lib/python3.8/dist-packages/neutron_lib/callbacks/manager.py:192}}
Jul 19 07:42:50.700163 dv-cinder-772623-11-smb neutron-server[99859]: DEBUG neutron.db.provisioning_blocks [req-bbc2814d-524b-4ff9-9b05-8eb3c2fa68d8 req-db5d7590-2668-45b0-8899-ca431002a728 service neutron] Transition to ACTIVE for port object e87b7261-5041-456b-a58a-ea128cfe105c will not be triggered until provisioned by entity L2. {{(pid=99859) add_provisioning_component /opt/stack/neutron/neutron/db/provisioning_blocks.py:73}}
Jul 19 07:42:50.705365 dv-cinder-772623-11-smb neutron-server[99859]: DEBUG neutron_lib.callbacks.manager [req-bbc2814d-524b-4ff9-9b05-8eb3c2fa68d8 req-db5d7590-2668-45b0-8899-ca431002a728 service neutron] Notify callbacks ['neutron.plugins.ml2.plugin.SecurityGroupServerNotifierRpcMixin._notify_sg_on_port_change-630306', 'neutron.plugins.ml2.ovo_rpc._ObjectChangeHandler.handle_event-249094', 'neutron.api.rpc.agentnotifiers.dhcp_rpc_agent_api.DhcpAgentNotifyAPI._native_event_send_dhcp_notification-3677438', 'neutron.db.l3_db.L3RpcNotifierMixin._notify_gateway_port_ip_changed-8777879436099', 'neutron.db.l3_dvrscheduler_db._notify_l3_agent_port_update-8777879035293', 'neutron.db.l3_hascheduler_db._notify_l3_agent_ha_port_update-8777879035311', 'neutron.services.segments.plugin.NovaSegmentNotifier._notify_port_updated-58862757'] for port, after_update {{(pid=99859) _notify_loop /usr/local/lib/python3.8/dist-packages/neutron_lib/callbacks/manager.py:192}}
Jul 19 07:42:50.754586 dv-cinder-772623-11-smb neutron-server[99859]: DEBUG neutron.api.rpc.handlers.resources_rpc [None req-db5d7590-2668-45b0-8899-ca431002a728 service neutron] Pushing event updated for resources: {'Port': ['ID=e87b7261-5041-456b-a58a-ea128cfe105c,revision_number=2']} {{(pid=99859) push /opt/stack/neutron/neutron/api/rpc/handlers/resources_rpc.py:237}}
Jul 19 07:42:50.836790 dv-cinder-772623-11-smb neutron-server[99859]: DEBUG neutron.plugins.ml2.managers [req-bbc2814d-524b-4ff9-9b05-8eb3c2fa68d8 req-db5d7590-2668-45b0-8899-ca431002a728 service neutron] Attempting to bind port e87b7261-5041-456b-a58a-ea128cfe105c on host hv-cinder-77262 for vnic_type normal with profile {{(pid=99859) bind_port /opt/stack/neutron/neutron/plugins/ml2/managers.py:790}}
Jul 19 07:42:50.837029 dv-cinder-772623-11-smb neutron-server[99859]: DEBUG neutron.plugins.ml2.managers [req-bbc2814d-524b-4ff9-9b05-8eb3c2fa68d8 req-db5d7590-2668-45b0-8899-ca431002a728 service neutron] Attempting to bind port e87b7261-5041-456b-a58a-ea128cfe105c by drivers openvswitch,hyperv on host hv-cinder-77262 at level 0 using segments [{'id': '33107ce1-e747-49fb-9fdf-569b3bd396b8', 'network_type': 'vlan', 'physical_network': 'physnet1', 'segmentation_id': 171, 'network_id': '86e01ecc-6e0d-4a76-9907-fd3cc9e18cc6'}] {{(pid=99859) _bind_port_level /opt/stack/neutron/neutron/plugins/ml2/managers.py:815}}
Jul 19 07:42:50.837363 dv-cinder-772623-11-smb neutron-server[99859]: DEBUG neutron.plugins.ml2.drivers.mech_agent [req-bbc2814d-524b-4ff9-9b05-8eb3c2fa68d8 req-db5d7590-2668-45b0-8899-ca431002a728 service neutron] Attempting to bind port e87b7261-5041-456b-a58a-ea128cfe105c on network 86e01ecc-6e0d-4a76-9907-fd3cc9e18cc6 {{(pid=99859) bind_port /opt/stack/neutron/neutron/plugins/ml2/drivers/mech_agent.py:86}}
Jul 19 07:42:50.842091 dv-cinder-772623-11-smb neutron-server[99859]: DEBUG neutron.plugins.ml2.drivers.mech_agent [req-bbc2814d-524b-4ff9-9b05-8eb3c2fa68d8 req-db5d7590-2668-45b0-8899-ca431002a728 service neutron] Port e87b7261-5041-456b-a58a-ea128cfe105c on network 86e01ecc-6e0d-4a76-9907-fd3cc9e18cc6 not bound, no agent of type Open vSwitch agent registered on host hv-cinder-77262 {{(pid=99859) bind_port /opt/stack/neutron/neutron/plugins/ml2/drivers/mech_agent.py:98}}
Jul 19 07:42:50.842427 dv-cinder-772623-11-smb neutron-server[99859]: DEBUG neutron.plugins.ml2.drivers.mech_agent [req-bbc2814d-524b-4ff9-9b05-8eb3c2fa68d8 req-db5d7590-2668-45b0-8899-ca431002a728 service neutron] Attempting to bind port e87b7261-5041-456b-a58a-ea128cfe105c on network 86e01ecc-6e0d-4a76-9907-fd3cc9e18cc6 {{(pid=99859) bind_port /opt/stack/neutron/neutron/plugins/ml2/drivers/mech_agent.py:86}}
Jul 19 07:42:50.847534 dv-cinder-772623-11-smb neutron-server[99859]: DEBUG neutron.plugins.ml2.drivers.mech_agent [req-bbc2814d-524b-4ff9-9b05-8eb3c2fa68d8 req-db5d7590-2668-45b0-8899-ca431002a728 service neutron] Checking agent: {'id': '997d886e-56f1-4984-9735-ad6c8007b8b5', 'agent_type': 'HyperV agent', 'binary': 'neutron-hyperv-agent', 'topic': 'N/A', 'host': 'hv-cinder-77262', 'admin_state_up': True, 'created_at': datetime.datetime(2021, 7, 19, 7, 40, 3), 'started_at': datetime.datetime(2021, 7, 19, 7, 40, 3), 'heartbeat_timestamp': datetime.datetime(2021, 7, 19, 7, 42, 33), 'description': None, 'resources_synced': None, 'availability_zone': None, 'alive': True, 'configurations': {'vswitch_mappings': {'physnet1$': 'br-data'}}, 'resource_versions': {}} {{(pid=99859) bind_port /opt/stack/neutron/neutron/plugins/ml2/drivers/mech_agent.py:105}}
Jul 19 07:42:50.847938 dv-cinder-772623-11-smb neutron-server[99859]: DEBUG neutron.plugins.ml2.drivers.mech_agent [req-bbc2814d-524b-4ff9-9b05-8eb3c2fa68d8 req-db5d7590-2668-45b0-8899-ca431002a728 service neutron] Checking segment: {'id': '33107ce1-e747-49fb-9fdf-569b3bd396b8', 'network_type': 'vlan', 'physical_network': 'physnet1', 'segmentation_id': 171, 'network_id': '86e01ecc-6e0d-4a76-9907-fd3cc9e18cc6'} for mappings: {'physnet1$': 'br-data'} with network types: ['local', 'flat', 'vlan'] {{(pid=99859) check_segment_for_agent /opt/stack/neutron/neutron/plugins/ml2/drivers/mech_agent.py:341}}
Jul 19 07:42:50.849041 dv-cinder-772623-11-smb neutron-server[99859]: DEBUG neutron.plugins.ml2.drivers.mech_agent [req-bbc2814d-524b-4ff9-9b05-8eb3c2fa68d8 req-db5d7590-2668-45b0-8899-ca431002a728 service neutron] Bound using segment: {'id': '33107ce1-e747-49fb-9fdf-569b3bd396b8', 'network_type': 'vlan', 'physical_network': 'physnet1', 'segmentation_id': 171, 'network_id': '86e01ecc-6e0d-4a76-9907-fd3cc9e18cc6'} {{(pid=99859) bind_port /opt/stack/neutron/neutron/plugins/ml2/drivers/mech_agent.py:115}}
Jul 19 07:42:50.849562 dv-cinder-772623-11-smb neutron-server[99859]: DEBUG neutron.plugins.ml2.managers [req-bbc2814d-524b-4ff9-9b05-8eb3c2fa68d8 req-db5d7590-2668-45b0-8899-ca431002a728 service neutron] Bound port: e87b7261-5041-456b-a58a-ea128cfe105c, host: hv-cinder-77262, vif_type: hyperv, vif_details: {"connectivity": "legacy", "port_filter": false}, binding_levels: [{'bound_driver': 'hyperv', 'bound_segment': {'id': '33107ce1-e747-49fb-9fdf-569b3bd396b8', 'network_type': 'vlan', 'physical_network': 'physnet1', 'segmentation_id': 171, 'network_id': '86e01ecc-6e0d-4a76-9907-fd3cc9e18cc6'}}] {{(pid=99859) _bind_port_level /opt/stack/neutron/neutron/plugins/ml2/managers.py:928}}
Jul 19 07:42:50.849966 dv-cinder-772623-11-smb neutron-server[99859]: DEBUG neutron_lib.callbacks.manager [req-bbc2814d-524b-4ff9-9b05-8eb3c2fa68d8 req-db5d7590-2668-45b0-8899-ca431002a728 service neutron] Notify callbacks ['neutron.plugins.ml2.plugin.SecurityGroupDbMixin._ensure_default_security_group_handler-629893'] for port, before_update {{(pid=99859) _notify_loop /usr/local/lib/python3.8/dist-packages/neutron_lib/callbacks/manager.py:192}}
Jul 19 07:42:50.946491 dv-cinder-772623-11-smb neutron-server[99859]: DEBUG neutron.plugins.ml2.db [req-bbc2814d-524b-4ff9-9b05-8eb3c2fa68d8 req-db5d7590-2668-45b0-8899-ca431002a728 service neutron] For port e87b7261-5041-456b-a58a-ea128cfe105c, host hv-cinder-77262, cleared binding levels {{(pid=99859) clear_binding_levels /opt/stack/neutron/neutron/plugins/ml2/db.py:87}}
Jul 19 07:42:50.948950 dv-cinder-772623-11-smb neutron-server[99859]: DEBUG neutron.plugins.ml2.db [req-bbc2814d-524b-4ff9-9b05-8eb3c2fa68d8 req-db5d7590-2668-45b0-8899-ca431002a728 service neutron] For port e87b7261-5041-456b-a58a-ea128cfe105c, host hv-cinder-77262, set binding levels [PortBindingLevel(driver='hyperv',host='hv-cinder-77262',level=0,port_id=e87b7261-5041-456b-a58a-ea128cfe105c,segment=NetworkSegment(33107ce1-e747-49fb-9fdf-569b3bd396b8),segment_id=33107ce1-e747-49fb-9fdf-569b3bd396b8)] {{(pid=99859) set_binding_levels /opt/stack/neutron/neutron/plugins/ml2/db.py:59}}
Jul 19 07:42:50.954452 dv-cinder-772623-11-smb neutron-server[99859]: DEBUG neutron_lib.callbacks.manager [req-bbc2814d-524b-4ff9-9b05-8eb3c2fa68d8 req-db5d7590-2668-45b0-8899-ca431002a728 service neutron] Notify callbacks ['neutron.plugins.ml2.plugin.SecurityGroupServerNotifierRpcMixin._notify_sg_on_port_change-630306', 'neutron.plugins.ml2.ovo_rpc._ObjectChangeHandler.handle_event-249094', 'neutron.api.rpc.agentnotifiers.dhcp_rpc_agent_api.DhcpAgentNotifyAPI._native_event_send_dhcp_notification-3677438', 'neutron.db.l3_db.L3RpcNotifierMixin._notify_gateway_port_ip_changed-8777879436099', 'neutron.db.l3_dvrscheduler_db._notify_l3_agent_port_update-8777879035293', 'neutron.db.l3_hascheduler_db._notify_l3_agent_ha_port_update-8777879035311', 'neutron.services.segments.plugin.NovaSegmentNotifier._notify_port_updated-58862757'] for port, after_update {{(pid=99859) _notify_loop /usr/local/lib/python3.8/dist-packages/neutron_lib/callbacks/manager.py:192}}
Jul 19 07:42:51.031646 dv-cinder-772623-11-smb neutron-server[99859]: DEBUG neutron.pecan_wsgi.hooks.policy_enforcement [req-bbc2814d-524b-4ff9-9b05-8eb3c2fa68d8 req-db5d7590-2668-45b0-8899-ca431002a728 service neutron] Attributes excluded by policy engine: ['standard_attr_id'] {{(pid=99859) _exclude_attributes_by_policy /opt/stack/neutron/neutron/pecan_wsgi/hooks/policy_enforcement.py:255}}
Jul 19 07:42:51.032270 dv-cinder-772623-11-smb neutron-server[99859]: DEBUG neutron_lib.callbacks.manager [req-bbc2814d-524b-4ff9-9b05-8eb3c2fa68d8 req-db5d7590-2668-45b0-8899-ca431002a728 service neutron] Notify callbacks ['neutron.notifiers.nova.Notifier._send_nova_notification-88842'] for port, before_response {{(pid=99859) _notify_loop /usr/local/lib/python3.8/dist-packages/neutron_lib/callbacks/manager.py:192}}
Jul 19 07:42:51.033930 dv-cinder-772623-11-smb neutron-server[99859]: INFO neutron.wsgi [req-bbc2814d-524b-4ff9-9b05-8eb3c2fa68d8 req-db5d7590-2668-45b0-8899-ca431002a728 service neutron] 10.222.0.15 "PUT /v2.0/ports/e87b7261-5041-456b-a58a-ea128cfe105c HTTP/1.1" status: 200 len: 1094 time: 1.0551949
Jul 19 07:42:51.034397 dv-cinder-772623-11-smb neutron-server[99859]: DEBUG neutron.notifiers.nova [-] Sending events: [{'name': 'network-changed', 'server_uuid': '6edc4902-63cd-4f58-8d29-7110d8b1afde', 'tag': 'e87b7261-5041-456b-a58a-ea128cfe105c'}] {{(pid=99859) send_events /opt/stack/neutron/neutron/notifiers/nova.py:262}}
Jul 19 07:42:51.037382 dv-cinder-772623-11-smb neutron-server[99859]: DEBUG novaclient.v2.client [-] REQ: curl -g -i --cacert "/opt/stack/data/ca-bundle.pem" -X POST http://10.222.0.35/compute/v2.1/os-server-external-events -H "Accept: application/json" -H "Content-Type: application/json" -H "User-Agent: python-novaclient" -H "X-Auth-Token: {SHA256}8f55d1fdf61ad25f9305d4423936868195ce4a249add13e0aa9223793ac91d95" -H "X-OpenStack-Nova-API-Version: 2.1" -H "X-OpenStack-Request-ID: req-e5067315-9029-4dbc-9158-6d268a00a24e" -d '{"events": [{"name": "network-changed", "server_uuid": "6edc4902-63cd-4f58-8d29-7110d8b1afde", "tag": "e87b7261-5041-456b-a58a-ea128cfe105c"}]}' {{(pid=99859) _http_log_request /usr/local/lib/python3.8/dist-packages/keystoneauth1/session.py:519}}
Jul 19 07:42:51.075119 dv-cinder-772623-11-smb neutron-server[99859]: DEBUG neutron.api.rpc.handlers.resources_rpc [None req-db5d7590-2668-45b0-8899-ca431002a728 service neutron] Pushing event updated for resources: {'Port': ['ID=e87b7261-5041-456b-a58a-ea128cfe105c,revision_number=3']} {{(pid=99859) push /opt/stack/neutron/neutron/api/rpc/handlers/resources_rpc.py:237}}
Jul 19 07:42:51.174620 dv-cinder-772623-11-smb neutron-server[99859]: DEBUG novaclient.v2.client [-] RESP: [200] Connection: close Content-Length: 179 Content-Type: application/json Date: Mon, 19 Jul 2021 07:42:51 GMT OpenStack-API-Version: compute 2.1 Server: Apache/2.4.41 (Ubuntu) Vary: OpenStack-API-Version,X-OpenStack-Nova-API-Version X-OpenStack-Nova-API-Version: 2.1 x-compute-request-id: req-b9190d15-be64-4faa-bcee-32db76183bf2 x-openstack-request-id: req-b9190d15-be64-4faa-bcee-32db76183bf2 {{(pid=99859) _http_log_response /usr/local/lib/python3.8/dist-packages/keystoneauth1/session.py:550}}
Jul 19 07:42:51.174934 dv-cinder-772623-11-smb neutron-server[99859]: DEBUG novaclient.v2.client [-] RESP BODY: {"events": [{"name": "network-changed", "server_uuid": "6edc4902-63cd-4f58-8d29-7110d8b1afde", "tag": "e87b7261-5041-456b-a58a-ea128cfe105c", "status": "completed", "code": 200}]} {{(pid=99859) _http_log_response /usr/local/lib/python3.8/dist-packages/keystoneauth1/session.py:582}}
Jul 19 07:42:51.175192 dv-cinder-772623-11-smb neutron-server[99859]: DEBUG novaclient.v2.client [-] POST call to compute for http://10.222.0.35/compute/v2.1/os-server-external-events used request id req-b9190d15-be64-4faa-bcee-32db76183bf2 {{(pid=99859) request /usr/local/lib/python3.8/dist-packages/keystoneauth1/session.py:954}}
Jul 19 07:42:51.176324 dv-cinder-772623-11-smb neutron-server[99859]: INFO neutron.notifiers.nova [-] Nova event response: {'name': 'network-changed', 'server_uuid': '6edc4902-63cd-4f58-8d29-7110d8b1afde', 'tag': 'e87b7261-5041-456b-a58a-ea128cfe105c', 'status': 'completed', 'code': 200}
Jul 19 07:42:51.190992 dv-cinder-772623-11-smb neutron-server[99859]: DEBUG neutron.pecan_wsgi.hooks.policy_enforcement [req-b77fb1ed-bde6-4e39-9e9c-9796ec58690f req-c065896f-8ebb-4736-aec7-c9d3a29be13b tempest-VolumesActionsTest-318411552 tempest-VolumesActionsTest-318411552-project] Attributes excluded by policy engine: ['standard_attr_id', 'binding:profile', 'binding:host_id', 'binding:vif_type', 'binding:vif_details'] {{(pid=99859) _exclude_attributes_by_policy /opt/stack/neutron/neutron/pecan_wsgi/hooks/policy_enforcement.py:255}}
Jul 19 07:42:51.193563 dv-cinder-772623-11-smb neutron-server[99859]: INFO neutron.wsgi [req-b77fb1ed-bde6-4e39-9e9c-9796ec58690f req-c065896f-8ebb-4736-aec7-c9d3a29be13b tempest-VolumesActionsTest-318411552 tempest-VolumesActionsTest-318411552-project] 10.222.0.35 "GET /v2.0/ports?device_id=93e675d6-6d1d-4333-9e32-47e9e374202f HTTP/1.1" status: 200 len: 945 time: 0.2056987
Jul 19 07:42:51.241810 dv-cinder-772623-11-smb neutron-server[99859]: DEBUG neutron.pecan_wsgi.hooks.policy_enforcement [req-bbc2814d-524b-4ff9-9b05-8eb3c2fa68d8 req-f8339c07-08f4-47c5-b553-9f4e710b0c0a service neutron] Attributes excluded by policy engine: ['standard_attr_id'] {{(pid=99859) _exclude_attributes_by_policy /opt/stack/neutron/neutron/pecan_wsgi/hooks/policy_enforcement.py:255}}
Jul 19 07:42:51.243449 dv-cinder-772623-11-smb neutron-server[99859]: INFO neutron.wsgi [req-bbc2814d-524b-4ff9-9b05-8eb3c2fa68d8 req-f8339c07-08f4-47c5-b553-9f4e710b0c0a service neutron] 10.222.0.15 "GET /v2.0/ports?tenant_id=46d26907218e41348ab372804b4b5fdc&device_id=6edc4902-63cd-4f58-8d29-7110d8b1afde HTTP/1.1" status: 200 len: 1097 time: 0.1502783
Jul 19 07:42:51.262513 dv-cinder-772623-11-smb neutron-server[99858]: INFO neutron.wsgi [req-c7f337e7-0a03-4a0c-9b22-adfe5d686f25 req-b14c7026-9912-47ea-8e52-ba1888ca4486 tempest-AttachVolumeTestJSON-2071775441 tempest-AttachVolumeTestJSON-2071775441-project] 10.222.0.35 "GET /v2.0/ports?device_id=5c1e20d3-a71e-4ae0-878c-96123f3fd4cc HTTP/1.1" status: 200 len: 210 time: 0.0692520
Jul 19 07:42:51.289197 dv-cinder-772623-11-smb neutron-server[99859]: INFO neutron.wsgi [req-b77fb1ed-bde6-4e39-9e9c-9796ec58690f req-58991c52-ed8b-48b9-9333-3f4974f009b4 tempest-VolumesActionsTest-318411552 tempest-VolumesActionsTest-318411552-project] 10.222.0.35 "GET /v2.0/security-groups?id=8e77b2b8-bfa3-436c-92a1-30588290d47f&fields=id&fields=name HTTP/1.1" status: 200 len: 286 time: 0.0823965
Jul 19 07:42:51.326978 dv-cinder-772623-11-smb neutron-server[99859]: INFO neutron.wsgi [req-bbc2814d-524b-4ff9-9b05-8eb3c2fa68d8 req-f0155dd6-8867-4d7e-9dc2-d9e4c084d0b9 service neutron] 10.222.0.15 "GET /v2.0/floatingips?fixed_ip_address=172.20.0.13&port_id=e87b7261-5041-456b-a58a-ea128cfe105c HTTP/1.1" status: 200 len: 217 time: 0.0563653
Jul 19 07:42:51.415886 dv-cinder-772623-11-smb neutron-server[99859]: DEBUG neutron.pecan_wsgi.hooks.policy_enforcement [req-bbc2814d-524b-4ff9-9b05-8eb3c2fa68d8 req-65fba1f7-fd26-476e-8938-b5dd4ba7ce3d service neutron] Attributes excluded by policy engine: ['standard_attr_id', 'shared', 'segment_id'] {{(pid=99859) _exclude_attributes_by_policy /opt/stack/neutron/neutron/pecan_wsgi/hooks/policy_enforcement.py:255}}
Jul 19 07:42:51.417401 dv-cinder-772623-11-smb neutron-server[99859]: INFO neutron.wsgi [req-bbc2814d-524b-4ff9-9b05-8eb3c2fa68d8 req-65fba1f7-fd26-476e-8938-b5dd4ba7ce3d service neutron] 10.222.0.15 "GET /v2.0/subnets?id=5544f1e9-6332-4a22-960d-2aeb756e95eb HTTP/1.1" status: 200 len: 854 time: 0.0815022
Jul 19 07:42:51.480274 dv-cinder-772623-11-smb neutron-server[99859]: INFO neutron.wsgi [req-bbc2814d-524b-4ff9-9b05-8eb3c2fa68d8 req-d8bdaff2-3db2-40a2-91e3-a087874bc8e1 service neutron] 10.222.0.15 "GET /v2.0/ports?network_id=86e01ecc-6e0d-4a76-9907-fd3cc9e18cc6&device_owner=network%3Adhcp HTTP/1.1" status: 200 len: 210 time: 0.0519979
Jul 19 07:42:51.524487 dv-cinder-772623-11-smb neutron-server[99858]: DEBUG neutron.pecan_wsgi.hooks.policy_enforcement [req-f0608cbc-ea28-4521-86ca-5b0a4f4a8115 req-fbdfa254-e8bf-4953-9d30-d8f8c2436133 tempest-AttachVolumeTestJSON-2071775441 tempest-AttachVolumeTestJSON-2071775441-project] Attributes excluded by policy engine: ['standard_attr_id', 'vlan_transparent', 'provider:network_type', 'provider:physical_network', 'provider:segmentation_id'] {{(pid=99858) _exclude_attributes_by_policy /opt/stack/neutron/neutron/pecan_wsgi/hooks/policy_enforcement.py:255}}
Jul 19 07:42:51.527447 dv-cinder-772623-11-smb neutron-server[99858]: INFO neutron.wsgi [req-f0608cbc-ea28-4521-86ca-5b0a4f4a8115 req-fbdfa254-e8bf-4953-9d30-d8f8c2436133 tempest-AttachVolumeTestJSON-2071775441 tempest-AttachVolumeTestJSON-2071775441-project] 10.222.0.15 "GET /v2.0/networks?id=00e40f66-7ea4-41c2-a3a4-2f39c2cc19ed HTTP/1.1" status: 200 len: 811 time: 0.1763906
Jul 19 07:42:51.590503 dv-cinder-772623-11-smb neutron-server[99858]: DEBUG neutron.pecan_wsgi.hooks.policy_enforcement [req-65f28995-0366-447d-95b3-a1ad405b40ee req-48b6f7c4-fed5-42f2-a534-0e757effaaa4 tempest-ServerRescueNegativeTestJSON-2009713068 tempest-ServerRescueNegativeTestJSON-2009713068-project] Attributes excluded by policy engine: ['standard_attr_id', 'binding:profile', 'binding:host_id', 'binding:vif_type', 'binding:vif_details'] {{(pid=99858) _exclude_attributes_by_policy /opt/stack/neutron/neutron/pecan_wsgi/hooks/policy_enforcement.py:255}}
Jul 19 07:42:51.597706 dv-cinder-772623-11-smb neutron-server[99858]: INFO neutron.wsgi [req-65f28995-0366-447d-95b3-a1ad405b40ee req-48b6f7c4-fed5-42f2-a534-0e757effaaa4 tempest-ServerRescueNegativeTestJSON-2009713068 tempest-ServerRescueNegativeTestJSON-2009713068-project] 10.222.0.35 "GET /v2.0/ports?device_id=56bd2271-f508-4bc6-9c14-e1eb96211648 HTTP/1.1" status: 200 len: 945 time: 0.1399107
Jul 19 07:42:51.613528 dv-cinder-772623-11-smb neutron-server[99858]: INFO neutron.wsgi [req-f0608cbc-ea28-4521-86ca-5b0a4f4a8115 req-df58b760-eac6-4221-baa3-97d42a5b59a4 tempest-AttachVolumeTestJSON-2071775441 tempest-AttachVolumeTestJSON-2071775441-project] 10.222.0.15 "GET /v2.0/security-groups?fields=id&fields=name&tenant_id=633e574e02014fc29b8fe1e7f31efa87 HTTP/1.1" status: 200 len: 380 time: 0.0691867
Jul 19 07:42:51.637094 dv-cinder-772623-11-smb neutron-server[99858]: DEBUG neutron.api.v2.base [req-f0608cbc-ea28-4521-86ca-5b0a4f4a8115 req-024de3b5-39e1-4292-b533-cd83a3ae152a tempest-AttachVolumeTestJSON-2071775441 tempest-AttachVolumeTestJSON-2071775441-project] Request body: {'port': {'device_id': '5c1e20d3-a71e-4ae0-878c-96123f3fd4cc', 'network_id': '00e40f66-7ea4-41c2-a3a4-2f39c2cc19ed', 'admin_state_up': True, 'tenant_id': '633e574e02014fc29b8fe1e7f31efa87', 'security_groups': ['70092ad3-743b-45e5-a390-24c8154fa74d']}} {{(pid=99858) prepare_request_body /opt/stack/neutron/neutron/api/v2/base.py:729}}
Jul 19 07:42:51.695492 dv-cinder-772623-11-smb neutron-server[99858]: INFO neutron.wsgi [req-65f28995-0366-447d-95b3-a1ad405b40ee req-64be9d1e-8483-4920-beba-c9bd72c48f76 tempest-ServerRescueNegativeTestJSON-2009713068 tempest-ServerRescueNegativeTestJSON-2009713068-project] 10.222.0.35 "GET /v2.0/security-groups?id=258d672a-dcf8-4afc-85d3-061123126182&fields=id&fields=name HTTP/1.1" status: 200 len: 286 time: 0.0966461
Jul 19 07:42:51.819148 dv-cinder-772623-11-smb neutron-server[99858]: DEBUG neutron.pecan_wsgi.hooks.quota_enforcement [req-f0608cbc-ea28-4521-86ca-5b0a4f4a8115 req-024de3b5-39e1-4292-b533-cd83a3ae152a tempest-AttachVolumeTestJSON-2071775441 tempest-AttachVolumeTestJSON-2071775441-project] Made reservation on behalf of 633e574e02014fc29b8fe1e7f31efa87 for: {'port': 1} {{(pid=99858) before /opt/stack/neutron/neutron/pecan_wsgi/hooks/quota_enforcement.py:53}}
Jul 19 07:42:51.822838 dv-cinder-772623-11-smb neutron-server[99858]: DEBUG neutron_lib.callbacks.manager [req-f0608cbc-ea28-4521-86ca-5b0a4f4a8115 req-024de3b5-39e1-4292-b533-cd83a3ae152a tempest-AttachVolumeTestJSON-2071775441 tempest-AttachVolumeTestJSON-2071775441-project] Notify callbacks ['neutron.plugins.ml2.plugin.SecurityGroupDbMixin._ensure_default_security_group_handler-629893'] for port, before_create {{(pid=99858) _notify_loop /usr/local/lib/python3.8/dist-packages/neutron_lib/callbacks/manager.py:192}}
Jul 19 07:42:51.988588 dv-cinder-772623-11-smb neutron-server[99859]: INFO neutron.wsgi [req-bbc2814d-524b-4ff9-9b05-8eb3c2fa68d8 req-ca27ee20-63ca-497e-b6a8-306ff63b9c12 service neutron] 10.222.0.15 "GET /v2.0/networks/86e01ecc-6e0d-4a76-9907-fd3cc9e18cc6?fields=segments HTTP/1.1" status: 200 len: 212 time: 0.4946442
Jul 19 07:42:52.014717 dv-cinder-772623-11-smb neutron-server[99859]: DEBUG neutron.pecan_wsgi.hooks.policy_enforcement [req-7f81331f-d625-4786-89b4-c8283e7d98b7 req-a690733d-a8dc-48c3-841a-77d889053c72 tempest-AttachVolumeNegativeTest-361396134 tempest-AttachVolumeNegativeTest-361396134-project] Attributes excluded by policy engine: ['standard_attr_id', 'binding:profile', 'binding:host_id', 'binding:vif_type', 'binding:vif_details'] {{(pid=99859) _exclude_attributes_by_policy /opt/stack/neutron/neutron/pecan_wsgi/hooks/policy_enforcement.py:255}}
Jul 19 07:42:52.016248 dv-cinder-772623-11-smb neutron-server[99859]: INFO neutron.wsgi [req-7f81331f-d625-4786-89b4-c8283e7d98b7 req-a690733d-a8dc-48c3-841a-77d889053c72 tempest-AttachVolumeNegativeTest-361396134 tempest-AttachVolumeNegativeTest-361396134-project] 10.222.0.35 "GET /v2.0/ports?device_id=6edc4902-63cd-4f58-8d29-7110d8b1afde HTTP/1.1" status: 200 len: 944 time: 0.1160686
Jul 19 07:42:52.022307 dv-cinder-772623-11-smb neutron-server[99858]: DEBUG neutron.db.db_base_plugin_common [req-f0608cbc-ea28-4521-86ca-5b0a4f4a8115 req-024de3b5-39e1-4292-b533-cd83a3ae152a tempest-AttachVolumeTestJSON-2071775441 tempest-AttachVolumeTestJSON-2071775441-project] Allocated IP 172.20.0.12 (00e40f66-7ea4-41c2-a3a4-2f39c2cc19ed/8591a770-f418-4465-bf5d-b4cd7810fddf/dd38cd72-4283-46f0-a174-88d6331eaf13) {{(pid=99858) _store_ip_allocation /opt/stack/neutron/neutron/db/db_base_plugin_common.py:131}}
Jul 19 07:42:52.116406 dv-cinder-772623-11-smb neutron-server[99859]: INFO neutron.wsgi [req-7f81331f-d625-4786-89b4-c8283e7d98b7 req-ba2558db-76e8-4a55-a6e5-94d44c33f18b tempest-AttachVolumeNegativeTest-361396134 tempest-AttachVolumeNegativeTest-361396134-project] 10.222.0.35 "GET /v2.0/security-groups?id=1d190464-6818-4b7f-b662-008ffe2361ba&fields=id&fields=name HTTP/1.1" status: 200 len: 286 time: 0.0835752
Jul 19 07:42:52.151891 dv-cinder-772623-11-smb neutron-server[99859]: INFO neutron.wsgi [req-bbc2814d-524b-4ff9-9b05-8eb3c2fa68d8 req-c834e1ef-31a3-44cb-83af-9e5b9eba5f89 service neutron] 10.222.0.15 "GET /v2.0/networks/86e01ecc-6e0d-4a76-9907-fd3cc9e18cc6?fields=provider%3Aphysical_network&fields=provider%3Anetwork_type HTTP/1.1" status: 200 len: 281 time: 0.1293068
Jul 19 07:42:52.185821 dv-cinder-772623-11-smb neutron-server[99858]: DEBUG neutron_lib.callbacks.manager [req-f0608cbc-ea28-4521-86ca-5b0a4f4a8115 req-024de3b5-39e1-4292-b533-cd83a3ae152a tempest-AttachVolumeTestJSON-2071775441 tempest-AttachVolumeTestJSON-2071775441-project] Notify callbacks [] for port, precommit_create {{(pid=99858) _notify_loop /usr/local/lib/python3.8/dist-packages/neutron_lib/callbacks/manager.py:192}}
Jul 19 07:42:52.198654 dv-cinder-772623-11-smb neutron-server[99858]: DEBUG neutron.db.provisioning_blocks [req-f0608cbc-ea28-4521-86ca-5b0a4f4a8115 req-024de3b5-39e1-4292-b533-cd83a3ae152a tempest-AttachVolumeTestJSON-2071775441 tempest-AttachVolumeTestJSON-2071775441-project] Transition to ACTIVE for port object dd38cd72-4283-46f0-a174-88d6331eaf13 will not be triggered until provisioned by entity DHCP. {{(pid=99858) add_provisioning_component /opt/stack/neutron/neutron/db/provisioning_blocks.py:73}}
Jul 19 07:42:52.232174 dv-cinder-772623-11-smb neutron-server[99858]: DEBUG neutron_lib.callbacks.manager [req-f0608cbc-ea28-4521-86ca-5b0a4f4a8115 req-024de3b5-39e1-4292-b533-cd83a3ae152a tempest-AttachVolumeTestJSON-2071775441 tempest-AttachVolumeTestJSON-2071775441-project] Notify callbacks ['neutron.plugins.ml2.plugin.SecurityGroupServerNotifierRpcMixin._notify_sg_on_port_change-630306', 'neutron.plugins.ml2.ovo_rpc._ObjectChangeHandler.handle_event-249094', 'neutron.api.rpc.agentnotifiers.dhcp_rpc_agent_api.DhcpAgentNotifyAPI._native_event_send_dhcp_notification-3677438', 'neutron.db.l3_dvrscheduler_db._notify_l3_agent_new_port-8777879035275'] for port, after_create {{(pid=99858) _notify_loop /usr/local/lib/python3.8/dist-packages/neutron_lib/callbacks/manager.py:192}}
Jul 19 07:42:52.269735 dv-cinder-772623-11-smb neutron-server[99859]: DEBUG neutron.pecan_wsgi.hooks.policy_enforcement [req-e5067315-9029-4dbc-9158-6d268a00a24e req-7c5887cf-e6b2-496c-99de-7f9d969d82a6 service neutron] Attributes excluded by policy engine: ['standard_attr_id'] {{(pid=99859) _exclude_attributes_by_policy /opt/stack/neutron/neutron/pecan_wsgi/hooks/policy_enforcement.py:255}}
Jul 19 07:42:52.271763 dv-cinder-772623-11-smb neutron-server[99859]: INFO neutron.wsgi [req-e5067315-9029-4dbc-9158-6d268a00a24e req-7c5887cf-e6b2-496c-99de-7f9d969d82a6 service neutron] 10.222.0.15 "GET /v2.0/ports?tenant_id=46d26907218e41348ab372804b4b5fdc&device_id=6edc4902-63cd-4f58-8d29-7110d8b1afde HTTP/1.1" status: 200 len: 1097 time: 0.0563116
Jul 19 07:42:52.273444 dv-cinder-772623-11-smb neutron-server[99858]: DEBUG neutron.scheduler.dhcp_agent_scheduler [req-f0608cbc-ea28-4521-86ca-5b0a4f4a8115 req-024de3b5-39e1-4292-b533-cd83a3ae152a tempest-AttachVolumeTestJSON-2071775441 tempest-AttachVolumeTestJSON-2071775441-project] Network 00e40f66-7ea4-41c2-a3a4-2f39c2cc19ed is already hosted by enough agents. {{(pid=99858) _get_dhcp_agents_hosting_network /opt/stack/neutron/neutron/scheduler/dhcp_agent_scheduler.py:275}}
Jul 19 07:42:52.279439 dv-cinder-772623-11-smb neutron-server[99858]: DEBUG neutron.scheduler.base_scheduler [req-f0608cbc-ea28-4521-86ca-5b0a4f4a8115 req-024de3b5-39e1-4292-b533-cd83a3ae152a tempest-AttachVolumeTestJSON-2071775441 tempest-AttachVolumeTestJSON-2071775441-project] Resources bound (agent type, host, resource id): {{(pid=99858) schedule /opt/stack/neutron/neutron/scheduler/base_scheduler.py:57}}
Jul 19 07:42:52.284247 dv-cinder-772623-11-smb neutron-server[99858]: DEBUG neutron.db.l3_dvrscheduler_db [req-f0608cbc-ea28-4521-86ca-5b0a4f4a8115 req-024de3b5-39e1-4292-b533-cd83a3ae152a tempest-AttachVolumeTestJSON-2071775441 tempest-AttachVolumeTestJSON-2071775441-project] Received port after_create {{(pid=99858) _notify_l3_agent_new_port /opt/stack/neutron/neutron/db/l3_dvrscheduler_db.py:535}}
Jul 19 07:42:52.290937 dv-cinder-772623-11-smb neutron-server[99858]: DEBUG neutron.pecan_wsgi.hooks.policy_enforcement [req-f0608cbc-ea28-4521-86ca-5b0a4f4a8115 req-024de3b5-39e1-4292-b533-cd83a3ae152a tempest-AttachVolumeTestJSON-2071775441 tempest-AttachVolumeTestJSON-2071775441-project] Attributes excluded by policy engine: ['standard_attr_id', 'binding:profile', 'binding:host_id', 'binding:vif_type', 'binding:vif_details', 'network'] {{(pid=99858) _exclude_attributes_by_policy /opt/stack/neutron/neutron/pecan_wsgi/hooks/policy_enforcement.py:255}}
Jul 19 07:42:52.291662 dv-cinder-772623-11-smb neutron-server[99858]: DEBUG neutron_lib.callbacks.manager [req-f0608cbc-ea28-4521-86ca-5b0a4f4a8115 req-024de3b5-39e1-4292-b533-cd83a3ae152a tempest-AttachVolumeTestJSON-2071775441 tempest-AttachVolumeTestJSON-2071775441-project] Notify callbacks ['neutron.notifiers.nova.Notifier._send_nova_notification-88842', 'neutron.api.rpc.agentnotifiers.dhcp_rpc_agent_api.DhcpAgentNotifyAPI._send_dhcp_notification-3677420'] for port, before_response {{(pid=99858) _notify_loop /usr/local/lib/python3.8/dist-packages/neutron_lib/callbacks/manager.py:192}}
Jul 19 07:42:52.313821 dv-cinder-772623-11-smb neutron-server[99858]: DEBUG neutron.api.rpc.handlers.resources_rpc [None req-024de3b5-39e1-4292-b533-cd83a3ae152a tempest-AttachVolumeTestJSON-2071775441 tempest-AttachVolumeTestJSON-2071775441-project] Pushing event updated for resources: {'Port': ['ID=dd38cd72-4283-46f0-a174-88d6331eaf13,revision_number=1']} {{(pid=99858) push /opt/stack/neutron/neutron/api/rpc/handlers/resources_rpc.py:237}}
Jul 19 07:42:52.326639 dv-cinder-772623-11-smb neutron-server[99858]: INFO neutron.wsgi [req-f0608cbc-ea28-4521-86ca-5b0a4f4a8115 req-024de3b5-39e1-4292-b533-cd83a3ae152a tempest-AttachVolumeTestJSON-2071775441 tempest-AttachVolumeTestJSON-2071775441-project] 10.222.0.15 "POST /v2.0/ports HTTP/1.1" status: 201 len: 934 time: 0.6987927
Jul 19 07:42:52.354091 dv-cinder-772623-11-smb neutron-server[99858]: DEBUG neutron.api.v2.base [req-f0608cbc-ea28-4521-86ca-5b0a4f4a8115 req-fc8281ad-e74c-446c-89b5-d988b13c739a service neutron] Request body: {'port': {'device_id': '5c1e20d3-a71e-4ae0-878c-96123f3fd4cc', 'device_owner': 'compute:nova', 'binding:host_id': 'hv-cinder-77262'}} {{(pid=99858) prepare_request_body /opt/stack/neutron/neutron/api/v2/base.py:729}}
Jul 19 07:42:52.384503 dv-cinder-772623-11-smb neutron-server[99860]: DEBUG neutron_lib.callbacks.manager [None req-a0ed5c77-1d60-48fc-b30c-736b4e6ecd6d None None] Notify callbacks ['neutron.services.segments.db._update_segment_host_mapping_for_agent-8777879533096', 'neutron.plugins.ml2.plugin.Ml2Plugin._retry_binding_revived_agents-654750'] for agent, after_update {{(pid=99860) _notify_loop /usr/local/lib/python3.8/dist-packages/neutron_lib/callbacks/manager.py:192}}
Jul 19 07:42:52.469285 dv-cinder-772623-11-smb neutron-server[99859]: DEBUG neutron.pecan_wsgi.hooks.policy_enforcement [req-e5067315-9029-4dbc-9158-6d268a00a24e req-db214b03-14ab-453b-871f-cd899be8c687 service neutron] Attributes excluded by policy engine: ['standard_attr_id', 'vlan_transparent'] {{(pid=99859) _exclude_attributes_by_policy /opt/stack/neutron/neutron/pecan_wsgi/hooks/policy_enforcement.py:255}}
Jul 19 07:42:52.470777 dv-cinder-772623-11-smb neutron-server[99859]: INFO neutron.wsgi [req-e5067315-9029-4dbc-9158-6d268a00a24e req-db214b03-14ab-453b-871f-cd899be8c687 service neutron] 10.222.0.15 "GET /v2.0/networks?id=86e01ecc-6e0d-4a76-9907-fd3cc9e18cc6 HTTP/1.1" status: 200 len: 915 time: 0.1821780
Jul 19 07:42:52.480420 dv-cinder-772623-11-smb neutron-server[99859]: DEBUG neutron.pecan_wsgi.hooks.policy_enforcement [req-f9c6045b-e036-40ab-a466-1c69571002fd req-a79b9164-7ff7-4dfd-b359-e1d080be5dc1 tempest-AttachVolumeTestJSON-2071775441 tempest-AttachVolumeTestJSON-2071775441-project] Attributes excluded by policy engine: ['standard_attr_id', 'binding:profile', 'binding:host_id', 'binding:vif_type', 'binding:vif_details'] {{(pid=99859) _exclude_attributes_by_policy /opt/stack/neutron/neutron/pecan_wsgi/hooks/policy_enforcement.py:255}}
Jul 19 07:42:52.487458 dv-cinder-772623-11-smb neutron-server[99859]: INFO neutron.wsgi [req-f9c6045b-e036-40ab-a466-1c69571002fd req-a79b9164-7ff7-4dfd-b359-e1d080be5dc1 tempest-AttachVolumeTestJSON-2071775441 tempest-AttachVolumeTestJSON-2071775441-project] 10.222.0.35 "GET /v2.0/ports?device_id=5c1e20d3-a71e-4ae0-878c-96123f3fd4cc HTTP/1.1" status: 200 len: 932 time: 0.1290722
Jul 19 07:42:52.502679 dv-cinder-772623-11-smb neutron-server[99858]: DEBUG neutron_lib.callbacks.manager [req-f0608cbc-ea28-4521-86ca-5b0a4f4a8115 req-fc8281ad-e74c-446c-89b5-d988b13c739a service neutron] Notify callbacks ['neutron.plugins.ml2.plugin.SecurityGroupDbMixin._ensure_default_security_group_handler-629893'] for port, before_update {{(pid=99858) _notify_loop /usr/local/lib/python3.8/dist-packages/neutron_lib/callbacks/manager.py:192}}
Jul 19 07:42:52.530524 dv-cinder-772623-11-smb neutron-server[99859]: INFO neutron.wsgi [req-e5067315-9029-4dbc-9158-6d268a00a24e req-e59dc9f9-f03a-4326-a4b0-9071545aa1ff service neutron] 10.222.0.15 "GET /v2.0/floatingips?fixed_ip_address=172.20.0.13&port_id=e87b7261-5041-456b-a58a-ea128cfe105c HTTP/1.1" status: 200 len: 217 time: 0.0398526
Jul 19 07:42:52.552208 dv-cinder-772623-11-smb neutron-server[99860]: DEBUG neutron.db.provisioning_blocks [None req-44c4b496-441f-4966-9da5-6d90f7b2b1b1 None None] Provisioning for port dd38cd72-4283-46f0-a174-88d6331eaf13 completed by entity DHCP. {{(pid=99860) provisioning_complete /opt/stack/neutron/neutron/db/provisioning_blocks.py:133}}
Jul 19 07:42:52.557574 dv-cinder-772623-11-smb neutron-server[99860]: DEBUG neutron.db.provisioning_blocks [None req-44c4b496-441f-4966-9da5-6d90f7b2b1b1 None None] Provisioning complete for port dd38cd72-4283-46f0-a174-88d6331eaf13 triggered by entity DHCP. {{(pid=99860) provisioning_complete /opt/stack/neutron/neutron/db/provisioning_blocks.py:139}}
Jul 19 07:42:52.558042 dv-cinder-772623-11-smb neutron-server[99860]: DEBUG neutron_lib.callbacks.manager [None req-44c4b496-441f-4966-9da5-6d90f7b2b1b1 None None] Notify callbacks ['neutron.plugins.ml2.plugin.Ml2Plugin._port_provisioned-655157'] for port, provisioning_complete {{(pid=99860) _notify_loop /usr/local/lib/python3.8/dist-packages/neutron_lib/callbacks/manager.py:192}}
Jul 19 07:42:52.597322 dv-cinder-772623-11-smb neutron-server[99860]: DEBUG neutron.plugins.ml2.plugin [None req-44c4b496-441f-4966-9da5-6d90f7b2b1b1 None None] Port dd38cd72-4283-46f0-a174-88d6331eaf13 cannot update to ACTIVE because it is not bound. {{(pid=99860) _port_provisioned /opt/stack/neutron/neutron/plugins/ml2/plugin.py:337}}
Jul 19 07:42:52.602460 dv-cinder-772623-11-smb neutron-server[99859]: INFO neutron.wsgi [req-f9c6045b-e036-40ab-a466-1c69571002fd req-573f9717-809b-4d25-ae7c-f145ea12faf2 tempest-AttachVolumeTestJSON-2071775441 tempest-AttachVolumeTestJSON-2071775441-project] 10.222.0.35 "GET /v2.0/security-groups?id=70092ad3-743b-45e5-a390-24c8154fa74d&fields=id&fields=name HTTP/1.1" status: 200 len: 313 time: 0.1140530
Jul 19 07:42:52.623559 dv-cinder-772623-11-smb neutron-server[99859]: DEBUG neutron.pecan_wsgi.hooks.policy_enforcement [req-e5067315-9029-4dbc-9158-6d268a00a24e req-0698a6fb-44d3-464d-8e0d-eef49fd56e12 service neutron] Attributes excluded by policy engine: ['standard_attr_id', 'shared', 'segment_id'] {{(pid=99859) _exclude_attributes_by_policy /opt/stack/neutron/neutron/pecan_wsgi/hooks/policy_enforcement.py:255}}
Jul 19 07:42:52.625224 dv-cinder-772623-11-smb neutron-server[99859]: INFO neutron.wsgi [req-e5067315-9029-4dbc-9158-6d268a00a24e req-0698a6fb-44d3-464d-8e0d-eef49fd56e12 service neutron] 10.222.0.15 "GET /v2.0/subnets?id=5544f1e9-6332-4a22-960d-2aeb756e95eb HTTP/1.1" status: 200 len: 854 time: 0.0776293
Jul 19 07:42:52.641452 dv-cinder-772623-11-smb neutron-server[99859]: DEBUG neutron.wsgi [-] (99859) accepted ('10.222.0.35', 42130) {{(pid=99859) server /usr/local/lib/python3.8/dist-packages/eventlet/wsgi.py:982}}
Jul 19 07:42:52.649970 dv-cinder-772623-11-smb neutron-server[99858]: DEBUG neutron.pecan_wsgi.hooks.policy_enforcement [req-61b95537-309a-4193-b199-d9739b67bc38 req-6e0a23c9-291f-4247-9126-cb7474b7a47a tempest-VolumesActionsTest-318411552 tempest-VolumesActionsTest-318411552-project] Attributes excluded by policy engine: ['standard_attr_id', 'binding:profile', 'binding:host_id', 'binding:vif_type', 'binding:vif_details'] {{(pid=99858) _exclude_attributes_by_policy /opt/stack/neutron/neutron/pecan_wsgi/hooks/policy_enforcement.py:255}}
Jul 19 07:42:52.651600 dv-cinder-772623-11-smb neutron-server[99858]: INFO neutron.wsgi [req-61b95537-309a-4193-b199-d9739b67bc38 req-6e0a23c9-291f-4247-9126-cb7474b7a47a tempest-VolumesActionsTest-318411552 tempest-VolumesActionsTest-318411552-project] 10.222.0.35 "GET /v2.0/ports?device_id=93e675d6-6d1d-4333-9e32-47e9e374202f HTTP/1.1" status: 200 len: 945 time: 0.2424338
Jul 19 07:42:52.664856 dv-cinder-772623-11-smb neutron-server[99859]: INFO neutron.wsgi [req-e5067315-9029-4dbc-9158-6d268a00a24e req-33fb8f30-1142-4fc6-880d-8a60b6bee8db service neutron] 10.222.0.15 "GET /v2.0/ports?network_id=86e01ecc-6e0d-4a76-9907-fd3cc9e18cc6&device_owner=network%3Adhcp HTTP/1.1" status: 200 len: 210 time: 0.0320477
Jul 19 07:42:52.711503 dv-cinder-772623-11-smb neutron-server[99860]: DEBUG neutron_lib.callbacks.manager [None req-78091197-acf5-4fab-9486-2ab6f1ea0901 None None] Notify callbacks ['neutron.services.segments.db._update_segment_host_mapping_for_agent-8777879533096', 'neutron.plugins.ml2.plugin.Ml2Plugin._retry_binding_revived_agents-654750'] for agent, after_update {{(pid=99860) _notify_loop /usr/local/lib/python3.8/dist-packages/neutron_lib/callbacks/manager.py:192}}
Jul 19 07:42:52.721598 dv-cinder-772623-11-smb neutron-server[99858]: INFO neutron.wsgi [req-61b95537-309a-4193-b199-d9739b67bc38 req-f388c2f6-401d-4be0-b41d-8be23a92f55a tempest-VolumesActionsTest-318411552 tempest-VolumesActionsTest-318411552-project] 10.222.0.35 "GET /v2.0/security-groups?id=8e77b2b8-bfa3-436c-92a1-30588290d47f&fields=id&fields=name HTTP/1.1" status: 200 len: 286 time: 0.0636337
Jul 19 07:42:52.824407 dv-cinder-772623-11-smb neutron-server[99859]: DEBUG neutron_lib.callbacks.manager [None req-486e3224-eeb0-45ef-a1e9-201bac1cfe65 admin admin] Notify callbacks [] for security_group, before_create {{(pid=99859) _notify_loop /usr/local/lib/python3.8/dist-packages/neutron_lib/callbacks/manager.py:192}}
Jul 19 07:42:52.844900 dv-cinder-772623-11-smb neutron-server[99859]: INFO neutron.wsgi [req-e5067315-9029-4dbc-9158-6d268a00a24e req-02af0b9d-3639-4ea0-a8eb-c3ab4281ff5c service neutron] 10.222.0.15 "GET /v2.0/networks/86e01ecc-6e0d-4a76-9907-fd3cc9e18cc6?fields=segments HTTP/1.1" status: 200 len: 212 time: 0.1728263
Jul 19 07:42:52.869538 dv-cinder-772623-11-smb neutron-server[99858]: DEBUG neutron.notifiers.nova [req-f0608cbc-ea28-4521-86ca-5b0a4f4a8115 req-fc8281ad-e74c-446c-89b5-d988b13c739a service neutron] Ignoring state change previous_port_status: DOWN current_port_status: DOWN port_id dd38cd72-4283-46f0-a174-88d6331eaf13 {{(pid=99858) record_port_status_changed /opt/stack/neutron/neutron/notifiers/nova.py:224}}
Jul 19 07:42:52.877387 dv-cinder-772623-11-smb neutron-server[99858]: DEBUG neutron_lib.callbacks.manager [req-f0608cbc-ea28-4521-86ca-5b0a4f4a8115 req-fc8281ad-e74c-446c-89b5-d988b13c739a service neutron] Notify callbacks [] for port, precommit_update {{(pid=99858) _notify_loop /usr/local/lib/python3.8/dist-packages/neutron_lib/callbacks/manager.py:192}}
Jul 19 07:42:52.889580 dv-cinder-772623-11-smb neutron-server[99858]: DEBUG neutron.db.provisioning_blocks [req-f0608cbc-ea28-4521-86ca-5b0a4f4a8115 req-fc8281ad-e74c-446c-89b5-d988b13c739a service neutron] Transition to ACTIVE for port object dd38cd72-4283-46f0-a174-88d6331eaf13 will not be triggered until provisioned by entity L2. {{(pid=99858) add_provisioning_component /opt/stack/neutron/neutron/db/provisioning_blocks.py:73}}
Jul 19 07:42:52.894208 dv-cinder-772623-11-smb neutron-server[99858]: DEBUG neutron_lib.callbacks.manager [req-f0608cbc-ea28-4521-86ca-5b0a4f4a8115 req-fc8281ad-e74c-446c-89b5-d988b13c739a service neutron] Notify callbacks ['neutron.plugins.ml2.plugin.SecurityGroupServerNotifierRpcMixin._notify_sg_on_port_change-630306', 'neutron.plugins.ml2.ovo_rpc._ObjectChangeHandler.handle_event-249094', 'neutron.api.rpc.agentnotifiers.dhcp_rpc_agent_api.DhcpAgentNotifyAPI._native_event_send_dhcp_notification-3677438', 'neutron.db.l3_db.L3RpcNotifierMixin._notify_gateway_port_ip_changed-8777879436099', 'neutron.db.l3_dvrscheduler_db._notify_l3_agent_port_update-8777879035293', 'neutron.db.l3_hascheduler_db._notify_l3_agent_ha_port_update-8777879035311'] for port, after_update {{(pid=99858) _notify_loop /usr/local/lib/python3.8/dist-packages/neutron_lib/callbacks/manager.py:192}}
Jul 19 07:42:52.995825 dv-cinder-772623-11-smb neutron-server[99858]: DEBUG neutron.plugins.ml2.managers [req-f0608cbc-ea28-4521-86ca-5b0a4f4a8115 req-fc8281ad-e74c-446c-89b5-d988b13c739a service neutron] Attempting to bind port dd38cd72-4283-46f0-a174-88d6331eaf13 on host hv-cinder-77262 for vnic_type normal with profile {{(pid=99858) bind_port /opt/stack/neutron/neutron/plugins/ml2/managers.py:790}}
Jul 19 07:42:52.995825 dv-cinder-772623-11-smb neutron-server[99858]: DEBUG neutron.plugins.ml2.managers [req-f0608cbc-ea28-4521-86ca-5b0a4f4a8115 req-fc8281ad-e74c-446c-89b5-d988b13c739a service neutron] Attempting to bind port dd38cd72-4283-46f0-a174-88d6331eaf13 by drivers openvswitch,hyperv on host hv-cinder-77262 at level 0 using segments [{'id': 'db8f15fe-93ae-458e-b792-8ea327ae58dd', 'network_type': 'vlan', 'physical_network': 'physnet1', 'segmentation_id': 189, 'network_id': '00e40f66-7ea4-41c2-a3a4-2f39c2cc19ed'}] {{(pid=99858) _bind_port_level /opt/stack/neutron/neutron/plugins/ml2/managers.py:815}}
Jul 19 07:42:52.996301 dv-cinder-772623-11-smb neutron-server[99858]: DEBUG neutron.plugins.ml2.drivers.mech_agent [req-f0608cbc-ea28-4521-86ca-5b0a4f4a8115 req-fc8281ad-e74c-446c-89b5-d988b13c739a service neutron] Attempting to bind port dd38cd72-4283-46f0-a174-88d6331eaf13 on network 00e40f66-7ea4-41c2-a3a4-2f39c2cc19ed {{(pid=99858) bind_port /opt/stack/neutron/neutron/plugins/ml2/drivers/mech_agent.py:86}}
Jul 19 07:42:52.998234 dv-cinder-772623-11-smb neutron-server[99858]: DEBUG neutron.api.rpc.handlers.resources_rpc [None req-fc8281ad-e74c-446c-89b5-d988b13c739a service neutron] Pushing event updated for resources: {'Port': ['ID=dd38cd72-4283-46f0-a174-88d6331eaf13,revision_number=2']} {{(pid=99858) push /opt/stack/neutron/neutron/api/rpc/handlers/resources_rpc.py:237}}
Jul 19 07:42:53.010536 dv-cinder-772623-11-smb neutron-server[99858]: DEBUG neutron.plugins.ml2.drivers.mech_agent [req-f0608cbc-ea28-4521-86ca-5b0a4f4a8115 req-fc8281ad-e74c-446c-89b5-d988b13c739a service neutron] Port dd38cd72-4283-46f0-a174-88d6331eaf13 on network 00e40f66-7ea4-41c2-a3a4-2f39c2cc19ed not bound, no agent of type Open vSwitch agent registered on host hv-cinder-77262 {{(pid=99858) bind_port /opt/stack/neutron/neutron/plugins/ml2/drivers/mech_agent.py:98}}
Jul 19 07:42:53.010741 dv-cinder-772623-11-smb neutron-server[99858]: DEBUG neutron.plugins.ml2.drivers.mech_agent [req-f0608cbc-ea28-4521-86ca-5b0a4f4a8115 req-fc8281ad-e74c-446c-89b5-d988b13c739a service neutron] Attempting to bind port dd38cd72-4283-46f0-a174-88d6331eaf13 on network 00e40f66-7ea4-41c2-a3a4-2f39c2cc19ed {{(pid=99858) bind_port /opt/stack/neutron/neutron/plugins/ml2/drivers/mech_agent.py:86}}
Jul 19 07:42:53.015610 dv-cinder-772623-11-smb neutron-server[99859]: DEBUG neutron.pecan_wsgi.hooks.policy_enforcement [req-79400615-bfb3-40d8-aa27-600d10a41eb5 req-c0090d25-9cb9-4fbb-af43-60ea809109de tempest-ServerRescueNegativeTestJSON-2009713068 tempest-ServerRescueNegativeTestJSON-2009713068-project] Attributes excluded by policy engine: ['standard_attr_id', 'binding:profile', 'binding:host_id', 'binding:vif_type', 'binding:vif_details'] {{(pid=99859) _exclude_attributes_by_policy /opt/stack/neutron/neutron/pecan_wsgi/hooks/policy_enforcement.py:255}}
Jul 19 07:42:53.017187 dv-cinder-772623-11-smb neutron-server[99859]: INFO neutron.wsgi [req-79400615-bfb3-40d8-aa27-600d10a41eb5 req-c0090d25-9cb9-4fbb-af43-60ea809109de tempest-ServerRescueNegativeTestJSON-2009713068 tempest-ServerRescueNegativeTestJSON-2009713068-project] 10.222.0.35 "GET /v2.0/ports?device_id=56bd2271-f508-4bc6-9c14-e1eb96211648 HTTP/1.1" status: 200 len: 945 time: 0.2179730
Jul 19 07:42:53.021373 dv-cinder-772623-11-smb neutron-server[99859]: INFO neutron.wsgi [req-e5067315-9029-4dbc-9158-6d268a00a24e req-a1c1de5c-1f7a-43d5-b7e8-f3c1d52a52e9 service neutron] 10.222.0.15 "GET /v2.0/networks/86e01ecc-6e0d-4a76-9907-fd3cc9e18cc6?fields=provider%3Aphysical_network&fields=provider%3Anetwork_type HTTP/1.1" status: 200 len: 281 time: 0.1686037
Jul 19 07:42:53.028972 dv-cinder-772623-11-smb neutron-server[99858]: DEBUG neutron.plugins.ml2.drivers.mech_agent [req-f0608cbc-ea28-4521-86ca-5b0a4f4a8115 req-fc8281ad-e74c-446c-89b5-d988b13c739a service neutron] Checking agent: {'id': '997d886e-56f1-4984-9735-ad6c8007b8b5', 'agent_type': 'HyperV agent', 'binary': 'neutron-hyperv-agent', 'topic': 'N/A', 'host': 'hv-cinder-77262', 'admin_state_up': True, 'created_at': datetime.datetime(2021, 7, 19, 7, 40, 3), 'started_at': datetime.datetime(2021, 7, 19, 7, 40, 3), 'heartbeat_timestamp': datetime.datetime(2021, 7, 19, 7, 42, 33), 'description': None, 'resources_synced': None, 'availability_zone': None, 'alive': True, 'configurations': {'vswitch_mappings': {'physnet1$': 'br-data'}}, 'resource_versions': {}} {{(pid=99858) bind_port /opt/stack/neutron/neutron/plugins/ml2/drivers/mech_agent.py:105}}
Jul 19 07:42:53.029464 dv-cinder-772623-11-smb neutron-server[99858]: DEBUG neutron.plugins.ml2.drivers.mech_agent [req-f0608cbc-ea28-4521-86ca-5b0a4f4a8115 req-fc8281ad-e74c-446c-89b5-d988b13c739a service neutron] Checking segment: {'id': 'db8f15fe-93ae-458e-b792-8ea327ae58dd', 'network_type': 'vlan', 'physical_network': 'physnet1', 'segmentation_id': 189, 'network_id': '00e40f66-7ea4-41c2-a3a4-2f39c2cc19ed'} for mappings: {'physnet1$': 'br-data'} with network types: ['local', 'flat', 'vlan'] {{(pid=99858) check_segment_for_agent /opt/stack/neutron/neutron/plugins/ml2/drivers/mech_agent.py:341}}
