Jul 19 07:42:01.790956 dv-cinder-772623-11-smb neutron-server[99859]: DEBUG neutron_lib.callbacks.manager [None req-15e1e88c-d1bb-418a-98cd-1cf6e922547c admin admin] Notify callbacks [] for security_group, before_create {{(pid=99859) _notify_loop /usr/local/lib/python3.8/dist-packages/neutron_lib/callbacks/manager.py:192}}
Jul 19 07:42:01.857430 dv-cinder-772623-11-smb neutron-server[99859]: INFO neutron.wsgi [req-a88f0f1b-1e17-4c36-8ccb-f03762c8ab99 req-f5f10087-8d52-4445-aef2-8848bd66ebff tempest-AttachVolumeNegativeTest-361396134 tempest-AttachVolumeNegativeTest-361396134-project] 10.222.0.35 "GET /v2.0/security-groups?id=1d190464-6818-4b7f-b662-008ffe2361ba&fields=id&fields=name HTTP/1.1" status: 200 len: 286 time: 0.1750016
Jul 19 07:42:01.935546 dv-cinder-772623-11-smb neutron-server[99858]: INFO neutron.wsgi [req-fbeec0cc-056d-4d48-afba-1a9b534c17cb req-1e6e9e26-2f32-40cb-90fa-7a4abdc29241 service neutron] 10.222.0.35 "GET /v2.0/networks/87b0f57f-54d3-4d84-9771-dd48c0194897?fields=segments HTTP/1.1" status: 200 len: 212 time: 1.2164271
Jul 19 07:42:01.996487 dv-cinder-772623-11-smb neutron-server[99859]: DEBUG neutron_lib.callbacks.manager [None req-7ff43940-bfaa-4dec-a15d-89cee16ea883 admin admin] Notify callbacks [] for security_group, precommit_create {{(pid=99859) _notify_loop /usr/local/lib/python3.8/dist-packages/neutron_lib/callbacks/manager.py:192}}
Jul 19 07:42:02.128221 dv-cinder-772623-11-smb neutron-server[99859]: DEBUG neutron_lib.callbacks.manager [None req-15e1e88c-d1bb-418a-98cd-1cf6e922547c admin admin] Notify callbacks [] for security_group, precommit_create {{(pid=99859) _notify_loop /usr/local/lib/python3.8/dist-packages/neutron_lib/callbacks/manager.py:192}}
Jul 19 07:42:02.133423 dv-cinder-772623-11-smb neutron-server[99859]: DEBUG neutron_lib.callbacks.manager [None req-7ff43940-bfaa-4dec-a15d-89cee16ea883 admin admin] Notify callbacks ['neutron.plugins.ml2.ovo_rpc._ObjectChangeHandler.handle_event-3953120'] for security_group, after_create {{(pid=99859) _notify_loop /usr/local/lib/python3.8/dist-packages/neutron_lib/callbacks/manager.py:192}}
Jul 19 07:42:02.143672 dv-cinder-772623-11-smb neutron-server[99858]: INFO neutron.wsgi [req-fbeec0cc-056d-4d48-afba-1a9b534c17cb req-7de43106-b098-4cd6-a686-8bbdc4cec885 service neutron] 10.222.0.35 "GET /v2.0/networks/87b0f57f-54d3-4d84-9771-dd48c0194897?fields=provider%3Aphysical_network&fields=provider%3Anetwork_type HTTP/1.1" status: 200 len: 281 time: 0.1891820
Jul 19 07:42:02.148824 dv-cinder-772623-11-smb neutron-server[99858]: DEBUG neutron_lib.callbacks.manager [None req-d9ddea00-1192-4c0b-adab-4127408c5556 tempest-AttachVolumeShelveTestJSON-87904547 tempest-AttachVolumeShelveTestJSON-87904547-project] Notify callbacks ['neutron.plugins.ml2.plugin.SecurityGroupDbMixin._ensure_default_security_group_handler-629893'] for port, before_create {{(pid=99858) _notify_loop /usr/local/lib/python3.8/dist-packages/neutron_lib/callbacks/manager.py:192}}
Jul 19 07:42:02.156357 dv-cinder-772623-11-smb neutron-server[99859]: DEBUG neutron.plugins.ml2.drivers.helpers [None req-7ff43940-bfaa-4dec-a15d-89cee16ea883 admin admin] vlan segment allocate from pool success with {'vlan_id': 188, 'physical_network': 'physnet1'} {{(pid=99859) allocate_partially_specified_segment /opt/stack/neutron/neutron/plugins/ml2/drivers/helpers.py:153}}
Jul 19 07:42:02.168362 dv-cinder-772623-11-smb neutron-server[99859]: DEBUG neutron_lib.callbacks.manager [None req-7ff43940-bfaa-4dec-a15d-89cee16ea883 admin admin] Notify callbacks ['neutron.plugins.ml2.plugin.Ml2Plugin._handle_segment_change-529348'] for segment, precommit_create {{(pid=99859) _notify_loop /usr/local/lib/python3.8/dist-packages/neutron_lib/callbacks/manager.py:192}}
Jul 19 07:42:02.168846 dv-cinder-772623-11-smb neutron-server[99859]: INFO neutron.db.segments_db [None req-7ff43940-bfaa-4dec-a15d-89cee16ea883 admin admin] Added segment 375a2ac8-6d36-4714-9ed1-be969d6e80fd of type vlan for network 0912b788-1dc7-43f2-9454-6171abc5514e
Jul 19 07:42:02.224155 dv-cinder-772623-11-smb neutron-server[99859]: DEBUG neutron_lib.callbacks.manager [None req-7ff43940-bfaa-4dec-a15d-89cee16ea883 admin admin] Notify callbacks ['neutron.services.auto_allocate.db._ensure_external_network_default_value_callback-8777878994423'] for network, precommit_create {{(pid=99859) _notify_loop /usr/local/lib/python3.8/dist-packages/neutron_lib/callbacks/manager.py:192}}
Jul 19 07:42:02.265325 dv-cinder-772623-11-smb neutron-server[99859]: DEBUG neutron.api.v2.base [req-8b45d88a-f069-4efb-851d-c7baeb688a2c req-38340315-2f7a-44be-adbc-4a8537fbc88d service neutron] Request body: {'port': {'device_id': '8a6b7870-d3b7-4afe-b2f8-b1782a534af1', 'device_owner': 'compute:nova', 'binding:host_id': 'hv-cinder-77262'}} {{(pid=99859) prepare_request_body /opt/stack/neutron/neutron/api/v2/base.py:729}}
Jul 19 07:42:02.291392 dv-cinder-772623-11-smb neutron-server[99860]: DEBUG neutron.db.l3_hamode_db [None req-2189a2d7-46c9-4f04-8394-c7de978b982e None None] neutron.services.l3_router.l3_router_plugin.L3RouterPlugin method _process_sync_ha_data called with arguments (, [{'id': 'c3e45bb6-3f4e-4127-bad8-4085cb057550', 'name': 'tempest-ServerRescueNegativeTestJSON-511403476-router', 'tenant_id': '7a912969623d4978a4366a2955bcbb83', 'admin_state_up': True, 'status': 'ACTIVE', 'external_gateway_info': {'network_id': 'd33a650d-2ca7-4dd7-b8af-11447cb35227', 'external_fixed_ips': [{'subnet_id': 'cc0ad583-3bda-43b6-a927-0a88dd9b512a', 'ip_address': '172.28.1.13'}], 'enable_snat': True}, 'gw_port_id': 'dda72b51-9978-41e3-8cbb-8d533a4111c7', 'description': '', 'availability_zones': ['nova'], 'distributed': False, 'ha': False, 'ha_vr_id': 0, 'availability_zone_hints': [], 'routes': [], 'flavor_id': None, 'tags': [], 'created_at': '2021-07-19T07:41:46Z', 'updated_at': '2021-07-19T07:41:54Z', 'revision_number': 4, 'project_id': '7a912969623d4978a4366a2955bcbb83', 'gw_port': {'id': 'dda72b51-9978-41e3-8cbb-8d533a4111c7', 'name': '', 'network_id': 'd33a650d-2ca7-4dd7-b8af-11447cb35227', 'tenant_id': '', 'mac_address': 'fa:16:3e:5c:da:3b', 'admin_state_up': True, 'status': 'ACTIVE', 'device_id': 'c3e45bb6-3f4e-4127-bad8-4085cb057550', 'device_owner': 'network:router_gateway', 'standard_attr_id': 72, 'fixed_ips': [{'subnet_id': 'cc0ad583-3bda-43b6-a927-0a88dd9b512a', 'ip_address': '172.28.1.13', 'prefixlen': 24}], 'allowed_address_pairs': [], 'extra_dhcp_opts': [], 'security_groups': [], 'description': '', 'binding:vnic_type': 'normal', 'binding:profile': {}, 'binding:host_id': 'dv-cinder-772623-11-smb', 'binding:vif_type': 'ovs', 'binding:vif_details': {'connectivity': 'l2', 'port_filter': True, 'ovs_hybrid_plug': False, 'datapath_type': 'system', 'bridge_name': 'br-int'}, 'port_security_enabled': False, 'tags': [], 'created_at': '2021-07-19T07:41:48Z', 'updated_at': '2021-07-19T07:42:00Z', 'revision_number': 4, 'project_id': '', 'subnets': [{'id': 'cc0ad583-3bda-43b6-a927-0a88dd9b512a', 'cidr': '172.28.1.0/24', 'gateway_ip': '172.28.1.1', 'dns_nameservers': [], 'ipv6_ra_mode': None, 'subnetpool_id': None}], 'extra_subnets': [], 'address_scopes': {4: None, 6: None}, 'mtu': 1500}, 'enable_snat': True, 'gw_port_host': 'dv-cinder-772623-11-smb', '_interfaces': [{'id': 'bacac1e6-8256-4492-bdf9-586ca97d9b13', 'name': '', 'network_id': '87b0f57f-54d3-4d84-9771-dd48c0194897', 'tenant_id': '7a912969623d4978a4366a2955bcbb83', 'mac_address': 'fa:16:3e:cc:1f:f9', 'admin_state_up': True, 'status': 'DOWN', 'device_id': 'c3e45bb6-3f4e-4127-bad8-4085cb057550', 'device_owner': 'network:router_interface', 'standard_attr_id': 89, 'fixed_ips': [{'subnet_id': '37015c9d-dd17-43a6-bbf6-5d9c16a9dbd7', 'ip_address': '172.20.0.1', 'prefixlen': 28}], 'allowed_address_pairs': [], 'extra_dhcp_opts': [], 'security_groups': [], 'description': '', 'binding:vnic_type': 'normal', 'binding:profile': {}, 'binding:host_id': '', 'binding:vif_type': 'unbound', 'binding:vif_details': {}, 'port_security_enabled': False, 'tags': [], 'created_at': '2021-07-19T07:41:53Z', 'updated_at': '2021-07-19T07:41:55Z', 'revision_number': 2, 'project_id': '7a912969623d4978a4366a2955bcbb83', 'subnets': [{'id': '37015c9d-dd17-43a6-bbf6-5d9c16a9dbd7', 'cidr': '172.20.0.0/28', 'gateway_ip': '172.20.0.1', 'dns_nameservers': [], 'ipv6_ra_mode': None, 'subnetpool_id': None}], 'extra_subnets': [], 'address_scopes': {4: None, 6: None}, 'mtu': 1500}]}], 'dv-cinder-772623-11-smb', False) {} {{(pid=99860) wrapper /usr/local/lib/python3.8/dist-packages/oslo_log/helpers.py:65}}
Jul 19 07:42:02.324842 dv-cinder-772623-11-smb neutron-server[99859]: DEBUG neutron_lib.callbacks.manager [None req-15e1e88c-d1bb-418a-98cd-1cf6e922547c admin admin] Notify callbacks ['neutron.plugins.ml2.ovo_rpc._ObjectChangeHandler.handle_event-3953120'] for security_group, after_create {{(pid=99859) _notify_loop /usr/local/lib/python3.8/dist-packages/neutron_lib/callbacks/manager.py:192}}
Jul 19 07:42:02.356507 dv-cinder-772623-11-smb neutron-server[99859]: DEBUG neutron.api.rpc.handlers.resources_rpc [None req-7ff43940-bfaa-4dec-a15d-89cee16ea883 admin admin] Pushing event updated for resources: {'SecurityGroup': ['ID=0b137931-e77e-4a0a-89af-e620eaf7b0dd,revision_number=1']} {{(pid=99859) push /opt/stack/neutron/neutron/api/rpc/handlers/resources_rpc.py:237}}
Jul 19 07:42:02.377363 dv-cinder-772623-11-smb neutron-server[99859]: INFO neutron.wsgi [None req-15e1e88c-d1bb-418a-98cd-1cf6e922547c admin admin] 10.222.0.35 "GET /v2.0/security-groups?tenant_id=fde577f9db8c4bda83e4cb1ee7ab900f&name=default HTTP/1.1" status: 200 len: 2979 time: 0.6304629
Jul 19 07:42:02.382744 dv-cinder-772623-11-smb neutron-server[99859]: DEBUG neutron_lib.callbacks.manager [None req-7ff43940-bfaa-4dec-a15d-89cee16ea883 admin admin] Notify callbacks ['neutron.plugins.ml2.ovo_rpc._ObjectChangeHandler.handle_event-3952947', 'neutron.api.rpc.agentnotifiers.dhcp_rpc_agent_api.DhcpAgentNotifyAPI._native_event_send_dhcp_notification-3677438'] for network, after_create {{(pid=99859) _notify_loop /usr/local/lib/python3.8/dist-packages/neutron_lib/callbacks/manager.py:192}}
Jul 19 07:42:02.385221 dv-cinder-772623-11-smb neutron-server[99859]: DEBUG neutron.pecan_wsgi.hooks.policy_enforcement [None req-7ff43940-bfaa-4dec-a15d-89cee16ea883 admin admin] Attributes excluded by policy engine: ['standard_attr_id', 'vlan_transparent'] {{(pid=99859) _exclude_attributes_by_policy /opt/stack/neutron/neutron/pecan_wsgi/hooks/policy_enforcement.py:255}}
Jul 19 07:42:02.386331 dv-cinder-772623-11-smb neutron-server[99859]: DEBUG neutron_lib.callbacks.manager [None req-7ff43940-bfaa-4dec-a15d-89cee16ea883 admin admin] Notify callbacks ['neutron.api.rpc.agentnotifiers.dhcp_rpc_agent_api.DhcpAgentNotifyAPI._send_dhcp_notification-3677420'] for network, before_response {{(pid=99859) _notify_loop /usr/local/lib/python3.8/dist-packages/neutron_lib/callbacks/manager.py:192}}
Jul 19 07:42:02.396942 dv-cinder-772623-11-smb neutron-server[99858]: DEBUG neutron.db.db_base_plugin_common [None req-d9ddea00-1192-4c0b-adab-4127408c5556 tempest-AttachVolumeShelveTestJSON-87904547 tempest-AttachVolumeShelveTestJSON-87904547-project] Allocated IP 172.28.1.86 (d33a650d-2ca7-4dd7-b8af-11447cb35227/cc0ad583-3bda-43b6-a927-0a88dd9b512a/e9a63d88-894d-455b-89ca-465ed7c832cc) {{(pid=99858) _store_ip_allocation /opt/stack/neutron/neutron/db/db_base_plugin_common.py:131}}
Jul 19 07:42:02.399847 dv-cinder-772623-11-smb neutron-server[99858]: DEBUG neutron.wsgi [-] (99858) accepted ('10.222.0.35', 39930) {{(pid=99858) server /usr/local/lib/python3.8/dist-packages/eventlet/wsgi.py:982}}
Jul 19 07:42:02.413096 dv-cinder-772623-11-smb neutron-server[99860]: DEBUG neutron.api.rpc.handlers.l3_rpc [None req-2189a2d7-46c9-4f04-8394-c7de978b982e None None] Checking router: c3e45bb6-3f4e-4127-bad8-4085cb057550 for host: dv-cinder-772623-11-smb {{(pid=99860) _ensure_host_set_on_ports /opt/stack/neutron/neutron/api/rpc/handlers/l3_rpc.py:155}}
Jul 19 07:42:02.415781 dv-cinder-772623-11-smb neutron-server[99860]: DEBUG neutron.api.rpc.handlers.l3_rpc [None req-2189a2d7-46c9-4f04-8394-c7de978b982e None None] Updating router c3e45bb6-3f4e-4127-bad8-4085cb057550 port bacac1e6-8256-4492-bdf9-586ca97d9b13 binding host dv-cinder-772623-11-smb {{(pid=99860) _ensure_host_set_on_port /opt/stack/neutron/neutron/api/rpc/handlers/l3_rpc.py:205}}
Jul 19 07:42:02.477577 dv-cinder-772623-11-smb neutron-server[99860]: DEBUG neutron_lib.callbacks.manager [None req-2189a2d7-46c9-4f04-8394-c7de978b982e None None] Notify callbacks ['neutron.plugins.ml2.plugin.SecurityGroupDbMixin._ensure_default_security_group_handler-629893'] for port, before_update {{(pid=99860) _notify_loop /usr/local/lib/python3.8/dist-packages/neutron_lib/callbacks/manager.py:192}}
Jul 19 07:42:02.479611 dv-cinder-772623-11-smb neutron-server[99859]: DEBUG neutron.api.rpc.handlers.resources_rpc [None req-15e1e88c-d1bb-418a-98cd-1cf6e922547c admin admin] Pushing event updated for resources: {'SecurityGroup': ['ID=9002df12-11c4-4433-9df1-5769da3c0887,revision_number=1']} {{(pid=99859) push /opt/stack/neutron/neutron/api/rpc/handlers/resources_rpc.py:237}}
Jul 19 07:42:02.520485 dv-cinder-772623-11-smb neutron-server[99859]: INFO neutron.wsgi [None req-7ff43940-bfaa-4dec-a15d-89cee16ea883 admin admin] 10.222.0.35 "POST /v2.0/networks HTTP/1.1" status: 201 len: 897 time: 1.8069525
Jul 19 07:42:02.531161 dv-cinder-772623-11-smb neutron-server[99859]: DEBUG neutron.wsgi [-] (99859) accepted ('10.222.0.35', 39938) {{(pid=99859) server /usr/local/lib/python3.8/dist-packages/eventlet/wsgi.py:982}}
Jul 19 07:42:02.546905 dv-cinder-772623-11-smb neutron-server[99859]: DEBUG neutron.api.v2.base [None req-d6848909-c8f8-40c2-8e2f-a01ea2f2c682 admin admin] Request body: {'subnet': {'network_id': '0912b788-1dc7-43f2-9454-6171abc5514e', 'cidr': '172.20.0.0/28', 'name': 'tempest-EncryptedVolumesExtendAttachedTest-783585377-subnet', 'tenant_id': '9daf57334a7f4ee7a426272be7c791d7', 'enable_dhcp': False, 'ip_version': 4}} {{(pid=99859) prepare_request_body /opt/stack/neutron/neutron/api/v2/base.py:729}}
Jul 19 07:42:02.717206 dv-cinder-772623-11-smb neutron-server[99859]: DEBUG neutron_lib.callbacks.manager [req-8b45d88a-f069-4efb-851d-c7baeb688a2c req-38340315-2f7a-44be-adbc-4a8537fbc88d service neutron] Notify callbacks ['neutron.plugins.ml2.plugin.SecurityGroupDbMixin._ensure_default_security_group_handler-629893'] for port, before_update {{(pid=99859) _notify_loop /usr/local/lib/python3.8/dist-packages/neutron_lib/callbacks/manager.py:192}}
Jul 19 07:42:02.719258 dv-cinder-772623-11-smb neutron-server[99859]: DEBUG neutron.api.rpc.handlers.resources_rpc [None req-7ff43940-bfaa-4dec-a15d-89cee16ea883 admin admin] Pushing event updated for resources: {'Network': ['ID=0912b788-1dc7-43f2-9454-6171abc5514e,revision_number=1']} {{(pid=99859) push /opt/stack/neutron/neutron/api/rpc/handlers/resources_rpc.py:237}}
Jul 19 07:42:02.742415 dv-cinder-772623-11-smb neutron-server[99858]: INFO neutron.wsgi [req-2630889c-acb3-447b-93b4-64a8fe47b98b req-bc580a03-a77b-4af8-b40e-bef565a8207d tempest-ServerRescueNegativeTestJSON-2009713068 tempest-ServerRescueNegativeTestJSON-2009713068-project] 10.222.0.35 "GET /v2.0/ports?device_id=ec3ff192-cb1c-4919-a89b-7bfbc4a03b81 HTTP/1.1" status: 200 len: 210 time: 0.1785924
Jul 19 07:42:02.777232 dv-cinder-772623-11-smb neutron-server[99859]: DEBUG neutron.pecan_wsgi.hooks.quota_enforcement [None req-d6848909-c8f8-40c2-8e2f-a01ea2f2c682 admin admin] Made reservation on behalf of 9daf57334a7f4ee7a426272be7c791d7 for: {'subnet': 1} {{(pid=99859) before /opt/stack/neutron/neutron/pecan_wsgi/hooks/quota_enforcement.py:53}}
Jul 19 07:42:02.779505 dv-cinder-772623-11-smb neutron-server[99859]: DEBUG neutron_lib.callbacks.manager [None req-d6848909-c8f8-40c2-8e2f-a01ea2f2c682 admin admin] Notify callbacks [] for subnet, before_create {{(pid=99859) _notify_loop /usr/local/lib/python3.8/dist-packages/neutron_lib/callbacks/manager.py:192}}
Jul 19 07:42:02.930486 dv-cinder-772623-11-smb neutron-server[99859]: DEBUG neutron.pecan_wsgi.hooks.policy_enforcement [req-53f936e6-09de-4c94-b2d4-1109e1070f37 req-107eb501-8e64-4ca4-95a5-65e2263670c5 tempest-DeleteServersTestJSON-1168386443 tempest-DeleteServersTestJSON-1168386443-project] Attributes excluded by policy engine: ['standard_attr_id', 'binding:profile', 'binding:host_id', 'binding:vif_type', 'binding:vif_details'] {{(pid=99859) _exclude_attributes_by_policy /opt/stack/neutron/neutron/pecan_wsgi/hooks/policy_enforcement.py:255}}
Jul 19 07:42:02.952351 dv-cinder-772623-11-smb neutron-server[99859]: INFO neutron.wsgi [req-53f936e6-09de-4c94-b2d4-1109e1070f37 req-107eb501-8e64-4ca4-95a5-65e2263670c5 tempest-DeleteServersTestJSON-1168386443 tempest-DeleteServersTestJSON-1168386443-project] 10.222.0.35 "GET /v2.0/ports?device_id=8a6b7870-d3b7-4afe-b2f8-b1782a534af1 HTTP/1.1" status: 200 len: 931 time: 0.9859731
Jul 19 07:42:03.005569 dv-cinder-772623-11-smb neutron-server[99860]: DEBUG neutron.plugins.ml2.rpc [None req-78091197-acf5-4fab-9486-2ab6f1ea0901 None None] Network 0912b788-1dc7-43f2-9454-6171abc5514e details requested by agent ovs-agent-dv-cinder-772623-11-smb with host dv-cinder-772623-11-smb {{(pid=99860) get_network_details /opt/stack/neutron/neutron/plugins/ml2/rpc.py:248}}
Jul 19 07:42:03.165666 dv-cinder-772623-11-smb neutron-server[99860]: DEBUG neutron.plugins.ml2.rpc [None req-78091197-acf5-4fab-9486-2ab6f1ea0901 None None] Device dda72b51-9978-41e3-8cbb-8d533a4111c7 up at agent ovs-agent-dv-cinder-772623-11-smb {{(pid=99860) update_device_up /opt/stack/neutron/neutron/plugins/ml2/rpc.py:296}}
Jul 19 07:42:03.220822 dv-cinder-772623-11-smb neutron-server[99858]: DEBUG neutron_lib.callbacks.manager [None req-5b2017aa-e3f0-47d9-b67f-684f7f51ec40 admin admin] Notify callbacks [] for security_group, before_delete {{(pid=99858) _notify_loop /usr/local/lib/python3.8/dist-packages/neutron_lib/callbacks/manager.py:192}}
Jul 19 07:42:03.438700 dv-cinder-772623-11-smb neutron-server[99860]: DEBUG neutron_lib.callbacks.manager [None req-2963f73f-ca32-4efc-8760-be7390e4176e None None] Notify callbacks ['neutron.services.segments.db._update_segment_host_mapping_for_agent-8777879533096', 'neutron.plugins.ml2.plugin.Ml2Plugin._retry_binding_revived_agents-654750'] for agent, after_update {{(pid=99860) _notify_loop /usr/local/lib/python3.8/dist-packages/neutron_lib/callbacks/manager.py:192}}
Jul 19 07:42:03.547956 dv-cinder-772623-11-smb neutron-server[99858]: DEBUG neutron.wsgi [-] (99858) accepted ('10.222.0.35', 39972) {{(pid=99858) server /usr/local/lib/python3.8/dist-packages/eventlet/wsgi.py:982}}
Jul 19 07:42:03.564840 dv-cinder-772623-11-smb neutron-server[99858]: DEBUG neutron.pecan_wsgi.hooks.policy_enforcement [req-fa991bc1-cd71-4cfd-b44a-50ac04a1139d req-2075d254-6d53-4209-affd-5d46c11b969d tempest-AttachVolumeNegativeTest-361396134 tempest-AttachVolumeNegativeTest-361396134-project] Attributes excluded by policy engine: ['standard_attr_id', 'binding:profile', 'binding:host_id', 'binding:vif_type', 'binding:vif_details'] {{(pid=99858) _exclude_attributes_by_policy /opt/stack/neutron/neutron/pecan_wsgi/hooks/policy_enforcement.py:255}}
Jul 19 07:42:03.566412 dv-cinder-772623-11-smb neutron-server[99858]: INFO neutron.wsgi [req-fa991bc1-cd71-4cfd-b44a-50ac04a1139d req-2075d254-6d53-4209-affd-5d46c11b969d tempest-AttachVolumeNegativeTest-361396134 tempest-AttachVolumeNegativeTest-361396134-project] 10.222.0.35 "GET /v2.0/ports?device_id=660e0f23-6229-4905-9ed5-b512755f5a34 HTTP/1.1" status: 200 len: 931 time: 0.5178549
Jul 19 07:42:03.596232 dv-cinder-772623-11-smb neutron-server[99858]: DEBUG neutron_lib.callbacks.manager [None req-5b2017aa-e3f0-47d9-b67f-684f7f51ec40 admin admin] Notify callbacks [] for security_group, precommit_delete {{(pid=99858) _notify_loop /usr/local/lib/python3.8/dist-packages/neutron_lib/callbacks/manager.py:192}}
Jul 19 07:42:03.634776 dv-cinder-772623-11-smb neutron-server[99859]: INFO neutron.wsgi [req-53f936e6-09de-4c94-b2d4-1109e1070f37 req-57f755fa-33a2-42d7-94ac-af8c9bfac397 tempest-DeleteServersTestJSON-1168386443 tempest-DeleteServersTestJSON-1168386443-project] 10.222.0.35 "GET /v2.0/security-groups?id=042d9757-c6d5-4f9b-8681-d981f143c17b&fields=id&fields=name HTTP/1.1" status: 200 len: 286 time: 0.6046841
Jul 19 07:42:03.694323 dv-cinder-772623-11-smb neutron-server[99858]: INFO neutron.wsgi [req-fa991bc1-cd71-4cfd-b44a-50ac04a1139d req-3563f0b0-30a1-4c76-9330-e4e17cc490ff tempest-AttachVolumeNegativeTest-361396134 tempest-AttachVolumeNegativeTest-361396134-project] 10.222.0.35 "GET /v2.0/security-groups?id=1d190464-6818-4b7f-b662-008ffe2361ba&fields=id&fields=name HTTP/1.1" status: 200 len: 286 time: 0.1023457
Jul 19 07:42:03.790766 dv-cinder-772623-11-smb neutron-server[99858]: DEBUG neutron_lib.callbacks.manager [None req-d9ddea00-1192-4c0b-adab-4127408c5556 tempest-AttachVolumeShelveTestJSON-87904547 tempest-AttachVolumeShelveTestJSON-87904547-project] Notify callbacks [] for port, precommit_create {{(pid=99858) _notify_loop /usr/local/lib/python3.8/dist-packages/neutron_lib/callbacks/manager.py:192}}
Jul 19 07:42:03.830007 dv-cinder-772623-11-smb neutron-server[99860]: DEBUG neutron_lib.callbacks.manager [None req-2189a2d7-46c9-4f04-8394-c7de978b982e None None] Notify callbacks [] for port, precommit_update {{(pid=99860) _notify_loop /usr/local/lib/python3.8/dist-packages/neutron_lib/callbacks/manager.py:192}}
Jul 19 07:42:03.833005 dv-cinder-772623-11-smb neutron-server[99860]: DEBUG neutron.db.provisioning_blocks [None req-78091197-acf5-4fab-9486-2ab6f1ea0901 None None] Provisioning complete for port dda72b51-9978-41e3-8cbb-8d533a4111c7 triggered by entity L2. {{(pid=99860) provisioning_complete /opt/stack/neutron/neutron/db/provisioning_blocks.py:139}}
Jul 19 07:42:03.833306 dv-cinder-772623-11-smb neutron-server[99860]: DEBUG neutron_lib.callbacks.manager [None req-78091197-acf5-4fab-9486-2ab6f1ea0901 None None] Notify callbacks ['neutron.plugins.ml2.plugin.Ml2Plugin._port_provisioned-655157'] for port, provisioning_complete {{(pid=99860) _notify_loop /usr/local/lib/python3.8/dist-packages/neutron_lib/callbacks/manager.py:192}}
Jul 19 07:42:03.939626 dv-cinder-772623-11-smb neutron-server[99858]: DEBUG neutron_lib.callbacks.manager [None req-a136e31f-c528-4f72-afde-cc28f23aa437 admin admin] Notify callbacks [] for security_group, before_create {{(pid=99858) _notify_loop /usr/local/lib/python3.8/dist-packages/neutron_lib/callbacks/manager.py:192}}
Jul 19 07:42:03.979600 dv-cinder-772623-11-smb neutron-server[99860]: DEBUG neutron.db.provisioning_blocks [None req-2189a2d7-46c9-4f04-8394-c7de978b982e None None] Transition to ACTIVE for port object bacac1e6-8256-4492-bdf9-586ca97d9b13 will not be triggered until provisioned by entity L2. {{(pid=99860) add_provisioning_component /opt/stack/neutron/neutron/db/provisioning_blocks.py:73}}
Jul 19 07:42:03.993836 dv-cinder-772623-11-smb neutron-server[99860]: DEBUG neutron_lib.callbacks.manager [None req-2189a2d7-46c9-4f04-8394-c7de978b982e None None] Notify callbacks ['neutron.plugins.ml2.plugin.SecurityGroupServerNotifierRpcMixin._notify_sg_on_port_change-630306', 'neutron.plugins.ml2.ovo_rpc._ObjectChangeHandler.handle_event-249094', 'neutron.api.rpc.agentnotifiers.dhcp_rpc_agent_api.DhcpAgentNotifyAPI._native_event_send_dhcp_notification-3677438', 'neutron.db.l3_db.L3RpcNotifierMixin._notify_gateway_port_ip_changed-8777879436099', 'neutron.db.l3_dvrscheduler_db._notify_l3_agent_port_update-8777879035293', 'neutron.db.l3_hascheduler_db._notify_l3_agent_ha_port_update-8777879035311'] for port, after_update {{(pid=99860) _notify_loop /usr/local/lib/python3.8/dist-packages/neutron_lib/callbacks/manager.py:192}}
Jul 19 07:42:04.064575 dv-cinder-772623-11-smb neutron-server[99860]: DEBUG neutron.api.rpc.handlers.resources_rpc [None req-ebec9278-a0d1-444f-9c48-c14591c12373 None None] Pushing event updated for resources: {'Port': ['ID=bacac1e6-8256-4492-bdf9-586ca97d9b13,revision_number=3']} {{(pid=99860) push /opt/stack/neutron/neutron/api/rpc/handlers/resources_rpc.py:237}}
Jul 19 07:42:04.077387 dv-cinder-772623-11-smb neutron-server[99858]: DEBUG neutron_lib.callbacks.manager [None req-a136e31f-c528-4f72-afde-cc28f23aa437 admin admin] Notify callbacks [] for security_group, precommit_create {{(pid=99858) _notify_loop /usr/local/lib/python3.8/dist-packages/neutron_lib/callbacks/manager.py:192}}
Jul 19 07:42:04.090336 dv-cinder-772623-11-smb neutron-server[99858]: DEBUG neutron_lib.callbacks.manager [None req-5b2017aa-e3f0-47d9-b67f-684f7f51ec40 admin admin] Notify callbacks ['neutron.plugins.ml2.ovo_rpc._ObjectChangeHandler.handle_event-3953120'] for security_group, after_delete {{(pid=99858) _notify_loop /usr/local/lib/python3.8/dist-packages/neutron_lib/callbacks/manager.py:192}}
Jul 19 07:42:04.093160 dv-cinder-772623-11-smb neutron-server[99858]: DEBUG neutron_lib.callbacks.manager [None req-5b2017aa-e3f0-47d9-b67f-684f7f51ec40 admin admin] Notify callbacks [] for security_group, before_response {{(pid=99858) _notify_loop /usr/local/lib/python3.8/dist-packages/neutron_lib/callbacks/manager.py:192}}
Jul 19 07:42:04.094471 dv-cinder-772623-11-smb neutron-server[99858]: INFO neutron.wsgi [None req-5b2017aa-e3f0-47d9-b67f-684f7f51ec40 admin admin] 10.222.0.35 "DELETE /v2.0/security-groups/9002df12-11c4-4433-9df1-5769da3c0887 HTTP/1.1" status: 204 len: 168 time: 1.6869330
Jul 19 07:42:04.122954 dv-cinder-772623-11-smb neutron-server[99858]: DEBUG neutron_lib.callbacks.manager [None req-a136e31f-c528-4f72-afde-cc28f23aa437 admin admin] Notify callbacks ['neutron.plugins.ml2.ovo_rpc._ObjectChangeHandler.handle_event-3953120'] for security_group, after_create {{(pid=99858) _notify_loop /usr/local/lib/python3.8/dist-packages/neutron_lib/callbacks/manager.py:192}}
Jul 19 07:42:04.161219 dv-cinder-772623-11-smb neutron-server[99858]: DEBUG neutron.notifiers.nova [req-8cbf4d52-c900-4fbf-bbf3-ac2a53626af8 req-ce9c11ec-39e3-450a-9058-4a72e6b05d3f service neutron] Ignoring state change previous_port_status: DOWN current_port_status: DOWN port_id e66df591-5060-42e8-9cd9-869a6588295f {{(pid=99858) record_port_status_changed /opt/stack/neutron/neutron/notifiers/nova.py:224}}
Jul 19 07:42:04.181512 dv-cinder-772623-11-smb neutron-server[99858]: DEBUG neutron_lib.callbacks.manager [req-8cbf4d52-c900-4fbf-bbf3-ac2a53626af8 req-ce9c11ec-39e3-450a-9058-4a72e6b05d3f service neutron] Notify callbacks [] for port, precommit_update {{(pid=99858) _notify_loop /usr/local/lib/python3.8/dist-packages/neutron_lib/callbacks/manager.py:192}}
Jul 19 07:42:04.207464 dv-cinder-772623-11-smb neutron-server[99860]: DEBUG neutron.plugins.ml2.managers [None req-2189a2d7-46c9-4f04-8394-c7de978b982e None None] Attempting to bind port bacac1e6-8256-4492-bdf9-586ca97d9b13 on host dv-cinder-772623-11-smb for vnic_type normal with profile {{(pid=99860) bind_port /opt/stack/neutron/neutron/plugins/ml2/managers.py:790}}
Jul 19 07:42:04.208937 dv-cinder-772623-11-smb neutron-server[99858]: DEBUG neutron.db.provisioning_blocks [req-8cbf4d52-c900-4fbf-bbf3-ac2a53626af8 req-ce9c11ec-39e3-450a-9058-4a72e6b05d3f service neutron] Transition to ACTIVE for port object e66df591-5060-42e8-9cd9-869a6588295f will not be triggered until provisioned by entity L2. {{(pid=99858) add_provisioning_component /opt/stack/neutron/neutron/db/provisioning_blocks.py:73}}
Jul 19 07:42:04.209607 dv-cinder-772623-11-smb neutron-server[99860]: DEBUG neutron.plugins.ml2.managers [None req-2189a2d7-46c9-4f04-8394-c7de978b982e None None] Attempting to bind port bacac1e6-8256-4492-bdf9-586ca97d9b13 by drivers openvswitch,hyperv on host dv-cinder-772623-11-smb at level 0 using segments [{'id': '435c1746-1881-4c9d-b998-ef4562c122c5', 'network_type': 'vlan', 'physical_network': 'physnet1', 'segmentation_id': 190, 'network_id': '87b0f57f-54d3-4d84-9771-dd48c0194897'}] {{(pid=99860) _bind_port_level /opt/stack/neutron/neutron/plugins/ml2/managers.py:815}}
Jul 19 07:42:04.210273 dv-cinder-772623-11-smb neutron-server[99860]: DEBUG neutron.plugins.ml2.drivers.mech_agent [None req-2189a2d7-46c9-4f04-8394-c7de978b982e None None] Attempting to bind port bacac1e6-8256-4492-bdf9-586ca97d9b13 on network 87b0f57f-54d3-4d84-9771-dd48c0194897 {{(pid=99860) bind_port /opt/stack/neutron/neutron/plugins/ml2/drivers/mech_agent.py:86}}
Jul 19 07:42:04.210739 dv-cinder-772623-11-smb neutron-server[99858]: DEBUG neutron.api.rpc.handlers.resources_rpc [None req-5b2017aa-e3f0-47d9-b67f-684f7f51ec40 admin admin] Pushing event deleted for resources: {'SecurityGroup': ['ID=9002df12-11c4-4433-9df1-5769da3c0887,revision_number=None']} {{(pid=99858) push /opt/stack/neutron/neutron/api/rpc/handlers/resources_rpc.py:237}}
Jul 19 07:42:04.222460 dv-cinder-772623-11-smb neutron-server[99860]: DEBUG neutron.plugins.ml2.drivers.mech_agent [None req-2189a2d7-46c9-4f04-8394-c7de978b982e None None] Checking agent: {'id': 'aebc2e9e-80a4-44ab-a5e9-8e8f9a3940f9', 'agent_type': 'Open vSwitch agent', 'binary': 'neutron-openvswitch-agent', 'topic': 'N/A', 'host': 'dv-cinder-772623-11-smb', 'admin_state_up': True, 'created_at': datetime.datetime(2021, 7, 19, 7, 33, 53), 'started_at': datetime.datetime(2021, 7, 19, 7, 34, 23), 'heartbeat_timestamp': datetime.datetime(2021, 7, 19, 7, 41, 53), 'description': None, 'resources_synced': None, 'availability_zone': None, 'alive': True, 'configurations': {'arp_responder_enabled': False, 'baremetal_smartnic': False, 'bridge_mappings': {'physnet1': 'br-data'}, 'datapath_type': 'system', 'devices': 0, 'enable_distributed_routing': False, 'extensions': [], 'in_distributed_mode': False, 'integration_bridge': 'br-int', 'l2_population': False, 'log_agent_heartbeats': False, 'ovs_capabilities': {'datapath_types': ['netdev', 'system'], 'iface_types': ['erspan', 'geneve', 'gre', 'internal', 'ip6erspan', 'ip6gre', 'lisp', 'patch', 'stt', 'system', 'tap', 'vxlan']}, 'ovs_hybrid_plug': False, 'resource_provider_bandwidths': {}, 'resource_provider_hypervisors': {'br-data': 'dv-cinder-772623-11-smb'}, 'resource_provider_inventory_defaults': {'allocation_ratio': 1.0, 'min_unit': 1, 'step_size': 1, 'reserved': 0}, 'tunnel_types': [], 'tunneling_ip': None, 'vhostuser_socket_dir': '/var/run/openvswitch'}, 'resource_versions': {'AddressGroup': '1.2', 'ConntrackHelper': '1.0', 'Log': '1.0', 'Network': '1.1', 'Port': '1.7', 'PortForwarding': '1.2', 'QosPolicy': '1.8', 'SecurityGroup': '1.4', 'SecurityGroupRule': '1.2', 'SubPort': '1.0', 'Subnet': '1.1', 'Trunk': '1.1'}} {{(pid=99860) bind_port /opt/stack/neutron/neutron/plugins/ml2/drivers/mech_agent.py:105}}
Jul 19 07:42:04.223275 dv-cinder-772623-11-smb neutron-server[99860]: DEBUG neutron.plugins.ml2.drivers.mech_agent [None req-2189a2d7-46c9-4f04-8394-c7de978b982e None None] Checking segment: {'id': '435c1746-1881-4c9d-b998-ef4562c122c5', 'network_type': 'vlan', 'physical_network': 'physnet1', 'segmentation_id': 190, 'network_id': '87b0f57f-54d3-4d84-9771-dd48c0194897'} for mappings: {'physnet1': 'br-data'} with network types: ['local', 'flat', 'vlan'] {{(pid=99860) check_segment_for_agent /opt/stack/neutron/neutron/plugins/ml2/drivers/mech_agent.py:341}}
Jul 19 07:42:04.223982 dv-cinder-772623-11-smb neutron-server[99860]: DEBUG neutron_lib.callbacks.manager [None req-2189a2d7-46c9-4f04-8394-c7de978b982e None None] Notify callbacks [] for ovs_bridge_name, before_read {{(pid=99860) _notify_loop /usr/local/lib/python3.8/dist-packages/neutron_lib/callbacks/manager.py:192}}
Jul 19 07:42:04.225313 dv-cinder-772623-11-smb neutron-server[99860]: DEBUG neutron.plugins.ml2.drivers.mech_agent [None req-2189a2d7-46c9-4f04-8394-c7de978b982e None None] Bound using segment: {'id': '435c1746-1881-4c9d-b998-ef4562c122c5', 'network_type': 'vlan', 'physical_network': 'physnet1', 'segmentation_id': 190, 'network_id': '87b0f57f-54d3-4d84-9771-dd48c0194897'} {{(pid=99860) bind_port /opt/stack/neutron/neutron/plugins/ml2/drivers/mech_agent.py:115}}
Jul 19 07:42:04.227075 dv-cinder-772623-11-smb neutron-server[99860]: DEBUG neutron.plugins.ml2.managers [None req-2189a2d7-46c9-4f04-8394-c7de978b982e None None] Bound port: bacac1e6-8256-4492-bdf9-586ca97d9b13, host: dv-cinder-772623-11-smb, vif_type: ovs, vif_details: {"connectivity": "l2", "port_filter": true, "ovs_hybrid_plug": false, "datapath_type": "system", "bridge_name": "br-int"}, binding_levels: [{'bound_driver': 'openvswitch', 'bound_segment': {'id': '435c1746-1881-4c9d-b998-ef4562c122c5', 'network_type': 'vlan', 'physical_network': 'physnet1', 'segmentation_id': 190, 'network_id': '87b0f57f-54d3-4d84-9771-dd48c0194897'}}] {{(pid=99860) _bind_port_level /opt/stack/neutron/neutron/plugins/ml2/managers.py:928}}
Jul 19 07:42:04.227543 dv-cinder-772623-11-smb neutron-server[99858]: DEBUG neutron_lib.callbacks.manager [req-8cbf4d52-c900-4fbf-bbf3-ac2a53626af8 req-ce9c11ec-39e3-450a-9058-4a72e6b05d3f service neutron] Notify callbacks ['neutron.plugins.ml2.plugin.SecurityGroupServerNotifierRpcMixin._notify_sg_on_port_change-630306', 'neutron.plugins.ml2.ovo_rpc._ObjectChangeHandler.handle_event-249094', 'neutron.api.rpc.agentnotifiers.dhcp_rpc_agent_api.DhcpAgentNotifyAPI._native_event_send_dhcp_notification-3677438', 'neutron.db.l3_db.L3RpcNotifierMixin._notify_gateway_port_ip_changed-8777879436099', 'neutron.db.l3_dvrscheduler_db._notify_l3_agent_port_update-8777879035293', 'neutron.db.l3_hascheduler_db._notify_l3_agent_ha_port_update-8777879035311'] for port, after_update {{(pid=99858) _notify_loop /usr/local/lib/python3.8/dist-packages/neutron_lib/callbacks/manager.py:192}}
Jul 19 07:42:04.232818 dv-cinder-772623-11-smb neutron-server[99860]: DEBUG neutron_lib.callbacks.manager [None req-2189a2d7-46c9-4f04-8394-c7de978b982e None None] Notify callbacks ['neutron.plugins.ml2.plugin.SecurityGroupDbMixin._ensure_default_security_group_handler-629893'] for port, before_update {{(pid=99860) _notify_loop /usr/local/lib/python3.8/dist-packages/neutron_lib/callbacks/manager.py:192}}
Jul 19 07:42:04.250705 dv-cinder-772623-11-smb neutron-server[99859]: DEBUG neutron_lib.callbacks.manager [None req-d6848909-c8f8-40c2-8e2f-a01ea2f2c682 admin admin] Notify callbacks ['neutron.plugins.ml2.ovo_rpc._ObjectChangeHandler.handle_event-4044240', 'neutron.api.rpc.agentnotifiers.dhcp_rpc_agent_api.DhcpAgentNotifyAPI._native_event_send_dhcp_notification-3677438'] for subnet, after_create {{(pid=99859) _notify_loop /usr/local/lib/python3.8/dist-packages/neutron_lib/callbacks/manager.py:192}}
Jul 19 07:42:04.306012 dv-cinder-772623-11-smb neutron-server[99859]: DEBUG neutron.api.rpc.handlers.resources_rpc [None req-d6848909-c8f8-40c2-8e2f-a01ea2f2c682 admin admin] Pushing event updated for resources: {'Subnet': ['ID=7ea1a932-5f8e-4d9d-8311-41008672c874,revision_number=0']} {{(pid=99859) push /opt/stack/neutron/neutron/api/rpc/handlers/resources_rpc.py:237}}
Jul 19 07:42:04.326765 dv-cinder-772623-11-smb neutron-server[99859]: DEBUG neutron.pecan_wsgi.hooks.policy_enforcement [req-755e2c8c-95fc-44d6-81bf-a98b11ba6281 req-6bf984da-3e27-4903-b042-0cff0d28973d tempest-ServerRescueNegativeTestJSON-2009713068 tempest-ServerRescueNegativeTestJSON-2009713068-project] Attributes excluded by policy engine: ['standard_attr_id', 'vlan_transparent', 'provider:network_type', 'provider:physical_network', 'provider:segmentation_id'] {{(pid=99859) _exclude_attributes_by_policy /opt/stack/neutron/neutron/pecan_wsgi/hooks/policy_enforcement.py:255}}
Jul 19 07:42:04.328320 dv-cinder-772623-11-smb neutron-server[99859]: INFO neutron.wsgi [req-755e2c8c-95fc-44d6-81bf-a98b11ba6281 req-6bf984da-3e27-4903-b042-0cff0d28973d tempest-ServerRescueNegativeTestJSON-2009713068 tempest-ServerRescueNegativeTestJSON-2009713068-project] 10.222.0.35 "GET /v2.0/networks?id=87b0f57f-54d3-4d84-9771-dd48c0194897 HTTP/1.1" status: 200 len: 818 time: 0.2664092
Jul 19 07:42:04.383326 dv-cinder-772623-11-smb neutron-server[99859]: INFO neutron.wsgi [req-755e2c8c-95fc-44d6-81bf-a98b11ba6281 req-9a9d1f11-fec6-477d-91bb-b496da7d962b tempest-ServerRescueNegativeTestJSON-2009713068 tempest-ServerRescueNegativeTestJSON-2009713068-project] 10.222.0.35 "GET /v2.0/quotas/7a912969623d4978a4366a2955bcbb83 HTTP/1.1" status: 200 len: 375 time: 0.0361819
Jul 19 07:42:04.398403 dv-cinder-772623-11-smb neutron-server[99859]: DEBUG neutron.plugins.ml2.drivers.mech_agent [None req-d6848909-c8f8-40c2-8e2f-a01ea2f2c682 admin admin] Checking segment: {'id': '375a2ac8-6d36-4714-9ed1-be969d6e80fd', 'network_type': 'vlan', 'physical_network': 'physnet1', 'segmentation_id': 188, 'network_id': '0912b788-1dc7-43f2-9454-6171abc5514e'} for mappings: {'physnet1': 'br-data'} with network types: ['local', 'flat', 'vlan'] {{(pid=99859) check_segment_for_agent /opt/stack/neutron/neutron/plugins/ml2/drivers/mech_agent.py:341}}
Jul 19 07:42:04.398940 dv-cinder-772623-11-smb neutron-server[99859]: DEBUG neutron.scheduler.dhcp_agent_scheduler [None req-d6848909-c8f8-40c2-8e2f-a01ea2f2c682 admin admin] Network hostable DHCP agents. Network: 0912b788-1dc7-43f2-9454-6171abc5514e, hostable agents: ['c9cd87a2-175d-4001-90c5-1e43a86a316b'], hosted agents: [] {{(pid=99859) _get_network_hostable_dhcp_agents /opt/stack/neutron/neutron/scheduler/dhcp_agent_scheduler.py:329}}
Jul 19 07:42:04.421703 dv-cinder-772623-11-smb neutron-server[99860]: DEBUG neutron.plugins.ml2.db [None req-2189a2d7-46c9-4f04-8394-c7de978b982e None None] For port bacac1e6-8256-4492-bdf9-586ca97d9b13, host dv-cinder-772623-11-smb, cleared binding levels {{(pid=99860) clear_binding_levels /opt/stack/neutron/neutron/plugins/ml2/db.py:87}}
Jul 19 07:42:04.425450 dv-cinder-772623-11-smb neutron-server[99860]: DEBUG neutron.plugins.ml2.db [None req-2189a2d7-46c9-4f04-8394-c7de978b982e None None] For port bacac1e6-8256-4492-bdf9-586ca97d9b13, host dv-cinder-772623-11-smb, set binding levels [PortBindingLevel(driver='openvswitch',host='dv-cinder-772623-11-smb',level=0,port_id=bacac1e6-8256-4492-bdf9-586ca97d9b13,segment=NetworkSegment(435c1746-1881-4c9d-b998-ef4562c122c5),segment_id=435c1746-1881-4c9d-b998-ef4562c122c5)] {{(pid=99860) set_binding_levels /opt/stack/neutron/neutron/plugins/ml2/db.py:59}}
Jul 19 07:42:04.432374 dv-cinder-772623-11-smb neutron-server[99860]: DEBUG neutron_lib.callbacks.manager [None req-2189a2d7-46c9-4f04-8394-c7de978b982e None None] Notify callbacks ['neutron.plugins.ml2.plugin.SecurityGroupServerNotifierRpcMixin._notify_sg_on_port_change-630306', 'neutron.plugins.ml2.ovo_rpc._ObjectChangeHandler.handle_event-249094', 'neutron.api.rpc.agentnotifiers.dhcp_rpc_agent_api.DhcpAgentNotifyAPI._native_event_send_dhcp_notification-3677438', 'neutron.db.l3_db.L3RpcNotifierMixin._notify_gateway_port_ip_changed-8777879436099', 'neutron.db.l3_dvrscheduler_db._notify_l3_agent_port_update-8777879035293', 'neutron.db.l3_hascheduler_db._notify_l3_agent_ha_port_update-8777879035311'] for port, after_update {{(pid=99860) _notify_loop /usr/local/lib/python3.8/dist-packages/neutron_lib/callbacks/manager.py:192}}
Jul 19 07:42:04.449830 dv-cinder-772623-11-smb neutron-server[99858]: INFO neutron.wsgi [None req-a136e31f-c528-4f72-afde-cc28f23aa437 admin admin] 10.222.0.35 "GET /v2.0/security-groups?tenant_id=453a10a93baa44f693e870fdbd478ff4&name=default HTTP/1.1" status: 200 len: 2979 time: 0.8983777
Jul 19 07:42:04.451353 dv-cinder-772623-11-smb neutron-server[99858]: DEBUG neutron_lib.callbacks.manager [None req-d9ddea00-1192-4c0b-adab-4127408c5556 tempest-AttachVolumeShelveTestJSON-87904547 tempest-AttachVolumeShelveTestJSON-87904547-project] Notify callbacks ['neutron.plugins.ml2.plugin.SecurityGroupServerNotifierRpcMixin._notify_sg_on_port_change-630306', 'neutron.plugins.ml2.ovo_rpc._ObjectChangeHandler.handle_event-249094', 'neutron.api.rpc.agentnotifiers.dhcp_rpc_agent_api.DhcpAgentNotifyAPI._native_event_send_dhcp_notification-3677438', 'neutron.db.l3_dvrscheduler_db._notify_l3_agent_new_port-8777879035275'] for port, after_create {{(pid=99858) _notify_loop /usr/local/lib/python3.8/dist-packages/neutron_lib/callbacks/manager.py:192}}
Jul 19 07:42:04.457987 dv-cinder-772623-11-smb neutron-server[99858]: DEBUG neutron.wsgi [-] (99858) accepted ('10.222.0.35', 39990) {{(pid=99858) server /usr/local/lib/python3.8/dist-packages/eventlet/wsgi.py:982}}
Jul 19 07:42:04.516762 dv-cinder-772623-11-smb neutron-server[99859]: DEBUG neutron.scheduler.dhcp_agent_scheduler [None req-d6848909-c8f8-40c2-8e2f-a01ea2f2c682 admin admin] Network 0912b788-1dc7-43f2-9454-6171abc5514e is scheduled to be hosted by DHCP agent c9cd87a2-175d-4001-90c5-1e43a86a316b with binding_index 1 {{(pid=99859) bind /opt/stack/neutron/neutron/scheduler/dhcp_agent_scheduler.py:227}}
Jul 19 07:42:04.552052 dv-cinder-772623-11-smb neutron-server[99859]: DEBUG neutron.notifiers.nova [req-8b45d88a-f069-4efb-851d-c7baeb688a2c req-38340315-2f7a-44be-adbc-4a8537fbc88d service neutron] Ignoring state change previous_port_status: DOWN current_port_status: DOWN port_id 1beecf3c-0b81-4e40-b6b4-4cd0705ef50a {{(pid=99859) record_port_status_changed /opt/stack/neutron/neutron/notifiers/nova.py:224}}
Jul 19 07:42:04.557737 dv-cinder-772623-11-smb neutron-server[99860]: DEBUG neutron.api.rpc.handlers.resources_rpc [None req-ebec9278-a0d1-444f-9c48-c14591c12373 None None] Pushing event updated for resources: {'Port': ['ID=bacac1e6-8256-4492-bdf9-586ca97d9b13,revision_number=4']} {{(pid=99860) push /opt/stack/neutron/neutron/api/rpc/handlers/resources_rpc.py:237}}
Jul 19 07:42:04.586889 dv-cinder-772623-11-smb neutron-server[99859]: DEBUG neutron_lib.callbacks.manager [req-8b45d88a-f069-4efb-851d-c7baeb688a2c req-38340315-2f7a-44be-adbc-4a8537fbc88d service neutron] Notify callbacks [] for port, precommit_update {{(pid=99859) _notify_loop /usr/local/lib/python3.8/dist-packages/neutron_lib/callbacks/manager.py:192}}
Jul 19 07:42:04.590494 dv-cinder-772623-11-smb neutron-server[99859]: DEBUG neutron.scheduler.base_scheduler [None req-d6848909-c8f8-40c2-8e2f-a01ea2f2c682 admin admin] Resources bound (agent type, host, resource id): (DHCP agent, dv-cinder-772623-11-smb, 0912b788-1dc7-43f2-9454-6171abc5514e) {{(pid=99859) schedule /opt/stack/neutron/neutron/scheduler/base_scheduler.py:57}}
Jul 19 07:42:04.603994 dv-cinder-772623-11-smb neutron-server[99860]: DEBUG neutron.db.l3_dvrscheduler_db [None req-2189a2d7-46c9-4f04-8394-c7de978b982e None None] Routers {'c3e45bb6-3f4e-4127-bad8-4085cb057550'} bound to L3 agent in host dv-cinder-772623-11-smb {{(pid=99860) _get_router_ids_for_agent /opt/stack/neutron/neutron/db/l3_dvrscheduler_db.py:420}}
Jul 19 07:42:04.604611 dv-cinder-772623-11-smb neutron-server[99860]: DEBUG neutron.db.l3_hamode_db [None req-2189a2d7-46c9-4f04-8394-c7de978b982e None None] neutron.services.l3_router.l3_router_plugin.L3RouterPlugin method get_ha_sync_data_for_host called with arguments (, 'dv-cinder-772623-11-smb', Agent(admin_state_up=True,agent_type='L3 agent',availability_zone='nova',binary='neutron-l3-agent',configurations={"agent_mode": "legacy", "ex_gw_ports": 2, "extensions": [], "floating_ips": 0, "handle_internal_only_routers": true, "interface_driver": "openvswitch", "interfaces": 1, "log_agent_heartbeats": false, "routers": 2},created_at=2021-07-19T07:33:52Z,description=,heartbeat_timestamp=2021-07-19T07:41:53Z,host='dv-cinder-772623-11-smb',id=a0695b99-0ad7-4910-b5c6-974f7765879b,load=0,resource_versions=,resources_synced=,started_at=2021-07-19T07:33:52Z,topic='l3_agent')) {'router_ids': ['c3e45bb6-3f4e-4127-bad8-4085cb057550'], 'active': True} {{(pid=99860) wrapper /usr/local/lib/python3.8/dist-packages/oslo_log/helpers.py:65}}
Jul 19 07:42:04.605741 dv-cinder-772623-11-smb neutron-server[99859]: DEBUG neutron.pecan_wsgi.hooks.policy_enforcement [None req-d6848909-c8f8-40c2-8e2f-a01ea2f2c682 admin admin] Attributes excluded by policy engine: ['standard_attr_id', 'shared', 'network'] {{(pid=99859) _exclude_attributes_by_policy /opt/stack/neutron/neutron/pecan_wsgi/hooks/policy_enforcement.py:255}}
Jul 19 07:42:04.606421 dv-cinder-772623-11-smb neutron-server[99859]: DEBUG neutron_lib.callbacks.manager [None req-d6848909-c8f8-40c2-8e2f-a01ea2f2c682 admin admin] Notify callbacks ['neutron.api.rpc.agentnotifiers.dhcp_rpc_agent_api.DhcpAgentNotifyAPI._send_dhcp_notification-3677420'] for subnet, before_response {{(pid=99859) _notify_loop /usr/local/lib/python3.8/dist-packages/neutron_lib/callbacks/manager.py:192}}
Jul 19 07:42:04.606540 dv-cinder-772623-11-smb neutron-server[99860]: DEBUG neutron.api.rpc.handlers.dhcp_rpc [None req-caf11392-3472-42bd-82e7-07c02d2674e8 None None] Network 0912b788-1dc7-43f2-9454-6171abc5514e requested from dv-cinder-772623-11-smb {{(pid=99860) get_network_info /opt/stack/neutron/neutron/api/rpc/handlers/dhcp_rpc.py:218}}
Jul 19 07:42:04.642569 dv-cinder-772623-11-smb neutron-server[99859]: DEBUG neutron.db.provisioning_blocks [req-8b45d88a-f069-4efb-851d-c7baeb688a2c req-38340315-2f7a-44be-adbc-4a8537fbc88d service neutron] Transition to ACTIVE for port object 1beecf3c-0b81-4e40-b6b4-4cd0705ef50a will not be triggered until provisioned by entity L2. {{(pid=99859) add_provisioning_component /opt/stack/neutron/neutron/db/provisioning_blocks.py:73}}
Jul 19 07:42:04.685874 dv-cinder-772623-11-smb neutron-server[99859]: DEBUG neutron_lib.callbacks.manager [req-8b45d88a-f069-4efb-851d-c7baeb688a2c req-38340315-2f7a-44be-adbc-4a8537fbc88d service neutron] Notify callbacks ['neutron.plugins.ml2.plugin.SecurityGroupServerNotifierRpcMixin._notify_sg_on_port_change-630306', 'neutron.plugins.ml2.ovo_rpc._ObjectChangeHandler.handle_event-249094', 'neutron.api.rpc.agentnotifiers.dhcp_rpc_agent_api.DhcpAgentNotifyAPI._native_event_send_dhcp_notification-3677438', 'neutron.db.l3_db.L3RpcNotifierMixin._notify_gateway_port_ip_changed-8777879436099', 'neutron.db.l3_dvrscheduler_db._notify_l3_agent_port_update-8777879035293', 'neutron.db.l3_hascheduler_db._notify_l3_agent_ha_port_update-8777879035311'] for port, after_update {{(pid=99859) _notify_loop /usr/local/lib/python3.8/dist-packages/neutron_lib/callbacks/manager.py:192}}
Jul 19 07:42:04.738723 dv-cinder-772623-11-smb neutron-server[99858]: DEBUG neutron.api.rpc.handlers.resources_rpc [None req-a136e31f-c528-4f72-afde-cc28f23aa437 admin admin] Pushing event updated for resources: {'SecurityGroup': ['ID=06361cc3-54df-4c04-821c-d5d5720042f0,revision_number=1']} {{(pid=99858) push /opt/stack/neutron/neutron/api/rpc/handlers/resources_rpc.py:237}}
Jul 19 07:42:04.761366 dv-cinder-772623-11-smb neutron-server[99859]: DEBUG neutron.api.rpc.handlers.resources_rpc [None req-38340315-2f7a-44be-adbc-4a8537fbc88d service neutron] Pushing event updated for resources: {'Port': ['ID=1beecf3c-0b81-4e40-b6b4-4cd0705ef50a,revision_number=2']} {{(pid=99859) push /opt/stack/neutron/neutron/api/rpc/handlers/resources_rpc.py:237}}
Jul 19 07:42:04.770295 dv-cinder-772623-11-smb neutron-server[99859]: INFO neutron.wsgi [req-755e2c8c-95fc-44d6-81bf-a98b11ba6281 req-3a3a5ffe-6a03-4de3-9512-d6b5436535e5 tempest-ServerRescueNegativeTestJSON-2009713068 tempest-ServerRescueNegativeTestJSON-2009713068-project] 10.222.0.35 "GET /v2.0/ports?tenant_id=7a912969623d4978a4366a2955bcbb83&fields=id HTTP/1.1" status: 200 len: 255 time: 0.3757164
Jul 19 07:42:04.772222 dv-cinder-772623-11-smb neutron-server[99859]: INFO neutron.wsgi [None req-d6848909-c8f8-40c2-8e2f-a01ea2f2c682 admin admin] 10.222.0.35 "POST /v2.0/subnets HTTP/1.1" status: 201 len: 861 time: 2.2309599
Jul 19 07:42:04.965848 dv-cinder-772623-11-smb neutron-server[99858]: DEBUG neutron.wsgi [-] (99858) accepted ('10.222.0.15', 49879) {{(pid=99858) server /usr/local/lib/python3.8/dist-packages/eventlet/wsgi.py:982}}
Jul 19 07:42:04.975192 dv-cinder-772623-11-smb neutron-server[99858]: DEBUG neutron.scheduler.dhcp_agent_scheduler [None req-d9ddea00-1192-4c0b-adab-4127408c5556 tempest-AttachVolumeShelveTestJSON-87904547 tempest-AttachVolumeShelveTestJSON-87904547-project] Network d33a650d-2ca7-4dd7-b8af-11447cb35227 is already hosted by enough agents. {{(pid=99858) _get_dhcp_agents_hosting_network /opt/stack/neutron/neutron/scheduler/dhcp_agent_scheduler.py:275}}
Jul 19 07:42:05.025954 dv-cinder-772623-11-smb neutron-server[99858]: DEBUG neutron.api.rpc.handlers.resources_rpc [None req-ce9c11ec-39e3-450a-9058-4a72e6b05d3f service neutron] Pushing event updated for resources: {'Port': ['ID=e66df591-5060-42e8-9cd9-869a6588295f,revision_number=2']} {{(pid=99858) push /opt/stack/neutron/neutron/api/rpc/handlers/resources_rpc.py:237}}
Jul 19 07:42:05.043670 dv-cinder-772623-11-smb neutron-server[99858]: DEBUG neutron.plugins.ml2.managers [req-8cbf4d52-c900-4fbf-bbf3-ac2a53626af8 req-ce9c11ec-39e3-450a-9058-4a72e6b05d3f service neutron] Attempting to bind port e66df591-5060-42e8-9cd9-869a6588295f on host hv-cinder-77262 for vnic_type normal with profile {{(pid=99858) bind_port /opt/stack/neutron/neutron/plugins/ml2/managers.py:790}}
Jul 19 07:42:05.044084 dv-cinder-772623-11-smb neutron-server[99858]: DEBUG neutron.plugins.ml2.managers [req-8cbf4d52-c900-4fbf-bbf3-ac2a53626af8 req-ce9c11ec-39e3-450a-9058-4a72e6b05d3f service neutron] Attempting to bind port e66df591-5060-42e8-9cd9-869a6588295f by drivers openvswitch,hyperv on host hv-cinder-77262 at level 0 using segments [{'id': '33107ce1-e747-49fb-9fdf-569b3bd396b8', 'network_type': 'vlan', 'physical_network': 'physnet1', 'segmentation_id': 171, 'network_id': '86e01ecc-6e0d-4a76-9907-fd3cc9e18cc6'}] {{(pid=99858) _bind_port_level /opt/stack/neutron/neutron/plugins/ml2/managers.py:815}}
Jul 19 07:42:05.049195 dv-cinder-772623-11-smb neutron-server[99858]: DEBUG neutron.plugins.ml2.drivers.mech_agent [req-8cbf4d52-c900-4fbf-bbf3-ac2a53626af8 req-ce9c11ec-39e3-450a-9058-4a72e6b05d3f service neutron] Attempting to bind port e66df591-5060-42e8-9cd9-869a6588295f on network 86e01ecc-6e0d-4a76-9907-fd3cc9e18cc6 {{(pid=99858) bind_port /opt/stack/neutron/neutron/plugins/ml2/drivers/mech_agent.py:86}}
