Jul 19 07:42:14.576583 dv-cinder-772623-11-iscsi devstack@c-api.service[106673]: DEBUG cinder.volume.api [None req-27470bf5-8be5-4704-b3be-99bb148a5c02 tempest-GroupsV314Test-2082521114 tempest-GroupsV314Test-2082521114-project] Flow 'volume_create_api' (6b2cc8b2-7f82-4f7f-acbc-dbd90ad0ce8c) transitioned into state 'SUCCESS' from state 'RUNNING' {{(pid=106673) _flow_receiver /usr/local/lib/python3.8/dist-packages/taskflow/listeners/logging.py:141}}
Jul 19 07:42:14.577696 dv-cinder-772623-11-iscsi devstack@c-api.service[106673]: INFO cinder.volume.api [None req-27470bf5-8be5-4704-b3be-99bb148a5c02 tempest-GroupsV314Test-2082521114 tempest-GroupsV314Test-2082521114-project] Create volume request issued successfully.
Jul 19 07:42:14.587015 dv-cinder-772623-11-iscsi devstack@c-api.service[106672]: DEBUG cinder.quota [None req-08f41ffb-8ccd-48f7-a48d-26f87b26781d tempest-SnapshotsActionsTest-626595961 tempest-SnapshotsActionsTest-626595961-project] Created reservations ['20ef2bde-0bb4-425e-9198-fd047f49796b', '1e35a984-b6f2-46d1-b1a8-b1e16106b4be', '0ab2dfae-66de-45aa-92fc-e35515cdda40', 'd11bd3d0-b3b8-4e62-97ff-dd679db6cddf'] {{(pid=106672) reserve /opt/stack/cinder/cinder/quota.py:755}}
Jul 19 07:42:14.602470 dv-cinder-772623-11-iscsi devstack@c-api.service[106673]: INFO cinder.api.openstack.wsgi [None req-27470bf5-8be5-4704-b3be-99bb148a5c02 tempest-GroupsV314Test-2082521114 tempest-GroupsV314Test-2082521114-project] http://10.222.0.10/volume/v3/a79d99628f3b4610b67b85ec6a54a516/groups/action returned with HTTP 202
Jul 19 07:42:14.603333 dv-cinder-772623-11-iscsi devstack@c-api.service[106673]: [pid: 106673|app: 0|req: 110/229] 10.222.0.10 () {62 vars in 1295 bytes} [Mon Jul 19 07:42:14 2021] POST /volume/v3/a79d99628f3b4610b67b85ec6a54a516/groups/action => generated 102 bytes in 572 msecs (HTTP/1.1 202) 7 headers in 292 bytes (1 switches on core 0)
Jul 19 07:42:14.608056 dv-cinder-772623-11-iscsi devstack@c-api.service[106673]: INFO cinder.api.openstack.wsgi [req-927e4ac8-32a8-4665-b6db-a68867b73cf4 req-9ecbb155-b966-4064-8f57-1599ca93719c tempest-DeleteServersTestJSON-1901533380 tempest-DeleteServersTestJSON-1901533380-project] GET http://10.222.0.10/volume/v3/bbb4a5767ec444f286b24cf649019ef0/volumes/b6e7c517-7dfa-4709-9818-7b21fa2fd558
Jul 19 07:42:14.608572 dv-cinder-772623-11-iscsi devstack@c-api.service[106673]: DEBUG cinder.api.openstack.wsgi [req-927e4ac8-32a8-4665-b6db-a68867b73cf4 req-9ecbb155-b966-4064-8f57-1599ca93719c tempest-DeleteServersTestJSON-1901533380 tempest-DeleteServersTestJSON-1901533380-project] Empty body provided in request {{(pid=106673) get_body /opt/stack/cinder/cinder/api/openstack/wsgi.py:713}}
Jul 19 07:42:14.608741 dv-cinder-772623-11-iscsi devstack@c-api.service[106673]: /usr/local/lib/python3.8/dist-packages/webob/acceptparse.py:1047: DeprecationWarning: The behavior of AcceptValidHeader.best_match is currently being maintained for backward compatibility, but it will be deprecated in the future, as it does not conform to the RFC.
Jul 19 07:42:14.608741 dv-cinder-772623-11-iscsi devstack@c-api.service[106673]: warnings.warn(
Jul 19 07:42:14.609060 dv-cinder-772623-11-iscsi devstack@c-api.service[106673]: DEBUG cinder.api.openstack.wsgi [req-927e4ac8-32a8-4665-b6db-a68867b73cf4 req-9ecbb155-b966-4064-8f57-1599ca93719c tempest-DeleteServersTestJSON-1901533380 tempest-DeleteServersTestJSON-1901533380-project] Calling method 'show' {{(pid=106673) _process_stack /opt/stack/cinder/cinder/api/openstack/wsgi.py:866}}
Jul 19 07:42:14.622782 dv-cinder-772623-11-iscsi devstack@c-api.service[106673]: /usr/local/lib/python3.8/dist-packages/oslo_context/context.py:105: DeprecationWarning: Policy enforcement is depending on the value of is_admin. This key is deprecated. Please update your policy file to use the standard policy values.
Jul 19 07:42:14.622782 dv-cinder-772623-11-iscsi devstack@c-api.service[106673]: warnings.warn('Policy enforcement is depending on the value of '
Jul 19 07:42:14.629910 dv-cinder-772623-11-iscsi devstack@c-api.service[106673]: INFO cinder.volume.api [req-927e4ac8-32a8-4665-b6db-a68867b73cf4 req-9ecbb155-b966-4064-8f57-1599ca93719c tempest-DeleteServersTestJSON-1901533380 tempest-DeleteServersTestJSON-1901533380-project] Volume info retrieved successfully.
Jul 19 07:42:14.641010 dv-cinder-772623-11-iscsi devstack@c-api.service[106672]: INFO cinder.volume.api [None req-08f41ffb-8ccd-48f7-a48d-26f87b26781d tempest-SnapshotsActionsTest-626595961 tempest-SnapshotsActionsTest-626595961-project] Snapshot create request issued successfully.
Jul 19 07:42:14.641989 dv-cinder-772623-11-iscsi devstack@c-api.service[106672]: INFO cinder.api.openstack.wsgi [None req-08f41ffb-8ccd-48f7-a48d-26f87b26781d tempest-SnapshotsActionsTest-626595961 tempest-SnapshotsActionsTest-626595961-project] http://10.222.0.10/volume/v3/55167d3df4764543b8d80e8aa17333e4/snapshots returned with HTTP 202
Jul 19 07:42:14.648081 dv-cinder-772623-11-iscsi devstack@c-api.service[106672]: [pid: 106672|app: 0|req: 120/230] 10.222.0.10 () {60 vars in 1242 bytes} [Mon Jul 19 07:42:14 2021] POST /volume/v3/55167d3df4764543b8d80e8aa17333e4/snapshots => generated 307 bytes in 132 msecs (HTTP/1.1 202) 7 headers in 291 bytes (2 switches on core 0)
Jul 19 07:42:14.648234 dv-cinder-772623-11-iscsi devstack@c-api.service[106673]: INFO cinder.api.openstack.wsgi [req-927e4ac8-32a8-4665-b6db-a68867b73cf4 req-9ecbb155-b966-4064-8f57-1599ca93719c tempest-DeleteServersTestJSON-1901533380 tempest-DeleteServersTestJSON-1901533380-project] http://10.222.0.10/volume/v3/bbb4a5767ec444f286b24cf649019ef0/volumes/b6e7c517-7dfa-4709-9818-7b21fa2fd558 returned with HTTP 200
Jul 19 07:42:14.648234 dv-cinder-772623-11-iscsi devstack@c-api.service[106673]: [pid: 106673|app: 0|req: 111/231] 10.222.0.10 () {60 vars in 1579 bytes} [Mon Jul 19 07:42:14 2021] GET /volume/v3/bbb4a5767ec444f286b24cf649019ef0/volumes/b6e7c517-7dfa-4709-9818-7b21fa2fd558 => generated 913 bytes in 42 msecs (HTTP/1.1 200) 7 headers in 285 bytes (1 switches on core 0)
Jul 19 07:42:14.651687 dv-cinder-772623-11-iscsi devstack@c-api.service[106672]: INFO cinder.api.openstack.wsgi [None req-93c9a47b-b89e-4f3e-9fec-8c447ed671b4 tempest-GroupsV314Test-2082521114 tempest-GroupsV314Test-2082521114-project] GET http://10.222.0.10/volume/v3/a79d99628f3b4610b67b85ec6a54a516/volumes/detail
Jul 19 07:42:14.652658 dv-cinder-772623-11-iscsi devstack@c-api.service[106672]: DEBUG cinder.api.openstack.wsgi [None req-93c9a47b-b89e-4f3e-9fec-8c447ed671b4 tempest-GroupsV314Test-2082521114 tempest-GroupsV314Test-2082521114-project] Empty body provided in request {{(pid=106672) get_body /opt/stack/cinder/cinder/api/openstack/wsgi.py:713}}
Jul 19 07:42:14.652801 dv-cinder-772623-11-iscsi devstack@c-api.service[106673]: INFO cinder.api.openstack.wsgi [None req-8b1e4bfc-80ea-4c25-94bf-40ac909900a9 tempest-SnapshotsActionsTest-626595961 tempest-SnapshotsActionsTest-626595961-project] GET http://10.222.0.10/volume/v3/55167d3df4764543b8d80e8aa17333e4/snapshots/a95e4321-b1ff-4f81-8eb5-5e4a13e742f7
Jul 19 07:42:14.652885 dv-cinder-772623-11-iscsi devstack@c-api.service[106672]: /usr/local/lib/python3.8/dist-packages/webob/acceptparse.py:1047: DeprecationWarning: The behavior of AcceptValidHeader.best_match is currently being maintained for backward compatibility, but it will be deprecated in the future, as it does not conform to the RFC.
Jul 19 07:42:14.652885 dv-cinder-772623-11-iscsi devstack@c-api.service[106672]: warnings.warn(
Jul 19 07:42:14.653168 dv-cinder-772623-11-iscsi devstack@c-api.service[106673]: DEBUG cinder.api.openstack.wsgi [None req-8b1e4bfc-80ea-4c25-94bf-40ac909900a9 tempest-SnapshotsActionsTest-626595961 tempest-SnapshotsActionsTest-626595961-project] Empty body provided in request {{(pid=106673) get_body /opt/stack/cinder/cinder/api/openstack/wsgi.py:713}}
Jul 19 07:42:14.653272 dv-cinder-772623-11-iscsi devstack@c-api.service[106672]: DEBUG cinder.api.openstack.wsgi [None req-93c9a47b-b89e-4f3e-9fec-8c447ed671b4 tempest-GroupsV314Test-2082521114 tempest-GroupsV314Test-2082521114-project] Calling method 'detail' {{(pid=106672) _process_stack /opt/stack/cinder/cinder/api/openstack/wsgi.py:866}}
Jul 19 07:42:14.653354 dv-cinder-772623-11-iscsi devstack@c-api.service[106673]: /usr/local/lib/python3.8/dist-packages/webob/acceptparse.py:1047: DeprecationWarning: The behavior of AcceptValidHeader.best_match is currently being maintained for backward compatibility, but it will be deprecated in the future, as it does not conform to the RFC.
Jul 19 07:42:14.653354 dv-cinder-772623-11-iscsi devstack@c-api.service[106673]: warnings.warn(
Jul 19 07:42:14.653645 dv-cinder-772623-11-iscsi devstack@c-api.service[106673]: DEBUG cinder.api.openstack.wsgi [None req-8b1e4bfc-80ea-4c25-94bf-40ac909900a9 tempest-SnapshotsActionsTest-626595961 tempest-SnapshotsActionsTest-626595961-project] Calling method 'show' {{(pid=106673) _process_stack /opt/stack/cinder/cinder/api/openstack/wsgi.py:866}}
Jul 19 07:42:14.654022 dv-cinder-772623-11-iscsi devstack@c-api.service[106672]: DEBUG cinder.api.api_utils [None req-93c9a47b-b89e-4f3e-9fec-8c447ed671b4 tempest-GroupsV314Test-2082521114 tempest-GroupsV314Test-2082521114-project] Removing options '' from query. {{(pid=106672) remove_invalid_filter_options /opt/stack/cinder/cinder/api/api_utils.py:73}}
Jul 19 07:42:14.654935 dv-cinder-772623-11-iscsi devstack@c-api.service[106672]: /usr/local/lib/python3.8/dist-packages/oslo_context/context.py:105: DeprecationWarning: Policy enforcement is depending on the value of is_admin. This key is deprecated. Please update your policy file to use the standard policy values.
Jul 19 07:42:14.654935 dv-cinder-772623-11-iscsi devstack@c-api.service[106672]: warnings.warn('Policy enforcement is depending on the value of '
Jul 19 07:42:14.656137 dv-cinder-772623-11-iscsi devstack@c-api.service[106672]: DEBUG cinder.volume.api [None req-93c9a47b-b89e-4f3e-9fec-8c447ed671b4 tempest-GroupsV314Test-2082521114 tempest-GroupsV314Test-2082521114-project] Searching by: MultiDict([('no_migration_targets', True)]). {{(pid=106672) get_all /opt/stack/cinder/cinder/volume/api.py:617}}
Jul 19 07:42:14.662699 dv-cinder-772623-11-iscsi devstack@c-api.service[106673]: /usr/local/lib/python3.8/dist-packages/oslo_context/context.py:105: DeprecationWarning: Policy enforcement is depending on the value of is_admin. This key is deprecated. Please update your policy file to use the standard policy values.
Jul 19 07:42:14.662699 dv-cinder-772623-11-iscsi devstack@c-api.service[106673]: warnings.warn('Policy enforcement is depending on the value of '
Jul 19 07:42:14.663652 dv-cinder-772623-11-iscsi devstack@c-api.service[106673]: INFO cinder.volume.api [None req-8b1e4bfc-80ea-4c25-94bf-40ac909900a9 tempest-SnapshotsActionsTest-626595961 tempest-SnapshotsActionsTest-626595961-project] Snapshot retrieved successfully.
Jul 19 07:42:14.666122 dv-cinder-772623-11-iscsi devstack@c-api.service[106673]: INFO cinder.api.openstack.wsgi [None req-8b1e4bfc-80ea-4c25-94bf-40ac909900a9 tempest-SnapshotsActionsTest-626595961 tempest-SnapshotsActionsTest-626595961-project] http://10.222.0.10/volume/v3/55167d3df4764543b8d80e8aa17333e4/snapshots/a95e4321-b1ff-4f81-8eb5-5e4a13e742f7 returned with HTTP 200
Jul 19 07:42:14.667399 dv-cinder-772623-11-iscsi devstack@c-api.service[106673]: [pid: 106673|app: 0|req: 112/232] 10.222.0.10 () {58 vars in 1331 bytes} [Mon Jul 19 07:42:14 2021] GET /volume/v3/55167d3df4764543b8d80e8aa17333e4/snapshots/a95e4321-b1ff-4f81-8eb5-5e4a13e742f7 => generated 439 bytes in 19 msecs (HTTP/1.1 200) 7 headers in 285 bytes (2 switches on core 0)
Jul 19 07:42:14.715063 dv-cinder-772623-11-iscsi devstack@c-api.service[106672]: INFO cinder.volume.api [None req-93c9a47b-b89e-4f3e-9fec-8c447ed671b4 tempest-GroupsV314Test-2082521114 tempest-GroupsV314Test-2082521114-project] Get all volumes completed successfully.
Jul 19 07:42:14.716754 dv-cinder-772623-11-iscsi devstack@c-api.service[106672]: WARNING stevedore.named [None req-93c9a47b-b89e-4f3e-9fec-8c447ed671b4 tempest-GroupsV314Test-2082521114 tempest-GroupsV314Test-2082521114-project] Could not load cinder.keymgr.conf_key_mgr.ConfKeyManager
Jul 19 07:42:14.717728 dv-cinder-772623-11-iscsi devstack@c-api.service[106672]: WARNING castellan.key_manager [None req-93c9a47b-b89e-4f3e-9fec-8c447ed671b4 tempest-GroupsV314Test-2082521114 tempest-GroupsV314Test-2082521114-project] Deprecation Warning : cinder.keymgr.conf_key_mgr.ConfKeyManager is not a stevedore based driver, trying to load it as a class: stevedore.exception.NoMatches: No 'castellan.drivers' driver found, looking for 'cinder.keymgr.conf_key_mgr.ConfKeyManager'
Jul 19 07:42:14.724879 dv-cinder-772623-11-iscsi devstack@c-api.service[106672]: DEBUG oslo_db.sqlalchemy.engines [None req-93c9a47b-b89e-4f3e-9fec-8c447ed671b4 tempest-GroupsV314Test-2082521114 tempest-GroupsV314Test-2082521114-project] MySQL server mode set to STRICT_TRANS_TABLES,STRICT_ALL_TABLES,NO_ZERO_IN_DATE,NO_ZERO_DATE,ERROR_FOR_DIVISION_BY_ZERO,TRADITIONAL,NO_ENGINE_SUBSTITUTION {{(pid=106672) _check_effective_sql_mode /usr/local/lib/python3.8/dist-packages/oslo_db/sqlalchemy/engines.py:314}}
Jul 19 07:42:14.731649 dv-cinder-772623-11-iscsi devstack@c-api.service[106672]: /usr/local/lib/python3.8/dist-packages/oslo_context/context.py:105: DeprecationWarning: Policy enforcement is depending on the value of is_admin. This key is deprecated. Please update your policy file to use the standard policy values.
Jul 19 07:42:14.731649 dv-cinder-772623-11-iscsi devstack@c-api.service[106672]: warnings.warn('Policy enforcement is depending on the value of '
Jul 19 07:42:14.739527 dv-cinder-772623-11-iscsi devstack@c-api.service[106672]: WARNING stevedore.named [None req-93c9a47b-b89e-4f3e-9fec-8c447ed671b4 tempest-GroupsV314Test-2082521114 tempest-GroupsV314Test-2082521114-project] Could not load cinder.keymgr.conf_key_mgr.ConfKeyManager
Jul 19 07:42:14.740028 dv-cinder-772623-11-iscsi devstack@c-api.service[106672]: WARNING castellan.key_manager [None req-93c9a47b-b89e-4f3e-9fec-8c447ed671b4 tempest-GroupsV314Test-2082521114 tempest-GroupsV314Test-2082521114-project] Deprecation Warning : cinder.keymgr.conf_key_mgr.ConfKeyManager is not a stevedore based driver, trying to load it as a class: stevedore.exception.NoMatches: No 'castellan.drivers' driver found, looking for 'cinder.keymgr.conf_key_mgr.ConfKeyManager'
Jul 19 07:42:14.747254 dv-cinder-772623-11-iscsi devstack@c-api.service[106672]: DEBUG oslo_db.sqlalchemy.engines [None req-93c9a47b-b89e-4f3e-9fec-8c447ed671b4 tempest-GroupsV314Test-2082521114 tempest-GroupsV314Test-2082521114-project] MySQL server mode set to STRICT_TRANS_TABLES,STRICT_ALL_TABLES,NO_ZERO_IN_DATE,NO_ZERO_DATE,ERROR_FOR_DIVISION_BY_ZERO,TRADITIONAL,NO_ENGINE_SUBSTITUTION {{(pid=106672) _check_effective_sql_mode /usr/local/lib/python3.8/dist-packages/oslo_db/sqlalchemy/engines.py:314}}
Jul 19 07:42:14.753214 dv-cinder-772623-11-iscsi devstack@c-api.service[106672]: /usr/local/lib/python3.8/dist-packages/oslo_context/context.py:105: DeprecationWarning: Policy enforcement is depending on the value of is_admin. This key is deprecated. Please update your policy file to use the standard policy values.
Jul 19 07:42:14.753214 dv-cinder-772623-11-iscsi devstack@c-api.service[106672]: warnings.warn('Policy enforcement is depending on the value of '
Jul 19 07:42:14.769262 dv-cinder-772623-11-iscsi devstack@c-api.service[106672]: INFO cinder.api.openstack.wsgi [None req-93c9a47b-b89e-4f3e-9fec-8c447ed671b4 tempest-GroupsV314Test-2082521114 tempest-GroupsV314Test-2082521114-project] http://10.222.0.10/volume/v3/a79d99628f3b4610b67b85ec6a54a516/volumes/detail returned with HTTP 200
Jul 19 07:42:14.770265 dv-cinder-772623-11-iscsi devstack@c-api.service[106672]: [pid: 106672|app: 0|req: 121/233] 10.222.0.10 () {60 vars in 1276 bytes} [Mon Jul 19 07:42:14 2021] GET /volume/v3/a79d99628f3b4610b67b85ec6a54a516/volumes/detail => generated 1973 bytes in 126 msecs (HTTP/1.1 200) 7 headers in 287 bytes (1 switches on core 0)
Jul 19 07:42:14.786236 dv-cinder-772623-11-iscsi devstack@c-api.service[106673]: INFO cinder.api.openstack.wsgi [None req-3167e8a6-79d1-47fa-a1f8-91279652f088 tempest-GroupsV314Test-2082521114 tempest-GroupsV314Test-2082521114-project] GET http://10.222.0.10/volume/v3/a79d99628f3b4610b67b85ec6a54a516/volumes/8e7424ab-c80e-4c89-a7c7-417abc1213a4
Jul 19 07:42:14.787115 dv-cinder-772623-11-iscsi devstack@c-api.service[106673]: DEBUG cinder.api.openstack.wsgi [None req-3167e8a6-79d1-47fa-a1f8-91279652f088 tempest-GroupsV314Test-2082521114 tempest-GroupsV314Test-2082521114-project] Empty body provided in request {{(pid=106673) get_body /opt/stack/cinder/cinder/api/openstack/wsgi.py:713}}
Jul 19 07:42:14.787271 dv-cinder-772623-11-iscsi devstack@c-api.service[106673]: /usr/local/lib/python3.8/dist-packages/webob/acceptparse.py:1047: DeprecationWarning: The behavior of AcceptValidHeader.best_match is currently being maintained for backward compatibility, but it will be deprecated in the future, as it does not conform to the RFC.
Jul 19 07:42:14.787271 dv-cinder-772623-11-iscsi devstack@c-api.service[106673]: warnings.warn(
Jul 19 07:42:14.787607 dv-cinder-772623-11-iscsi devstack@c-api.service[106673]: DEBUG cinder.api.openstack.wsgi [None req-3167e8a6-79d1-47fa-a1f8-91279652f088 tempest-GroupsV314Test-2082521114 tempest-GroupsV314Test-2082521114-project] Calling method 'show' {{(pid=106673) _process_stack /opt/stack/cinder/cinder/api/openstack/wsgi.py:866}}
Jul 19 07:42:14.797359 dv-cinder-772623-11-iscsi devstack@c-api.service[106672]: INFO cinder.api.openstack.wsgi [None req-93c9a47b-b89e-4f3e-9fec-8c447ed671b4 tempest-GroupsV314Test-2082521114 tempest-GroupsV314Test-2082521114-project] GET http://10.222.0.10/volume//
Jul 19 07:42:14.797872 dv-cinder-772623-11-iscsi devstack@c-api.service[106672]: DEBUG cinder.api.openstack.wsgi [None req-93c9a47b-b89e-4f3e-9fec-8c447ed671b4 tempest-GroupsV314Test-2082521114 tempest-GroupsV314Test-2082521114-project] Empty body provided in request {{(pid=106672) get_body /opt/stack/cinder/cinder/api/openstack/wsgi.py:713}}
Jul 19 07:42:14.798128 dv-cinder-772623-11-iscsi devstack@c-api.service[106672]: /usr/local/lib/python3.8/dist-packages/webob/acceptparse.py:1047: DeprecationWarning: The behavior of AcceptValidHeader.best_match is currently being maintained for backward compatibility, but it will be deprecated in the future, as it does not conform to the RFC.
Jul 19 07:42:14.798128 dv-cinder-772623-11-iscsi devstack@c-api.service[106672]: warnings.warn(
Jul 19 07:42:14.798456 dv-cinder-772623-11-iscsi devstack@c-api.service[106672]: DEBUG cinder.api.openstack.wsgi [None req-93c9a47b-b89e-4f3e-9fec-8c447ed671b4 tempest-GroupsV314Test-2082521114 tempest-GroupsV314Test-2082521114-project] Calling method 'all' {{(pid=106672) _process_stack /opt/stack/cinder/cinder/api/openstack/wsgi.py:866}}
Jul 19 07:42:14.800316 dv-cinder-772623-11-iscsi devstack@c-api.service[106672]: INFO cinder.api.openstack.wsgi [None req-93c9a47b-b89e-4f3e-9fec-8c447ed671b4 tempest-GroupsV314Test-2082521114 tempest-GroupsV314Test-2082521114-project] http://10.222.0.10/volume// returned with HTTP 300
Jul 19 07:42:14.800581 dv-cinder-772623-11-iscsi devstack@c-api.service[106672]: [pid: 106672|app: 0|req: 122/234] 10.222.0.10 () {58 vars in 1300 bytes} [Mon Jul 19 07:42:14 2021] GET /volume/ => generated 754 bytes in 4 msecs (HTTP/1.1 300) 5 headers in 169 bytes (2 switches on core 0)
Jul 19 07:42:14.811930 dv-cinder-772623-11-iscsi devstack@c-api.service[106673]: /usr/local/lib/python3.8/dist-packages/oslo_context/context.py:105: DeprecationWarning: Policy enforcement is depending on the value of is_admin. This key is deprecated. Please update your policy file to use the standard policy values.
Jul 19 07:42:14.811930 dv-cinder-772623-11-iscsi devstack@c-api.service[106673]: warnings.warn('Policy enforcement is depending on the value of '
Jul 19 07:42:14.816067 dv-cinder-772623-11-iscsi devstack@c-api.service[106672]: INFO cinder.api.openstack.wsgi [req-927e4ac8-32a8-4665-b6db-a68867b73cf4 req-d7e8c33e-4760-4949-84b3-f7c361424ac1 tempest-DeleteServersTestJSON-1901533380 tempest-DeleteServersTestJSON-1901533380-project] POST http://10.222.0.10/volume/v3/bbb4a5767ec444f286b24cf649019ef0/attachments
Jul 19 07:42:14.817050 dv-cinder-772623-11-iscsi devstack@c-api.service[106672]: DEBUG cinder.api.openstack.wsgi [req-927e4ac8-32a8-4665-b6db-a68867b73cf4 req-d7e8c33e-4760-4949-84b3-f7c361424ac1 tempest-DeleteServersTestJSON-1901533380 tempest-DeleteServersTestJSON-1901533380-project] Action: 'create', calling method: version_select, body: {"attachment": {"volume_uuid": "b6e7c517-7dfa-4709-9818-7b21fa2fd558", "instance_uuid": "509a3c80-26b5-48a4-8970-91a3b6870d09", "connector": null}} {{(pid=106672) _process_stack /opt/stack/cinder/cinder/api/openstack/wsgi.py:864}}
Jul 19 07:42:14.821700 dv-cinder-772623-11-iscsi devstack@c-api.service[106673]: INFO cinder.volume.api [None req-3167e8a6-79d1-47fa-a1f8-91279652f088 tempest-GroupsV314Test-2082521114 tempest-GroupsV314Test-2082521114-project] Volume info retrieved successfully.
Jul 19 07:42:14.829771 dv-cinder-772623-11-iscsi devstack@c-api.service[106673]: WARNING stevedore.named [None req-3167e8a6-79d1-47fa-a1f8-91279652f088 tempest-GroupsV314Test-2082521114 tempest-GroupsV314Test-2082521114-project] Could not load cinder.keymgr.conf_key_mgr.ConfKeyManager
Jul 19 07:42:14.830179 dv-cinder-772623-11-iscsi devstack@c-api.service[106673]: WARNING castellan.key_manager [None req-3167e8a6-79d1-47fa-a1f8-91279652f088 tempest-GroupsV314Test-2082521114 tempest-GroupsV314Test-2082521114-project] Deprecation Warning : cinder.keymgr.conf_key_mgr.ConfKeyManager is not a stevedore based driver, trying to load it as a class: stevedore.exception.NoMatches: No 'castellan.drivers' driver found, looking for 'cinder.keymgr.conf_key_mgr.ConfKeyManager'
Jul 19 07:42:14.837413 dv-cinder-772623-11-iscsi devstack@c-api.service[106673]: DEBUG oslo_db.sqlalchemy.engines [None req-3167e8a6-79d1-47fa-a1f8-91279652f088 tempest-GroupsV314Test-2082521114 tempest-GroupsV314Test-2082521114-project] MySQL server mode set to STRICT_TRANS_TABLES,STRICT_ALL_TABLES,NO_ZERO_IN_DATE,NO_ZERO_DATE,ERROR_FOR_DIVISION_BY_ZERO,TRADITIONAL,NO_ENGINE_SUBSTITUTION {{(pid=106673) _check_effective_sql_mode /usr/local/lib/python3.8/dist-packages/oslo_db/sqlalchemy/engines.py:314}}
Jul 19 07:42:14.842775 dv-cinder-772623-11-iscsi devstack@c-api.service[106672]: /usr/local/lib/python3.8/dist-packages/oslo_context/context.py:105: DeprecationWarning: Policy enforcement is depending on the value of is_admin. This key is deprecated. Please update your policy file to use the standard policy values.
Jul 19 07:42:14.842775 dv-cinder-772623-11-iscsi devstack@c-api.service[106672]: warnings.warn('Policy enforcement is depending on the value of '
Jul 19 07:42:14.843395 dv-cinder-772623-11-iscsi devstack@c-api.service[106673]: /usr/local/lib/python3.8/dist-packages/oslo_context/context.py:105: DeprecationWarning: Policy enforcement is depending on the value of is_admin. This key is deprecated. Please update your policy file to use the standard policy values.
Jul 19 07:42:14.843395 dv-cinder-772623-11-iscsi devstack@c-api.service[106673]: warnings.warn('Policy enforcement is depending on the value of '
Jul 19 07:42:14.861293 dv-cinder-772623-11-iscsi devstack@c-api.service[106673]: INFO cinder.api.openstack.wsgi [None req-3167e8a6-79d1-47fa-a1f8-91279652f088 tempest-GroupsV314Test-2082521114 tempest-GroupsV314Test-2082521114-project] http://10.222.0.10/volume/v3/a79d99628f3b4610b67b85ec6a54a516/volumes/8e7424ab-c80e-4c89-a7c7-417abc1213a4 returned with HTTP 200
Jul 19 07:42:14.862390 dv-cinder-772623-11-iscsi devstack@c-api.service[106673]: [pid: 106673|app: 0|req: 113/235] 10.222.0.10 () {60 vars in 1366 bytes} [Mon Jul 19 07:42:14 2021] GET /volume/v3/a79d99628f3b4610b67b85ec6a54a516/volumes/8e7424ab-c80e-4c89-a7c7-417abc1213a4 => generated 988 bytes in 80 msecs (HTTP/1.1 200) 7 headers in 286 bytes (1 switches on core 0)
Jul 19 07:42:14.919174 dv-cinder-772623-11-iscsi devstack@c-api.service[106672]: INFO cinder.api.openstack.wsgi [req-927e4ac8-32a8-4665-b6db-a68867b73cf4 req-d7e8c33e-4760-4949-84b3-f7c361424ac1 tempest-DeleteServersTestJSON-1901533380 tempest-DeleteServersTestJSON-1901533380-project] http://10.222.0.10/volume/v3/bbb4a5767ec444f286b24cf649019ef0/attachments returned with HTTP 200
Jul 19 07:42:14.920530 dv-cinder-772623-11-iscsi devstack@c-api.service[106672]: [pid: 106672|app: 0|req: 123/236] 10.222.0.10 () {66 vars in 1575 bytes} [Mon Jul 19 07:42:14 2021] POST /volume/v3/bbb4a5767ec444f286b24cf649019ef0/attachments => generated 273 bytes in 110 msecs (HTTP/1.1 200) 7 headers in 286 bytes (2 switches on core 0)
Jul 19 07:42:14.932539 dv-cinder-772623-11-iscsi devstack@c-api.service[106673]: INFO cinder.api.openstack.wsgi [None req-0e956f7f-ffc3-4655-94f4-afe55ee72818 tempest-AttachVolumeNegativeTest-1699535003 tempest-AttachVolumeNegativeTest-1699535003-project] POST http://10.222.0.10/volume/v3/5da7e5dcd7a14db2a446be39adbad5ec/volumes
Jul 19 07:42:14.932995 dv-cinder-772623-11-iscsi devstack@c-api.service[106673]: /usr/local/lib/python3.8/dist-packages/webob/acceptparse.py:1047: DeprecationWarning: The behavior of AcceptValidHeader.best_match is currently being maintained for backward compatibility, but it will be deprecated in the future, as it does not conform to the RFC.
Jul 19 07:42:14.932995 dv-cinder-772623-11-iscsi devstack@c-api.service[106673]: warnings.warn(
Jul 19 07:42:14.933299 dv-cinder-772623-11-iscsi devstack@c-api.service[106673]: DEBUG cinder.api.openstack.wsgi [None req-0e956f7f-ffc3-4655-94f4-afe55ee72818 tempest-AttachVolumeNegativeTest-1699535003 tempest-AttachVolumeNegativeTest-1699535003-project] Action: 'create', calling method: create, body: {"volume": {"size": 1, "display_name": "tempest-AttachVolumeNegativeTest-volume-1690127266"}} {{(pid=106673) _process_stack /opt/stack/cinder/cinder/api/openstack/wsgi.py:864}}
Jul 19 07:42:14.934385 dv-cinder-772623-11-iscsi devstack@c-api.service[106673]: DEBUG cinder.api.v3.volumes [None req-0e956f7f-ffc3-4655-94f4-afe55ee72818 tempest-AttachVolumeNegativeTest-1699535003 tempest-AttachVolumeNegativeTest-1699535003-project] Create volume request body: {'volume': {'size': 1, 'display_name': 'tempest-AttachVolumeNegativeTest-volume-1690127266'}} {{(pid=106673) create /opt/stack/cinder/cinder/api/v3/volumes.py:289}}
Jul 19 07:42:14.934657 dv-cinder-772623-11-iscsi devstack@c-api.service[106673]: INFO cinder.api.v3.volumes [None req-0e956f7f-ffc3-4655-94f4-afe55ee72818 tempest-AttachVolumeNegativeTest-1699535003 tempest-AttachVolumeNegativeTest-1699535003-project] Create volume of 1 GB
Jul 19 07:42:14.941138 dv-cinder-772623-11-iscsi devstack@c-api.service[106673]: INFO cinder.volume.api [None req-0e956f7f-ffc3-4655-94f4-afe55ee72818 tempest-AttachVolumeNegativeTest-1699535003 tempest-AttachVolumeNegativeTest-1699535003-project] Availability Zones retrieved successfully.
Jul 19 07:42:14.943337 dv-cinder-772623-11-iscsi devstack@c-api.service[106672]: INFO cinder.api.openstack.wsgi [None req-3e9660f6-2b95-4fad-99cc-190c49b44c21 tempest-VolumesImageMetadata-821686275 tempest-VolumesImageMetadata-821686275-project] GET http://10.222.0.10/volume/v3/492bca34606c4a5e8f470521deb86a86/volumes/5e4e670c-8b3e-412d-bd7a-1d1d26553dcf
Jul 19 07:42:14.943850 dv-cinder-772623-11-iscsi devstack@c-api.service[106672]: DEBUG cinder.api.openstack.wsgi [None req-3e9660f6-2b95-4fad-99cc-190c49b44c21 tempest-VolumesImageMetadata-821686275 tempest-VolumesImageMetadata-821686275-project] Empty body provided in request {{(pid=106672) get_body /opt/stack/cinder/cinder/api/openstack/wsgi.py:713}}
Jul 19 07:42:14.944022 dv-cinder-772623-11-iscsi devstack@c-api.service[106672]: /usr/local/lib/python3.8/dist-packages/webob/acceptparse.py:1047: DeprecationWarning: The behavior of AcceptValidHeader.best_match is currently being maintained for backward compatibility, but it will be deprecated in the future, as it does not conform to the RFC.
Jul 19 07:42:14.944022 dv-cinder-772623-11-iscsi devstack@c-api.service[106672]: warnings.warn(
Jul 19 07:42:14.944591 dv-cinder-772623-11-iscsi devstack@c-api.service[106672]: DEBUG cinder.api.openstack.wsgi [None req-3e9660f6-2b95-4fad-99cc-190c49b44c21 tempest-VolumesImageMetadata-821686275 tempest-VolumesImageMetadata-821686275-project] Calling method 'show' {{(pid=106672) _process_stack /opt/stack/cinder/cinder/api/openstack/wsgi.py:866}}
Jul 19 07:42:14.960798 dv-cinder-772623-11-iscsi devstack@c-api.service[106673]: DEBUG cinder.volume.api [None req-0e956f7f-ffc3-4655-94f4-afe55ee72818 tempest-AttachVolumeNegativeTest-1699535003 tempest-AttachVolumeNegativeTest-1699535003-project] Flow 'volume_create_api' (ce436510-d7b3-4a20-b9e4-d705aeef63fa) transitioned into state 'RUNNING' from state 'PENDING' {{(pid=106673) _flow_receiver /usr/local/lib/python3.8/dist-packages/taskflow/listeners/logging.py:141}}
Jul 19 07:42:14.964393 dv-cinder-772623-11-iscsi devstack@c-api.service[106672]: /usr/local/lib/python3.8/dist-packages/oslo_context/context.py:105: DeprecationWarning: Policy enforcement is depending on the value of is_admin. This key is deprecated. Please update your policy file to use the standard policy values.
Jul 19 07:42:14.964393 dv-cinder-772623-11-iscsi devstack@c-api.service[106672]: warnings.warn('Policy enforcement is depending on the value of '
Jul 19 07:42:14.964848 dv-cinder-772623-11-iscsi devstack@c-api.service[106673]: DEBUG cinder.volume.api [None req-0e956f7f-ffc3-4655-94f4-afe55ee72818 tempest-AttachVolumeNegativeTest-1699535003 tempest-AttachVolumeNegativeTest-1699535003-project] Task 'cinder.volume.flows.api.create_volume.ExtractVolumeRequestTask;volume:create' (787bc327-98ad-4093-82df-c290ba35c8be) transitioned into state 'RUNNING' from state 'PENDING' {{(pid=106673) _task_receiver /usr/local/lib/python3.8/dist-packages/taskflow/listeners/logging.py:190}}
Jul 19 07:42:14.973410 dv-cinder-772623-11-iscsi devstack@c-api.service[106672]: INFO cinder.volume.api [None req-3e9660f6-2b95-4fad-99cc-190c49b44c21 tempest-VolumesImageMetadata-821686275 tempest-VolumesImageMetadata-821686275-project] Volume info retrieved successfully.
Jul 19 07:42:14.980669 dv-cinder-772623-11-iscsi devstack@c-api.service[106673]: DEBUG cinder.volume.flows.api.create_volume [None req-0e956f7f-ffc3-4655-94f4-afe55ee72818 tempest-AttachVolumeNegativeTest-1699535003 tempest-AttachVolumeNegativeTest-1699535003-project] Validating volume size '1' using validate_int {{(pid=106673) _extract_size /opt/stack/cinder/cinder/volume/flows/api/create_volume.py:201}}
Jul 19 07:42:14.990345 dv-cinder-772623-11-iscsi devstack@c-api.service[106672]: INFO cinder.api.openstack.wsgi [None req-3e9660f6-2b95-4fad-99cc-190c49b44c21 tempest-VolumesImageMetadata-821686275 tempest-VolumesImageMetadata-821686275-project] http://10.222.0.10/volume/v3/492bca34606c4a5e8f470521deb86a86/volumes/5e4e670c-8b3e-412d-bd7a-1d1d26553dcf returned with HTTP 200
Jul 19 07:42:14.991230 dv-cinder-772623-11-iscsi devstack@c-api.service[106672]: [pid: 106672|app: 0|req: 124/237] 10.222.0.10 () {58 vars in 1325 bytes} [Mon Jul 19 07:42:14 2021] GET /volume/v3/492bca34606c4a5e8f470521deb86a86/volumes/5e4e670c-8b3e-412d-bd7a-1d1d26553dcf => generated 911 bytes in 54 msecs (HTTP/1.1 200) 7 headers in 285 bytes (1 switches on core 0)
Jul 19 07:42:14.994983 dv-cinder-772623-11-iscsi devstack@c-api.service[106672]: INFO cinder.api.openstack.wsgi [None req-1ae3fb01-1c86-4dc2-b7e4-d7d7a99c6bb5 tempest-DeleteServersTestJSON-1901533380 tempest-DeleteServersTestJSON-1901533380-project] GET http://10.222.0.10/volume/v3/bbb4a5767ec444f286b24cf649019ef0/volumes/b6e7c517-7dfa-4709-9818-7b21fa2fd558
Jul 19 07:42:14.995767 dv-cinder-772623-11-iscsi devstack@c-api.service[106672]: DEBUG cinder.api.openstack.wsgi [None req-1ae3fb01-1c86-4dc2-b7e4-d7d7a99c6bb5 tempest-DeleteServersTestJSON-1901533380 tempest-DeleteServersTestJSON-1901533380-project] Empty body provided in request {{(pid=106672) get_body /opt/stack/cinder/cinder/api/openstack/wsgi.py:713}}
Jul 19 07:42:14.996118 dv-cinder-772623-11-iscsi devstack@c-api.service[106672]: /usr/local/lib/python3.8/dist-packages/webob/acceptparse.py:1047: DeprecationWarning: The behavior of AcceptValidHeader.best_match is currently being maintained for backward compatibility, but it will be deprecated in the future, as it does not conform to the RFC.
Jul 19 07:42:14.996118 dv-cinder-772623-11-iscsi devstack@c-api.service[106672]: warnings.warn(
Jul 19 07:42:14.996715 dv-cinder-772623-11-iscsi devstack@c-api.service[106672]: DEBUG cinder.api.openstack.wsgi [None req-1ae3fb01-1c86-4dc2-b7e4-d7d7a99c6bb5 tempest-DeleteServersTestJSON-1901533380 tempest-DeleteServersTestJSON-1901533380-project] Calling method 'show' {{(pid=106672) _process_stack /opt/stack/cinder/cinder/api/openstack/wsgi.py:866}}
Jul 19 07:42:15.010999 dv-cinder-772623-11-iscsi devstack@c-api.service[106672]: /usr/local/lib/python3.8/dist-packages/oslo_context/context.py:105: DeprecationWarning: Policy enforcement is depending on the value of is_admin. This key is deprecated. Please update your policy file to use the standard policy values.
Jul 19 07:42:15.010999 dv-cinder-772623-11-iscsi devstack@c-api.service[106672]: warnings.warn('Policy enforcement is depending on the value of '
Jul 19 07:42:15.018322 dv-cinder-772623-11-iscsi devstack@c-api.service[106672]: INFO cinder.volume.api [None req-1ae3fb01-1c86-4dc2-b7e4-d7d7a99c6bb5 tempest-DeleteServersTestJSON-1901533380 tempest-DeleteServersTestJSON-1901533380-project] Volume info retrieved successfully.
Jul 19 07:42:15.019044 dv-cinder-772623-11-iscsi devstack@c-api.service[106673]: DEBUG cinder.volume.api [None req-0e956f7f-ffc3-4655-94f4-afe55ee72818 tempest-AttachVolumeNegativeTest-1699535003 tempest-AttachVolumeNegativeTest-1699535003-project] Task 'cinder.volume.flows.api.create_volume.ExtractVolumeRequestTask;volume:create' (787bc327-98ad-4093-82df-c290ba35c8be) transitioned into state 'SUCCESS' from state 'RUNNING' with result '{'size': 1, 'snapshot_id': None, 'source_volid': None, 'volume_type': VolumeType(created_at=2021-07-19T07:32:23Z,deleted=False,deleted_at=None,description='Default Volume Type',extra_specs={},id=63b0f0b6-c158-4720-989a-7a4e578d1fea,is_public=True,name='__DEFAULT__',projects=[],qos_specs=,qos_specs_id=None,updated_at=2021-07-19T07:32:23Z), 'volume_type_id': '63b0f0b6-c158-4720-989a-7a4e578d1fea', 'encryption_key_id': None, 'qos_specs': None, 'consistencygroup_id': None, 'cgsnapshot_id': None, 'group_id': None, 'replication_status': 'disabled', 'refresh_az': False, 'backup_id': None, 'multiattach': False, 'availability_zones': ['nova']}' {{(pid=106673) _task_receiver /usr/local/lib/python3.8/dist-packages/taskflow/listeners/logging.py:178}}
Jul 19 07:42:15.021728 dv-cinder-772623-11-iscsi devstack@c-api.service[106673]: DEBUG cinder.volume.api [None req-0e956f7f-ffc3-4655-94f4-afe55ee72818 tempest-AttachVolumeNegativeTest-1699535003 tempest-AttachVolumeNegativeTest-1699535003-project] Task 'cinder.volume.flows.api.create_volume.QuotaReserveTask;volume:create' (749e4693-5f4c-46d1-a7f2-4962a86b05b2) transitioned into state 'RUNNING' from state 'PENDING' {{(pid=106673) _task_receiver /usr/local/lib/python3.8/dist-packages/taskflow/listeners/logging.py:190}}
Jul 19 07:42:15.029367 dv-cinder-772623-11-iscsi devstack@c-api.service[106672]: /usr/local/lib/python3.8/dist-packages/oslo_context/context.py:105: DeprecationWarning: Policy enforcement is depending on the value of is_admin. This key is deprecated. Please update your policy file to use the standard policy values.
Jul 19 07:42:15.029367 dv-cinder-772623-11-iscsi devstack@c-api.service[106672]: warnings.warn('Policy enforcement is depending on the value of '
Jul 19 07:42:15.036742 dv-cinder-772623-11-iscsi devstack@c-api.service[106672]: INFO cinder.api.openstack.wsgi [None req-1ae3fb01-1c86-4dc2-b7e4-d7d7a99c6bb5 tempest-DeleteServersTestJSON-1901533380 tempest-DeleteServersTestJSON-1901533380-project] http://10.222.0.10/volume/v3/bbb4a5767ec444f286b24cf649019ef0/volumes/b6e7c517-7dfa-4709-9818-7b21fa2fd558 returned with HTTP 200
Jul 19 07:42:15.037732 dv-cinder-772623-11-iscsi devstack@c-api.service[106672]: [pid: 106672|app: 0|req: 125/238] 10.222.0.10 () {58 vars in 1325 bytes} [Mon Jul 19 07:42:14 2021] GET /volume/v3/bbb4a5767ec444f286b24cf649019ef0/volumes/b6e7c517-7dfa-4709-9818-7b21fa2fd558 => generated 912 bytes in 46 msecs (HTTP/1.1 200) 7 headers in 285 bytes (1 switches on core 0)
Jul 19 07:42:15.105873 dv-cinder-772623-11-iscsi devstack@c-api.service[106673]: DEBUG cinder.quota [None req-0e956f7f-ffc3-4655-94f4-afe55ee72818 tempest-AttachVolumeNegativeTest-1699535003 tempest-AttachVolumeNegativeTest-1699535003-project] Created reservations ['61bd5f10-4137-4171-9318-82dbb138bfdc', '054a6b7b-403d-4cf5-9bb0-11c509da7151', 'a1cadf40-59de-46db-83f5-dbe96554991c', '8f22093f-eaae-4ad0-8cc4-ed722044fc0d'] {{(pid=106673) reserve /opt/stack/cinder/cinder/quota.py:755}}
Jul 19 07:42:15.108439 dv-cinder-772623-11-iscsi devstack@c-api.service[106673]: DEBUG cinder.volume.api [None req-0e956f7f-ffc3-4655-94f4-afe55ee72818 tempest-AttachVolumeNegativeTest-1699535003 tempest-AttachVolumeNegativeTest-1699535003-project] Task 'cinder.volume.flows.api.create_volume.QuotaReserveTask;volume:create' (749e4693-5f4c-46d1-a7f2-4962a86b05b2) transitioned into state 'SUCCESS' from state 'RUNNING' with result '{'reservations': ['61bd5f10-4137-4171-9318-82dbb138bfdc', '054a6b7b-403d-4cf5-9bb0-11c509da7151', 'a1cadf40-59de-46db-83f5-dbe96554991c', '8f22093f-eaae-4ad0-8cc4-ed722044fc0d']}' {{(pid=106673) _task_receiver /usr/local/lib/python3.8/dist-packages/taskflow/listeners/logging.py:178}}
Jul 19 07:42:15.110757 dv-cinder-772623-11-iscsi devstack@c-api.service[106673]: DEBUG cinder.volume.api [None req-0e956f7f-ffc3-4655-94f4-afe55ee72818 tempest-AttachVolumeNegativeTest-1699535003 tempest-AttachVolumeNegativeTest-1699535003-project] Task 'cinder.volume.flows.api.create_volume.EntryCreateTask;volume:create' (e91647e6-3810-4cf8-87ed-82e12b927030) transitioned into state 'RUNNING' from state 'PENDING' {{(pid=106673) _task_receiver /usr/local/lib/python3.8/dist-packages/taskflow/listeners/logging.py:190}}
Jul 19 07:42:15.133944 dv-cinder-772623-11-iscsi devstack@c-api.service[106673]: DEBUG cinder.volume.api [None req-0e956f7f-ffc3-4655-94f4-afe55ee72818 tempest-AttachVolumeNegativeTest-1699535003 tempest-AttachVolumeNegativeTest-1699535003-project] Task 'cinder.volume.flows.api.create_volume.EntryCreateTask;volume:create' (e91647e6-3810-4cf8-87ed-82e12b927030) transitioned into state 'SUCCESS' from state 'RUNNING' with result '{'volume_id': 'acccaad7-e379-44ba-ac29-cc1463cdf5dd', 'volume_properties': VolumeProperties(attach_status='detached',availability_zone='nova',cgsnapshot_id=None,consistencygroup_id=None,display_description=None,display_name='tempest-AttachVolumeNegativeTest-volume-1690127266',encryption_key_id=None,group_id=None,group_type_id=,metadata={},multiattach=False,project_id='5da7e5dcd7a14db2a446be39adbad5ec',qos_specs=None,replication_status=,reservations=['61bd5f10-4137-4171-9318-82dbb138bfdc','054a6b7b-403d-4cf5-9bb0-11c509da7151','a1cadf40-59de-46db-83f5-dbe96554991c','8f22093f-eaae-4ad0-8cc4-ed722044fc0d'],size=1,snapshot_id=None,source_replicaid=,source_volid=None,status='creating',user_id='a2e7cf164594429ebb5db655363ce72e',volume_type_id=63b0f0b6-c158-4720-989a-7a4e578d1fea), 'volume': Volume(_name_id=None,admin_metadata=,attach_status='detached',availability_zone='nova',bootable=False,cluster=,cluster_name=None,consistencygroup=,consistencygroup_id=None,created_at=2021-07-19T07:42:15Z,deleted=False,deleted_at=None,display_description=None,display_name='tempest-AttachVolumeNegativeTest-volume-1690127266',ec2_id=None,encryption_key_id=None,glance_metadata=,group=,group_id=None,host=None,id=acccaad7-e379-44ba-ac29-cc1463cdf5dd,launched_at=None,metadata={},migration_status=None,multiattach=False,previous_status=None,project_id='5da7e5dcd7a14db2a446be39adbad5ec',provider_auth=None,provider_geometry=None,provider_id=None,provider_location=None,replication_driver_data=None,replication_extended_status=None,replication_status=None,scheduled_at=None,service_uuid=None,shared_targets=True,size=1,snapshot_id=None,snapshots=,source_volid=None,status='creating',terminated_at=None,updated_at=None,user_id='a2e7cf164594429ebb5db655363ce72e',volume_attachment=,volume_type=VolumeType(63b0f0b6-c158-4720-989a-7a4e578d1fea),volume_type_id=63b0f0b6-c158-4720-989a-7a4e578d1fea)}' {{(pid=106673) _task_receiver /usr/local/lib/python3.8/dist-packages/taskflow/listeners/logging.py:178}}
Jul 19 07:42:15.135806 dv-cinder-772623-11-iscsi devstack@c-api.service[106673]: DEBUG cinder.volume.api [None req-0e956f7f-ffc3-4655-94f4-afe55ee72818 tempest-AttachVolumeNegativeTest-1699535003 tempest-AttachVolumeNegativeTest-1699535003-project] Task 'cinder.volume.flows.api.create_volume.QuotaCommitTask;volume:create' (7e742fc7-0291-4810-8cad-8dcbc24fdbec) transitioned into state 'RUNNING' from state 'PENDING' {{(pid=106673) _task_receiver /usr/local/lib/python3.8/dist-packages/taskflow/listeners/logging.py:190}}
Jul 19 07:42:15.172302 dv-cinder-772623-11-iscsi devstack@c-api.service[106673]: DEBUG cinder.volume.api [None req-0e956f7f-ffc3-4655-94f4-afe55ee72818 tempest-AttachVolumeNegativeTest-1699535003 tempest-AttachVolumeNegativeTest-1699535003-project] Task 'cinder.volume.flows.api.create_volume.QuotaCommitTask;volume:create' (7e742fc7-0291-4810-8cad-8dcbc24fdbec) transitioned into state 'SUCCESS' from state 'RUNNING' with result '{'volume_properties': VolumeProperties(attach_status='detached',availability_zone='nova',cgsnapshot_id=None,consistencygroup_id=None,display_description=None,display_name='tempest-AttachVolumeNegativeTest-volume-1690127266',encryption_key_id=None,group_id=None,group_type_id=,metadata={},multiattach=False,project_id='5da7e5dcd7a14db2a446be39adbad5ec',qos_specs=None,replication_status=,reservations=['61bd5f10-4137-4171-9318-82dbb138bfdc','054a6b7b-403d-4cf5-9bb0-11c509da7151','a1cadf40-59de-46db-83f5-dbe96554991c','8f22093f-eaae-4ad0-8cc4-ed722044fc0d'],size=1,snapshot_id=None,source_replicaid=,source_volid=None,status='creating',user_id='a2e7cf164594429ebb5db655363ce72e',volume_type_id=63b0f0b6-c158-4720-989a-7a4e578d1fea)}' {{(pid=106673) _task_receiver /usr/local/lib/python3.8/dist-packages/taskflow/listeners/logging.py:178}}
Jul 19 07:42:15.174934 dv-cinder-772623-11-iscsi devstack@c-api.service[106673]: DEBUG cinder.volume.api [None req-0e956f7f-ffc3-4655-94f4-afe55ee72818 tempest-AttachVolumeNegativeTest-1699535003 tempest-AttachVolumeNegativeTest-1699535003-project] Task 'cinder.volume.flows.api.create_volume.VolumeCastTask;volume:create' (662bddf0-7bd5-44c7-86e8-f4360a7685e8) transitioned into state 'RUNNING' from state 'PENDING' {{(pid=106673) _task_receiver /usr/local/lib/python3.8/dist-packages/taskflow/listeners/logging.py:190}}
Jul 19 07:42:15.198453 dv-cinder-772623-11-iscsi devstack@c-api.service[106673]: DEBUG cinder.volume.api [None req-0e956f7f-ffc3-4655-94f4-afe55ee72818 tempest-AttachVolumeNegativeTest-1699535003 tempest-AttachVolumeNegativeTest-1699535003-project] Task 'cinder.volume.flows.api.create_volume.VolumeCastTask;volume:create' (662bddf0-7bd5-44c7-86e8-f4360a7685e8) transitioned into state 'SUCCESS' from state 'RUNNING' with result 'None' {{(pid=106673) _task_receiver /usr/local/lib/python3.8/dist-packages/taskflow/listeners/logging.py:178}}
Jul 19 07:42:15.201084 dv-cinder-772623-11-iscsi devstack@c-api.service[106673]: DEBUG cinder.volume.api [None req-0e956f7f-ffc3-4655-94f4-afe55ee72818 tempest-AttachVolumeNegativeTest-1699535003 tempest-AttachVolumeNegativeTest-1699535003-project] Flow 'volume_create_api' (ce436510-d7b3-4a20-b9e4-d705aeef63fa) transitioned into state 'SUCCESS' from state 'RUNNING' {{(pid=106673) _flow_receiver /usr/local/lib/python3.8/dist-packages/taskflow/listeners/logging.py:141}}
Jul 19 07:42:15.201788 dv-cinder-772623-11-iscsi devstack@c-api.service[106673]: INFO cinder.volume.api [None req-0e956f7f-ffc3-4655-94f4-afe55ee72818 tempest-AttachVolumeNegativeTest-1699535003 tempest-AttachVolumeNegativeTest-1699535003-project] Create volume request issued successfully.
Jul 19 07:42:15.209418 dv-cinder-772623-11-iscsi devstack@c-api.service[106673]: INFO cinder.api.openstack.wsgi [None req-0e956f7f-ffc3-4655-94f4-afe55ee72818 tempest-AttachVolumeNegativeTest-1699535003 tempest-AttachVolumeNegativeTest-1699535003-project] http://10.222.0.10/volume/v3/5da7e5dcd7a14db2a446be39adbad5ec/volumes returned with HTTP 202
Jul 19 07:42:15.210268 dv-cinder-772623-11-iscsi devstack@c-api.service[106673]: [pid: 106673|app: 0|req: 114/239] 10.222.0.10 () {60 vars in 1235 bytes} [Mon Jul 19 07:42:14 2021] POST /volume/v3/5da7e5dcd7a14db2a446be39adbad5ec/volumes => generated 824 bytes in 282 msecs (HTTP/1.1 202) 7 headers in 291 bytes (2 switches on core 0)
Jul 19 07:42:15.223774 dv-cinder-772623-11-iscsi devstack@c-api.service[106672]: INFO cinder.api.openstack.wsgi [None req-20745917-16ab-4973-a41a-a68ebdaa9496 tempest-AttachVolumeNegativeTest-1699535003 tempest-AttachVolumeNegativeTest-1699535003-project] GET http://10.222.0.10/volume/v3/5da7e5dcd7a14db2a446be39adbad5ec/volumes/acccaad7-e379-44ba-ac29-cc1463cdf5dd
Jul 19 07:42:15.224229 dv-cinder-772623-11-iscsi devstack@c-api.service[106672]: DEBUG cinder.api.openstack.wsgi [None req-20745917-16ab-4973-a41a-a68ebdaa9496 tempest-AttachVolumeNegativeTest-1699535003 tempest-AttachVolumeNegativeTest-1699535003-project] Empty body provided in request {{(pid=106672) get_body /opt/stack/cinder/cinder/api/openstack/wsgi.py:713}}
Jul 19 07:42:15.224429 dv-cinder-772623-11-iscsi devstack@c-api.service[106672]: /usr/local/lib/python3.8/dist-packages/webob/acceptparse.py:1047: DeprecationWarning: The behavior of AcceptValidHeader.best_match is currently being maintained for backward compatibility, but it will be deprecated in the future, as it does not conform to the RFC.
Jul 19 07:42:15.224429 dv-cinder-772623-11-iscsi devstack@c-api.service[106672]: warnings.warn(
Jul 19 07:42:15.224744 dv-cinder-772623-11-iscsi devstack@c-api.service[106672]: DEBUG cinder.api.openstack.wsgi [None req-20745917-16ab-4973-a41a-a68ebdaa9496 tempest-AttachVolumeNegativeTest-1699535003 tempest-AttachVolumeNegativeTest-1699535003-project] Calling method 'show' {{(pid=106672) _process_stack /opt/stack/cinder/cinder/api/openstack/wsgi.py:866}}
Jul 19 07:42:15.238633 dv-cinder-772623-11-iscsi devstack@c-api.service[106672]: /usr/local/lib/python3.8/dist-packages/oslo_context/context.py:105: DeprecationWarning: Policy enforcement is depending on the value of is_admin. This key is deprecated. Please update your policy file to use the standard policy values.
Jul 19 07:42:15.238633 dv-cinder-772623-11-iscsi devstack@c-api.service[106672]: warnings.warn('Policy enforcement is depending on the value of '
Jul 19 07:42:15.247856 dv-cinder-772623-11-iscsi devstack@c-api.service[106672]: INFO cinder.volume.api [None req-20745917-16ab-4973-a41a-a68ebdaa9496 tempest-AttachVolumeNegativeTest-1699535003 tempest-AttachVolumeNegativeTest-1699535003-project] Volume info retrieved successfully.
Jul 19 07:42:15.264245 dv-cinder-772623-11-iscsi devstack@c-api.service[106672]: INFO cinder.api.openstack.wsgi [None req-20745917-16ab-4973-a41a-a68ebdaa9496 tempest-AttachVolumeNegativeTest-1699535003 tempest-AttachVolumeNegativeTest-1699535003-project] http://10.222.0.10/volume/v3/5da7e5dcd7a14db2a446be39adbad5ec/volumes/acccaad7-e379-44ba-ac29-cc1463cdf5dd returned with HTTP 200
Jul 19 07:42:15.265008 dv-cinder-772623-11-iscsi devstack@c-api.service[106672]: [pid: 106672|app: 0|req: 126/240] 10.222.0.10 () {58 vars in 1325 bytes} [Mon Jul 19 07:42:15 2021] GET /volume/v3/5da7e5dcd7a14db2a446be39adbad5ec/volumes/acccaad7-e379-44ba-ac29-cc1463cdf5dd => generated 892 bytes in 45 msecs (HTTP/1.1 200) 7 headers in 285 bytes (1 switches on core 0)
Jul 19 07:42:15.631775 dv-cinder-772623-11-iscsi devstack@c-api.service[106673]: INFO cinder.api.openstack.wsgi [None req-3fef842d-c577-481e-a256-43a3f59f06ff tempest-VolumesActionsTest-55578433 tempest-VolumesActionsTest-55578433-project] POST http://10.222.0.10/volume/v3/7b282109bd05485eaf8d31bcaed3dad2/volumes
Jul 19 07:42:15.634645 dv-cinder-772623-11-iscsi devstack@c-api.service[106673]: /usr/local/lib/python3.8/dist-packages/webob/acceptparse.py:1047: DeprecationWarning: The behavior of AcceptValidHeader.best_match is currently being maintained for backward compatibility, but it will be deprecated in the future, as it does not conform to the RFC.
Jul 19 07:42:15.634645 dv-cinder-772623-11-iscsi devstack@c-api.service[106673]: warnings.warn(
Jul 19 07:42:15.635022 dv-cinder-772623-11-iscsi devstack@c-api.service[106673]: DEBUG cinder.api.openstack.wsgi [None req-3fef842d-c577-481e-a256-43a3f59f06ff tempest-VolumesActionsTest-55578433 tempest-VolumesActionsTest-55578433-project] Action: 'create', calling method: create, body: {"volume": {"size": 1, "name": "tempest-VolumesActionsTest-Volume-2081327659"}} {{(pid=106673) _process_stack /opt/stack/cinder/cinder/api/openstack/wsgi.py:864}}
Jul 19 07:42:15.635982 dv-cinder-772623-11-iscsi devstack@c-api.service[106673]: DEBUG cinder.api.v3.volumes [None req-3fef842d-c577-481e-a256-43a3f59f06ff tempest-VolumesActionsTest-55578433 tempest-VolumesActionsTest-55578433-project] Create volume request body: {'volume': {'size': 1, 'name': 'tempest-VolumesActionsTest-Volume-2081327659'}} {{(pid=106673) create /opt/stack/cinder/cinder/api/v3/volumes.py:289}}
