Aug 10 10:41:49.660614 dv-cinder-772181-13-smb neutron-server[100029]: INFO neutron.wsgi [req-b5a882d1-c8e0-4478-8cbc-1e4a4ca8a9e6 req-485cce97-99d3-4095-b3bf-41c658a76d68 tempest-AttachVolumeNegativeTest-915776971 tempest-AttachVolumeNegativeTest-915776971-project] 10.222.0.32 "GET /v2.0/security-groups?id=16d05c50-de0b-4cd7-916d-e174e2280e68&fields=id&fields=name HTTP/1.1" status: 200 len: 286 time: 0.0980132
Aug 10 10:41:50.241809 dv-cinder-772181-13-smb neutron-server[100029]: DEBUG neutron.wsgi [-] (100029) accepted ('10.222.0.32', 60712) {{(pid=100029) server /usr/local/lib/python3.8/dist-packages/eventlet/wsgi.py:982}}
Aug 10 10:41:50.278383 dv-cinder-772181-13-smb neutron-server[100029]: DEBUG neutron_lib.callbacks.manager [None req-f66d05bf-5210-47f2-aee7-94290a31a33e admin admin] Notify callbacks [] for security_group, before_create {{(pid=100029) _notify_loop /usr/local/lib/python3.8/dist-packages/neutron_lib/callbacks/manager.py:192}}
Aug 10 10:41:50.474682 dv-cinder-772181-13-smb neutron-server[100029]: DEBUG neutron_lib.callbacks.manager [None req-f66d05bf-5210-47f2-aee7-94290a31a33e admin admin] Notify callbacks [] for security_group, precommit_create {{(pid=100029) _notify_loop /usr/local/lib/python3.8/dist-packages/neutron_lib/callbacks/manager.py:192}}
Aug 10 10:41:50.491827 dv-cinder-772181-13-smb neutron-server[100029]: DEBUG neutron_lib.callbacks.manager [None req-f66d05bf-5210-47f2-aee7-94290a31a33e admin admin] Notify callbacks ['neutron.plugins.ml2.ovo_rpc._ObjectChangeHandler.handle_event-463285'] for security_group, after_create {{(pid=100029) _notify_loop /usr/local/lib/python3.8/dist-packages/neutron_lib/callbacks/manager.py:192}}
Aug 10 10:41:50.588239 dv-cinder-772181-13-smb neutron-server[100029]: INFO neutron.wsgi [None req-f66d05bf-5210-47f2-aee7-94290a31a33e admin admin] 10.222.0.32 "GET /v2.0/security-groups?tenant_id=0240ac6855ca4af8b109ede487253ddc&name=default HTTP/1.1" status: 200 len: 2979 time: 0.3462665
Aug 10 10:41:50.593652 dv-cinder-772181-13-smb neutron-server[100030]: DEBUG neutron.wsgi [-] (100030) accepted ('10.222.0.32', 60722) {{(pid=100030) server /usr/local/lib/python3.8/dist-packages/eventlet/wsgi.py:982}}
Aug 10 10:41:50.595943 dv-cinder-772181-13-smb neutron-server[100029]: DEBUG neutron.api.rpc.handlers.resources_rpc [None req-f66d05bf-5210-47f2-aee7-94290a31a33e admin admin] Pushing event updated for resources: {'SecurityGroup': ['ID=6cab8384-3ea4-496b-b5bb-dd12b26f8a04,revision_number=1']} {{(pid=100029) push /opt/stack/neutron/neutron/api/rpc/handlers/resources_rpc.py:237}}
Aug 10 10:41:50.606251 dv-cinder-772181-13-smb neutron-server[100029]: DEBUG neutron.pecan_wsgi.hooks.policy_enforcement [req-13ffb520-7202-4860-b849-8b32ae53ee1c req-9ef70a82-de18-47e2-a7ce-b4e4aee31729 tempest-ServerRescueNegativeTestJSON-293298337 tempest-ServerRescueNegativeTestJSON-293298337-project] Attributes excluded by policy engine: ['standard_attr_id', 'binding:profile', 'binding:host_id', 'binding:vif_type', 'binding:vif_details'] {{(pid=100029) _exclude_attributes_by_policy /opt/stack/neutron/neutron/pecan_wsgi/hooks/policy_enforcement.py:255}}
Aug 10 10:41:50.608849 dv-cinder-772181-13-smb neutron-server[100029]: INFO neutron.wsgi [req-13ffb520-7202-4860-b849-8b32ae53ee1c req-9ef70a82-de18-47e2-a7ce-b4e4aee31729 tempest-ServerRescueNegativeTestJSON-293298337 tempest-ServerRescueNegativeTestJSON-293298337-project] 10.222.0.32 "GET /v2.0/ports?device_id=111dde6b-3ea2-443a-b52a-6c6363f73ec0 HTTP/1.1" status: 200 len: 946 time: 0.1137273
Aug 10 10:41:50.661359 dv-cinder-772181-13-smb neutron-server[100032]: DEBUG neutron.db.agents_db [None req-a32d5a1e-49e0-4246-8117-4608d4521ff7 None None] Agent healthcheck: found 6 active agents {{(pid=100032) agent_health_check /opt/stack/neutron/neutron/db/agents_db.py:317}}
Aug 10 10:41:50.753442 dv-cinder-772181-13-smb neutron-server[100030]: DEBUG neutron_lib.callbacks.manager [None req-c4c0f44e-4b07-4ad6-be2e-dc4f8d833ac3 admin admin] Notify callbacks [] for security_group, before_delete {{(pid=100030) _notify_loop /usr/local/lib/python3.8/dist-packages/neutron_lib/callbacks/manager.py:192}}
Aug 10 10:41:50.795985 dv-cinder-772181-13-smb neutron-server[100030]: DEBUG neutron_lib.callbacks.manager [None req-c4c0f44e-4b07-4ad6-be2e-dc4f8d833ac3 admin admin] Notify callbacks [] for security_group, precommit_delete {{(pid=100030) _notify_loop /usr/local/lib/python3.8/dist-packages/neutron_lib/callbacks/manager.py:192}}
Aug 10 10:41:50.796581 dv-cinder-772181-13-smb neutron-server[100029]: INFO neutron.wsgi [req-13ffb520-7202-4860-b849-8b32ae53ee1c req-7d527f46-f614-4214-b218-dff72726dfa2 tempest-ServerRescueNegativeTestJSON-293298337 tempest-ServerRescueNegativeTestJSON-293298337-project] 10.222.0.32 "GET /v2.0/security-groups?id=743fcae5-fc79-4feb-987a-5ca8c1f0fc29&fields=id&fields=name HTTP/1.1" status: 200 len: 286 time: 0.1714993
Aug 10 10:41:50.962216 dv-cinder-772181-13-smb neutron-server[100030]: DEBUG neutron.pecan_wsgi.hooks.policy_enforcement [req-287e5691-0dcb-48a3-9aea-66b275818c43 req-ed4c1e03-db50-4592-bc86-324543fc097f tempest-AttachVolumeNegativeTest-915776971 tempest-AttachVolumeNegativeTest-915776971-project] Attributes excluded by policy engine: ['standard_attr_id', 'binding:profile', 'binding:host_id', 'binding:vif_type', 'binding:vif_details'] {{(pid=100030) _exclude_attributes_by_policy /opt/stack/neutron/neutron/pecan_wsgi/hooks/policy_enforcement.py:255}}
Aug 10 10:41:50.965980 dv-cinder-772181-13-smb neutron-server[100030]: INFO neutron.wsgi [req-287e5691-0dcb-48a3-9aea-66b275818c43 req-ed4c1e03-db50-4592-bc86-324543fc097f tempest-AttachVolumeNegativeTest-915776971 tempest-AttachVolumeNegativeTest-915776971-project] 10.222.0.32 "GET /v2.0/ports?device_id=b07539b9-157e-485c-b092-dc555e155dc3 HTTP/1.1" status: 200 len: 946 time: 0.1350949
Aug 10 10:41:50.995969 dv-cinder-772181-13-smb neutron-server[100030]: DEBUG neutron_lib.callbacks.manager [None req-c4c0f44e-4b07-4ad6-be2e-dc4f8d833ac3 admin admin] Notify callbacks ['neutron.plugins.ml2.ovo_rpc._ObjectChangeHandler.handle_event-463285'] for security_group, after_delete {{(pid=100030) _notify_loop /usr/local/lib/python3.8/dist-packages/neutron_lib/callbacks/manager.py:192}}
Aug 10 10:41:50.999427 dv-cinder-772181-13-smb neutron-server[100030]: DEBUG neutron_lib.callbacks.manager [None req-c4c0f44e-4b07-4ad6-be2e-dc4f8d833ac3 admin admin] Notify callbacks [] for security_group, before_response {{(pid=100030) _notify_loop /usr/local/lib/python3.8/dist-packages/neutron_lib/callbacks/manager.py:192}}
Aug 10 10:41:51.000846 dv-cinder-772181-13-smb neutron-server[100030]: INFO neutron.wsgi [None req-c4c0f44e-4b07-4ad6-be2e-dc4f8d833ac3 admin admin] 10.222.0.32 "DELETE /v2.0/security-groups/6cab8384-3ea4-496b-b5bb-dd12b26f8a04 HTTP/1.1" status: 204 len: 168 time: 0.4055889
Aug 10 10:41:51.020910 dv-cinder-772181-13-smb neutron-server[100030]: DEBUG neutron.api.rpc.handlers.resources_rpc [None req-c4c0f44e-4b07-4ad6-be2e-dc4f8d833ac3 admin admin] Pushing event deleted for resources: {'SecurityGroup': ['ID=6cab8384-3ea4-496b-b5bb-dd12b26f8a04,revision_number=None']} {{(pid=100030) push /opt/stack/neutron/neutron/api/rpc/handlers/resources_rpc.py:237}}
Aug 10 10:41:51.052349 dv-cinder-772181-13-smb neutron-server[100030]: INFO neutron.wsgi [req-287e5691-0dcb-48a3-9aea-66b275818c43 req-36f2c903-6e42-4b0c-9c84-eed14e470854 tempest-AttachVolumeNegativeTest-915776971 tempest-AttachVolumeNegativeTest-915776971-project] 10.222.0.32 "GET /v2.0/security-groups?id=16d05c50-de0b-4cd7-916d-e174e2280e68&fields=id&fields=name HTTP/1.1" status: 200 len: 286 time: 0.0642214
Aug 10 10:41:52.043768 dv-cinder-772181-13-smb neutron-server[100029]: DEBUG neutron.pecan_wsgi.hooks.policy_enforcement [req-6573b940-0bf4-44df-af01-45b02921cc18 req-c932ea4e-043a-43e8-9834-fd8a2c9f10a7 tempest-ServerRescueNegativeTestJSON-293298337 tempest-ServerRescueNegativeTestJSON-293298337-project] Attributes excluded by policy engine: ['standard_attr_id', 'binding:profile', 'binding:host_id', 'binding:vif_type', 'binding:vif_details'] {{(pid=100029) _exclude_attributes_by_policy /opt/stack/neutron/neutron/pecan_wsgi/hooks/policy_enforcement.py:255}}
Aug 10 10:41:52.048890 dv-cinder-772181-13-smb neutron-server[100029]: INFO neutron.wsgi [req-6573b940-0bf4-44df-af01-45b02921cc18 req-c932ea4e-043a-43e8-9834-fd8a2c9f10a7 tempest-ServerRescueNegativeTestJSON-293298337 tempest-ServerRescueNegativeTestJSON-293298337-project] 10.222.0.32 "GET /v2.0/ports?device_id=111dde6b-3ea2-443a-b52a-6c6363f73ec0 HTTP/1.1" status: 200 len: 946 time: 0.1242535
Aug 10 10:41:52.127072 dv-cinder-772181-13-smb neutron-server[100031]: DEBUG neutron_lib.callbacks.manager [None req-b51e1558-85eb-4a42-9451-ade8f6854e0e None None] Notify callbacks ['neutron.services.segments.db._update_segment_host_mapping_for_agent-8758002506756', 'neutron.plugins.ml2.plugin.Ml2Plugin._retry_binding_revived_agents-3459240'] for agent, after_update {{(pid=100031) _notify_loop /usr/local/lib/python3.8/dist-packages/neutron_lib/callbacks/manager.py:192}}
Aug 10 10:41:52.149993 dv-cinder-772181-13-smb neutron-server[100029]: INFO neutron.wsgi [req-6573b940-0bf4-44df-af01-45b02921cc18 req-337bb245-bc7a-4178-b651-3c4dbcfb66e3 tempest-ServerRescueNegativeTestJSON-293298337 tempest-ServerRescueNegativeTestJSON-293298337-project] 10.222.0.32 "GET /v2.0/security-groups?id=743fcae5-fc79-4feb-987a-5ca8c1f0fc29&fields=id&fields=name HTTP/1.1" status: 200 len: 286 time: 0.0942392
Aug 10 10:41:52.366467 dv-cinder-772181-13-smb neutron-server[100031]: DEBUG neutron_lib.callbacks.manager [None req-b2cb8c3a-c60c-4996-885e-4f06702f6d6e None None] Notify callbacks ['neutron.services.segments.db._update_segment_host_mapping_for_agent-8758002506756', 'neutron.plugins.ml2.plugin.Ml2Plugin._retry_binding_revived_agents-3459240'] for agent, after_update {{(pid=100031) _notify_loop /usr/local/lib/python3.8/dist-packages/neutron_lib/callbacks/manager.py:192}}
Aug 10 10:41:52.398662 dv-cinder-772181-13-smb neutron-server[100030]: DEBUG neutron.wsgi [-] (100030) accepted ('10.222.0.32', 60806) {{(pid=100030) server /usr/local/lib/python3.8/dist-packages/eventlet/wsgi.py:982}}
Aug 10 10:41:52.696200 dv-cinder-772181-13-smb neutron-server[100030]: DEBUG neutron.api.v2.base [None req-85ab2040-7b4b-449c-9322-2ea5bb11bb29 admin admin] Request body: {'network': {'name': 'tempest-EncryptedVolumesExtendAttachedTest-884875795-network', 'tenant_id': 'da7d063c74ab461eb3b21076db9a9818'}} {{(pid=100030) prepare_request_body /opt/stack/neutron/neutron/api/v2/base.py:729}}
Aug 10 10:41:52.736219 dv-cinder-772181-13-smb neutron-server[100030]: DEBUG neutron.pecan_wsgi.hooks.quota_enforcement [None req-85ab2040-7b4b-449c-9322-2ea5bb11bb29 admin admin] Made reservation on behalf of da7d063c74ab461eb3b21076db9a9818 for: {'network': 1} {{(pid=100030) before /opt/stack/neutron/neutron/pecan_wsgi/hooks/quota_enforcement.py:53}}
Aug 10 10:41:52.739233 dv-cinder-772181-13-smb neutron-server[100030]: DEBUG neutron_lib.callbacks.manager [None req-85ab2040-7b4b-449c-9322-2ea5bb11bb29 admin admin] Notify callbacks ['neutron.plugins.ml2.plugin.SecurityGroupDbMixin._ensure_default_security_group_handler-3661329'] for network, before_create {{(pid=100030) _notify_loop /usr/local/lib/python3.8/dist-packages/neutron_lib/callbacks/manager.py:192}}
Aug 10 10:41:52.750227 dv-cinder-772181-13-smb neutron-server[100030]: DEBUG neutron_lib.callbacks.manager [None req-85ab2040-7b4b-449c-9322-2ea5bb11bb29 admin admin] Notify callbacks [] for security_group, before_create {{(pid=100030) _notify_loop /usr/local/lib/python3.8/dist-packages/neutron_lib/callbacks/manager.py:192}}
Aug 10 10:41:52.944737 dv-cinder-772181-13-smb neutron-server[100030]: DEBUG neutron_lib.callbacks.manager [None req-85ab2040-7b4b-449c-9322-2ea5bb11bb29 admin admin] Notify callbacks [] for security_group, precommit_create {{(pid=100030) _notify_loop /usr/local/lib/python3.8/dist-packages/neutron_lib/callbacks/manager.py:192}}
Aug 10 10:41:52.950066 dv-cinder-772181-13-smb neutron-server[100030]: DEBUG neutron_lib.callbacks.manager [None req-85ab2040-7b4b-449c-9322-2ea5bb11bb29 admin admin] Notify callbacks ['neutron.plugins.ml2.ovo_rpc._ObjectChangeHandler.handle_event-463285'] for security_group, after_create {{(pid=100030) _notify_loop /usr/local/lib/python3.8/dist-packages/neutron_lib/callbacks/manager.py:192}}
Aug 10 10:41:52.980235 dv-cinder-772181-13-smb neutron-server[100030]: DEBUG neutron.plugins.ml2.drivers.helpers [None req-85ab2040-7b4b-449c-9322-2ea5bb11bb29 admin admin] vlan segment allocate from pool success with {'vlan_id': 571, 'physical_network': 'physnet1'} {{(pid=100030) allocate_partially_specified_segment /opt/stack/neutron/neutron/plugins/ml2/drivers/helpers.py:153}}
Aug 10 10:41:52.998266 dv-cinder-772181-13-smb neutron-server[100030]: DEBUG neutron.api.rpc.handlers.resources_rpc [None req-85ab2040-7b4b-449c-9322-2ea5bb11bb29 admin admin] Pushing event updated for resources: {'SecurityGroup': ['ID=8f2ede3e-6e49-44dd-97d8-9082bcb3b2ad,revision_number=1']} {{(pid=100030) push /opt/stack/neutron/neutron/api/rpc/handlers/resources_rpc.py:237}}
Aug 10 10:41:53.005325 dv-cinder-772181-13-smb neutron-server[100030]: DEBUG neutron_lib.callbacks.manager [None req-85ab2040-7b4b-449c-9322-2ea5bb11bb29 admin admin] Notify callbacks ['neutron.plugins.ml2.plugin.Ml2Plugin._handle_segment_change-3625987'] for segment, precommit_create {{(pid=100030) _notify_loop /usr/local/lib/python3.8/dist-packages/neutron_lib/callbacks/manager.py:192}}
Aug 10 10:41:53.005957 dv-cinder-772181-13-smb neutron-server[100030]: INFO neutron.db.segments_db [None req-85ab2040-7b4b-449c-9322-2ea5bb11bb29 admin admin] Added segment 3b81fec9-42b9-4b7a-a7cf-a97f849e508f of type vlan for network 15a72d37-17d7-4470-a5ab-9644b192a7fd
Aug 10 10:41:53.067707 dv-cinder-772181-13-smb neutron-server[100030]: DEBUG neutron_lib.callbacks.manager [None req-85ab2040-7b4b-449c-9322-2ea5bb11bb29 admin admin] Notify callbacks ['neutron.services.auto_allocate.db._ensure_external_network_default_value_callback-8758001932364'] for network, precommit_create {{(pid=100030) _notify_loop /usr/local/lib/python3.8/dist-packages/neutron_lib/callbacks/manager.py:192}}
Aug 10 10:41:53.151502 dv-cinder-772181-13-smb neutron-server[100030]: DEBUG neutron_lib.callbacks.manager [None req-85ab2040-7b4b-449c-9322-2ea5bb11bb29 admin admin] Notify callbacks ['neutron.plugins.ml2.ovo_rpc._ObjectChangeHandler.handle_event-463332', 'neutron.api.rpc.agentnotifiers.dhcp_rpc_agent_api.DhcpAgentNotifyAPI._native_event_send_dhcp_notification-3781638'] for network, after_create {{(pid=100030) _notify_loop /usr/local/lib/python3.8/dist-packages/neutron_lib/callbacks/manager.py:192}}
Aug 10 10:41:53.154389 dv-cinder-772181-13-smb neutron-server[100030]: DEBUG neutron.pecan_wsgi.hooks.policy_enforcement [None req-85ab2040-7b4b-449c-9322-2ea5bb11bb29 admin admin] Attributes excluded by policy engine: ['standard_attr_id', 'vlan_transparent'] {{(pid=100030) _exclude_attributes_by_policy /opt/stack/neutron/neutron/pecan_wsgi/hooks/policy_enforcement.py:255}}
Aug 10 10:41:53.155150 dv-cinder-772181-13-smb neutron-server[100030]: DEBUG neutron_lib.callbacks.manager [None req-85ab2040-7b4b-449c-9322-2ea5bb11bb29 admin admin] Notify callbacks ['neutron.api.rpc.agentnotifiers.dhcp_rpc_agent_api.DhcpAgentNotifyAPI._send_dhcp_notification-3781656'] for network, before_response {{(pid=100030) _notify_loop /usr/local/lib/python3.8/dist-packages/neutron_lib/callbacks/manager.py:192}}
Aug 10 10:41:53.226766 dv-cinder-772181-13-smb neutron-server[100030]: INFO neutron.wsgi [None req-85ab2040-7b4b-449c-9322-2ea5bb11bb29 admin admin] 10.222.0.32 "POST /v2.0/networks HTTP/1.1" status: 201 len: 897 time: 0.8275685
Aug 10 10:41:53.230259 dv-cinder-772181-13-smb neutron-server[100029]: DEBUG neutron.wsgi [-] (100029) accepted ('10.222.0.32', 60850) {{(pid=100029) server /usr/local/lib/python3.8/dist-packages/eventlet/wsgi.py:982}}
Aug 10 10:41:53.237068 dv-cinder-772181-13-smb neutron-server[100029]: DEBUG neutron.api.v2.base [None req-19621b2b-84b0-4f65-b81a-7f53e8cfb667 admin admin] Request body: {'subnet': {'network_id': '15a72d37-17d7-4470-a5ab-9644b192a7fd', 'cidr': '172.20.0.0/28', 'name': 'tempest-EncryptedVolumesExtendAttachedTest-884875795-subnet', 'tenant_id': 'da7d063c74ab461eb3b21076db9a9818', 'enable_dhcp': False, 'ip_version': 4}} {{(pid=100029) prepare_request_body /opt/stack/neutron/neutron/api/v2/base.py:729}}
Aug 10 10:41:53.241030 dv-cinder-772181-13-smb neutron-server[100030]: DEBUG neutron.api.rpc.handlers.resources_rpc [None req-85ab2040-7b4b-449c-9322-2ea5bb11bb29 admin admin] Pushing event updated for resources: {'Network': ['ID=15a72d37-17d7-4470-a5ab-9644b192a7fd,revision_number=1']} {{(pid=100030) push /opt/stack/neutron/neutron/api/rpc/handlers/resources_rpc.py:237}}
Aug 10 10:41:53.257119 dv-cinder-772181-13-smb neutron-server[100031]: DEBUG neutron.plugins.ml2.rpc [None req-b51e1558-85eb-4a42-9451-ade8f6854e0e None None] Network 15a72d37-17d7-4470-a5ab-9644b192a7fd details requested by agent ovs-agent-dv-cinder-772181-13-smb with host dv-cinder-772181-13-smb {{(pid=100031) get_network_details /opt/stack/neutron/neutron/plugins/ml2/rpc.py:248}}
Aug 10 10:41:53.275433 dv-cinder-772181-13-smb neutron-server[100029]: DEBUG neutron.pecan_wsgi.hooks.quota_enforcement [None req-19621b2b-84b0-4f65-b81a-7f53e8cfb667 admin admin] Made reservation on behalf of da7d063c74ab461eb3b21076db9a9818 for: {'subnet': 1} {{(pid=100029) before /opt/stack/neutron/neutron/pecan_wsgi/hooks/quota_enforcement.py:53}}
Aug 10 10:41:53.278621 dv-cinder-772181-13-smb neutron-server[100029]: DEBUG neutron_lib.callbacks.manager [None req-19621b2b-84b0-4f65-b81a-7f53e8cfb667 admin admin] Notify callbacks [] for subnet, before_create {{(pid=100029) _notify_loop /usr/local/lib/python3.8/dist-packages/neutron_lib/callbacks/manager.py:192}}
Aug 10 10:41:53.372148 dv-cinder-772181-13-smb neutron-server[100030]: DEBUG neutron.pecan_wsgi.hooks.policy_enforcement [req-3f307d83-d8ac-4a0b-852c-5c18ed285cf5 req-ff118a46-1527-485c-bcef-c38188d156b7 tempest-ServerRescueNegativeTestJSON-293298337 tempest-ServerRescueNegativeTestJSON-293298337-project] Attributes excluded by policy engine: ['standard_attr_id', 'binding:profile', 'binding:host_id', 'binding:vif_type', 'binding:vif_details'] {{(pid=100030) _exclude_attributes_by_policy /opt/stack/neutron/neutron/pecan_wsgi/hooks/policy_enforcement.py:255}}
Aug 10 10:41:53.379789 dv-cinder-772181-13-smb neutron-server[100030]: INFO neutron.wsgi [req-3f307d83-d8ac-4a0b-852c-5c18ed285cf5 req-ff118a46-1527-485c-bcef-c38188d156b7 tempest-ServerRescueNegativeTestJSON-293298337 tempest-ServerRescueNegativeTestJSON-293298337-project] 10.222.0.32 "GET /v2.0/ports?device_id=111dde6b-3ea2-443a-b52a-6c6363f73ec0 HTTP/1.1" status: 200 len: 946 time: 0.0994439
Aug 10 10:41:53.472250 dv-cinder-772181-13-smb neutron-server[100030]: INFO neutron.wsgi [req-3f307d83-d8ac-4a0b-852c-5c18ed285cf5 req-5c2a634a-0d29-4abb-bb63-4cf4a5092213 tempest-ServerRescueNegativeTestJSON-293298337 tempest-ServerRescueNegativeTestJSON-293298337-project] 10.222.0.32 "GET /v2.0/security-groups?id=743fcae5-fc79-4feb-987a-5ca8c1f0fc29&fields=id&fields=name HTTP/1.1" status: 200 len: 286 time: 0.0874679
Aug 10 10:41:53.531260 dv-cinder-772181-13-smb neutron-server[100031]: DEBUG neutron_lib.callbacks.manager [None req-33e0f863-4563-467e-b9df-b24d070fe001 None None] Notify callbacks ['neutron.services.segments.db._update_segment_host_mapping_for_agent-8758002506756', 'neutron.plugins.ml2.plugin.Ml2Plugin._retry_binding_revived_agents-3459240'] for agent, after_update {{(pid=100031) _notify_loop /usr/local/lib/python3.8/dist-packages/neutron_lib/callbacks/manager.py:192}}
Aug 10 10:41:53.655793 dv-cinder-772181-13-smb neutron-server[100029]: DEBUG neutron.pecan_wsgi.hooks.policy_enforcement [req-a389d5b7-1f9c-41f9-a498-bfcf6af8841c req-ba4fe19b-0d93-4e13-bac6-8d48449fcfe0 tempest-AttachVolumeNegativeTest-915776971 tempest-AttachVolumeNegativeTest-915776971-project] Attributes excluded by policy engine: ['standard_attr_id', 'vlan_transparent', 'provider:network_type', 'provider:physical_network', 'provider:segmentation_id'] {{(pid=100029) _exclude_attributes_by_policy /opt/stack/neutron/neutron/pecan_wsgi/hooks/policy_enforcement.py:255}}
Aug 10 10:41:53.658567 dv-cinder-772181-13-smb neutron-server[100029]: INFO neutron.wsgi [req-a389d5b7-1f9c-41f9-a498-bfcf6af8841c req-ba4fe19b-0d93-4e13-bac6-8d48449fcfe0 tempest-AttachVolumeNegativeTest-915776971 tempest-AttachVolumeNegativeTest-915776971-project] 10.222.0.32 "GET /v2.0/networks?id=353bf315-66d1-42db-bb34-cae6500aa246 HTTP/1.1" status: 200 len: 815 time: 0.2023528
Aug 10 10:41:53.727534 dv-cinder-772181-13-smb neutron-server[100029]: INFO neutron.wsgi [req-a389d5b7-1f9c-41f9-a498-bfcf6af8841c req-58959d3c-54e0-4146-aceb-e6d2565f6c3a tempest-AttachVolumeNegativeTest-915776971 tempest-AttachVolumeNegativeTest-915776971-project] 10.222.0.32 "GET /v2.0/quotas/4bc169b213e74cb9802aa50a31642e91 HTTP/1.1" status: 200 len: 375 time: 0.0602741
Aug 10 10:41:53.923139 dv-cinder-772181-13-smb neutron-server[100029]: INFO neutron.wsgi [req-a389d5b7-1f9c-41f9-a498-bfcf6af8841c req-eec78461-8a16-46b8-873f-7c43807ea60a tempest-AttachVolumeNegativeTest-915776971 tempest-AttachVolumeNegativeTest-915776971-project] 10.222.0.32 "GET /v2.0/ports?tenant_id=4bc169b213e74cb9802aa50a31642e91&fields=id HTTP/1.1" status: 200 len: 302 time: 0.1943035
Aug 10 10:41:54.020691 dv-cinder-772181-13-smb neutron-server[100029]: DEBUG neutron_lib.callbacks.manager [None req-19621b2b-84b0-4f65-b81a-7f53e8cfb667 admin admin] Notify callbacks ['neutron.plugins.ml2.ovo_rpc._ObjectChangeHandler.handle_event-461403', 'neutron.api.rpc.agentnotifiers.dhcp_rpc_agent_api.DhcpAgentNotifyAPI._native_event_send_dhcp_notification-3781638'] for subnet, after_create {{(pid=100029) _notify_loop /usr/local/lib/python3.8/dist-packages/neutron_lib/callbacks/manager.py:192}}
Aug 10 10:41:54.209599 dv-cinder-772181-13-smb neutron-server[100029]: DEBUG neutron.api.rpc.handlers.resources_rpc [None req-19621b2b-84b0-4f65-b81a-7f53e8cfb667 admin admin] Pushing event updated for resources: {'Subnet': ['ID=c99dfbe2-26f6-44b2-b7e7-9215923ec83f,revision_number=0']} {{(pid=100029) push /opt/stack/neutron/neutron/api/rpc/handlers/resources_rpc.py:237}}
Aug 10 10:41:54.213959 dv-cinder-772181-13-smb neutron-server[100029]: DEBUG neutron.plugins.ml2.drivers.mech_agent [None req-19621b2b-84b0-4f65-b81a-7f53e8cfb667 admin admin] Checking segment: {'id': '3b81fec9-42b9-4b7a-a7cf-a97f849e508f', 'network_type': 'vlan', 'physical_network': 'physnet1', 'segmentation_id': 571, 'network_id': '15a72d37-17d7-4470-a5ab-9644b192a7fd'} for mappings: {'physnet1': 'br-data'} with network types: ['local', 'flat', 'vlan'] {{(pid=100029) check_segment_for_agent /opt/stack/neutron/neutron/plugins/ml2/drivers/mech_agent.py:352}}
Aug 10 10:41:54.214523 dv-cinder-772181-13-smb neutron-server[100029]: DEBUG neutron.scheduler.dhcp_agent_scheduler [None req-19621b2b-84b0-4f65-b81a-7f53e8cfb667 admin admin] Network hostable DHCP agents. Network: 15a72d37-17d7-4470-a5ab-9644b192a7fd, hostable agents: ['8858c77e-90c2-489a-ac24-4f21c7d5d31e'], hosted agents: [] {{(pid=100029) _get_network_hostable_dhcp_agents /opt/stack/neutron/neutron/scheduler/dhcp_agent_scheduler.py:329}}
Aug 10 10:41:54.222900 dv-cinder-772181-13-smb neutron-server[100029]: INFO neutron.wsgi [req-a389d5b7-1f9c-41f9-a498-bfcf6af8841c req-bdfa06e1-d56d-4c5f-9a87-86378cc8f52d service neutron] 10.222.0.32 "GET /v2.0/networks/353bf315-66d1-42db-bb34-cae6500aa246?fields=segments HTTP/1.1" status: 200 len: 212 time: 0.2982767
Aug 10 10:41:54.291749 dv-cinder-772181-13-smb neutron-server[100029]: DEBUG neutron.scheduler.dhcp_agent_scheduler [None req-19621b2b-84b0-4f65-b81a-7f53e8cfb667 admin admin] Network 15a72d37-17d7-4470-a5ab-9644b192a7fd is scheduled to be hosted by DHCP agent 8858c77e-90c2-489a-ac24-4f21c7d5d31e with binding_index 1 {{(pid=100029) bind /opt/stack/neutron/neutron/scheduler/dhcp_agent_scheduler.py:227}}
Aug 10 10:41:54.313278 dv-cinder-772181-13-smb neutron-server[100029]: DEBUG neutron.scheduler.base_scheduler [None req-19621b2b-84b0-4f65-b81a-7f53e8cfb667 admin admin] Resources bound (agent type, host, resource id): (DHCP agent, dv-cinder-772181-13-smb, 15a72d37-17d7-4470-a5ab-9644b192a7fd) {{(pid=100029) schedule /opt/stack/neutron/neutron/scheduler/base_scheduler.py:57}}
Aug 10 10:41:54.320894 dv-cinder-772181-13-smb neutron-server[100029]: DEBUG neutron.pecan_wsgi.hooks.policy_enforcement [None req-19621b2b-84b0-4f65-b81a-7f53e8cfb667 admin admin] Attributes excluded by policy engine: ['standard_attr_id', 'shared', 'network'] {{(pid=100029) _exclude_attributes_by_policy /opt/stack/neutron/neutron/pecan_wsgi/hooks/policy_enforcement.py:255}}
Aug 10 10:41:54.321201 dv-cinder-772181-13-smb neutron-server[100029]: DEBUG neutron_lib.callbacks.manager [None req-19621b2b-84b0-4f65-b81a-7f53e8cfb667 admin admin] Notify callbacks ['neutron.api.rpc.agentnotifiers.dhcp_rpc_agent_api.DhcpAgentNotifyAPI._send_dhcp_notification-3781656'] for subnet, before_response {{(pid=100029) _notify_loop /usr/local/lib/python3.8/dist-packages/neutron_lib/callbacks/manager.py:192}}
Aug 10 10:41:54.331179 dv-cinder-772181-13-smb neutron-server[100031]: DEBUG neutron.api.rpc.handlers.dhcp_rpc [None req-ed3311ac-2975-4b47-b40a-a14adbd21f07 None None] Network 15a72d37-17d7-4470-a5ab-9644b192a7fd requested from dv-cinder-772181-13-smb {{(pid=100031) get_network_info /opt/stack/neutron/neutron/api/rpc/handlers/dhcp_rpc.py:218}}
Aug 10 10:41:54.337305 dv-cinder-772181-13-smb neutron-server[100029]: INFO neutron.wsgi [None req-19621b2b-84b0-4f65-b81a-7f53e8cfb667 admin admin] 10.222.0.32 "POST /v2.0/subnets HTTP/1.1" status: 201 len: 861 time: 1.1056261
Aug 10 10:41:54.420594 dv-cinder-772181-13-smb neutron-server[100029]: INFO neutron.wsgi [req-a389d5b7-1f9c-41f9-a498-bfcf6af8841c req-25304b06-debf-43b2-a01f-bc70437cc4f8 service neutron] 10.222.0.32 "GET /v2.0/networks/353bf315-66d1-42db-bb34-cae6500aa246?fields=provider%3Aphysical_network&fields=provider%3Anetwork_type HTTP/1.1" status: 200 len: 281 time: 0.1818998
Aug 10 10:41:54.785923 dv-cinder-772181-13-smb neutron-server[100029]: INFO neutron.wsgi [req-f3a2c72c-c472-4a97-8e13-bb852a7645ff req-ce230a5c-f986-4625-8c76-66acd7d52608 tempest-AttachVolumeNegativeTest-915776971 tempest-AttachVolumeNegativeTest-915776971-project] 10.222.0.32 "GET /v2.0/ports?device_id=5f14c216-0f5a-4dac-aace-677266b90c22 HTTP/1.1" status: 200 len: 210 time: 0.0824554
Aug 10 10:41:54.794150 dv-cinder-772181-13-smb neutron-server[100030]: DEBUG neutron.pecan_wsgi.hooks.policy_enforcement [req-43afee88-2cc8-4c87-b4f2-33edaeac152b req-ce689a30-2e5b-4110-b0fc-5b30663fdfcf tempest-ServerRescueNegativeTestJSON-293298337 tempest-ServerRescueNegativeTestJSON-293298337-project] Attributes excluded by policy engine: ['standard_attr_id', 'binding:profile', 'binding:host_id', 'binding:vif_type', 'binding:vif_details'] {{(pid=100030) _exclude_attributes_by_policy /opt/stack/neutron/neutron/pecan_wsgi/hooks/policy_enforcement.py:255}}
Aug 10 10:41:54.814825 dv-cinder-772181-13-smb neutron-server[100030]: INFO neutron.wsgi [req-43afee88-2cc8-4c87-b4f2-33edaeac152b req-ce689a30-2e5b-4110-b0fc-5b30663fdfcf tempest-ServerRescueNegativeTestJSON-293298337 tempest-ServerRescueNegativeTestJSON-293298337-project] 10.222.0.32 "GET /v2.0/ports?device_id=111dde6b-3ea2-443a-b52a-6c6363f73ec0 HTTP/1.1" status: 200 len: 946 time: 0.1460576
Aug 10 10:41:54.922062 dv-cinder-772181-13-smb neutron-server[100030]: INFO neutron.wsgi [req-43afee88-2cc8-4c87-b4f2-33edaeac152b req-a6a0f404-327d-40d3-9fdc-23df675e781e tempest-ServerRescueNegativeTestJSON-293298337 tempest-ServerRescueNegativeTestJSON-293298337-project] 10.222.0.32 "GET /v2.0/security-groups?id=743fcae5-fc79-4feb-987a-5ca8c1f0fc29&fields=id&fields=name HTTP/1.1" status: 200 len: 286 time: 0.1022837
Aug 10 10:41:55.071908 dv-cinder-772181-13-smb neutron-server[100031]: DEBUG neutron.api.rpc.handlers.dhcp_rpc [None req-332ab16d-736d-445f-8166-788370eb8510 None None] Network 15a72d37-17d7-4470-a5ab-9644b192a7fd requested from dv-cinder-772181-13-smb {{(pid=100031) get_network_info /opt/stack/neutron/neutron/api/rpc/handlers/dhcp_rpc.py:218}}
Aug 10 10:41:55.324663 dv-cinder-772181-13-smb neutron-server[100030]: DEBUG neutron.wsgi [-] (100030) accepted ('10.222.0.32', 60924) {{(pid=100030) server /usr/local/lib/python3.8/dist-packages/eventlet/wsgi.py:982}}
Aug 10 10:41:55.386363 dv-cinder-772181-13-smb neutron-server[100031]: DEBUG neutron_lib.callbacks.manager [None req-e80da246-5acb-496c-96b0-d26a54e385c7 None None] Notify callbacks ['neutron.services.segments.db._update_segment_host_mapping_for_agent-8758002506756', 'neutron.plugins.ml2.plugin.Ml2Plugin._retry_binding_revived_agents-3459240'] for agent, after_update {{(pid=100031) _notify_loop /usr/local/lib/python3.8/dist-packages/neutron_lib/callbacks/manager.py:192}}
Aug 10 10:41:55.637689 dv-cinder-772181-13-smb neutron-server[100030]: DEBUG neutron_lib.callbacks.manager [None req-f91cde38-9c74-48a0-817d-b004d82a0adc admin admin] Notify callbacks [] for security_group, before_create {{(pid=100030) _notify_loop /usr/local/lib/python3.8/dist-packages/neutron_lib/callbacks/manager.py:192}}
Aug 10 10:41:55.686086 dv-cinder-772181-13-smb neutron-server[100030]: DEBUG neutron.wsgi [-] (100030) accepted ('10.222.0.32', 60940) {{(pid=100030) server /usr/local/lib/python3.8/dist-packages/eventlet/wsgi.py:982}}
Aug 10 10:41:55.893279 dv-cinder-772181-13-smb neutron-server[100030]: DEBUG neutron_lib.callbacks.manager [None req-f91cde38-9c74-48a0-817d-b004d82a0adc admin admin] Notify callbacks [] for security_group, precommit_create {{(pid=100030) _notify_loop /usr/local/lib/python3.8/dist-packages/neutron_lib/callbacks/manager.py:192}}
Aug 10 10:41:55.900835 dv-cinder-772181-13-smb neutron-server[100029]: DEBUG neutron.wsgi [-] (100029) accepted ('10.222.0.32', 60950) {{(pid=100029) server /usr/local/lib/python3.8/dist-packages/eventlet/wsgi.py:982}}
Aug 10 10:41:55.903205 dv-cinder-772181-13-smb neutron-server[100030]: DEBUG neutron_lib.callbacks.manager [None req-f91cde38-9c74-48a0-817d-b004d82a0adc admin admin] Notify callbacks ['neutron.plugins.ml2.ovo_rpc._ObjectChangeHandler.handle_event-463285'] for security_group, after_create {{(pid=100030) _notify_loop /usr/local/lib/python3.8/dist-packages/neutron_lib/callbacks/manager.py:192}}
Aug 10 10:41:55.909131 dv-cinder-772181-13-smb neutron-server[100029]: DEBUG neutron.api.v2.base [None req-be533bd6-8b8f-4406-b02b-02b411301c4b admin admin] Request body: {'network': {'name': 'tempest-EncryptedVolumesExtendAttachedTest-512854032-network', 'tenant_id': '1827e7351d90407faba741aa8b7157c1'}} {{(pid=100029) prepare_request_body /opt/stack/neutron/neutron/api/v2/base.py:729}}
Aug 10 10:41:56.012709 dv-cinder-772181-13-smb neutron-server[100029]: INFO neutron.wsgi [req-c72f29dc-56db-4dac-96b4-ccf6c4b847de req-7dd41810-e271-4b0a-8785-04e33c607d06 tempest-AttachVolumeNegativeTest-915776971 tempest-AttachVolumeNegativeTest-915776971-project] 10.222.0.32 "GET /v2.0/ports?device_id=5f14c216-0f5a-4dac-aace-677266b90c22 HTTP/1.1" status: 200 len: 210 time: 0.0439827
Aug 10 10:41:56.014134 dv-cinder-772181-13-smb neutron-server[100029]: DEBUG neutron.pecan_wsgi.hooks.quota_enforcement [None req-be533bd6-8b8f-4406-b02b-02b411301c4b admin admin] Made reservation on behalf of 1827e7351d90407faba741aa8b7157c1 for: {'network': 1} {{(pid=100029) before /opt/stack/neutron/neutron/pecan_wsgi/hooks/quota_enforcement.py:53}}
Aug 10 10:41:56.021388 dv-cinder-772181-13-smb neutron-server[100029]: DEBUG neutron_lib.callbacks.manager [None req-be533bd6-8b8f-4406-b02b-02b411301c4b admin admin] Notify callbacks ['neutron.plugins.ml2.plugin.SecurityGroupDbMixin._ensure_default_security_group_handler-3661329'] for network, before_create {{(pid=100029) _notify_loop /usr/local/lib/python3.8/dist-packages/neutron_lib/callbacks/manager.py:192}}
Aug 10 10:41:56.045077 dv-cinder-772181-13-smb neutron-server[100029]: DEBUG neutron_lib.callbacks.manager [None req-be533bd6-8b8f-4406-b02b-02b411301c4b admin admin] Notify callbacks [] for security_group, before_create {{(pid=100029) _notify_loop /usr/local/lib/python3.8/dist-packages/neutron_lib/callbacks/manager.py:192}}
Aug 10 10:41:56.058779 dv-cinder-772181-13-smb neutron-server[100030]: INFO neutron.wsgi [None req-f91cde38-9c74-48a0-817d-b004d82a0adc admin admin] 10.222.0.32 "GET /v2.0/security-groups?tenant_id=f130c00af0b74a13aa20ac495474371a&name=default HTTP/1.1" status: 200 len: 2979 time: 0.7321420
Aug 10 10:41:56.060699 dv-cinder-772181-13-smb neutron-server[100030]: DEBUG neutron_lib.callbacks.manager [None req-58cbab6a-ffe1-43a8-ad71-7269dd22248b admin admin] Notify callbacks [] for security_group, before_create {{(pid=100030) _notify_loop /usr/local/lib/python3.8/dist-packages/neutron_lib/callbacks/manager.py:192}}
Aug 10 10:41:56.063008 dv-cinder-772181-13-smb neutron-server[100030]: DEBUG neutron.wsgi [-] (100030) accepted ('10.222.0.32', 60958) {{(pid=100030) server /usr/local/lib/python3.8/dist-packages/eventlet/wsgi.py:982}}
Aug 10 10:41:56.065322 dv-cinder-772181-13-smb neutron-server[100030]: DEBUG neutron.api.rpc.handlers.resources_rpc [None req-f91cde38-9c74-48a0-817d-b004d82a0adc admin admin] Pushing event updated for resources: {'SecurityGroup': ['ID=e23cf942-2fd4-4b41-b513-d1de355edabc,revision_number=1']} {{(pid=100030) push /opt/stack/neutron/neutron/api/rpc/handlers/resources_rpc.py:237}}
Aug 10 10:41:56.162542 dv-cinder-772181-13-smb neutron-server[100030]: DEBUG neutron_lib.callbacks.manager [None req-f640dacc-06c7-429a-be12-44c406903a0d admin admin] Notify callbacks [] for security_group, before_delete {{(pid=100030) _notify_loop /usr/local/lib/python3.8/dist-packages/neutron_lib/callbacks/manager.py:192}}
Aug 10 10:41:56.186855 dv-cinder-772181-13-smb neutron-server[100029]: DEBUG neutron.pecan_wsgi.hooks.policy_enforcement [req-e336f6fe-ce47-4392-a5d2-ced2a71f3a49 req-52b7852b-f33c-446c-8d1b-bc4913c62bcd tempest-ServerRescueNegativeTestJSON-293298337 tempest-ServerRescueNegativeTestJSON-293298337-project] Attributes excluded by policy engine: ['standard_attr_id', 'binding:profile', 'binding:host_id', 'binding:vif_type', 'binding:vif_details'] {{(pid=100029) _exclude_attributes_by_policy /opt/stack/neutron/neutron/pecan_wsgi/hooks/policy_enforcement.py:255}}
Aug 10 10:41:56.193968 dv-cinder-772181-13-smb neutron-server[100030]: DEBUG neutron_lib.callbacks.manager [None req-f640dacc-06c7-429a-be12-44c406903a0d admin admin] Notify callbacks [] for security_group, precommit_delete {{(pid=100030) _notify_loop /usr/local/lib/python3.8/dist-packages/neutron_lib/callbacks/manager.py:192}}
Aug 10 10:41:56.194479 dv-cinder-772181-13-smb neutron-server[100029]: INFO neutron.wsgi [req-e336f6fe-ce47-4392-a5d2-ced2a71f3a49 req-52b7852b-f33c-446c-8d1b-bc4913c62bcd tempest-ServerRescueNegativeTestJSON-293298337 tempest-ServerRescueNegativeTestJSON-293298337-project] 10.222.0.32 "GET /v2.0/ports?device_id=111dde6b-3ea2-443a-b52a-6c6363f73ec0 HTTP/1.1" status: 200 len: 946 time: 0.0835648
Aug 10 10:41:56.252897 dv-cinder-772181-13-smb neutron-server[100029]: INFO neutron.wsgi [req-e336f6fe-ce47-4392-a5d2-ced2a71f3a49 req-56389ecb-7133-440e-b118-a03fec2dd796 tempest-ServerRescueNegativeTestJSON-293298337 tempest-ServerRescueNegativeTestJSON-293298337-project] 10.222.0.32 "GET /v2.0/security-groups?id=743fcae5-fc79-4feb-987a-5ca8c1f0fc29&fields=id&fields=name HTTP/1.1" status: 200 len: 286 time: 0.0574617
Aug 10 10:41:56.257630 dv-cinder-772181-13-smb neutron-server[100030]: DEBUG neutron_lib.callbacks.manager [None req-f640dacc-06c7-429a-be12-44c406903a0d admin admin] Notify callbacks ['neutron.plugins.ml2.ovo_rpc._ObjectChangeHandler.handle_event-463285'] for security_group, after_delete {{(pid=100030) _notify_loop /usr/local/lib/python3.8/dist-packages/neutron_lib/callbacks/manager.py:192}}
Aug 10 10:41:56.261649 dv-cinder-772181-13-smb neutron-server[100030]: DEBUG neutron_lib.callbacks.manager [None req-f640dacc-06c7-429a-be12-44c406903a0d admin admin] Notify callbacks [] for security_group, before_response {{(pid=100030) _notify_loop /usr/local/lib/python3.8/dist-packages/neutron_lib/callbacks/manager.py:192}}
Aug 10 10:41:56.265991 dv-cinder-772181-13-smb neutron-server[100030]: INFO neutron.wsgi [None req-f640dacc-06c7-429a-be12-44c406903a0d admin admin] 10.222.0.32 "DELETE /v2.0/security-groups/e23cf942-2fd4-4b41-b513-d1de355edabc HTTP/1.1" status: 204 len: 168 time: 0.2007432
Aug 10 10:41:56.270856 dv-cinder-772181-13-smb neutron-server[100029]: DEBUG neutron_lib.callbacks.manager [None req-be533bd6-8b8f-4406-b02b-02b411301c4b admin admin] Notify callbacks [] for security_group, precommit_create {{(pid=100029) _notify_loop /usr/local/lib/python3.8/dist-packages/neutron_lib/callbacks/manager.py:192}}
Aug 10 10:41:56.290223 dv-cinder-772181-13-smb neutron-server[100029]: DEBUG neutron_lib.callbacks.manager [None req-be533bd6-8b8f-4406-b02b-02b411301c4b admin admin] Notify callbacks ['neutron.plugins.ml2.ovo_rpc._ObjectChangeHandler.handle_event-463285'] for security_group, after_create {{(pid=100029) _notify_loop /usr/local/lib/python3.8/dist-packages/neutron_lib/callbacks/manager.py:192}}
Aug 10 10:41:56.318229 dv-cinder-772181-13-smb neutron-server[100030]: DEBUG neutron.api.rpc.handlers.resources_rpc [None req-f640dacc-06c7-429a-be12-44c406903a0d admin admin] Pushing event deleted for resources: {'SecurityGroup': ['ID=e23cf942-2fd4-4b41-b513-d1de355edabc,revision_number=None']} {{(pid=100030) push /opt/stack/neutron/neutron/api/rpc/handlers/resources_rpc.py:237}}
Aug 10 10:41:56.329425 dv-cinder-772181-13-smb neutron-server[100029]: DEBUG neutron.plugins.ml2.drivers.helpers [None req-be533bd6-8b8f-4406-b02b-02b411301c4b admin admin] vlan segment allocate from pool success with {'vlan_id': 585, 'physical_network': 'physnet1'} {{(pid=100029) allocate_partially_specified_segment /opt/stack/neutron/neutron/plugins/ml2/drivers/helpers.py:153}}
Aug 10 10:41:56.356192 dv-cinder-772181-13-smb neutron-server[100029]: DEBUG neutron_lib.callbacks.manager [None req-be533bd6-8b8f-4406-b02b-02b411301c4b admin admin] Notify callbacks ['neutron.plugins.ml2.plugin.Ml2Plugin._handle_segment_change-3625987'] for segment, precommit_create {{(pid=100029) _notify_loop /usr/local/lib/python3.8/dist-packages/neutron_lib/callbacks/manager.py:192}}
Aug 10 10:41:56.356781 dv-cinder-772181-13-smb neutron-server[100029]: INFO neutron.db.segments_db [None req-be533bd6-8b8f-4406-b02b-02b411301c4b admin admin] Added segment f21670d3-15d7-40de-af7f-d9c1130f6836 of type vlan for network 2347955f-22c0-4b59-9238-526b0905c667
Aug 10 10:41:56.360350 dv-cinder-772181-13-smb neutron-server[100029]: DEBUG neutron.api.rpc.handlers.resources_rpc [None req-be533bd6-8b8f-4406-b02b-02b411301c4b admin admin] Pushing event updated for resources: {'SecurityGroup': ['ID=72369e78-dfe2-4dc2-8a48-47eee7dcc6fa,revision_number=1']} {{(pid=100029) push /opt/stack/neutron/neutron/api/rpc/handlers/resources_rpc.py:237}}
Aug 10 10:41:56.453301 dv-cinder-772181-13-smb neutron-server[100029]: DEBUG neutron_lib.callbacks.manager [None req-be533bd6-8b8f-4406-b02b-02b411301c4b admin admin] Notify callbacks ['neutron.services.auto_allocate.db._ensure_external_network_default_value_callback-8758001932364'] for network, precommit_create {{(pid=100029) _notify_loop /usr/local/lib/python3.8/dist-packages/neutron_lib/callbacks/manager.py:192}}
Aug 10 10:41:56.497730 dv-cinder-772181-13-smb neutron-server[100030]: DEBUG neutron_lib.callbacks.manager [None req-58cbab6a-ffe1-43a8-ad71-7269dd22248b admin admin] Notify callbacks [] for security_group, precommit_create {{(pid=100030) _notify_loop /usr/local/lib/python3.8/dist-packages/neutron_lib/callbacks/manager.py:192}}
Aug 10 10:41:56.500209 dv-cinder-772181-13-smb neutron-server[100029]: DEBUG neutron_lib.callbacks.manager [None req-be533bd6-8b8f-4406-b02b-02b411301c4b admin admin] Notify callbacks ['neutron.plugins.ml2.ovo_rpc._ObjectChangeHandler.handle_event-463332', 'neutron.api.rpc.agentnotifiers.dhcp_rpc_agent_api.DhcpAgentNotifyAPI._native_event_send_dhcp_notification-3781638'] for network, after_create {{(pid=100029) _notify_loop /usr/local/lib/python3.8/dist-packages/neutron_lib/callbacks/manager.py:192}}
Aug 10 10:41:56.501375 dv-cinder-772181-13-smb neutron-server[100029]: DEBUG neutron.pecan_wsgi.hooks.policy_enforcement [None req-be533bd6-8b8f-4406-b02b-02b411301c4b admin admin] Attributes excluded by policy engine: ['standard_attr_id', 'vlan_transparent'] {{(pid=100029) _exclude_attributes_by_policy /opt/stack/neutron/neutron/pecan_wsgi/hooks/policy_enforcement.py:255}}
Aug 10 10:41:56.502025 dv-cinder-772181-13-smb neutron-server[100029]: DEBUG neutron_lib.callbacks.manager [None req-be533bd6-8b8f-4406-b02b-02b411301c4b admin admin] Notify callbacks ['neutron.api.rpc.agentnotifiers.dhcp_rpc_agent_api.DhcpAgentNotifyAPI._send_dhcp_notification-3781656'] for network, before_response {{(pid=100029) _notify_loop /usr/local/lib/python3.8/dist-packages/neutron_lib/callbacks/manager.py:192}}
Aug 10 10:41:56.503329 dv-cinder-772181-13-smb neutron-server[100030]: DEBUG neutron_lib.callbacks.manager [None req-58cbab6a-ffe1-43a8-ad71-7269dd22248b admin admin] Notify callbacks ['neutron.plugins.ml2.ovo_rpc._ObjectChangeHandler.handle_event-463285'] for security_group, after_create {{(pid=100030) _notify_loop /usr/local/lib/python3.8/dist-packages/neutron_lib/callbacks/manager.py:192}}
Aug 10 10:41:56.561919 dv-cinder-772181-13-smb neutron-server[100030]: INFO neutron.wsgi [None req-58cbab6a-ffe1-43a8-ad71-7269dd22248b admin admin] 10.222.0.32 "GET /v2.0/security-groups?tenant_id=15dabb7a36d24a148a4619d28444aa0a&name=default HTTP/1.1" status: 200 len: 2979 time: 0.8743286
Aug 10 10:41:56.562697 dv-cinder-772181-13-smb neutron-server[100030]: DEBUG neutron.api.rpc.handlers.resources_rpc [None req-58cbab6a-ffe1-43a8-ad71-7269dd22248b admin admin] Pushing event updated for resources: {'SecurityGroup': ['ID=5f852590-99ec-42e0-9d06-3761b90eeb8e,revision_number=1']} {{(pid=100030) push /opt/stack/neutron/neutron/api/rpc/handlers/resources_rpc.py:237}}
Aug 10 10:41:56.565819 dv-cinder-772181-13-smb neutron-server[100030]: DEBUG neutron.wsgi [-] (100030) accepted ('10.222.0.32', 60968) {{(pid=100030) server /usr/local/lib/python3.8/dist-packages/eventlet/wsgi.py:982}}
Aug 10 10:41:56.589868 dv-cinder-772181-13-smb neutron-server[100029]: DEBUG neutron.api.rpc.handlers.resources_rpc [None req-be533bd6-8b8f-4406-b02b-02b411301c4b admin admin] Pushing event updated for resources: {'Network': ['ID=2347955f-22c0-4b59-9238-526b0905c667,revision_number=1']} {{(pid=100029) push /opt/stack/neutron/neutron/api/rpc/handlers/resources_rpc.py:237}}
Aug 10 10:41:56.607060 dv-cinder-772181-13-smb neutron-server[100029]: INFO neutron.wsgi [None req-be533bd6-8b8f-4406-b02b-02b411301c4b admin admin] 10.222.0.32 "POST /v2.0/networks HTTP/1.1" status: 201 len: 897 time: 0.7042773
Aug 10 10:41:56.610410 dv-cinder-772181-13-smb neutron-server[100031]: DEBUG neutron.plugins.ml2.rpc [None req-b51e1558-85eb-4a42-9451-ade8f6854e0e None None] Network 2347955f-22c0-4b59-9238-526b0905c667 details requested by agent ovs-agent-dv-cinder-772181-13-smb with host dv-cinder-772181-13-smb {{(pid=100031) get_network_details /opt/stack/neutron/neutron/plugins/ml2/rpc.py:248}}
Aug 10 10:41:56.613951 dv-cinder-772181-13-smb neutron-server[100030]: DEBUG neutron.wsgi [-] (100030) accepted ('10.222.0.32', 60970) {{(pid=100030) server /usr/local/lib/python3.8/dist-packages/eventlet/wsgi.py:982}}
Aug 10 10:41:56.619610 dv-cinder-772181-13-smb neutron-server[100030]: DEBUG neutron.api.v2.base [None req-3d0bbd42-9f4d-4a5a-aded-eb99de073ea6 admin admin] Request body: {'subnet': {'network_id': '2347955f-22c0-4b59-9238-526b0905c667', 'cidr': '172.20.0.0/28', 'name': 'tempest-EncryptedVolumesExtendAttachedTest-512854032-subnet', 'tenant_id': '1827e7351d90407faba741aa8b7157c1', 'enable_dhcp': False, 'ip_version': 4}} {{(pid=100030) prepare_request_body /opt/stack/neutron/neutron/api/v2/base.py:729}}
Aug 10 10:41:56.704743 dv-cinder-772181-13-smb neutron-server[100030]: DEBUG neutron_lib.callbacks.manager [None req-4ff5785d-4340-4eef-9c0e-01f243684a23 admin admin] Notify callbacks [] for security_group, before_delete {{(pid=100030) _notify_loop /usr/local/lib/python3.8/dist-packages/neutron_lib/callbacks/manager.py:192}}
Aug 10 10:41:56.708615 dv-cinder-772181-13-smb neutron-server[100030]: DEBUG neutron.pecan_wsgi.hooks.quota_enforcement [None req-3d0bbd42-9f4d-4a5a-aded-eb99de073ea6 admin admin] Made reservation on behalf of 1827e7351d90407faba741aa8b7157c1 for: {'subnet': 1} {{(pid=100030) before /opt/stack/neutron/neutron/pecan_wsgi/hooks/quota_enforcement.py:53}}
Aug 10 10:41:56.711709 dv-cinder-772181-13-smb neutron-server[100030]: DEBUG neutron_lib.callbacks.manager [None req-3d0bbd42-9f4d-4a5a-aded-eb99de073ea6 admin admin] Notify callbacks ['neutron.services.segments.plugin.SegmentHostRoutes.host_routes_before_create-11929772'] for subnet, before_create {{(pid=100030) _notify_loop /usr/local/lib/python3.8/dist-packages/neutron_lib/callbacks/manager.py:192}}
Aug 10 10:41:56.841993 dv-cinder-772181-13-smb neutron-server[100030]: DEBUG neutron_lib.callbacks.manager [None req-4ff5785d-4340-4eef-9c0e-01f243684a23 admin admin] Notify callbacks [] for security_group, precommit_delete {{(pid=100030) _notify_loop /usr/local/lib/python3.8/dist-packages/neutron_lib/callbacks/manager.py:192}}
Aug 10 10:41:56.915239 dv-cinder-772181-13-smb neutron-server[100029]: DEBUG neutron.pecan_wsgi.hooks.policy_enforcement [req-a389d5b7-1f9c-41f9-a498-bfcf6af8841c req-02749605-dfeb-408a-84fc-b11b2c198516 tempest-AttachVolumeNegativeTest-915776971 tempest-AttachVolumeNegativeTest-915776971-project] Attributes excluded by policy engine: ['standard_attr_id', 'vlan_transparent', 'provider:network_type', 'provider:physical_network', 'provider:segmentation_id'] {{(pid=100029) _exclude_attributes_by_policy /opt/stack/neutron/neutron/pecan_wsgi/hooks/policy_enforcement.py:255}}
Aug 10 10:41:56.918143 dv-cinder-772181-13-smb neutron-server[100029]: INFO neutron.wsgi [req-a389d5b7-1f9c-41f9-a498-bfcf6af8841c req-02749605-dfeb-408a-84fc-b11b2c198516 tempest-AttachVolumeNegativeTest-915776971 tempest-AttachVolumeNegativeTest-915776971-project] 10.222.0.21 "GET /v2.0/networks?id=353bf315-66d1-42db-bb34-cae6500aa246 HTTP/1.1" status: 200 len: 815 time: 0.2745342
Aug 10 10:41:56.945075 dv-cinder-772181-13-smb neutron-server[100029]: DEBUG neutron.api.v2.base [req-a389d5b7-1f9c-41f9-a498-bfcf6af8841c req-045abad0-7295-4c79-a1f6-66653c36e0ed tempest-AttachVolumeNegativeTest-915776971 tempest-AttachVolumeNegativeTest-915776971-project] Request body: {'port': {'device_id': '5f14c216-0f5a-4dac-aace-677266b90c22', 'network_id': '353bf315-66d1-42db-bb34-cae6500aa246', 'admin_state_up': True, 'tenant_id': '4bc169b213e74cb9802aa50a31642e91'}} {{(pid=100029) prepare_request_body /opt/stack/neutron/neutron/api/v2/base.py:729}}
Aug 10 10:41:56.967620 dv-cinder-772181-13-smb neutron-server[100030]: DEBUG neutron_lib.callbacks.manager [None req-4ff5785d-4340-4eef-9c0e-01f243684a23 admin admin] Notify callbacks ['neutron.plugins.ml2.ovo_rpc._ObjectChangeHandler.handle_event-463285'] for security_group, after_delete {{(pid=100030) _notify_loop /usr/local/lib/python3.8/dist-packages/neutron_lib/callbacks/manager.py:192}}
Aug 10 10:41:56.972672 dv-cinder-772181-13-smb neutron-server[100030]: DEBUG neutron_lib.callbacks.manager [None req-4ff5785d-4340-4eef-9c0e-01f243684a23 admin admin] Notify callbacks [] for security_group, before_response {{(pid=100030) _notify_loop /usr/local/lib/python3.8/dist-packages/neutron_lib/callbacks/manager.py:192}}
Aug 10 10:41:56.974226 dv-cinder-772181-13-smb neutron-server[100030]: INFO neutron.wsgi [None req-4ff5785d-4340-4eef-9c0e-01f243684a23 admin admin] 10.222.0.32 "DELETE /v2.0/security-groups/5f852590-99ec-42e0-9d06-3761b90eeb8e HTTP/1.1" status: 204 len: 168 time: 0.3927939
Aug 10 10:41:57.059294 dv-cinder-772181-13-smb neutron-server[100030]: DEBUG neutron.api.rpc.handlers.resources_rpc [None req-4ff5785d-4340-4eef-9c0e-01f243684a23 admin admin] Pushing event deleted for resources: {'SecurityGroup': ['ID=5f852590-99ec-42e0-9d06-3761b90eeb8e,revision_number=None']} {{(pid=100030) push /opt/stack/neutron/neutron/api/rpc/handlers/resources_rpc.py:237}}
Aug 10 10:41:57.072390 dv-cinder-772181-13-smb neutron-server[100030]: DEBUG neutron_lib.callbacks.manager [None req-3d0bbd42-9f4d-4a5a-aded-eb99de073ea6 admin admin] Notify callbacks ['neutron.plugins.ml2.ovo_rpc._ObjectChangeHandler.handle_event-461403', 'neutron.api.rpc.agentnotifiers.dhcp_rpc_agent_api.DhcpAgentNotifyAPI._native_event_send_dhcp_notification-3781638', 'neutron.services.segments.plugin.NovaSegmentNotifier._notify_subnet_created-12017483', 'neutron.services.segments.plugin.SegmentHostRoutes.host_routes_after_create-11929790'] for subnet, after_create {{(pid=100030) _notify_loop /usr/local/lib/python3.8/dist-packages/neutron_lib/callbacks/manager.py:192}}
Aug 10 10:41:57.164855 dv-cinder-772181-13-smb neutron-server[100030]: DEBUG neutron.api.rpc.handlers.resources_rpc [None req-3d0bbd42-9f4d-4a5a-aded-eb99de073ea6 admin admin] Pushing event updated for resources: {'Subnet': ['ID=f10d4df2-8c43-4e0c-a772-2f05c25b510f,revision_number=0']} {{(pid=100030) push /opt/stack/neutron/neutron/api/rpc/handlers/resources_rpc.py:237}}
