Aug 10 10:40:45.468568 dv-cinder-772181-13-smb neutron-server[100029]: DEBUG neutron_lib.callbacks.manager [None req-30302ba0-a457-4ca2-b761-2abb11b1a62d admin admin] Notify callbacks [] for security_group, precommit_create {{(pid=100029) _notify_loop /usr/local/lib/python3.8/dist-packages/neutron_lib/callbacks/manager.py:192}}
Aug 10 10:40:45.479527 dv-cinder-772181-13-smb neutron-server[100029]: DEBUG neutron_lib.callbacks.manager [None req-30302ba0-a457-4ca2-b761-2abb11b1a62d admin admin] Notify callbacks ['neutron.plugins.ml2.ovo_rpc._ObjectChangeHandler.handle_event-463285'] for security_group, after_create {{(pid=100029) _notify_loop /usr/local/lib/python3.8/dist-packages/neutron_lib/callbacks/manager.py:192}}
Aug 10 10:40:45.505543 dv-cinder-772181-13-smb neutron-server[100029]: DEBUG neutron.plugins.ml2.drivers.helpers [None req-30302ba0-a457-4ca2-b761-2abb11b1a62d admin admin] vlan segment allocate from pool success with {'vlan_id': 595, 'physical_network': 'physnet1'} {{(pid=100029) allocate_partially_specified_segment /opt/stack/neutron/neutron/plugins/ml2/drivers/helpers.py:153}}
Aug 10 10:40:45.514214 dv-cinder-772181-13-smb neutron-server[100030]: INFO neutron.wsgi [None req-2f080665-1e04-496f-85d5-c2440e59386c admin admin] 10.222.0.32 "POST /v2.0/networks HTTP/1.1" status: 201 len: 891 time: 1.1680412
Aug 10 10:40:45.515295 dv-cinder-772181-13-smb neutron-server[100029]: DEBUG neutron.wsgi [-] (100029) accepted ('10.222.0.32', 58416) {{(pid=100029) server /usr/local/lib/python3.8/dist-packages/eventlet/wsgi.py:982}}
Aug 10 10:40:45.515481 dv-cinder-772181-13-smb neutron-server[100030]: DEBUG neutron.api.rpc.handlers.resources_rpc [None req-2f080665-1e04-496f-85d5-c2440e59386c admin admin] Pushing event updated for resources: {'Network': ['ID=17a2d802-a73d-47ff-88a8-ebbe31285605,revision_number=1']} {{(pid=100030) push /opt/stack/neutron/neutron/api/rpc/handlers/resources_rpc.py:237}}
Aug 10 10:40:45.533871 dv-cinder-772181-13-smb neutron-server[100031]: DEBUG neutron.plugins.ml2.rpc [None req-b51e1558-85eb-4a42-9451-ade8f6854e0e None None] Network 17a2d802-a73d-47ff-88a8-ebbe31285605 details requested by agent ovs-agent-dv-cinder-772181-13-smb with host dv-cinder-772181-13-smb {{(pid=100031) get_network_details /opt/stack/neutron/neutron/plugins/ml2/rpc.py:248}}
Aug 10 10:40:45.541686 dv-cinder-772181-13-smb neutron-server[100029]: DEBUG neutron.api.v2.base [None req-b6ad61ad-ad44-4da3-96b4-a7ce743c64e4 admin admin] Request body: {'subnet': {'network_id': '17a2d802-a73d-47ff-88a8-ebbe31285605', 'cidr': '172.20.0.0/28', 'name': 'tempest-ServerRescueNegativeTestJSON-761809882-subnet', 'tenant_id': '8fc314cb5ba94180b77271b7bc1f187a', 'enable_dhcp': False, 'ip_version': 4}} {{(pid=100029) prepare_request_body /opt/stack/neutron/neutron/api/v2/base.py:729}}
Aug 10 10:40:45.574559 dv-cinder-772181-13-smb neutron-server[100030]: DEBUG neutron_lib.callbacks.manager [None req-ea13f105-8b18-41f0-b564-0ee5bb8431b1 admin admin] Notify callbacks ['neutron.services.auto_allocate.db._ensure_external_network_default_value_callback-8758001932364'] for network, precommit_create {{(pid=100030) _notify_loop /usr/local/lib/python3.8/dist-packages/neutron_lib/callbacks/manager.py:192}}
Aug 10 10:40:45.649940 dv-cinder-772181-13-smb neutron-server[100030]: DEBUG neutron_lib.callbacks.manager [None req-ea13f105-8b18-41f0-b564-0ee5bb8431b1 admin admin] Notify callbacks ['neutron.plugins.ml2.ovo_rpc._ObjectChangeHandler.handle_event-463332', 'neutron.api.rpc.agentnotifiers.dhcp_rpc_agent_api.DhcpAgentNotifyAPI._native_event_send_dhcp_notification-3781638'] for network, after_create {{(pid=100030) _notify_loop /usr/local/lib/python3.8/dist-packages/neutron_lib/callbacks/manager.py:192}}
Aug 10 10:40:45.651617 dv-cinder-772181-13-smb neutron-server[100030]: DEBUG neutron.pecan_wsgi.hooks.policy_enforcement [None req-ea13f105-8b18-41f0-b564-0ee5bb8431b1 admin admin] Attributes excluded by policy engine: ['standard_attr_id', 'vlan_transparent'] {{(pid=100030) _exclude_attributes_by_policy /opt/stack/neutron/neutron/pecan_wsgi/hooks/policy_enforcement.py:255}}
Aug 10 10:40:45.652841 dv-cinder-772181-13-smb neutron-server[100030]: DEBUG neutron_lib.callbacks.manager [None req-ea13f105-8b18-41f0-b564-0ee5bb8431b1 admin admin] Notify callbacks ['neutron.api.rpc.agentnotifiers.dhcp_rpc_agent_api.DhcpAgentNotifyAPI._send_dhcp_notification-3781656'] for network, before_response {{(pid=100030) _notify_loop /usr/local/lib/python3.8/dist-packages/neutron_lib/callbacks/manager.py:192}}
Aug 10 10:40:45.714078 dv-cinder-772181-13-smb neutron-server[100029]: DEBUG neutron_lib.callbacks.manager [None req-30302ba0-a457-4ca2-b761-2abb11b1a62d admin admin] Notify callbacks ['neutron.plugins.ml2.plugin.Ml2Plugin._handle_segment_change-3625987'] for segment, precommit_create {{(pid=100029) _notify_loop /usr/local/lib/python3.8/dist-packages/neutron_lib/callbacks/manager.py:192}}
Aug 10 10:40:45.714624 dv-cinder-772181-13-smb neutron-server[100029]: INFO neutron.db.segments_db [None req-30302ba0-a457-4ca2-b761-2abb11b1a62d admin admin] Added segment ea0c40e6-866a-4e13-baf4-9ec487143e97 of type vlan for network d5ffe841-8106-481f-a0ff-d8e18e1ce893
Aug 10 10:40:45.794629 dv-cinder-772181-13-smb neutron-server[100029]: DEBUG neutron_lib.callbacks.manager [None req-30302ba0-a457-4ca2-b761-2abb11b1a62d admin admin] Notify callbacks ['neutron.services.auto_allocate.db._ensure_external_network_default_value_callback-8758001932364'] for network, precommit_create {{(pid=100029) _notify_loop /usr/local/lib/python3.8/dist-packages/neutron_lib/callbacks/manager.py:192}}
Aug 10 10:40:45.828500 dv-cinder-772181-13-smb neutron-server[100030]: DEBUG neutron.api.rpc.handlers.resources_rpc [None req-ea13f105-8b18-41f0-b564-0ee5bb8431b1 admin admin] Pushing event updated for resources: {'Network': ['ID=80a06dd4-c271-478f-8fad-a14bdf2da0af,revision_number=1']} {{(pid=100030) push /opt/stack/neutron/neutron/api/rpc/handlers/resources_rpc.py:237}}
Aug 10 10:40:45.847277 dv-cinder-772181-13-smb neutron-server[100031]: DEBUG neutron.plugins.ml2.rpc [None req-b51e1558-85eb-4a42-9451-ade8f6854e0e None None] Network 80a06dd4-c271-478f-8fad-a14bdf2da0af details requested by agent ovs-agent-dv-cinder-772181-13-smb with host dv-cinder-772181-13-smb {{(pid=100031) get_network_details /opt/stack/neutron/neutron/plugins/ml2/rpc.py:248}}
Aug 10 10:40:45.855941 dv-cinder-772181-13-smb neutron-server[100029]: DEBUG neutron.api.rpc.handlers.resources_rpc [None req-30302ba0-a457-4ca2-b761-2abb11b1a62d admin admin] Pushing event updated for resources: {'SecurityGroup': ['ID=8f49b28a-c5d1-40a3-bc2f-22e37b0919b7,revision_number=1']} {{(pid=100029) push /opt/stack/neutron/neutron/api/rpc/handlers/resources_rpc.py:237}}
Aug 10 10:40:45.871894 dv-cinder-772181-13-smb neutron-server[100029]: DEBUG neutron.pecan_wsgi.hooks.quota_enforcement [None req-b6ad61ad-ad44-4da3-96b4-a7ce743c64e4 admin admin] Made reservation on behalf of 8fc314cb5ba94180b77271b7bc1f187a for: {'subnet': 1} {{(pid=100029) before /opt/stack/neutron/neutron/pecan_wsgi/hooks/quota_enforcement.py:53}}
Aug 10 10:40:45.877676 dv-cinder-772181-13-smb neutron-server[100030]: INFO neutron.wsgi [None req-ea13f105-8b18-41f0-b564-0ee5bb8431b1 admin admin] 10.222.0.32 "POST /v2.0/networks HTTP/1.1" status: 201 len: 884 time: 1.4420371
Aug 10 10:40:45.878765 dv-cinder-772181-13-smb neutron-server[100029]: DEBUG neutron_lib.callbacks.manager [None req-b6ad61ad-ad44-4da3-96b4-a7ce743c64e4 admin admin] Notify callbacks [] for subnet, before_create {{(pid=100029) _notify_loop /usr/local/lib/python3.8/dist-packages/neutron_lib/callbacks/manager.py:192}}
Aug 10 10:40:45.879510 dv-cinder-772181-13-smb neutron-server[100030]: DEBUG neutron.wsgi [-] (100030) accepted ('10.222.0.32', 58424) {{(pid=100030) server /usr/local/lib/python3.8/dist-packages/eventlet/wsgi.py:982}}
Aug 10 10:40:45.896014 dv-cinder-772181-13-smb neutron-server[100030]: DEBUG neutron.api.v2.base [None req-c3ff5dea-1b4e-405d-92ef-efd505b16a7a admin admin] Request body: {'subnet': {'network_id': '80a06dd4-c271-478f-8fad-a14bdf2da0af', 'cidr': '172.20.0.0/28', 'name': 'tempest-DeleteServersTestJSON-293716179-subnet', 'tenant_id': 'f64980dd45434a0490c983d441819250', 'enable_dhcp': False, 'ip_version': 4}} {{(pid=100030) prepare_request_body /opt/stack/neutron/neutron/api/v2/base.py:729}}
Aug 10 10:40:45.981668 dv-cinder-772181-13-smb neutron-server[100030]: DEBUG neutron.pecan_wsgi.hooks.quota_enforcement [None req-c3ff5dea-1b4e-405d-92ef-efd505b16a7a admin admin] Made reservation on behalf of f64980dd45434a0490c983d441819250 for: {'subnet': 1} {{(pid=100030) before /opt/stack/neutron/neutron/pecan_wsgi/hooks/quota_enforcement.py:53}}
Aug 10 10:40:45.989094 dv-cinder-772181-13-smb neutron-server[100030]: DEBUG neutron_lib.callbacks.manager [None req-c3ff5dea-1b4e-405d-92ef-efd505b16a7a admin admin] Notify callbacks [] for subnet, before_create {{(pid=100030) _notify_loop /usr/local/lib/python3.8/dist-packages/neutron_lib/callbacks/manager.py:192}}
Aug 10 10:40:46.066523 dv-cinder-772181-13-smb neutron-server[100029]: DEBUG neutron_lib.callbacks.manager [None req-30302ba0-a457-4ca2-b761-2abb11b1a62d admin admin] Notify callbacks ['neutron.plugins.ml2.ovo_rpc._ObjectChangeHandler.handle_event-463332', 'neutron.api.rpc.agentnotifiers.dhcp_rpc_agent_api.DhcpAgentNotifyAPI._native_event_send_dhcp_notification-3781638'] for network, after_create {{(pid=100029) _notify_loop /usr/local/lib/python3.8/dist-packages/neutron_lib/callbacks/manager.py:192}}
Aug 10 10:40:46.068585 dv-cinder-772181-13-smb neutron-server[100029]: DEBUG neutron.pecan_wsgi.hooks.policy_enforcement [None req-30302ba0-a457-4ca2-b761-2abb11b1a62d admin admin] Attributes excluded by policy engine: ['standard_attr_id', 'vlan_transparent'] {{(pid=100029) _exclude_attributes_by_policy /opt/stack/neutron/neutron/pecan_wsgi/hooks/policy_enforcement.py:255}}
Aug 10 10:40:46.081755 dv-cinder-772181-13-smb neutron-server[100029]: DEBUG neutron_lib.callbacks.manager [None req-30302ba0-a457-4ca2-b761-2abb11b1a62d admin admin] Notify callbacks ['neutron.api.rpc.agentnotifiers.dhcp_rpc_agent_api.DhcpAgentNotifyAPI._send_dhcp_notification-3781656'] for network, before_response {{(pid=100029) _notify_loop /usr/local/lib/python3.8/dist-packages/neutron_lib/callbacks/manager.py:192}}
Aug 10 10:40:46.225604 dv-cinder-772181-13-smb neutron-server[100029]: DEBUG neutron.api.rpc.handlers.resources_rpc [None req-30302ba0-a457-4ca2-b761-2abb11b1a62d admin admin] Pushing event updated for resources: {'Network': ['ID=d5ffe841-8106-481f-a0ff-d8e18e1ce893,revision_number=1']} {{(pid=100029) push /opt/stack/neutron/neutron/api/rpc/handlers/resources_rpc.py:237}}
Aug 10 10:40:46.243040 dv-cinder-772181-13-smb neutron-server[100029]: INFO neutron.wsgi [None req-30302ba0-a457-4ca2-b761-2abb11b1a62d admin admin] 10.222.0.32 "POST /v2.0/networks HTTP/1.1" status: 201 len: 884 time: 2.7500942
Aug 10 10:40:46.248199 dv-cinder-772181-13-smb neutron-server[100029]: DEBUG neutron.wsgi [-] (100029) accepted ('10.222.0.32', 58430) {{(pid=100029) server /usr/local/lib/python3.8/dist-packages/eventlet/wsgi.py:982}}
Aug 10 10:40:46.249972 dv-cinder-772181-13-smb neutron-server[100031]: DEBUG neutron.plugins.ml2.rpc [None req-b51e1558-85eb-4a42-9451-ade8f6854e0e None None] Network d5ffe841-8106-481f-a0ff-d8e18e1ce893 details requested by agent ovs-agent-dv-cinder-772181-13-smb with host dv-cinder-772181-13-smb {{(pid=100031) get_network_details /opt/stack/neutron/neutron/plugins/ml2/rpc.py:248}}
Aug 10 10:40:46.257371 dv-cinder-772181-13-smb neutron-server[100029]: DEBUG neutron.api.v2.base [None req-f1b8ee16-4a71-431d-8719-eb30e041cf3c admin admin] Request body: {'subnet': {'network_id': 'd5ffe841-8106-481f-a0ff-d8e18e1ce893', 'cidr': '172.20.0.0/28', 'name': 'tempest-AttachVolumeTestJSON-1802564602-subnet', 'tenant_id': '44326dfcf4e6412980997cfd056b7880', 'enable_dhcp': True, 'ip_version': 4}} {{(pid=100029) prepare_request_body /opt/stack/neutron/neutron/api/v2/base.py:729}}
Aug 10 10:40:46.308542 dv-cinder-772181-13-smb neutron-server[100029]: DEBUG neutron.pecan_wsgi.hooks.quota_enforcement [None req-f1b8ee16-4a71-431d-8719-eb30e041cf3c admin admin] Made reservation on behalf of 44326dfcf4e6412980997cfd056b7880 for: {'subnet': 1} {{(pid=100029) before /opt/stack/neutron/neutron/pecan_wsgi/hooks/quota_enforcement.py:53}}
Aug 10 10:40:46.319719 dv-cinder-772181-13-smb neutron-server[100029]: DEBUG neutron_lib.callbacks.manager [None req-f1b8ee16-4a71-431d-8719-eb30e041cf3c admin admin] Notify callbacks [] for subnet, before_create {{(pid=100029) _notify_loop /usr/local/lib/python3.8/dist-packages/neutron_lib/callbacks/manager.py:192}}
Aug 10 10:40:46.843242 dv-cinder-772181-13-smb neutron-server[100029]: DEBUG neutron_lib.callbacks.manager [None req-b6ad61ad-ad44-4da3-96b4-a7ce743c64e4 admin admin] Notify callbacks ['neutron.plugins.ml2.ovo_rpc._ObjectChangeHandler.handle_event-461403', 'neutron.api.rpc.agentnotifiers.dhcp_rpc_agent_api.DhcpAgentNotifyAPI._native_event_send_dhcp_notification-3781638'] for subnet, after_create {{(pid=100029) _notify_loop /usr/local/lib/python3.8/dist-packages/neutron_lib/callbacks/manager.py:192}}
Aug 10 10:40:46.880442 dv-cinder-772181-13-smb neutron-server[100030]: DEBUG neutron_lib.callbacks.manager [None req-c3ff5dea-1b4e-405d-92ef-efd505b16a7a admin admin] Notify callbacks ['neutron.plugins.ml2.ovo_rpc._ObjectChangeHandler.handle_event-461403', 'neutron.api.rpc.agentnotifiers.dhcp_rpc_agent_api.DhcpAgentNotifyAPI._native_event_send_dhcp_notification-3781638'] for subnet, after_create {{(pid=100030) _notify_loop /usr/local/lib/python3.8/dist-packages/neutron_lib/callbacks/manager.py:192}}
Aug 10 10:40:46.909301 dv-cinder-772181-13-smb neutron-server[100029]: DEBUG neutron_lib.callbacks.manager [None req-f1b8ee16-4a71-431d-8719-eb30e041cf3c admin admin] Notify callbacks ['neutron.plugins.ml2.ovo_rpc._ObjectChangeHandler.handle_event-461403', 'neutron.api.rpc.agentnotifiers.dhcp_rpc_agent_api.DhcpAgentNotifyAPI._native_event_send_dhcp_notification-3781638'] for subnet, after_create {{(pid=100029) _notify_loop /usr/local/lib/python3.8/dist-packages/neutron_lib/callbacks/manager.py:192}}
Aug 10 10:40:46.992376 dv-cinder-772181-13-smb neutron-server[100029]: DEBUG neutron.api.rpc.handlers.resources_rpc [None req-b6ad61ad-ad44-4da3-96b4-a7ce743c64e4 admin admin] Pushing event updated for resources: {'Subnet': ['ID=04119e82-e065-4d15-873e-3506cf9f0cf2,revision_number=0']} {{(pid=100029) push /opt/stack/neutron/neutron/api/rpc/handlers/resources_rpc.py:237}}
Aug 10 10:40:47.044400 dv-cinder-772181-13-smb neutron-server[100030]: DEBUG neutron.api.rpc.handlers.resources_rpc [None req-c3ff5dea-1b4e-405d-92ef-efd505b16a7a admin admin] Pushing event updated for resources: {'Subnet': ['ID=d44a2556-e380-4f5a-9844-68e86145889f,revision_number=0']} {{(pid=100030) push /opt/stack/neutron/neutron/api/rpc/handlers/resources_rpc.py:237}}
Aug 10 10:40:47.072819 dv-cinder-772181-13-smb neutron-server[100030]: DEBUG neutron.plugins.ml2.drivers.mech_agent [None req-c3ff5dea-1b4e-405d-92ef-efd505b16a7a admin admin] Checking segment: {'id': 'b2b970f8-ad26-41f5-b8af-e61529500408', 'network_type': 'vlan', 'physical_network': 'physnet1', 'segmentation_id': 575, 'network_id': '80a06dd4-c271-478f-8fad-a14bdf2da0af'} for mappings: {'physnet1': 'br-data'} with network types: ['local', 'flat', 'vlan'] {{(pid=100030) check_segment_for_agent /opt/stack/neutron/neutron/plugins/ml2/drivers/mech_agent.py:352}}
Aug 10 10:40:47.074111 dv-cinder-772181-13-smb neutron-server[100030]: DEBUG neutron.scheduler.dhcp_agent_scheduler [None req-c3ff5dea-1b4e-405d-92ef-efd505b16a7a admin admin] Network hostable DHCP agents. Network: 80a06dd4-c271-478f-8fad-a14bdf2da0af, hostable agents: ['8858c77e-90c2-489a-ac24-4f21c7d5d31e'], hosted agents: [] {{(pid=100030) _get_network_hostable_dhcp_agents /opt/stack/neutron/neutron/scheduler/dhcp_agent_scheduler.py:329}}
Aug 10 10:40:47.091027 dv-cinder-772181-13-smb neutron-server[100029]: DEBUG neutron.plugins.ml2.drivers.mech_agent [None req-f1b8ee16-4a71-431d-8719-eb30e041cf3c admin admin] Checking segment: {'id': 'ea0c40e6-866a-4e13-baf4-9ec487143e97', 'network_type': 'vlan', 'physical_network': 'physnet1', 'segmentation_id': 595, 'network_id': 'd5ffe841-8106-481f-a0ff-d8e18e1ce893'} for mappings: {'physnet1': 'br-data'} with network types: ['local', 'flat', 'vlan'] {{(pid=100029) check_segment_for_agent /opt/stack/neutron/neutron/plugins/ml2/drivers/mech_agent.py:352}}
Aug 10 10:40:47.091534 dv-cinder-772181-13-smb neutron-server[100029]: DEBUG neutron.scheduler.dhcp_agent_scheduler [None req-f1b8ee16-4a71-431d-8719-eb30e041cf3c admin admin] Network hostable DHCP agents. Network: d5ffe841-8106-481f-a0ff-d8e18e1ce893, hostable agents: ['8858c77e-90c2-489a-ac24-4f21c7d5d31e'], hosted agents: [] {{(pid=100029) _get_network_hostable_dhcp_agents /opt/stack/neutron/neutron/scheduler/dhcp_agent_scheduler.py:329}}
Aug 10 10:40:47.118330 dv-cinder-772181-13-smb neutron-server[100029]: DEBUG neutron.api.rpc.handlers.resources_rpc [None req-f1b8ee16-4a71-431d-8719-eb30e041cf3c admin admin] Pushing event updated for resources: {'Subnet': ['ID=3223e7a5-36d9-4688-8a6b-c308a3c0295f,revision_number=0']} {{(pid=100029) push /opt/stack/neutron/neutron/api/rpc/handlers/resources_rpc.py:237}}
Aug 10 10:40:47.120815 dv-cinder-772181-13-smb neutron-server[100029]: DEBUG neutron.plugins.ml2.drivers.mech_agent [None req-b6ad61ad-ad44-4da3-96b4-a7ce743c64e4 admin admin] Checking segment: {'id': 'cac37a12-76c0-4833-82bf-a8eb02e9c5f1', 'network_type': 'vlan', 'physical_network': 'physnet1', 'segmentation_id': 582, 'network_id': '17a2d802-a73d-47ff-88a8-ebbe31285605'} for mappings: {'physnet1': 'br-data'} with network types: ['local', 'flat', 'vlan'] {{(pid=100029) check_segment_for_agent /opt/stack/neutron/neutron/plugins/ml2/drivers/mech_agent.py:352}}
Aug 10 10:40:47.121612 dv-cinder-772181-13-smb neutron-server[100029]: DEBUG neutron.scheduler.dhcp_agent_scheduler [None req-b6ad61ad-ad44-4da3-96b4-a7ce743c64e4 admin admin] Network hostable DHCP agents. Network: 17a2d802-a73d-47ff-88a8-ebbe31285605, hostable agents: ['8858c77e-90c2-489a-ac24-4f21c7d5d31e'], hosted agents: [] {{(pid=100029) _get_network_hostable_dhcp_agents /opt/stack/neutron/neutron/scheduler/dhcp_agent_scheduler.py:329}}
Aug 10 10:40:47.129706 dv-cinder-772181-13-smb neutron-server[100030]: DEBUG neutron.scheduler.dhcp_agent_scheduler [None req-c3ff5dea-1b4e-405d-92ef-efd505b16a7a admin admin] Network 80a06dd4-c271-478f-8fad-a14bdf2da0af is scheduled to be hosted by DHCP agent 8858c77e-90c2-489a-ac24-4f21c7d5d31e with binding_index 1 {{(pid=100030) bind /opt/stack/neutron/neutron/scheduler/dhcp_agent_scheduler.py:227}}
Aug 10 10:40:47.138392 dv-cinder-772181-13-smb neutron-server[100029]: DEBUG neutron.scheduler.dhcp_agent_scheduler [None req-f1b8ee16-4a71-431d-8719-eb30e041cf3c admin admin] Network d5ffe841-8106-481f-a0ff-d8e18e1ce893 is scheduled to be hosted by DHCP agent 8858c77e-90c2-489a-ac24-4f21c7d5d31e with binding_index 1 {{(pid=100029) bind /opt/stack/neutron/neutron/scheduler/dhcp_agent_scheduler.py:227}}
Aug 10 10:40:47.155146 dv-cinder-772181-13-smb neutron-server[100029]: DEBUG neutron.scheduler.base_scheduler [None req-f1b8ee16-4a71-431d-8719-eb30e041cf3c admin admin] Resources bound (agent type, host, resource id): (DHCP agent, dv-cinder-772181-13-smb, d5ffe841-8106-481f-a0ff-d8e18e1ce893) {{(pid=100029) schedule /opt/stack/neutron/neutron/scheduler/base_scheduler.py:57}}
Aug 10 10:40:47.162756 dv-cinder-772181-13-smb neutron-server[100029]: DEBUG neutron.pecan_wsgi.hooks.policy_enforcement [None req-f1b8ee16-4a71-431d-8719-eb30e041cf3c admin admin] Attributes excluded by policy engine: ['standard_attr_id', 'shared', 'network'] {{(pid=100029) _exclude_attributes_by_policy /opt/stack/neutron/neutron/pecan_wsgi/hooks/policy_enforcement.py:255}}
Aug 10 10:40:47.163690 dv-cinder-772181-13-smb neutron-server[100029]: DEBUG neutron_lib.callbacks.manager [None req-f1b8ee16-4a71-431d-8719-eb30e041cf3c admin admin] Notify callbacks ['neutron.api.rpc.agentnotifiers.dhcp_rpc_agent_api.DhcpAgentNotifyAPI._send_dhcp_notification-3781656'] for subnet, before_response {{(pid=100029) _notify_loop /usr/local/lib/python3.8/dist-packages/neutron_lib/callbacks/manager.py:192}}
Aug 10 10:40:47.168556 dv-cinder-772181-13-smb neutron-server[100030]: DEBUG neutron.scheduler.base_scheduler [None req-c3ff5dea-1b4e-405d-92ef-efd505b16a7a admin admin] Resources bound (agent type, host, resource id): (DHCP agent, dv-cinder-772181-13-smb, 80a06dd4-c271-478f-8fad-a14bdf2da0af) {{(pid=100030) schedule /opt/stack/neutron/neutron/scheduler/base_scheduler.py:57}}
Aug 10 10:40:47.174376 dv-cinder-772181-13-smb neutron-server[100029]: DEBUG neutron.scheduler.dhcp_agent_scheduler [None req-b6ad61ad-ad44-4da3-96b4-a7ce743c64e4 admin admin] Network 17a2d802-a73d-47ff-88a8-ebbe31285605 is scheduled to be hosted by DHCP agent 8858c77e-90c2-489a-ac24-4f21c7d5d31e with binding_index 1 {{(pid=100029) bind /opt/stack/neutron/neutron/scheduler/dhcp_agent_scheduler.py:227}}
Aug 10 10:40:47.177319 dv-cinder-772181-13-smb neutron-server[100031]: DEBUG neutron.api.rpc.handlers.dhcp_rpc [None req-b3c5795a-fb60-4e79-a08c-2170dadafae0 None None] Network d5ffe841-8106-481f-a0ff-d8e18e1ce893 requested from dv-cinder-772181-13-smb {{(pid=100031) get_network_info /opt/stack/neutron/neutron/api/rpc/handlers/dhcp_rpc.py:218}}
Aug 10 10:40:47.181964 dv-cinder-772181-13-smb neutron-server[100030]: DEBUG neutron.pecan_wsgi.hooks.policy_enforcement [None req-c3ff5dea-1b4e-405d-92ef-efd505b16a7a admin admin] Attributes excluded by policy engine: ['standard_attr_id', 'shared', 'network'] {{(pid=100030) _exclude_attributes_by_policy /opt/stack/neutron/neutron/pecan_wsgi/hooks/policy_enforcement.py:255}}
Aug 10 10:40:47.182679 dv-cinder-772181-13-smb neutron-server[100030]: DEBUG neutron_lib.callbacks.manager [None req-c3ff5dea-1b4e-405d-92ef-efd505b16a7a admin admin] Notify callbacks ['neutron.api.rpc.agentnotifiers.dhcp_rpc_agent_api.DhcpAgentNotifyAPI._send_dhcp_notification-3781656'] for subnet, before_response {{(pid=100030) _notify_loop /usr/local/lib/python3.8/dist-packages/neutron_lib/callbacks/manager.py:192}}
Aug 10 10:40:47.201473 dv-cinder-772181-13-smb neutron-server[100029]: DEBUG neutron.scheduler.base_scheduler [None req-b6ad61ad-ad44-4da3-96b4-a7ce743c64e4 admin admin] Resources bound (agent type, host, resource id): (DHCP agent, dv-cinder-772181-13-smb, 17a2d802-a73d-47ff-88a8-ebbe31285605) {{(pid=100029) schedule /opt/stack/neutron/neutron/scheduler/base_scheduler.py:57}}
Aug 10 10:40:47.205017 dv-cinder-772181-13-smb neutron-server[100030]: INFO neutron.wsgi [None req-c3ff5dea-1b4e-405d-92ef-efd505b16a7a admin admin] 10.222.0.32 "POST /v2.0/subnets HTTP/1.1" status: 201 len: 848 time: 1.3217163
Aug 10 10:40:47.217300 dv-cinder-772181-13-smb neutron-server[100029]: DEBUG neutron.pecan_wsgi.hooks.policy_enforcement [None req-b6ad61ad-ad44-4da3-96b4-a7ce743c64e4 admin admin] Attributes excluded by policy engine: ['standard_attr_id', 'shared', 'network'] {{(pid=100029) _exclude_attributes_by_policy /opt/stack/neutron/neutron/pecan_wsgi/hooks/policy_enforcement.py:255}}
Aug 10 10:40:47.217967 dv-cinder-772181-13-smb neutron-server[100029]: DEBUG neutron_lib.callbacks.manager [None req-b6ad61ad-ad44-4da3-96b4-a7ce743c64e4 admin admin] Notify callbacks ['neutron.api.rpc.agentnotifiers.dhcp_rpc_agent_api.DhcpAgentNotifyAPI._send_dhcp_notification-3781656'] for subnet, before_response {{(pid=100029) _notify_loop /usr/local/lib/python3.8/dist-packages/neutron_lib/callbacks/manager.py:192}}
Aug 10 10:40:47.224773 dv-cinder-772181-13-smb neutron-server[100030]: DEBUG neutron.wsgi [-] (100030) accepted ('10.222.0.32', 58478) {{(pid=100030) server /usr/local/lib/python3.8/dist-packages/eventlet/wsgi.py:982}}
Aug 10 10:40:47.224940 dv-cinder-772181-13-smb neutron-server[100029]: INFO neutron.wsgi [None req-f1b8ee16-4a71-431d-8719-eb30e041cf3c admin admin] 10.222.0.32 "POST /v2.0/subnets HTTP/1.1" status: 201 len: 847 time: 0.9748855
Aug 10 10:40:47.233035 dv-cinder-772181-13-smb neutron-server[100030]: DEBUG neutron.api.v2.base [None req-587b4797-0576-41e6-bd6b-16e5744c265e admin admin] Request body: {'router': {'name': 'tempest-AttachVolumeTestJSON-1802564602-router', 'tenant_id': '44326dfcf4e6412980997cfd056b7880', 'external_gateway_info': {'network_id': 'a938010b-f4d5-4cfa-9bdb-14d9935a876c'}}} {{(pid=100030) prepare_request_body /opt/stack/neutron/neutron/api/v2/base.py:729}}
Aug 10 10:40:47.234201 dv-cinder-772181-13-smb neutron-server[100031]: DEBUG neutron.api.rpc.handlers.dhcp_rpc [None req-56c02272-b96a-4991-bf65-97198be0ddc5 None None] Network 80a06dd4-c271-478f-8fad-a14bdf2da0af requested from dv-cinder-772181-13-smb {{(pid=100031) get_network_info /opt/stack/neutron/neutron/api/rpc/handlers/dhcp_rpc.py:218}}
Aug 10 10:40:47.266223 dv-cinder-772181-13-smb neutron-server[100030]: DEBUG neutron_lib.callbacks.manager [None req-587b4797-0576-41e6-bd6b-16e5744c265e admin admin] Notify callbacks ['neutron.services.l3_router.l3_router_plugin.L3_HA_NAT_db_mixin._before_router_create_handler-430288', 'neutron.services.l3_router.service_providers.driver_controller.DriverController._check_router_request-1021943'] for router, before_create {{(pid=100030) _notify_loop /usr/local/lib/python3.8/dist-packages/neutron_lib/callbacks/manager.py:192}}
Aug 10 10:40:47.269387 dv-cinder-772181-13-smb neutron-server[100030]: DEBUG neutron_lib.callbacks.manager [None req-587b4797-0576-41e6-bd6b-16e5744c265e admin admin] Notify callbacks ['neutron.services.l3_router.l3_router_plugin.L3_HA_NAT_db_mixin._precommit_router_create-431712', 'neutron.services.l3_router.l3_router_plugin.DVRResourceOperationHandler._set_distributed_flag-433681', 'neutron.services.l3_router.l3_router_plugin.RouterAvailabilityZoneMixin._process_az_request-471592', 'neutron.services.l3_router.service_providers.driver_controller.DriverController._set_router_provider-1021838'] for router, precommit_create {{(pid=100030) _notify_loop /usr/local/lib/python3.8/dist-packages/neutron_lib/callbacks/manager.py:192}}
Aug 10 10:40:47.278864 dv-cinder-772181-13-smb neutron-server[100029]: INFO neutron.wsgi [None req-b6ad61ad-ad44-4da3-96b4-a7ce743c64e4 admin admin] 10.222.0.32 "POST /v2.0/subnets HTTP/1.1" status: 201 len: 855 time: 1.7610860
Aug 10 10:40:47.283862 dv-cinder-772181-13-smb neutron-server[100029]: DEBUG neutron.wsgi [-] (100029) accepted ('10.222.0.32', 58480) {{(pid=100029) server /usr/local/lib/python3.8/dist-packages/eventlet/wsgi.py:982}}
Aug 10 10:40:47.291007 dv-cinder-772181-13-smb neutron-server[100029]: DEBUG neutron.api.v2.base [None req-0caaa34e-0ac9-4e05-b491-72d6c5e68186 admin admin] Request body: {'router': {'name': 'tempest-ServerRescueNegativeTestJSON-761809882-router', 'tenant_id': '8fc314cb5ba94180b77271b7bc1f187a', 'external_gateway_info': {'network_id': 'a938010b-f4d5-4cfa-9bdb-14d9935a876c'}}} {{(pid=100029) prepare_request_body /opt/stack/neutron/neutron/api/v2/base.py:729}}
Aug 10 10:40:47.356407 dv-cinder-772181-13-smb neutron-server[100029]: DEBUG neutron_lib.callbacks.manager [None req-0caaa34e-0ac9-4e05-b491-72d6c5e68186 admin admin] Notify callbacks ['neutron.services.l3_router.l3_router_plugin.L3_HA_NAT_db_mixin._before_router_create_handler-430288', 'neutron.services.l3_router.service_providers.driver_controller.DriverController._check_router_request-1021943'] for router, before_create {{(pid=100029) _notify_loop /usr/local/lib/python3.8/dist-packages/neutron_lib/callbacks/manager.py:192}}
Aug 10 10:40:47.357803 dv-cinder-772181-13-smb neutron-server[100029]: DEBUG neutron_lib.callbacks.manager [None req-0caaa34e-0ac9-4e05-b491-72d6c5e68186 admin admin] Notify callbacks ['neutron.services.l3_router.l3_router_plugin.L3_HA_NAT_db_mixin._precommit_router_create-431712', 'neutron.services.l3_router.l3_router_plugin.DVRResourceOperationHandler._set_distributed_flag-433681', 'neutron.services.l3_router.l3_router_plugin.RouterAvailabilityZoneMixin._process_az_request-471592', 'neutron.services.l3_router.service_providers.driver_controller.DriverController._set_router_provider-1021838'] for router, precommit_create {{(pid=100029) _notify_loop /usr/local/lib/python3.8/dist-packages/neutron_lib/callbacks/manager.py:192}}
Aug 10 10:40:47.398222 dv-cinder-772181-13-smb neutron-server[100030]: DEBUG neutron_lib.callbacks.manager [None req-587b4797-0576-41e6-bd6b-16e5744c265e admin admin] Notify callbacks [] for router_controller, precommit_add_association {{(pid=100030) _notify_loop /usr/local/lib/python3.8/dist-packages/neutron_lib/callbacks/manager.py:192}}
Aug 10 10:40:47.419280 dv-cinder-772181-13-smb neutron-server[100031]: DEBUG neutron.api.rpc.handlers.dhcp_rpc [None req-64bbad6e-d8c0-479d-b23b-416364f82cad None None] Network 17a2d802-a73d-47ff-88a8-ebbe31285605 requested from dv-cinder-772181-13-smb {{(pid=100031) get_network_info /opt/stack/neutron/neutron/api/rpc/handlers/dhcp_rpc.py:218}}
Aug 10 10:40:47.675725 dv-cinder-772181-13-smb neutron-server[100029]: DEBUG neutron_lib.callbacks.manager [None req-0caaa34e-0ac9-4e05-b491-72d6c5e68186 admin admin] Notify callbacks [] for router_controller, precommit_add_association {{(pid=100029) _notify_loop /usr/local/lib/python3.8/dist-packages/neutron_lib/callbacks/manager.py:192}}
Aug 10 10:40:47.754273 dv-cinder-772181-13-smb neutron-server[100031]: DEBUG neutron.api.rpc.handlers.dhcp_rpc [None req-7460ce76-3af1-4bee-b87b-95f3080d7ce4 None None] Network 17a2d802-a73d-47ff-88a8-ebbe31285605 requested from dv-cinder-772181-13-smb {{(pid=100031) get_network_info /opt/stack/neutron/neutron/api/rpc/handlers/dhcp_rpc.py:218}}
Aug 10 10:40:47.785109 dv-cinder-772181-13-smb neutron-server[100030]: DEBUG neutron_lib.callbacks.manager [None req-587b4797-0576-41e6-bd6b-16e5744c265e admin admin] Notify callbacks [] for router_gateway, precommit_update {{(pid=100030) _notify_loop /usr/local/lib/python3.8/dist-packages/neutron_lib/callbacks/manager.py:192}}
Aug 10 10:40:48.155171 dv-cinder-772181-13-smb neutron-server[100029]: DEBUG neutron_lib.callbacks.manager [None req-0caaa34e-0ac9-4e05-b491-72d6c5e68186 admin admin] Notify callbacks [] for router_gateway, precommit_update {{(pid=100029) _notify_loop /usr/local/lib/python3.8/dist-packages/neutron_lib/callbacks/manager.py:192}}
Aug 10 10:40:48.156719 dv-cinder-772181-13-smb neutron-server[100030]: DEBUG neutron.wsgi [-] (100030) accepted ('10.222.0.32', 58528) {{(pid=100030) server /usr/local/lib/python3.8/dist-packages/eventlet/wsgi.py:982}}
Aug 10 10:40:48.181396 dv-cinder-772181-13-smb neutron-server[100030]: WARNING keystonemiddleware.auth_token [-] A valid token was submitted as a service token, but it was not a valid service token. This is incorrect but backwards compatible behaviour. This will be removed in future releases.
Aug 10 10:40:48.303951 dv-cinder-772181-13-smb neutron-server[100031]: DEBUG neutron.api.rpc.handlers.dhcp_rpc [None req-928e46bb-ce5a-4c36-af19-5623f8234422 None None] Network 80a06dd4-c271-478f-8fad-a14bdf2da0af requested from dv-cinder-772181-13-smb {{(pid=100031) get_network_info /opt/stack/neutron/neutron/api/rpc/handlers/dhcp_rpc.py:218}}
Aug 10 10:40:48.367542 dv-cinder-772181-13-smb neutron-server[100030]: DEBUG neutron_lib.callbacks.manager [None req-587b4797-0576-41e6-bd6b-16e5744c265e admin admin] Notify callbacks [] for router_gateway, before_create {{(pid=100030) _notify_loop /usr/local/lib/python3.8/dist-packages/neutron_lib/callbacks/manager.py:192}}
Aug 10 10:40:48.437428 dv-cinder-772181-13-smb neutron-server[100030]: DEBUG neutron_lib.callbacks.manager [None req-587b4797-0576-41e6-bd6b-16e5744c265e admin admin] Notify callbacks ['neutron.plugins.ml2.plugin.SecurityGroupDbMixin._ensure_default_security_group_handler-3661329'] for port, before_create {{(pid=100030) _notify_loop /usr/local/lib/python3.8/dist-packages/neutron_lib/callbacks/manager.py:192}}
Aug 10 10:40:48.493750 dv-cinder-772181-13-smb neutron-server[100031]: DEBUG neutron.api.rpc.handlers.dhcp_rpc [None req-77059eb1-8565-4a52-b352-2fe4dd0b983a None None] Create dhcp port {'port': {'name': '', 'admin_state_up': True, 'device_id': 'dhcp20ceea2c-94e6-5985-b04a-f9665e5846b0-d5ffe841-8106-481f-a0ff-d8e18e1ce893', 'network_id': 'd5ffe841-8106-481f-a0ff-d8e18e1ce893', 'tenant_id': '44326dfcf4e6412980997cfd056b7880', 'fixed_ips': [{'subnet_id': '3223e7a5-36d9-4688-8a6b-c308a3c0295f'}]}} from dv-cinder-772181-13-smb. {{(pid=100031) create_dhcp_port /opt/stack/neutron/neutron/api/rpc/handlers/dhcp_rpc.py:285}}
Aug 10 10:40:48.501048 dv-cinder-772181-13-smb neutron-server[100031]: DEBUG neutron_lib.callbacks.manager [None req-77059eb1-8565-4a52-b352-2fe4dd0b983a None None] Notify callbacks ['neutron.plugins.ml2.plugin.SecurityGroupDbMixin._ensure_default_security_group_handler-3661329'] for port, before_create {{(pid=100031) _notify_loop /usr/local/lib/python3.8/dist-packages/neutron_lib/callbacks/manager.py:192}}
Aug 10 10:40:48.729139 dv-cinder-772181-13-smb neutron-server[100029]: DEBUG neutron_lib.callbacks.manager [None req-0caaa34e-0ac9-4e05-b491-72d6c5e68186 admin admin] Notify callbacks [] for router_gateway, before_create {{(pid=100029) _notify_loop /usr/local/lib/python3.8/dist-packages/neutron_lib/callbacks/manager.py:192}}
Aug 10 10:40:48.784058 dv-cinder-772181-13-smb neutron-server[100029]: DEBUG neutron_lib.callbacks.manager [None req-0caaa34e-0ac9-4e05-b491-72d6c5e68186 admin admin] Notify callbacks ['neutron.plugins.ml2.plugin.SecurityGroupDbMixin._ensure_default_security_group_handler-3661329'] for port, before_create {{(pid=100029) _notify_loop /usr/local/lib/python3.8/dist-packages/neutron_lib/callbacks/manager.py:192}}
Aug 10 10:40:48.895257 dv-cinder-772181-13-smb neutron-server[100031]: DEBUG neutron.db.db_base_plugin_common [None req-77059eb1-8565-4a52-b352-2fe4dd0b983a None None] Allocated IP 172.20.0.2 (d5ffe841-8106-481f-a0ff-d8e18e1ce893/3223e7a5-36d9-4688-8a6b-c308a3c0295f/ec2e6216-1911-4a92-9211-2c0760f30b0a) {{(pid=100031) _store_ip_allocation /opt/stack/neutron/neutron/db/db_base_plugin_common.py:131}}
Aug 10 10:40:49.041852 dv-cinder-772181-13-smb neutron-server[100030]: DEBUG neutron.db.db_base_plugin_common [None req-587b4797-0576-41e6-bd6b-16e5744c265e admin admin] Allocated IP 172.28.2.211 (a938010b-f4d5-4cfa-9bdb-14d9935a876c/8a6f1697-27c6-4da5-8b3f-76baa15746d2/b316668c-ca3f-4d01-a18f-a36a44f3b2e6) {{(pid=100030) _store_ip_allocation /opt/stack/neutron/neutron/db/db_base_plugin_common.py:131}}
Aug 10 10:40:49.059860 dv-cinder-772181-13-smb neutron-server[100029]: DEBUG neutron.wsgi [-] (100029) accepted ('10.222.0.32', 58578) {{(pid=100029) server /usr/local/lib/python3.8/dist-packages/eventlet/wsgi.py:982}}
Aug 10 10:40:49.065667 dv-cinder-772181-13-smb neutron-server[100029]: WARNING keystonemiddleware.auth_token [-] A valid token was submitted as a service token, but it was not a valid service token. This is incorrect but backwards compatible behaviour. This will be removed in future releases.
Aug 10 10:40:49.125822 dv-cinder-772181-13-smb neutron-server[100030]: DEBUG neutron.pecan_wsgi.hooks.policy_enforcement [req-e661b7ed-464d-4af8-992c-471dce90771e req-de1fcef2-5d05-46f5-b9bb-8134c12722f2 tempest-AttachVolumeNegativeTest-915776971 tempest-AttachVolumeNegativeTest-915776971-project] Attributes excluded by policy engine: ['standard_attr_id', 'vlan_transparent', 'provider:network_type', 'provider:physical_network', 'provider:segmentation_id'] {{(pid=100030) _exclude_attributes_by_policy /opt/stack/neutron/neutron/pecan_wsgi/hooks/policy_enforcement.py:255}}
Aug 10 10:40:49.131327 dv-cinder-772181-13-smb neutron-server[100030]: INFO neutron.wsgi [req-e661b7ed-464d-4af8-992c-471dce90771e req-de1fcef2-5d05-46f5-b9bb-8134c12722f2 tempest-AttachVolumeNegativeTest-915776971 tempest-AttachVolumeNegativeTest-915776971-project] 10.222.0.32 "GET /v2.0/networks?id=353bf315-66d1-42db-bb34-cae6500aa246 HTTP/1.1" status: 200 len: 815 time: 0.9700387
Aug 10 10:40:49.216566 dv-cinder-772181-13-smb neutron-server[100029]: DEBUG neutron.wsgi [-] (100029) accepted ('10.222.0.32', 58582) {{(pid=100029) server /usr/local/lib/python3.8/dist-packages/eventlet/wsgi.py:982}}
Aug 10 10:40:49.258112 dv-cinder-772181-13-smb neutron-server[100030]: INFO neutron.wsgi [req-e661b7ed-464d-4af8-992c-471dce90771e req-457a9dfd-fa9b-4d33-8dce-84b4d9b8f1b0 tempest-AttachVolumeNegativeTest-915776971 tempest-AttachVolumeNegativeTest-915776971-project] 10.222.0.32 "GET /v2.0/quotas/4bc169b213e74cb9802aa50a31642e91 HTTP/1.1" status: 200 len: 375 time: 0.1037595
Aug 10 10:40:49.325846 dv-cinder-772181-13-smb neutron-server[100031]: DEBUG neutron_lib.callbacks.manager [None req-7d1f48ca-0cd9-405a-9a0d-f6c0c57d0c06 None None] Notify callbacks ['neutron.services.segments.db._update_segment_host_mapping_for_agent-8758002506756', 'neutron.plugins.ml2.plugin.Ml2Plugin._retry_binding_revived_agents-3459240'] for agent, after_update {{(pid=100031) _notify_loop /usr/local/lib/python3.8/dist-packages/neutron_lib/callbacks/manager.py:192}}
Aug 10 10:40:49.336758 dv-cinder-772181-13-smb neutron-server[100029]: DEBUG neutron.pecan_wsgi.hooks.policy_enforcement [req-c25d2b1f-5300-43dd-8272-f4a64ca01f89 req-ae8b959b-b8c0-4b44-983b-4fd853cabbd8 tempest-DeleteServersTestJSON-74738444 tempest-DeleteServersTestJSON-74738444-project] Attributes excluded by policy engine: ['standard_attr_id', 'vlan_transparent', 'provider:network_type', 'provider:physical_network', 'provider:segmentation_id'] {{(pid=100029) _exclude_attributes_by_policy /opt/stack/neutron/neutron/pecan_wsgi/hooks/policy_enforcement.py:255}}
Aug 10 10:40:49.343711 dv-cinder-772181-13-smb neutron-server[100031]: DEBUG neutron_lib.callbacks.manager [None req-77059eb1-8565-4a52-b352-2fe4dd0b983a None None] Notify callbacks [] for port, precommit_create {{(pid=100031) _notify_loop /usr/local/lib/python3.8/dist-packages/neutron_lib/callbacks/manager.py:192}}
Aug 10 10:40:49.346410 dv-cinder-772181-13-smb neutron-server[100029]: INFO neutron.wsgi [req-c25d2b1f-5300-43dd-8272-f4a64ca01f89 req-ae8b959b-b8c0-4b44-983b-4fd853cabbd8 tempest-DeleteServersTestJSON-74738444 tempest-DeleteServersTestJSON-74738444-project] 10.222.0.32 "GET /v2.0/networks?id=80a06dd4-c271-478f-8fad-a14bdf2da0af HTTP/1.1" status: 200 len: 811 time: 0.2834649
Aug 10 10:40:49.360394 dv-cinder-772181-13-smb neutron-server[100031]: DEBUG neutron.db.provisioning_blocks [None req-77059eb1-8565-4a52-b352-2fe4dd0b983a None None] Transition to ACTIVE for port object ec2e6216-1911-4a92-9211-2c0760f30b0a will not be triggered until provisioned by entity L2. {{(pid=100031) add_provisioning_component /opt/stack/neutron/neutron/db/provisioning_blocks.py:73}}
Aug 10 10:40:49.365025 dv-cinder-772181-13-smb neutron-server[100029]: INFO neutron.wsgi [req-c25d2b1f-5300-43dd-8272-f4a64ca01f89 req-391ddb5e-106c-42d4-9f99-2125e563844a tempest-DeleteServersTestJSON-74738444 tempest-DeleteServersTestJSON-74738444-project] 10.222.0.32 "GET /v2.0/quotas/f64980dd45434a0490c983d441819250 HTTP/1.1" status: 200 len: 375 time: 0.0176485
Aug 10 10:40:49.379342 dv-cinder-772181-13-smb neutron-server[100031]: DEBUG neutron.db.provisioning_blocks [None req-77059eb1-8565-4a52-b352-2fe4dd0b983a None None] Transition to ACTIVE for port object ec2e6216-1911-4a92-9211-2c0760f30b0a will not be triggered until provisioned by entity DHCP. {{(pid=100031) add_provisioning_component /opt/stack/neutron/neutron/db/provisioning_blocks.py:73}}
Aug 10 10:40:49.390582 dv-cinder-772181-13-smb neutron-server[100031]: DEBUG neutron_lib.callbacks.manager [None req-77059eb1-8565-4a52-b352-2fe4dd0b983a None None] Notify callbacks ['neutron.plugins.ml2.plugin.SecurityGroupServerNotifierRpcMixin._notify_sg_on_port_change-3660991', 'neutron.plugins.ml2.ovo_rpc._ObjectChangeHandler.handle_event-125401', 'neutron.api.rpc.agentnotifiers.dhcp_rpc_agent_api.DhcpAgentNotifyAPI._native_event_send_dhcp_notification-3781638', 'neutron.db.l3_dvrscheduler_db._notify_l3_agent_new_port-8758001948398'] for port, after_create {{(pid=100031) _notify_loop /usr/local/lib/python3.8/dist-packages/neutron_lib/callbacks/manager.py:192}}
Aug 10 10:40:49.444612 dv-cinder-772181-13-smb neutron-server[100031]: DEBUG neutron.api.rpc.handlers.resources_rpc [None req-77059eb1-8565-4a52-b352-2fe4dd0b983a None None] Pushing event updated for resources: {'Port': ['ID=ec2e6216-1911-4a92-9211-2c0760f30b0a,revision_number=1']} {{(pid=100031) push /opt/stack/neutron/neutron/api/rpc/handlers/resources_rpc.py:237}}
Aug 10 10:40:49.461377 dv-cinder-772181-13-smb neutron-server[100031]: DEBUG neutron.api.rpc.callbacks.version_manager [None req-77059eb1-8565-4a52-b352-2fe4dd0b983a None None] Version for resource type AddressGroup changed None to 1.2 on consumer Open vSwitch agent@dv-cinder-772181-13-smb {{(pid=100031) _set_version /opt/stack/neutron/neutron/api/rpc/callbacks/version_manager.py:113}}
Aug 10 10:40:49.462075 dv-cinder-772181-13-smb neutron-server[100031]: DEBUG neutron.api.rpc.callbacks.version_manager [None req-77059eb1-8565-4a52-b352-2fe4dd0b983a None None] Version for resource type ConntrackHelper changed None to 1.0 on consumer Open vSwitch agent@dv-cinder-772181-13-smb {{(pid=100031) _set_version /opt/stack/neutron/neutron/api/rpc/callbacks/version_manager.py:113}}
Aug 10 10:40:49.462411 dv-cinder-772181-13-smb neutron-server[100031]: DEBUG neutron.api.rpc.callbacks.version_manager [None req-77059eb1-8565-4a52-b352-2fe4dd0b983a None None] Version for resource type Log changed None to 1.0 on consumer Open vSwitch agent@dv-cinder-772181-13-smb {{(pid=100031) _set_version /opt/stack/neutron/neutron/api/rpc/callbacks/version_manager.py:113}}
Aug 10 10:40:49.463010 dv-cinder-772181-13-smb neutron-server[100031]: DEBUG neutron.api.rpc.callbacks.version_manager [None req-77059eb1-8565-4a52-b352-2fe4dd0b983a None None] Version for resource type Network changed None to 1.1 on consumer Open vSwitch agent@dv-cinder-772181-13-smb {{(pid=100031) _set_version /opt/stack/neutron/neutron/api/rpc/callbacks/version_manager.py:113}}
Aug 10 10:40:49.463405 dv-cinder-772181-13-smb neutron-server[100031]: DEBUG neutron.api.rpc.callbacks.version_manager [None req-77059eb1-8565-4a52-b352-2fe4dd0b983a None None] Version for resource type Port changed None to 1.7 on consumer Open vSwitch agent@dv-cinder-772181-13-smb {{(pid=100031) _set_version /opt/stack/neutron/neutron/api/rpc/callbacks/version_manager.py:113}}
Aug 10 10:40:49.463747 dv-cinder-772181-13-smb neutron-server[100031]: DEBUG neutron.api.rpc.callbacks.version_manager [None req-77059eb1-8565-4a52-b352-2fe4dd0b983a None None] Version for resource type PortForwarding changed None to 1.2 on consumer Open vSwitch agent@dv-cinder-772181-13-smb {{(pid=100031) _set_version /opt/stack/neutron/neutron/api/rpc/callbacks/version_manager.py:113}}
Aug 10 10:40:49.464132 dv-cinder-772181-13-smb neutron-server[100031]: DEBUG neutron.api.rpc.callbacks.version_manager [None req-77059eb1-8565-4a52-b352-2fe4dd0b983a None None] Version for resource type QosPolicy changed None to 1.9 on consumer Open vSwitch agent@dv-cinder-772181-13-smb {{(pid=100031) _set_version /opt/stack/neutron/neutron/api/rpc/callbacks/version_manager.py:113}}
Aug 10 10:40:49.464688 dv-cinder-772181-13-smb neutron-server[100031]: DEBUG neutron.api.rpc.callbacks.version_manager [None req-77059eb1-8565-4a52-b352-2fe4dd0b983a None None] Version for resource type SecurityGroup changed None to 1.4 on consumer Open vSwitch agent@dv-cinder-772181-13-smb {{(pid=100031) _set_version /opt/stack/neutron/neutron/api/rpc/callbacks/version_manager.py:113}}
Aug 10 10:40:49.465040 dv-cinder-772181-13-smb neutron-server[100031]: DEBUG neutron.api.rpc.callbacks.version_manager [None req-77059eb1-8565-4a52-b352-2fe4dd0b983a None None] Version for resource type SecurityGroupRule changed None to 1.2 on consumer Open vSwitch agent@dv-cinder-772181-13-smb {{(pid=100031) _set_version /opt/stack/neutron/neutron/api/rpc/callbacks/version_manager.py:113}}
Aug 10 10:40:49.465594 dv-cinder-772181-13-smb neutron-server[100031]: DEBUG neutron.api.rpc.callbacks.version_manager [None req-77059eb1-8565-4a52-b352-2fe4dd0b983a None None] Version for resource type SubPort changed None to 1.0 on consumer Open vSwitch agent@dv-cinder-772181-13-smb {{(pid=100031) _set_version /opt/stack/neutron/neutron/api/rpc/callbacks/version_manager.py:113}}
Aug 10 10:40:49.466096 dv-cinder-772181-13-smb neutron-server[100031]: DEBUG neutron.api.rpc.callbacks.version_manager [None req-77059eb1-8565-4a52-b352-2fe4dd0b983a None None] Version for resource type Subnet changed None to 1.1 on consumer Open vSwitch agent@dv-cinder-772181-13-smb {{(pid=100031) _set_version /opt/stack/neutron/neutron/api/rpc/callbacks/version_manager.py:113}}
Aug 10 10:40:49.466587 dv-cinder-772181-13-smb neutron-server[100031]: DEBUG neutron.api.rpc.callbacks.version_manager [None req-77059eb1-8565-4a52-b352-2fe4dd0b983a None None] Version for resource type Trunk changed None to 1.1 on consumer Open vSwitch agent@dv-cinder-772181-13-smb {{(pid=100031) _set_version /opt/stack/neutron/neutron/api/rpc/callbacks/version_manager.py:113}}
Aug 10 10:40:49.468861 dv-cinder-772181-13-smb neutron-server[100031]: DEBUG neutron.api.rpc.callbacks.version_manager [None req-77059eb1-8565-4a52-b352-2fe4dd0b983a None None] Tracked resource versions report:
Aug 10 10:40:49.468861 dv-cinder-772181-13-smb neutron-server[100031]: pushed versions:
Aug 10 10:40:49.468861 dv-cinder-772181-13-smb neutron-server[100031]: { 'AddressGroup': {'1.2'},
Aug 10 10:40:49.468861 dv-cinder-772181-13-smb neutron-server[100031]: 'ConntrackHelper': {'1.0'},
Aug 10 10:40:49.468861 dv-cinder-772181-13-smb neutron-server[100031]: 'Log': {'1.0'},
Aug 10 10:40:49.468861 dv-cinder-772181-13-smb neutron-server[100031]: 'Network': {'1.1'},
Aug 10 10:40:49.468861 dv-cinder-772181-13-smb neutron-server[100031]: 'Port': {'1.7'},
Aug 10 10:40:49.468861 dv-cinder-772181-13-smb neutron-server[100031]: 'PortForwarding': {'1.2'},
Aug 10 10:40:49.468861 dv-cinder-772181-13-smb neutron-server[100031]: 'QosPolicy': {'1.9'},
Aug 10 10:40:49.468861 dv-cinder-772181-13-smb neutron-server[100031]: 'SecurityGroup': {'1.4'},
Aug 10 10:40:49.468861 dv-cinder-772181-13-smb neutron-server[100031]: 'SecurityGroupRule': {'1.2'},
Aug 10 10:40:49.468861 dv-cinder-772181-13-smb neutron-server[100031]: 'SubPort': {'1.0'},
Aug 10 10:40:49.468861 dv-cinder-772181-13-smb neutron-server[100031]: 'Subnet': {'1.1'},
Aug 10 10:40:49.468861 dv-cinder-772181-13-smb neutron-server[100031]: 'Trunk': {'1.1'}}
Aug 10 10:40:49.468861 dv-cinder-772181-13-smb neutron-server[100031]: consumer versions:
Aug 10 10:40:49.468861 dv-cinder-772181-13-smb neutron-server[100031]: { DHCP agent@dv-cinder-772181-13-smb: {},
Aug 10 10:40:49.468861 dv-cinder-772181-13-smb neutron-server[100031]: HyperV agent@hv-cinder-77218: {},
Aug 10 10:40:49.468861 dv-cinder-772181-13-smb neutron-server[100031]: L3 agent@dv-cinder-772181-13-smb: {},
Aug 10 10:40:49.468861 dv-cinder-772181-13-smb neutron-server[100031]: Metadata agent@dv-cinder-772181-13-smb: {},
Aug 10 10:40:49.468861 dv-cinder-772181-13-smb neutron-server[100031]: Metering agent@dv-cinder-772181-13-smb: {},
Aug 10 10:40:49.468861 dv-cinder-772181-13-smb neutron-server[100031]: Open vSwitch agent@dv-cinder-772181-13-smb: { 'AddressGroup': '1.2',
Aug 10 10:40:49.468861 dv-cinder-772181-13-smb neutron-server[100031]: 'ConntrackHelper': '1.0',
Aug 10 10:40:49.468861 dv-cinder-772181-13-smb neutron-server[100031]: 'Log': '1.0',
Aug 10 10:40:49.468861 dv-cinder-772181-13-smb neutron-server[100031]: 'Network': '1.1',
Aug 10 10:40:49.468861 dv-cinder-772181-13-smb neutron-server[100031]: 'Port': '1.7',
Aug 10 10:40:49.468861 dv-cinder-772181-13-smb neutron-server[100031]: 'PortForwarding': '1.2',
Aug 10 10:40:49.468861 dv-cinder-772181-13-smb neutron-server[100031]: 'QosPolicy': '1.9',
Aug 10 10:40:49.468861 dv-cinder-772181-13-smb neutron-server[100031]: 'SecurityGroup': '1.4',
Aug 10 10:40:49.468861 dv-cinder-772181-13-smb neutron-server[100031]: 'SecurityGroupRule': '1.2',
Aug 10 10:40:49.468861 dv-cinder-772181-13-smb neutron-server[100031]: 'SubPort': '1.0',
Aug 10 10:40:49.468861 dv-cinder-772181-13-smb neutron-server[100031]: 'Subnet': '1.1',
Aug 10 10:40:49.468861 dv-cinder-772181-13-smb neutron-server[100031]: 'Trunk': '1.1'}}
Aug 10 10:40:49.468861 dv-cinder-772181-13-smb neutron-server[100031]: {{(pid=100031) report /opt/stack/neutron/neutron/api/rpc/callbacks/version_manager.py:175}}
Aug 10 10:40:49.482425 dv-cinder-772181-13-smb neutron-server[100030]: INFO neutron.wsgi [req-e661b7ed-464d-4af8-992c-471dce90771e req-9ef88776-4f4d-47c2-bb23-dc165fb48b3c tempest-AttachVolumeNegativeTest-915776971 tempest-AttachVolumeNegativeTest-915776971-project] 10.222.0.32 "GET /v2.0/ports?tenant_id=4bc169b213e74cb9802aa50a31642e91&fields=id HTTP/1.1" status: 200 len: 210 time: 0.2099149
Aug 10 10:40:49.500004 dv-cinder-772181-13-smb neutron-server[100031]: DEBUG neutron.scheduler.dhcp_agent_scheduler [None req-77059eb1-8565-4a52-b352-2fe4dd0b983a None None] Network d5ffe841-8106-481f-a0ff-d8e18e1ce893 is already hosted by enough agents. {{(pid=100031) _get_dhcp_agents_hosting_network /opt/stack/neutron/neutron/scheduler/dhcp_agent_scheduler.py:275}}
Aug 10 10:40:49.509313 dv-cinder-772181-13-smb neutron-server[100031]: DEBUG neutron.scheduler.base_scheduler [None req-77059eb1-8565-4a52-b352-2fe4dd0b983a None None] Resources bound (agent type, host, resource id): {{(pid=100031) schedule /opt/stack/neutron/neutron/scheduler/base_scheduler.py:57}}
