Jun 10 15:24:19.781512 dv-cinder-772126-2-iscsi devstack@c-api.service[99273]: /usr/local/lib/python3.8/dist-packages/webob/acceptparse.py:1047: DeprecationWarning: The behavior of AcceptValidHeader.best_match is currently being maintained for backward compatibility, but it will be deprecated in the future, as it does not conform to the RFC.
Jun 10 15:24:19.781512 dv-cinder-772126-2-iscsi devstack@c-api.service[99273]: warnings.warn(
Jun 10 15:24:19.781512 dv-cinder-772126-2-iscsi devstack@c-api.service[99273]: DEBUG cinder.api.openstack.wsgi [None req-942359a4-8fee-4f64-b837-1f79b89d44ee tempest-SnapshotsActionsTest-1370674010 tempest-SnapshotsActionsTest-1370674010-project] Calling method 'show' {{(pid=99273) _process_stack /opt/stack/cinder/cinder/api/openstack/wsgi.py:866}}
Jun 10 15:24:19.801084 dv-cinder-772126-2-iscsi devstack@c-api.service[99273]: /usr/local/lib/python3.8/dist-packages/oslo_context/context.py:105: DeprecationWarning: Policy enforcement is depending on the value of is_admin. This key is deprecated. Please update your policy file to use the standard policy values.
Jun 10 15:24:19.801084 dv-cinder-772126-2-iscsi devstack@c-api.service[99273]: warnings.warn('Policy enforcement is depending on the value of '
Jun 10 15:24:19.824294 dv-cinder-772126-2-iscsi devstack@c-api.service[99273]: INFO cinder.volume.api [None req-942359a4-8fee-4f64-b837-1f79b89d44ee tempest-SnapshotsActionsTest-1370674010 tempest-SnapshotsActionsTest-1370674010-project] Volume info retrieved successfully.
Jun 10 15:24:19.865389 dv-cinder-772126-2-iscsi devstack@c-api.service[99274]: /usr/local/lib/python3.8/dist-packages/oslo_context/context.py:105: DeprecationWarning: Policy enforcement is depending on the value of is_admin. This key is deprecated. Please update your policy file to use the standard policy values.
Jun 10 15:24:19.865389 dv-cinder-772126-2-iscsi devstack@c-api.service[99274]: warnings.warn('Policy enforcement is depending on the value of '
Jun 10 15:24:19.869786 dv-cinder-772126-2-iscsi devstack@c-api.service[99274]: INFO cinder.volume.api [None req-a40f0da4-0336-47ba-94d0-28489c3c18cd tempest-GroupSnapshotsTest-1431930981 tempest-GroupSnapshotsTest-1431930981-project] Snapshot retrieved successfully.
Jun 10 15:24:19.871732 dv-cinder-772126-2-iscsi devstack@c-api.service[99274]: INFO cinder.api.openstack.wsgi [None req-a40f0da4-0336-47ba-94d0-28489c3c18cd tempest-GroupSnapshotsTest-1431930981 tempest-GroupSnapshotsTest-1431930981-project] http://10.222.0.26/volume/v3/07e58617fb7d49998b2248f71099349b/snapshots/5e3c4cca-5299-4938-bc99-3f47854bc992 returned with HTTP 200
Jun 10 15:24:19.872977 dv-cinder-772126-2-iscsi devstack@c-api.service[99273]: INFO cinder.api.openstack.wsgi [None req-942359a4-8fee-4f64-b837-1f79b89d44ee tempest-SnapshotsActionsTest-1370674010 tempest-SnapshotsActionsTest-1370674010-project] http://10.222.0.26/volume/v3/8faece595f6b4eb39c13122c9486c041/volumes/3a0cb33e-fa64-4e92-90b7-31fa0520173a returned with HTTP 200
Jun 10 15:24:19.874131 dv-cinder-772126-2-iscsi devstack@c-api.service[99273]: [pid: 99273|app: 0|req: 52/125] 10.222.0.26 () {58 vars in 1325 bytes} [Thu Jun 10 15:24:19 2021] GET /volume/v3/8faece595f6b4eb39c13122c9486c041/volumes/3a0cb33e-fa64-4e92-90b7-31fa0520173a => generated 912 bytes in 99 msecs (HTTP/1.1 200) 7 headers in 285 bytes (2 switches on core 0)
Jun 10 15:24:19.874981 dv-cinder-772126-2-iscsi devstack@c-api.service[99274]: [pid: 99274|app: 0|req: 74/126] 10.222.0.26 () {58 vars in 1331 bytes} [Thu Jun 10 15:24:19 2021] GET /volume/v3/07e58617fb7d49998b2248f71099349b/snapshots/5e3c4cca-5299-4938-bc99-3f47854bc992 => generated 450 bytes in 139 msecs (HTTP/1.1 200) 7 headers in 285 bytes (1 switches on core 0)
Jun 10 15:24:19.890124 dv-cinder-772126-2-iscsi devstack@c-api.service[99273]: INFO cinder.api.openstack.wsgi [None req-79f527d1-a0ae-4451-92fa-8ae686aabfc5 tempest-SnapshotsActionsTest-1370674010 tempest-SnapshotsActionsTest-1370674010-project] POST http://10.222.0.26/volume/v3/8faece595f6b4eb39c13122c9486c041/snapshots
Jun 10 15:24:19.890606 dv-cinder-772126-2-iscsi devstack@c-api.service[99273]: /usr/local/lib/python3.8/dist-packages/webob/acceptparse.py:1047: DeprecationWarning: The behavior of AcceptValidHeader.best_match is currently being maintained for backward compatibility, but it will be deprecated in the future, as it does not conform to the RFC.
Jun 10 15:24:19.890606 dv-cinder-772126-2-iscsi devstack@c-api.service[99273]: warnings.warn(
Jun 10 15:24:19.890884 dv-cinder-772126-2-iscsi devstack@c-api.service[99273]: DEBUG cinder.api.openstack.wsgi [None req-79f527d1-a0ae-4451-92fa-8ae686aabfc5 tempest-SnapshotsActionsTest-1370674010 tempest-SnapshotsActionsTest-1370674010-project] Action: 'create', calling method: create, body: {"snapshot": {"volume_id": "3a0cb33e-fa64-4e92-90b7-31fa0520173a", "name": "tempest-SnapshotsActionsTest-Snapshot-2068521398"}} {{(pid=99273) _process_stack /opt/stack/cinder/cinder/api/openstack/wsgi.py:864}}
Jun 10 15:24:19.896453 dv-cinder-772126-2-iscsi devstack@c-api.service[99274]: INFO cinder.api.openstack.wsgi [None req-7eace66c-cb1b-4c26-8832-a9346190be4f tempest-GroupSnapshotsTest-1431930981 tempest-GroupSnapshotsTest-1431930981-project] POST http://10.222.0.26/volume/v3/07e58617fb7d49998b2248f71099349b/groups/action
Jun 10 15:24:19.896885 dv-cinder-772126-2-iscsi devstack@c-api.service[99274]: /usr/local/lib/python3.8/dist-packages/webob/acceptparse.py:1047: DeprecationWarning: The behavior of AcceptValidHeader.best_match is currently being maintained for backward compatibility, but it will be deprecated in the future, as it does not conform to the RFC.
Jun 10 15:24:19.896885 dv-cinder-772126-2-iscsi devstack@c-api.service[99274]: warnings.warn(
Jun 10 15:24:19.897554 dv-cinder-772126-2-iscsi devstack@c-api.service[99274]: DEBUG cinder.api.openstack.wsgi [None req-7eace66c-cb1b-4c26-8832-a9346190be4f tempest-GroupSnapshotsTest-1431930981 tempest-GroupSnapshotsTest-1431930981-project] Action body: b'{"create-from-src": {"group_snapshot_id": "9b1512aa-f374-4b1b-ad9b-4812451f15a4", "name": "tempest-Group_from_snap-251983626"}}' {{(pid=99274) get_method /opt/stack/cinder/cinder/api/openstack/wsgi.py:981}}
Jun 10 15:24:19.898076 dv-cinder-772126-2-iscsi devstack@c-api.service[99274]: DEBUG cinder.api.openstack.wsgi [None req-7eace66c-cb1b-4c26-8832-a9346190be4f tempest-GroupSnapshotsTest-1431930981 tempest-GroupSnapshotsTest-1431930981-project] Action: 'action', calling method: version_select, body: {"create-from-src": {"group_snapshot_id": "9b1512aa-f374-4b1b-ad9b-4812451f15a4", "name": "tempest-Group_from_snap-251983626"}} {{(pid=99274) _process_stack /opt/stack/cinder/cinder/api/openstack/wsgi.py:864}}
Jun 10 15:24:19.899149 dv-cinder-772126-2-iscsi devstack@c-api.service[99274]: DEBUG cinder.api.v3.groups [None req-7eace66c-cb1b-4c26-8832-a9346190be4f tempest-GroupSnapshotsTest-1431930981 tempest-GroupSnapshotsTest-1431930981-project] Creating new group {'create-from-src': {'group_snapshot_id': '9b1512aa-f374-4b1b-ad9b-4812451f15a4', 'name': 'tempest-Group_from_snap-251983626'}}. {{(pid=99274) create_from_src /opt/stack/cinder/cinder/api/v3/groups.py:236}}
Jun 10 15:24:19.903368 dv-cinder-772126-2-iscsi devstack@c-api.service[99274]: INFO cinder.api.v3.groups [None req-7eace66c-cb1b-4c26-8832-a9346190be4f tempest-GroupSnapshotsTest-1431930981 tempest-GroupSnapshotsTest-1431930981-project] Creating group tempest-Group_from_snap-251983626 from group_snapshot 9b1512aa-f374-4b1b-ad9b-4812451f15a4.
Jun 10 15:24:19.921381 dv-cinder-772126-2-iscsi devstack@c-api.service[99274]: /usr/local/lib/python3.8/dist-packages/oslo_context/context.py:105: DeprecationWarning: Policy enforcement is depending on the value of is_admin. This key is deprecated. Please update your policy file to use the standard policy values.
Jun 10 15:24:19.921381 dv-cinder-772126-2-iscsi devstack@c-api.service[99274]: warnings.warn('Policy enforcement is depending on the value of '
Jun 10 15:24:19.926789 dv-cinder-772126-2-iscsi devstack@c-api.service[99273]: /usr/local/lib/python3.8/dist-packages/oslo_context/context.py:105: DeprecationWarning: Policy enforcement is depending on the value of is_admin. This key is deprecated. Please update your policy file to use the standard policy values.
Jun 10 15:24:19.926789 dv-cinder-772126-2-iscsi devstack@c-api.service[99273]: warnings.warn('Policy enforcement is depending on the value of '
Jun 10 15:24:19.927792 dv-cinder-772126-2-iscsi devstack@c-api.service[99273]: INFO cinder.volume.api [None req-79f527d1-a0ae-4451-92fa-8ae686aabfc5 tempest-SnapshotsActionsTest-1370674010 tempest-SnapshotsActionsTest-1370674010-project] Volume info retrieved successfully.
Jun 10 15:24:19.928116 dv-cinder-772126-2-iscsi devstack@c-api.service[99273]: INFO cinder.api.v2.snapshots [None req-79f527d1-a0ae-4451-92fa-8ae686aabfc5 tempest-SnapshotsActionsTest-1370674010 tempest-SnapshotsActionsTest-1370674010-project] Create snapshot from volume 3a0cb33e-fa64-4e92-90b7-31fa0520173a
Jun 10 15:24:19.951915 dv-cinder-772126-2-iscsi devstack@c-api.service[99274]: /usr/local/lib/python3.8/dist-packages/oslo_context/context.py:105: DeprecationWarning: Policy enforcement is depending on the value of is_admin. This key is deprecated. Please update your policy file to use the standard policy values.
Jun 10 15:24:19.951915 dv-cinder-772126-2-iscsi devstack@c-api.service[99274]: warnings.warn('Policy enforcement is depending on the value of '
Jun 10 15:24:19.965679 dv-cinder-772126-2-iscsi devstack@c-api.service[99274]: /usr/local/lib/python3.8/dist-packages/oslo_context/context.py:105: DeprecationWarning: Policy enforcement is depending on the value of is_admin. This key is deprecated. Please update your policy file to use the standard policy values.
Jun 10 15:24:19.965679 dv-cinder-772126-2-iscsi devstack@c-api.service[99274]: warnings.warn('Policy enforcement is depending on the value of '
Jun 10 15:24:20.023477 dv-cinder-772126-2-iscsi devstack@c-api.service[99273]: WARNING cinder.quota [None req-79f527d1-a0ae-4451-92fa-8ae686aabfc5 tempest-SnapshotsActionsTest-1370674010 tempest-SnapshotsActionsTest-1370674010-project] Deprecated: Default quota for resource: snapshots___DEFAULT__ is set by the default quota flag: quota_snapshots___DEFAULT__, it is now deprecated. Please use the default quota class for default quota.
Jun 10 15:24:20.187290 dv-cinder-772126-2-iscsi devstack@c-api.service[99274]: DEBUG cinder.quota [None req-7eace66c-cb1b-4c26-8832-a9346190be4f tempest-GroupSnapshotsTest-1431930981 tempest-GroupSnapshotsTest-1431930981-project] Created reservations ['c7f7c03a-c099-41d6-a01c-5fd96fc042d8'] {{(pid=99274) reserve /opt/stack/cinder/cinder/quota.py:755}}
Jun 10 15:24:20.351273 dv-cinder-772126-2-iscsi devstack@c-api.service[99273]: DEBUG cinder.quota [None req-79f527d1-a0ae-4451-92fa-8ae686aabfc5 tempest-SnapshotsActionsTest-1370674010 tempest-SnapshotsActionsTest-1370674010-project] Created reservations ['5ac647e3-148e-493d-923f-e230a14c723b', 'c41b2dae-1b6a-495b-a531-9a2489db33b8', '79ed9711-5316-4dc1-9529-d1a3fc159402', '8e51280c-b9f4-4dc0-b49a-40e4205f9a40'] {{(pid=99273) reserve /opt/stack/cinder/cinder/quota.py:755}}
Jun 10 15:24:20.569042 dv-cinder-772126-2-iscsi devstack@c-api.service[99274]: INFO cinder.group.api [None req-7eace66c-cb1b-4c26-8832-a9346190be4f tempest-GroupSnapshotsTest-1431930981 tempest-GroupSnapshotsTest-1431930981-project] A mapping entry already exists for group 7663d8ae-da0f-4f0f-893f-435dfc602da9 and volume type cd922910-b9c3-44b6-8009-f82c856399ef. Do not need to create again.
Jun 10 15:24:20.569042 dv-cinder-772126-2-iscsi devstack@c-api.service[99274]: /usr/local/lib/python3.8/dist-packages/oslo_context/context.py:105: DeprecationWarning: Policy enforcement is depending on the value of is_admin. This key is deprecated. Please update your policy file to use the standard policy values.
Jun 10 15:24:20.569042 dv-cinder-772126-2-iscsi devstack@c-api.service[99274]: warnings.warn('Policy enforcement is depending on the value of '
Jun 10 15:24:20.569042 dv-cinder-772126-2-iscsi devstack@c-api.service[99274]: INFO cinder.volume.api [None req-7eace66c-cb1b-4c26-8832-a9346190be4f tempest-GroupSnapshotsTest-1431930981 tempest-GroupSnapshotsTest-1431930981-project] Availability Zones retrieved successfully.
Jun 10 15:24:20.580780 dv-cinder-772126-2-iscsi devstack@c-api.service[99274]: DEBUG cinder.volume.api [None req-7eace66c-cb1b-4c26-8832-a9346190be4f tempest-GroupSnapshotsTest-1431930981 tempest-GroupSnapshotsTest-1431930981-project] Flow 'volume_create_api' (114844ef-2826-4f64-bfc8-5c4923dd2223) transitioned into state 'RUNNING' from state 'PENDING' {{(pid=99274) _flow_receiver /usr/local/lib/python3.8/dist-packages/taskflow/listeners/logging.py:141}}
Jun 10 15:24:20.583585 dv-cinder-772126-2-iscsi devstack@c-api.service[99274]: DEBUG cinder.volume.api [None req-7eace66c-cb1b-4c26-8832-a9346190be4f tempest-GroupSnapshotsTest-1431930981 tempest-GroupSnapshotsTest-1431930981-project] Task 'cinder.volume.flows.api.create_volume.ExtractVolumeRequestTask;volume:create' (826583fb-d619-4500-a380-d0426c9f1e24) transitioned into state 'RUNNING' from state 'PENDING' {{(pid=99274) _task_receiver /usr/local/lib/python3.8/dist-packages/taskflow/listeners/logging.py:190}}
Jun 10 15:24:20.585905 dv-cinder-772126-2-iscsi devstack@c-api.service[99274]: DEBUG cinder.volume.flows.api.create_volume [None req-7eace66c-cb1b-4c26-8832-a9346190be4f tempest-GroupSnapshotsTest-1431930981 tempest-GroupSnapshotsTest-1431930981-project] Validating volume size '1' using validate_int, validate_snap_size {{(pid=99274) _extract_size /opt/stack/cinder/cinder/volume/flows/api/create_volume.py:201}}
Jun 10 15:24:20.651379 dv-cinder-772126-2-iscsi devstack@c-api.service[99274]: DEBUG cinder.volume.api [None req-7eace66c-cb1b-4c26-8832-a9346190be4f tempest-GroupSnapshotsTest-1431930981 tempest-GroupSnapshotsTest-1431930981-project] Task 'cinder.volume.flows.api.create_volume.ExtractVolumeRequestTask;volume:create' (826583fb-d619-4500-a380-d0426c9f1e24) transitioned into state 'SUCCESS' from state 'RUNNING' with result '{'size': 1, 'snapshot_id': '5e3c4cca-5299-4938-bc99-3f47854bc992', 'source_volid': None, 'volume_type': VolumeType(created_at=2021-06-10T15:24:05Z,deleted=False,deleted_at=None,description=None,extra_specs={},id=cd922910-b9c3-44b6-8009-f82c856399ef,is_public=True,name='tempest-GroupSnapshotsTest-volume-type-924843467',projects=[],qos_specs=,qos_specs_id=None,updated_at=None), 'volume_type_id': 'cd922910-b9c3-44b6-8009-f82c856399ef', 'encryption_key_id': None, 'qos_specs': None, 'consistencygroup_id': None, 'cgsnapshot_id': None, 'group_id': '7663d8ae-da0f-4f0f-893f-435dfc602da9', 'replication_status': 'disabled', 'refresh_az': False, 'backup_id': None, 'multiattach': False, 'availability_zones': ['nova']}' {{(pid=99274) _task_receiver /usr/local/lib/python3.8/dist-packages/taskflow/listeners/logging.py:178}}
Jun 10 15:24:20.653407 dv-cinder-772126-2-iscsi devstack@c-api.service[99274]: DEBUG cinder.volume.api [None req-7eace66c-cb1b-4c26-8832-a9346190be4f tempest-GroupSnapshotsTest-1431930981 tempest-GroupSnapshotsTest-1431930981-project] Task 'cinder.volume.flows.api.create_volume.QuotaReserveTask;volume:create' (1a71ce0b-f520-48cc-a521-9c46da023f1b) transitioned into state 'RUNNING' from state 'PENDING' {{(pid=99274) _task_receiver /usr/local/lib/python3.8/dist-packages/taskflow/listeners/logging.py:190}}
Jun 10 15:24:20.676061 dv-cinder-772126-2-iscsi devstack@c-api.service[99273]: INFO cinder.volume.api [None req-79f527d1-a0ae-4451-92fa-8ae686aabfc5 tempest-SnapshotsActionsTest-1370674010 tempest-SnapshotsActionsTest-1370674010-project] Snapshot create request issued successfully.
Jun 10 15:24:20.679820 dv-cinder-772126-2-iscsi devstack@c-api.service[99273]: INFO cinder.api.openstack.wsgi [None req-79f527d1-a0ae-4451-92fa-8ae686aabfc5 tempest-SnapshotsActionsTest-1370674010 tempest-SnapshotsActionsTest-1370674010-project] http://10.222.0.26/volume/v3/8faece595f6b4eb39c13122c9486c041/snapshots returned with HTTP 202
Jun 10 15:24:20.679820 dv-cinder-772126-2-iscsi devstack@c-api.service[99273]: [pid: 99273|app: 0|req: 53/127] 10.222.0.26 () {60 vars in 1242 bytes} [Thu Jun 10 15:24:19 2021] POST /volume/v3/8faece595f6b4eb39c13122c9486c041/snapshots => generated 307 bytes in 793 msecs (HTTP/1.1 202) 7 headers in 291 bytes (1 switches on core 0)
Jun 10 15:24:20.698383 dv-cinder-772126-2-iscsi devstack@c-api.service[99273]: INFO cinder.api.openstack.wsgi [None req-c0773ed8-8d7e-4903-8156-d1f83cc983e7 tempest-GroupsTest-1396493595 tempest-GroupsTest-1396493595-project] GET http://10.222.0.26/volume/v3/41929a0a90d64ea0984bcd89e5076767/groups/e9ea93cb-3766-40c4-96f6-7aed2469438f
Jun 10 15:24:20.704139 dv-cinder-772126-2-iscsi devstack@c-api.service[99273]: DEBUG cinder.api.openstack.wsgi [None req-c0773ed8-8d7e-4903-8156-d1f83cc983e7 tempest-GroupsTest-1396493595 tempest-GroupsTest-1396493595-project] Empty body provided in request {{(pid=99273) get_body /opt/stack/cinder/cinder/api/openstack/wsgi.py:713}}
Jun 10 15:24:20.704403 dv-cinder-772126-2-iscsi devstack@c-api.service[99273]: /usr/local/lib/python3.8/dist-packages/webob/acceptparse.py:1047: DeprecationWarning: The behavior of AcceptValidHeader.best_match is currently being maintained for backward compatibility, but it will be deprecated in the future, as it does not conform to the RFC.
Jun 10 15:24:20.704403 dv-cinder-772126-2-iscsi devstack@c-api.service[99273]: warnings.warn(
Jun 10 15:24:20.704863 dv-cinder-772126-2-iscsi devstack@c-api.service[99273]: DEBUG cinder.api.openstack.wsgi [None req-c0773ed8-8d7e-4903-8156-d1f83cc983e7 tempest-GroupsTest-1396493595 tempest-GroupsTest-1396493595-project] Calling method 'version_select' {{(pid=99273) _process_stack /opt/stack/cinder/cinder/api/openstack/wsgi.py:866}}
Jun 10 15:24:20.707557 dv-cinder-772126-2-iscsi devstack@c-api.service[99273]: DEBUG cinder.api.v3.groups [None req-c0773ed8-8d7e-4903-8156-d1f83cc983e7 tempest-GroupsTest-1396493595 tempest-GroupsTest-1396493595-project] show called for member e9ea93cb-3766-40c4-96f6-7aed2469438f {{(pid=99273) show /opt/stack/cinder/cinder/api/v3/groups.py:58}}
Jun 10 15:24:20.737993 dv-cinder-772126-2-iscsi devstack@c-api.service[99273]: /usr/local/lib/python3.8/dist-packages/oslo_context/context.py:105: DeprecationWarning: Policy enforcement is depending on the value of is_admin. This key is deprecated. Please update your policy file to use the standard policy values.
Jun 10 15:24:20.737993 dv-cinder-772126-2-iscsi devstack@c-api.service[99273]: warnings.warn('Policy enforcement is depending on the value of '
Jun 10 15:24:20.772010 dv-cinder-772126-2-iscsi devstack@c-api.service[99273]: INFO cinder.api.openstack.wsgi [None req-c0773ed8-8d7e-4903-8156-d1f83cc983e7 tempest-GroupsTest-1396493595 tempest-GroupsTest-1396493595-project] http://10.222.0.26/volume/v3/41929a0a90d64ea0984bcd89e5076767/groups/e9ea93cb-3766-40c4-96f6-7aed2469438f returned with HTTP 200
Jun 10 15:24:20.776698 dv-cinder-772126-2-iscsi devstack@c-api.service[99273]: [pid: 99273|app: 0|req: 54/128] 10.222.0.26 () {60 vars in 1363 bytes} [Thu Jun 10 15:24:20 2021] GET /volume/v3/41929a0a90d64ea0984bcd89e5076767/groups/e9ea93cb-3766-40c4-96f6-7aed2469438f => generated 322 bytes in 97 msecs (HTTP/1.1 200) 7 headers in 286 bytes (1 switches on core 0)
Jun 10 15:24:20.778535 dv-cinder-772126-2-iscsi devstack@c-api.service[99274]: WARNING cinder.quota [None req-7eace66c-cb1b-4c26-8832-a9346190be4f tempest-GroupSnapshotsTest-1431930981 tempest-GroupSnapshotsTest-1431930981-project] Deprecated: Default quota for resource: volumes_tempest-GroupSnapshotsTest-volume-type-924843467 is set by the default quota flag: quota_volumes_tempest-GroupSnapshotsTest-volume-type-924843467, it is now deprecated. Please use the default quota class for default quota.
Jun 10 15:24:20.790435 dv-cinder-772126-2-iscsi devstack@c-api.service[99273]: INFO cinder.api.openstack.wsgi [None req-0e1d7338-07ed-4b75-99e2-575cdb4e75aa tempest-VolumesTestJSON-1672447627 tempest-VolumesTestJSON-1672447627-project] GET http://10.222.0.26/volume/v3/c4e477fe811646e1a86a6377256778b4/volumes/0ea5aed2-95d0-4611-84d0-a0e41e8af087
Jun 10 15:24:20.791282 dv-cinder-772126-2-iscsi devstack@c-api.service[99273]: DEBUG cinder.api.openstack.wsgi [None req-0e1d7338-07ed-4b75-99e2-575cdb4e75aa tempest-VolumesTestJSON-1672447627 tempest-VolumesTestJSON-1672447627-project] Empty body provided in request {{(pid=99273) get_body /opt/stack/cinder/cinder/api/openstack/wsgi.py:713}}
Jun 10 15:24:20.792966 dv-cinder-772126-2-iscsi devstack@c-api.service[99273]: /usr/local/lib/python3.8/dist-packages/webob/acceptparse.py:1047: DeprecationWarning: The behavior of AcceptValidHeader.best_match is currently being maintained for backward compatibility, but it will be deprecated in the future, as it does not conform to the RFC.
Jun 10 15:24:20.792966 dv-cinder-772126-2-iscsi devstack@c-api.service[99273]: warnings.warn(
Jun 10 15:24:20.794156 dv-cinder-772126-2-iscsi devstack@c-api.service[99273]: DEBUG cinder.api.openstack.wsgi [None req-0e1d7338-07ed-4b75-99e2-575cdb4e75aa tempest-VolumesTestJSON-1672447627 tempest-VolumesTestJSON-1672447627-project] Calling method 'show' {{(pid=99273) _process_stack /opt/stack/cinder/cinder/api/openstack/wsgi.py:866}}
Jun 10 15:24:20.822836 dv-cinder-772126-2-iscsi devstack@c-api.service[99273]: INFO cinder.api.openstack.wsgi [None req-0e1d7338-07ed-4b75-99e2-575cdb4e75aa tempest-VolumesTestJSON-1672447627 tempest-VolumesTestJSON-1672447627-project] http://10.222.0.26/volume/v3/c4e477fe811646e1a86a6377256778b4/volumes/0ea5aed2-95d0-4611-84d0-a0e41e8af087 returned with HTTP 404
Jun 10 15:24:20.824165 dv-cinder-772126-2-iscsi devstack@c-api.service[99273]: [pid: 99273|app: 0|req: 55/129] 10.222.0.26 () {58 vars in 1325 bytes} [Thu Jun 10 15:24:20 2021] GET /volume/v3/c4e477fe811646e1a86a6377256778b4/volumes/0ea5aed2-95d0-4611-84d0-a0e41e8af087 => generated 109 bytes in 47 msecs (HTTP/1.1 404) 7 headers in 292 bytes (1 switches on core 0)
Jun 10 15:24:20.844808 dv-cinder-772126-2-iscsi devstack@c-api.service[99273]: INFO cinder.api.openstack.wsgi [None req-1c4512e7-9429-402b-a012-f2e30d7ea62f tempest-SnapshotsActionsTest-1370674010 tempest-SnapshotsActionsTest-1370674010-project] GET http://10.222.0.26/volume/v3/8faece595f6b4eb39c13122c9486c041/snapshots/95489dd7-6a51-4960-92f6-a77d09b0156f
Jun 10 15:24:20.845752 dv-cinder-772126-2-iscsi devstack@c-api.service[99273]: DEBUG cinder.api.openstack.wsgi [None req-1c4512e7-9429-402b-a012-f2e30d7ea62f tempest-SnapshotsActionsTest-1370674010 tempest-SnapshotsActionsTest-1370674010-project] Empty body provided in request {{(pid=99273) get_body /opt/stack/cinder/cinder/api/openstack/wsgi.py:713}}
Jun 10 15:24:20.847549 dv-cinder-772126-2-iscsi devstack@c-api.service[99273]: DEBUG cinder.api.openstack.wsgi [None req-1c4512e7-9429-402b-a012-f2e30d7ea62f tempest-SnapshotsActionsTest-1370674010 tempest-SnapshotsActionsTest-1370674010-project] Calling method 'show' {{(pid=99273) _process_stack /opt/stack/cinder/cinder/api/openstack/wsgi.py:866}}
Jun 10 15:24:20.875571 dv-cinder-772126-2-iscsi devstack@c-api.service[99273]: /usr/local/lib/python3.8/dist-packages/oslo_context/context.py:105: DeprecationWarning: Policy enforcement is depending on the value of is_admin. This key is deprecated. Please update your policy file to use the standard policy values.
Jun 10 15:24:20.875571 dv-cinder-772126-2-iscsi devstack@c-api.service[99273]: warnings.warn('Policy enforcement is depending on the value of '
Jun 10 15:24:20.877510 dv-cinder-772126-2-iscsi devstack@c-api.service[99273]: INFO cinder.volume.api [None req-1c4512e7-9429-402b-a012-f2e30d7ea62f tempest-SnapshotsActionsTest-1370674010 tempest-SnapshotsActionsTest-1370674010-project] Snapshot retrieved successfully.
Jun 10 15:24:20.878761 dv-cinder-772126-2-iscsi devstack@c-api.service[99274]: DEBUG cinder.quota [None req-7eace66c-cb1b-4c26-8832-a9346190be4f tempest-GroupSnapshotsTest-1431930981 tempest-GroupSnapshotsTest-1431930981-project] Created reservations ['fd432508-1751-47eb-a7cd-4435a9c9bd01', 'e5aa52af-6f8b-47b2-9b1a-a6c53aa23534'] {{(pid=99274) reserve /opt/stack/cinder/cinder/quota.py:755}}
Jun 10 15:24:20.880531 dv-cinder-772126-2-iscsi devstack@c-api.service[99274]: DEBUG cinder.volume.api [None req-7eace66c-cb1b-4c26-8832-a9346190be4f tempest-GroupSnapshotsTest-1431930981 tempest-GroupSnapshotsTest-1431930981-project] Task 'cinder.volume.flows.api.create_volume.QuotaReserveTask;volume:create' (1a71ce0b-f520-48cc-a521-9c46da023f1b) transitioned into state 'SUCCESS' from state 'RUNNING' with result '{'reservations': ['fd432508-1751-47eb-a7cd-4435a9c9bd01', 'e5aa52af-6f8b-47b2-9b1a-a6c53aa23534']}' {{(pid=99274) _task_receiver /usr/local/lib/python3.8/dist-packages/taskflow/listeners/logging.py:178}}
Jun 10 15:24:20.882640 dv-cinder-772126-2-iscsi devstack@c-api.service[99273]: INFO cinder.api.openstack.wsgi [None req-1c4512e7-9429-402b-a012-f2e30d7ea62f tempest-SnapshotsActionsTest-1370674010 tempest-SnapshotsActionsTest-1370674010-project] http://10.222.0.26/volume/v3/8faece595f6b4eb39c13122c9486c041/snapshots/95489dd7-6a51-4960-92f6-a77d09b0156f returned with HTTP 200
Jun 10 15:24:20.883143 dv-cinder-772126-2-iscsi devstack@c-api.service[99274]: DEBUG cinder.volume.api [None req-7eace66c-cb1b-4c26-8832-a9346190be4f tempest-GroupSnapshotsTest-1431930981 tempest-GroupSnapshotsTest-1431930981-project] Task 'cinder.volume.flows.api.create_volume.EntryCreateTask;volume:create' (5d6fa696-7248-4e95-9898-557c4276e332) transitioned into state 'RUNNING' from state 'PENDING' {{(pid=99274) _task_receiver /usr/local/lib/python3.8/dist-packages/taskflow/listeners/logging.py:190}}
Jun 10 15:24:20.886662 dv-cinder-772126-2-iscsi devstack@c-api.service[99273]: [pid: 99273|app: 0|req: 56/130] 10.222.0.26 () {58 vars in 1331 bytes} [Thu Jun 10 15:24:20 2021] GET /volume/v3/8faece595f6b4eb39c13122c9486c041/snapshots/95489dd7-6a51-4960-92f6-a77d09b0156f => generated 439 bytes in 58 msecs (HTTP/1.1 200) 7 headers in 285 bytes (1 switches on core 0)
Jun 10 15:24:20.902535 dv-cinder-772126-2-iscsi devstack@c-api.service[99273]: INFO cinder.api.openstack.wsgi [None req-32590826-d68c-4128-b1f6-6f0e8d3ca663 tempest-GroupsTest-1396493595 tempest-GroupsTest-1396493595-project] POST http://10.222.0.26/volume/v3/41929a0a90d64ea0984bcd89e5076767/volumes
Jun 10 15:24:20.902535 dv-cinder-772126-2-iscsi devstack@c-api.service[99273]: /usr/local/lib/python3.8/dist-packages/webob/acceptparse.py:1047: DeprecationWarning: The behavior of AcceptValidHeader.best_match is currently being maintained for backward compatibility, but it will be deprecated in the future, as it does not conform to the RFC.
Jun 10 15:24:20.902535 dv-cinder-772126-2-iscsi devstack@c-api.service[99273]: warnings.warn(
Jun 10 15:24:20.902535 dv-cinder-772126-2-iscsi devstack@c-api.service[99273]: DEBUG cinder.api.openstack.wsgi [None req-32590826-d68c-4128-b1f6-6f0e8d3ca663 tempest-GroupsTest-1396493595 tempest-GroupsTest-1396493595-project] Action: 'create', calling method: create, body: {"volume": {"name": "tempest-volume-2067771764", "volume_type": "8d4d94fb-b554-4709-8201-292fcb41ed22", "group_id": "4f3276b9-2b9d-4582-8f63-ac430db03445", "size": 1}} {{(pid=99273) _process_stack /opt/stack/cinder/cinder/api/openstack/wsgi.py:864}}
Jun 10 15:24:20.947595 dv-cinder-772126-2-iscsi devstack@c-api.service[99273]: DEBUG cinder.api.v3.volumes [None req-32590826-d68c-4128-b1f6-6f0e8d3ca663 tempest-GroupsTest-1396493595 tempest-GroupsTest-1396493595-project] Create volume request body: {'volume': {'name': 'tempest-volume-2067771764', 'volume_type': '8d4d94fb-b554-4709-8201-292fcb41ed22', 'group_id': '4f3276b9-2b9d-4582-8f63-ac430db03445', 'size': 1}} {{(pid=99273) create /opt/stack/cinder/cinder/api/v3/volumes.py:289}}
Jun 10 15:24:20.995335 dv-cinder-772126-2-iscsi devstack@c-api.service[99273]: /usr/local/lib/python3.8/dist-packages/oslo_context/context.py:105: DeprecationWarning: Policy enforcement is depending on the value of is_admin. This key is deprecated. Please update your policy file to use the standard policy values.
Jun 10 15:24:20.995335 dv-cinder-772126-2-iscsi devstack@c-api.service[99273]: warnings.warn('Policy enforcement is depending on the value of '
Jun 10 15:24:20.999185 dv-cinder-772126-2-iscsi devstack@c-api.service[99273]: INFO cinder.api.v3.volumes [None req-32590826-d68c-4128-b1f6-6f0e8d3ca663 tempest-GroupsTest-1396493595 tempest-GroupsTest-1396493595-project] Create volume of 1 GB
Jun 10 15:24:21.056904 dv-cinder-772126-2-iscsi devstack@c-api.service[99273]: INFO cinder.volume.api [None req-32590826-d68c-4128-b1f6-6f0e8d3ca663 tempest-GroupsTest-1396493595 tempest-GroupsTest-1396493595-project] Availability Zones retrieved successfully.
Jun 10 15:24:21.139732 dv-cinder-772126-2-iscsi devstack@c-api.service[99273]: DEBUG cinder.volume.api [None req-32590826-d68c-4128-b1f6-6f0e8d3ca663 tempest-GroupsTest-1396493595 tempest-GroupsTest-1396493595-project] Flow 'volume_create_api' (6d528d8d-d98c-48bc-af6a-88c9bedd2728) transitioned into state 'RUNNING' from state 'PENDING' {{(pid=99273) _flow_receiver /usr/local/lib/python3.8/dist-packages/taskflow/listeners/logging.py:141}}
Jun 10 15:24:21.144432 dv-cinder-772126-2-iscsi devstack@c-api.service[99274]: DEBUG cinder.volume.api [None req-7eace66c-cb1b-4c26-8832-a9346190be4f tempest-GroupSnapshotsTest-1431930981 tempest-GroupSnapshotsTest-1431930981-project] Task 'cinder.volume.flows.api.create_volume.EntryCreateTask;volume:create' (5d6fa696-7248-4e95-9898-557c4276e332) transitioned into state 'SUCCESS' from state 'RUNNING' with result '{'volume_id': '995412ca-c340-4f94-b3cf-16d2b262349e', 'volume_properties': VolumeProperties(attach_status='detached',availability_zone='nova',cgsnapshot_id=None,consistencygroup_id=None,display_description=None,display_name=None,encryption_key_id=None,group_id=7663d8ae-da0f-4f0f-893f-435dfc602da9,group_type_id=,metadata={},multiattach=False,project_id='07e58617fb7d49998b2248f71099349b',qos_specs=None,replication_status=,reservations=['fd432508-1751-47eb-a7cd-4435a9c9bd01','e5aa52af-6f8b-47b2-9b1a-a6c53aa23534'],size=1,snapshot_id=5e3c4cca-5299-4938-bc99-3f47854bc992,source_replicaid=,source_volid=None,status='creating',user_id='7af1e4543b6c4dcabe767aecbf5541b9',volume_type_id=cd922910-b9c3-44b6-8009-f82c856399ef), 'volume': Volume(_name_id=None,admin_metadata=,attach_status='detached',availability_zone='nova',bootable=False,cluster=,cluster_name=None,consistencygroup=,consistencygroup_id=None,created_at=2021-06-10T15:24:20Z,deleted=False,deleted_at=None,display_description=None,display_name=None,ec2_id=None,encryption_key_id=None,glance_metadata=,group=,group_id=7663d8ae-da0f-4f0f-893f-435dfc602da9,host=None,id=995412ca-c340-4f94-b3cf-16d2b262349e,launched_at=None,metadata={},migration_status=None,multiattach=False,previous_status=None,project_id='07e58617fb7d49998b2248f71099349b',provider_auth=None,provider_geometry=None,provider_id=None,provider_location=None,replication_driver_data=None,replication_extended_status=None,replication_status=None,scheduled_at=None,service_uuid=None,shared_targets=True,size=1,snapshot_id=5e3c4cca-5299-4938-bc99-3f47854bc992,snapshots=,source_volid=None,status='creating',terminated_at=None,updated_at=None,user_id='7af1e4543b6c4dcabe767aecbf5541b9',volume_attachment=,volume_type=VolumeType(cd922910-b9c3-44b6-8009-f82c856399ef),volume_type_id=cd922910-b9c3-44b6-8009-f82c856399ef)}' {{(pid=99274) _task_receiver /usr/local/lib/python3.8/dist-packages/taskflow/listeners/logging.py:178}}
Jun 10 15:24:21.150099 dv-cinder-772126-2-iscsi devstack@c-api.service[99273]: DEBUG cinder.volume.api [None req-32590826-d68c-4128-b1f6-6f0e8d3ca663 tempest-GroupsTest-1396493595 tempest-GroupsTest-1396493595-project] Task 'cinder.volume.flows.api.create_volume.ExtractVolumeRequestTask;volume:create' (cdc0985d-5d87-41d8-98c2-c8e6b407d4a4) transitioned into state 'RUNNING' from state 'PENDING' {{(pid=99273) _task_receiver /usr/local/lib/python3.8/dist-packages/taskflow/listeners/logging.py:190}}
Jun 10 15:24:21.155861 dv-cinder-772126-2-iscsi devstack@c-api.service[99274]: DEBUG cinder.volume.api [None req-7eace66c-cb1b-4c26-8832-a9346190be4f tempest-GroupSnapshotsTest-1431930981 tempest-GroupSnapshotsTest-1431930981-project] Task 'cinder.volume.flows.api.create_volume.QuotaCommitTask;volume:create' (d68d3b7f-1216-468d-8ebb-efdcf39bf11e) transitioned into state 'RUNNING' from state 'PENDING' {{(pid=99274) _task_receiver /usr/local/lib/python3.8/dist-packages/taskflow/listeners/logging.py:190}}
Jun 10 15:24:21.169879 dv-cinder-772126-2-iscsi devstack@c-api.service[99273]: /usr/local/lib/python3.8/dist-packages/oslo_context/context.py:105: DeprecationWarning: Policy enforcement is depending on the value of is_admin. This key is deprecated. Please update your policy file to use the standard policy values.
Jun 10 15:24:21.169879 dv-cinder-772126-2-iscsi devstack@c-api.service[99273]: warnings.warn('Policy enforcement is depending on the value of '
Jun 10 15:24:21.173078 dv-cinder-772126-2-iscsi devstack@c-api.service[99273]: DEBUG cinder.volume.flows.api.create_volume [None req-32590826-d68c-4128-b1f6-6f0e8d3ca663 tempest-GroupsTest-1396493595 tempest-GroupsTest-1396493595-project] Validating volume size '1' using validate_int {{(pid=99273) _extract_size /opt/stack/cinder/cinder/volume/flows/api/create_volume.py:201}}
Jun 10 15:24:21.285518 dv-cinder-772126-2-iscsi devstack@c-api.service[99273]: DEBUG cinder.volume.api [None req-32590826-d68c-4128-b1f6-6f0e8d3ca663 tempest-GroupsTest-1396493595 tempest-GroupsTest-1396493595-project] Task 'cinder.volume.flows.api.create_volume.ExtractVolumeRequestTask;volume:create' (cdc0985d-5d87-41d8-98c2-c8e6b407d4a4) transitioned into state 'SUCCESS' from state 'RUNNING' with result '{'size': 1, 'snapshot_id': None, 'source_volid': None, 'volume_type': VolumeType(created_at=2021-06-10T15:24:15Z,deleted=False,deleted_at=None,description=None,extra_specs={},id=8d4d94fb-b554-4709-8201-292fcb41ed22,is_public=True,name='tempest-GroupsTest-volume-type-673039678',projects=[],qos_specs=,qos_specs_id=None,updated_at=None), 'volume_type_id': '8d4d94fb-b554-4709-8201-292fcb41ed22', 'encryption_key_id': None, 'qos_specs': None, 'consistencygroup_id': None, 'cgsnapshot_id': None, 'group_id': '4f3276b9-2b9d-4582-8f63-ac430db03445', 'replication_status': 'disabled', 'refresh_az': False, 'backup_id': None, 'multiattach': False, 'availability_zones': ['nova']}' {{(pid=99273) _task_receiver /usr/local/lib/python3.8/dist-packages/taskflow/listeners/logging.py:178}}
Jun 10 15:24:21.296152 dv-cinder-772126-2-iscsi devstack@c-api.service[99273]: DEBUG cinder.volume.api [None req-32590826-d68c-4128-b1f6-6f0e8d3ca663 tempest-GroupsTest-1396493595 tempest-GroupsTest-1396493595-project] Task 'cinder.volume.flows.api.create_volume.QuotaReserveTask;volume:create' (4fd0290e-ab27-4351-a36c-9f6047ccd2ab) transitioned into state 'RUNNING' from state 'PENDING' {{(pid=99273) _task_receiver /usr/local/lib/python3.8/dist-packages/taskflow/listeners/logging.py:190}}
Jun 10 15:24:21.358397 dv-cinder-772126-2-iscsi devstack@c-api.service[99274]: DEBUG cinder.volume.api [None req-7eace66c-cb1b-4c26-8832-a9346190be4f tempest-GroupSnapshotsTest-1431930981 tempest-GroupSnapshotsTest-1431930981-project] Task 'cinder.volume.flows.api.create_volume.QuotaCommitTask;volume:create' (d68d3b7f-1216-468d-8ebb-efdcf39bf11e) transitioned into state 'SUCCESS' from state 'RUNNING' with result '{'volume_properties': VolumeProperties(attach_status='detached',availability_zone='nova',cgsnapshot_id=None,consistencygroup_id=None,display_description=None,display_name=None,encryption_key_id=None,group_id=7663d8ae-da0f-4f0f-893f-435dfc602da9,group_type_id=,metadata={},multiattach=False,project_id='07e58617fb7d49998b2248f71099349b',qos_specs=None,replication_status=,reservations=['fd432508-1751-47eb-a7cd-4435a9c9bd01','e5aa52af-6f8b-47b2-9b1a-a6c53aa23534'],size=1,snapshot_id=5e3c4cca-5299-4938-bc99-3f47854bc992,source_replicaid=,source_volid=None,status='creating',user_id='7af1e4543b6c4dcabe767aecbf5541b9',volume_type_id=cd922910-b9c3-44b6-8009-f82c856399ef)}' {{(pid=99274) _task_receiver /usr/local/lib/python3.8/dist-packages/taskflow/listeners/logging.py:178}}
Jun 10 15:24:21.364588 dv-cinder-772126-2-iscsi devstack@c-api.service[99274]: DEBUG cinder.volume.api [None req-7eace66c-cb1b-4c26-8832-a9346190be4f tempest-GroupSnapshotsTest-1431930981 tempest-GroupSnapshotsTest-1431930981-project] Flow 'volume_create_api' (114844ef-2826-4f64-bfc8-5c4923dd2223) transitioned into state 'SUCCESS' from state 'RUNNING' {{(pid=99274) _flow_receiver /usr/local/lib/python3.8/dist-packages/taskflow/listeners/logging.py:141}}
Jun 10 15:24:21.366767 dv-cinder-772126-2-iscsi devstack@c-api.service[99274]: INFO cinder.volume.api [None req-7eace66c-cb1b-4c26-8832-a9346190be4f tempest-GroupSnapshotsTest-1431930981 tempest-GroupSnapshotsTest-1431930981-project] Create volume request issued successfully.
Jun 10 15:24:21.392683 dv-cinder-772126-2-iscsi devstack@c-api.service[99273]: WARNING cinder.quota [None req-32590826-d68c-4128-b1f6-6f0e8d3ca663 tempest-GroupsTest-1396493595 tempest-GroupsTest-1396493595-project] Deprecated: Default quota for resource: volumes_tempest-GroupsTest-volume-type-673039678 is set by the default quota flag: quota_volumes_tempest-GroupsTest-volume-type-673039678, it is now deprecated. Please use the default quota class for default quota.
Jun 10 15:24:21.394553 dv-cinder-772126-2-iscsi devstack@c-api.service[99273]: WARNING cinder.quota [None req-32590826-d68c-4128-b1f6-6f0e8d3ca663 tempest-GroupsTest-1396493595 tempest-GroupsTest-1396493595-project] Deprecated: Default quota for resource: gigabytes_tempest-GroupsTest-volume-type-673039678 is set by the default quota flag: quota_gigabytes_tempest-GroupsTest-volume-type-673039678, it is now deprecated. Please use the default quota class for default quota.
Jun 10 15:24:21.647517 dv-cinder-772126-2-iscsi devstack@c-api.service[99274]: INFO cinder.api.openstack.wsgi [None req-7eace66c-cb1b-4c26-8832-a9346190be4f tempest-GroupSnapshotsTest-1431930981 tempest-GroupSnapshotsTest-1431930981-project] http://10.222.0.26/volume/v3/07e58617fb7d49998b2248f71099349b/groups/action returned with HTTP 202
Jun 10 15:24:21.648438 dv-cinder-772126-2-iscsi devstack@c-api.service[99274]: [pid: 99274|app: 0|req: 75/131] 10.222.0.26 () {62 vars in 1295 bytes} [Thu Jun 10 15:24:19 2021] POST /volume/v3/07e58617fb7d49998b2248f71099349b/groups/action => generated 102 bytes in 1760 msecs (HTTP/1.1 202) 7 headers in 292 bytes (2 switches on core 0)
Jun 10 15:24:21.655488 dv-cinder-772126-2-iscsi devstack@c-api.service[99274]: INFO cinder.api.openstack.wsgi [None req-69213c7f-f988-4841-995a-eba76e917487 tempest-VolumesTestJSON-1672447627 tempest-VolumesTestJSON-1672447627-project] DELETE http://10.222.0.26/volume/v3/c4e477fe811646e1a86a6377256778b4/volumes/80945d4b-0d11-4ded-83d7-5c17ce7f6a63
Jun 10 15:24:21.662316 dv-cinder-772126-2-iscsi devstack@c-api.service[99274]: DEBUG cinder.api.openstack.wsgi [None req-69213c7f-f988-4841-995a-eba76e917487 tempest-VolumesTestJSON-1672447627 tempest-VolumesTestJSON-1672447627-project] Empty body provided in request {{(pid=99274) get_body /opt/stack/cinder/cinder/api/openstack/wsgi.py:713}}
Jun 10 15:24:21.662316 dv-cinder-772126-2-iscsi devstack@c-api.service[99274]: /usr/local/lib/python3.8/dist-packages/webob/acceptparse.py:1047: DeprecationWarning: The behavior of AcceptValidHeader.best_match is currently being maintained for backward compatibility, but it will be deprecated in the future, as it does not conform to the RFC.
Jun 10 15:24:21.662316 dv-cinder-772126-2-iscsi devstack@c-api.service[99274]: warnings.warn(
Jun 10 15:24:21.662316 dv-cinder-772126-2-iscsi devstack@c-api.service[99274]: DEBUG cinder.api.openstack.wsgi [None req-69213c7f-f988-4841-995a-eba76e917487 tempest-VolumesTestJSON-1672447627 tempest-VolumesTestJSON-1672447627-project] Calling method 'delete' {{(pid=99274) _process_stack /opt/stack/cinder/cinder/api/openstack/wsgi.py:866}}
Jun 10 15:24:21.662735 dv-cinder-772126-2-iscsi devstack@c-api.service[99274]: INFO cinder.api.v3.volumes [None req-69213c7f-f988-4841-995a-eba76e917487 tempest-VolumesTestJSON-1672447627 tempest-VolumesTestJSON-1672447627-project] Delete volume with id: 80945d4b-0d11-4ded-83d7-5c17ce7f6a63
Jun 10 15:24:21.690496 dv-cinder-772126-2-iscsi devstack@c-api.service[99274]: /usr/local/lib/python3.8/dist-packages/oslo_context/context.py:105: DeprecationWarning: Policy enforcement is depending on the value of is_admin. This key is deprecated. Please update your policy file to use the standard policy values.
Jun 10 15:24:21.690496 dv-cinder-772126-2-iscsi devstack@c-api.service[99274]: warnings.warn('Policy enforcement is depending on the value of '
Jun 10 15:24:21.691563 dv-cinder-772126-2-iscsi devstack@c-api.service[99274]: INFO cinder.volume.api [None req-69213c7f-f988-4841-995a-eba76e917487 tempest-VolumesTestJSON-1672447627 tempest-VolumesTestJSON-1672447627-project] Volume info retrieved successfully.
Jun 10 15:24:21.839316 dv-cinder-772126-2-iscsi devstack@c-api.service[99273]: DEBUG cinder.quota [None req-32590826-d68c-4128-b1f6-6f0e8d3ca663 tempest-GroupsTest-1396493595 tempest-GroupsTest-1396493595-project] Created reservations ['d1e7c414-a9e5-4a6e-9bc8-db28ebb80bb4', 'c8e9f18d-3b15-4e2d-a8cf-9210e19087e3', '7e528e19-d882-4be9-9d4e-ff7b77fe5dcc', 'c217a4b8-92fa-46ae-8367-2b25cda44740'] {{(pid=99273) reserve /opt/stack/cinder/cinder/quota.py:755}}
Jun 10 15:24:21.841117 dv-cinder-772126-2-iscsi devstack@c-api.service[99273]: DEBUG cinder.volume.api [None req-32590826-d68c-4128-b1f6-6f0e8d3ca663 tempest-GroupsTest-1396493595 tempest-GroupsTest-1396493595-project] Task 'cinder.volume.flows.api.create_volume.QuotaReserveTask;volume:create' (4fd0290e-ab27-4351-a36c-9f6047ccd2ab) transitioned into state 'SUCCESS' from state 'RUNNING' with result '{'reservations': ['d1e7c414-a9e5-4a6e-9bc8-db28ebb80bb4', 'c8e9f18d-3b15-4e2d-a8cf-9210e19087e3', '7e528e19-d882-4be9-9d4e-ff7b77fe5dcc', 'c217a4b8-92fa-46ae-8367-2b25cda44740']}' {{(pid=99273) _task_receiver /usr/local/lib/python3.8/dist-packages/taskflow/listeners/logging.py:178}}
Jun 10 15:24:21.843754 dv-cinder-772126-2-iscsi devstack@c-api.service[99273]: DEBUG cinder.volume.api [None req-32590826-d68c-4128-b1f6-6f0e8d3ca663 tempest-GroupsTest-1396493595 tempest-GroupsTest-1396493595-project] Task 'cinder.volume.flows.api.create_volume.EntryCreateTask;volume:create' (fc5a8b42-283c-45c2-8ab3-48ed25bbf15c) transitioned into state 'RUNNING' from state 'PENDING' {{(pid=99273) _task_receiver /usr/local/lib/python3.8/dist-packages/taskflow/listeners/logging.py:190}}
Jun 10 15:24:21.927797 dv-cinder-772126-2-iscsi devstack@c-api.service[99274]: INFO cinder.volume.api [None req-69213c7f-f988-4841-995a-eba76e917487 tempest-VolumesTestJSON-1672447627 tempest-VolumesTestJSON-1672447627-project] Delete volume request issued successfully.
Jun 10 15:24:21.928299 dv-cinder-772126-2-iscsi devstack@c-api.service[99274]: INFO cinder.api.openstack.wsgi [None req-69213c7f-f988-4841-995a-eba76e917487 tempest-VolumesTestJSON-1672447627 tempest-VolumesTestJSON-1672447627-project] http://10.222.0.26/volume/v3/c4e477fe811646e1a86a6377256778b4/volumes/80945d4b-0d11-4ded-83d7-5c17ce7f6a63 returned with HTTP 202
Jun 10 15:24:21.929842 dv-cinder-772126-2-iscsi devstack@c-api.service[99274]: [pid: 99274|app: 0|req: 76/132] 10.222.0.26 () {58 vars in 1328 bytes} [Thu Jun 10 15:24:21 2021] DELETE /volume/v3/c4e477fe811646e1a86a6377256778b4/volumes/80945d4b-0d11-4ded-83d7-5c17ce7f6a63 => generated 0 bytes in 280 msecs (HTTP/1.1 202) 6 headers in 233 bytes (1 switches on core 0)
Jun 10 15:24:21.934149 dv-cinder-772126-2-iscsi devstack@c-api.service[99274]: INFO cinder.api.openstack.wsgi [None req-90ac5abe-96b3-4ed3-9e00-6a3f14de3c25 tempest-GroupSnapshotsTest-1431930981 tempest-GroupSnapshotsTest-1431930981-project] GET http://10.222.0.26/volume/v3/07e58617fb7d49998b2248f71099349b/volumes/detail
Jun 10 15:24:21.935638 dv-cinder-772126-2-iscsi devstack@c-api.service[99274]: DEBUG cinder.api.openstack.wsgi [None req-90ac5abe-96b3-4ed3-9e00-6a3f14de3c25 tempest-GroupSnapshotsTest-1431930981 tempest-GroupSnapshotsTest-1431930981-project] Empty body provided in request {{(pid=99274) get_body /opt/stack/cinder/cinder/api/openstack/wsgi.py:713}}
Jun 10 15:24:21.935638 dv-cinder-772126-2-iscsi devstack@c-api.service[99274]: /usr/local/lib/python3.8/dist-packages/webob/acceptparse.py:1047: DeprecationWarning: The behavior of AcceptValidHeader.best_match is currently being maintained for backward compatibility, but it will be deprecated in the future, as it does not conform to the RFC.
Jun 10 15:24:21.935638 dv-cinder-772126-2-iscsi devstack@c-api.service[99274]: warnings.warn(
Jun 10 15:24:21.935861 dv-cinder-772126-2-iscsi devstack@c-api.service[99274]: DEBUG cinder.api.openstack.wsgi [None req-90ac5abe-96b3-4ed3-9e00-6a3f14de3c25 tempest-GroupSnapshotsTest-1431930981 tempest-GroupSnapshotsTest-1431930981-project] Calling method 'detail' {{(pid=99274) _process_stack /opt/stack/cinder/cinder/api/openstack/wsgi.py:866}}
Jun 10 15:24:21.936344 dv-cinder-772126-2-iscsi devstack@c-api.service[99274]: DEBUG cinder.api.api_utils [None req-90ac5abe-96b3-4ed3-9e00-6a3f14de3c25 tempest-GroupSnapshotsTest-1431930981 tempest-GroupSnapshotsTest-1431930981-project] Removing options '' from query. {{(pid=99274) remove_invalid_filter_options /opt/stack/cinder/cinder/api/api_utils.py:73}}
Jun 10 15:24:21.938074 dv-cinder-772126-2-iscsi devstack@c-api.service[99274]: DEBUG cinder.volume.api [None req-90ac5abe-96b3-4ed3-9e00-6a3f14de3c25 tempest-GroupSnapshotsTest-1431930981 tempest-GroupSnapshotsTest-1431930981-project] Searching by: MultiDict([('no_migration_targets', True)]). {{(pid=99274) get_all /opt/stack/cinder/cinder/volume/api.py:617}}
Jun 10 15:24:21.982215 dv-cinder-772126-2-iscsi devstack@c-api.service[99273]: DEBUG cinder.volume.api [None req-32590826-d68c-4128-b1f6-6f0e8d3ca663 tempest-GroupsTest-1396493595 tempest-GroupsTest-1396493595-project] Task 'cinder.volume.flows.api.create_volume.EntryCreateTask;volume:create' (fc5a8b42-283c-45c2-8ab3-48ed25bbf15c) transitioned into state 'SUCCESS' from state 'RUNNING' with result '{'volume_id': '7ec10f63-04d4-450d-ab34-7013d27db815', 'volume_properties': VolumeProperties(attach_status='detached',availability_zone='nova',cgsnapshot_id=None,consistencygroup_id=None,display_description=None,display_name='tempest-volume-2067771764',encryption_key_id=None,group_id=4f3276b9-2b9d-4582-8f63-ac430db03445,group_type_id=,metadata={},multiattach=False,project_id='41929a0a90d64ea0984bcd89e5076767',qos_specs=None,replication_status=,reservations=['d1e7c414-a9e5-4a6e-9bc8-db28ebb80bb4','c8e9f18d-3b15-4e2d-a8cf-9210e19087e3','7e528e19-d882-4be9-9d4e-ff7b77fe5dcc','c217a4b8-92fa-46ae-8367-2b25cda44740'],size=1,snapshot_id=None,source_replicaid=,source_volid=None,status='creating',user_id='e280e779a2b745f39ce1f640ccc1804b',volume_type_id=8d4d94fb-b554-4709-8201-292fcb41ed22), 'volume': Volume(_name_id=None,admin_metadata=,attach_status='detached',availability_zone='nova',bootable=False,cluster=,cluster_name=None,consistencygroup=,consistencygroup_id=None,created_at=2021-06-10T15:24:21Z,deleted=False,deleted_at=None,display_description=None,display_name='tempest-volume-2067771764',ec2_id=None,encryption_key_id=None,glance_metadata=,group=,group_id=4f3276b9-2b9d-4582-8f63-ac430db03445,host=None,id=7ec10f63-04d4-450d-ab34-7013d27db815,launched_at=None,metadata={},migration_status=None,multiattach=False,previous_status=None,project_id='41929a0a90d64ea0984bcd89e5076767',provider_auth=None,provider_geometry=None,provider_id=None,provider_location=None,replication_driver_data=None,replication_extended_status=None,replication_status=None,scheduled_at=None,service_uuid=None,shared_targets=True,size=1,snapshot_id=None,snapshots=,source_volid=None,status='creating',terminated_at=None,updated_at=None,user_id='e280e779a2b745f39ce1f640ccc1804b',volume_attachment=,volume_type=VolumeType(8d4d94fb-b554-4709-8201-292fcb41ed22),volume_type_id=8d4d94fb-b554-4709-8201-292fcb41ed22)}' {{(pid=99273) _task_receiver /usr/local/lib/python3.8/dist-packages/taskflow/listeners/logging.py:178}}
Jun 10 15:24:21.984232 dv-cinder-772126-2-iscsi devstack@c-api.service[99273]: DEBUG cinder.volume.api [None req-32590826-d68c-4128-b1f6-6f0e8d3ca663 tempest-GroupsTest-1396493595 tempest-GroupsTest-1396493595-project] Task 'cinder.volume.flows.api.create_volume.QuotaCommitTask;volume:create' (b17815da-c4df-4edd-b1d0-e390a6151571) transitioned into state 'RUNNING' from state 'PENDING' {{(pid=99273) _task_receiver /usr/local/lib/python3.8/dist-packages/taskflow/listeners/logging.py:190}}
Jun 10 15:24:22.016919 dv-cinder-772126-2-iscsi devstack@c-api.service[99274]: INFO cinder.volume.api [None req-90ac5abe-96b3-4ed3-9e00-6a3f14de3c25 tempest-GroupSnapshotsTest-1431930981 tempest-GroupSnapshotsTest-1431930981-project] Get all volumes completed successfully.
Jun 10 15:24:22.018606 dv-cinder-772126-2-iscsi devstack@c-api.service[99274]: WARNING stevedore.named [None req-90ac5abe-96b3-4ed3-9e00-6a3f14de3c25 tempest-GroupSnapshotsTest-1431930981 tempest-GroupSnapshotsTest-1431930981-project] Could not load cinder.keymgr.conf_key_mgr.ConfKeyManager
