Jun 29 23:09:19.987176 dv-cinder-769602-4-iscsi devstack@c-api.service[99962]: DEBUG cinder.api.openstack.wsgi [None req-1b765cca-acd4-477b-a44f-7f28b6d2b475 tempest-GroupSnapshotsTest-2142595274 tempest-GroupSnapshotsTest-2142595274-project] Action: 'create', calling method: version_select, body: {"group": {"group_type": "73e3f7f3-c23a-455f-ba50-886a596488ed", "volume_types": ["7905a367-e2bb-42f0-814f-2d8e6c573bba"], "name": "tempest-GroupSnapshotsTest-Group-156133536"}} {{(pid=99962) _process_stack /opt/stack/cinder/cinder/api/openstack/wsgi.py:864}}
Jun 29 23:09:19.990357 dv-cinder-769602-4-iscsi devstack@c-api.service[99962]: DEBUG cinder.api.v3.groups [None req-1b765cca-acd4-477b-a44f-7f28b6d2b475 tempest-GroupSnapshotsTest-2142595274 tempest-GroupSnapshotsTest-2142595274-project] Creating new group {'group': {'group_type': '73e3f7f3-c23a-455f-ba50-886a596488ed', 'volume_types': ['7905a367-e2bb-42f0-814f-2d8e6c573bba'], 'name': 'tempest-GroupSnapshotsTest-Group-156133536'}} {{(pid=99962) create /opt/stack/cinder/cinder/api/v3/groups.py:190}}
Jun 29 23:09:20.001494 dv-cinder-769602-4-iscsi devstack@c-api.service[99962]: INFO cinder.api.v3.groups [None req-1b765cca-acd4-477b-a44f-7f28b6d2b475 tempest-GroupSnapshotsTest-2142595274 tempest-GroupSnapshotsTest-2142595274-project] Creating group tempest-GroupSnapshotsTest-Group-156133536.
Jun 29 23:09:20.032978 dv-cinder-769602-4-iscsi devstack@c-api.service[99962]: INFO cinder.volume.api [None req-1b765cca-acd4-477b-a44f-7f28b6d2b475 tempest-GroupSnapshotsTest-2142595274 tempest-GroupSnapshotsTest-2142595274-project] Availability Zones retrieved successfully.
Jun 29 23:09:20.058736 dv-cinder-769602-4-iscsi devstack@c-api.service[99961]: WARNING cinder.quota [None req-57b7bc48-05de-4f52-9791-45e8d6d76968 tempest-VolumeQuotasAdminTestJSON-576079811 tempest-VolumeQuotasAdminTestJSON-576079811-project-admin] Deprecated: Default quota for resource: volumes_tempest-GroupSnapshotsTest-volume-type-1357313575 is set by the default quota flag: quota_volumes_tempest-GroupSnapshotsTest-volume-type-1357313575, it is now deprecated. Please use the default quota class for default quota.
Jun 29 23:09:20.061126 dv-cinder-769602-4-iscsi devstack@c-api.service[99961]: WARNING cinder.quota [None req-57b7bc48-05de-4f52-9791-45e8d6d76968 tempest-VolumeQuotasAdminTestJSON-576079811 tempest-VolumeQuotasAdminTestJSON-576079811-project-admin] Deprecated: Default quota for resource: gigabytes_tempest-GroupSnapshotsTest-volume-type-1357313575 is set by the default quota flag: quota_gigabytes_tempest-GroupSnapshotsTest-volume-type-1357313575, it is now deprecated. Please use the default quota class for default quota.
Jun 29 23:09:20.064596 dv-cinder-769602-4-iscsi devstack@c-api.service[99961]: WARNING cinder.quota [None req-57b7bc48-05de-4f52-9791-45e8d6d76968 tempest-VolumeQuotasAdminTestJSON-576079811 tempest-VolumeQuotasAdminTestJSON-576079811-project-admin] Deprecated: Default quota for resource: snapshots_tempest-GroupSnapshotsTest-volume-type-1357313575 is set by the default quota flag: quota_snapshots_tempest-GroupSnapshotsTest-volume-type-1357313575, it is now deprecated. Please use the default quota class for default quota.
Jun 29 23:09:20.080764 dv-cinder-769602-4-iscsi devstack@c-api.service[99962]: DEBUG cinder.quota [None req-1b765cca-acd4-477b-a44f-7f28b6d2b475 tempest-GroupSnapshotsTest-2142595274 tempest-GroupSnapshotsTest-2142595274-project] Created reservations ['0ecd8eb7-f05c-4824-88b7-8f7eea5e30a9'] {{(pid=99962) reserve /opt/stack/cinder/cinder/quota.py:755}}
Jun 29 23:09:20.095489 dv-cinder-769602-4-iscsi devstack@c-api.service[99961]: INFO cinder.api.openstack.wsgi [None req-57b7bc48-05de-4f52-9791-45e8d6d76968 tempest-VolumeQuotasAdminTestJSON-576079811 tempest-VolumeQuotasAdminTestJSON-576079811-project-admin] http://10.222.0.30/volume/v3/a0e279c2d8cf498b87f26c41c18c6ae7/os-quota-sets/74bd84a2a53b4ac5b1682ecb3af694b5 returned with HTTP 200
Jun 29 23:09:20.098041 dv-cinder-769602-4-iscsi devstack@c-api.service[99961]: [pid: 99961|app: 0|req: 132/255] 10.222.0.30 () {60 vars in 1351 bytes} [Tue Jun 29 23:09:19 2021] PUT /volume/v3/a0e279c2d8cf498b87f26c41c18c6ae7/os-quota-sets/74bd84a2a53b4ac5b1682ecb3af694b5 => generated 913 bytes in 204 msecs (HTTP/1.1 200) 7 headers in 285 bytes (2 switches on core 0)
Jun 29 23:09:20.137864 dv-cinder-769602-4-iscsi devstack@c-api.service[99961]: INFO cinder.api.openstack.wsgi [None req-333a0f23-9ea9-4d5b-8345-e7159ab4e62e tempest-VolumeQuotasAdminTestJSON-576079811 tempest-VolumeQuotasAdminTestJSON-576079811-project-admin] DELETE http://10.222.0.30/volume/v3/a0e279c2d8cf498b87f26c41c18c6ae7/os-quota-sets/74bd84a2a53b4ac5b1682ecb3af694b5
Jun 29 23:09:20.141054 dv-cinder-769602-4-iscsi devstack@c-api.service[99961]: DEBUG cinder.api.openstack.wsgi [None req-333a0f23-9ea9-4d5b-8345-e7159ab4e62e tempest-VolumeQuotasAdminTestJSON-576079811 tempest-VolumeQuotasAdminTestJSON-576079811-project-admin] Empty body provided in request {{(pid=99961) get_body /opt/stack/cinder/cinder/api/openstack/wsgi.py:713}}
Jun 29 23:09:20.141512 dv-cinder-769602-4-iscsi devstack@c-api.service[99961]: DEBUG cinder.api.openstack.wsgi [None req-333a0f23-9ea9-4d5b-8345-e7159ab4e62e tempest-VolumeQuotasAdminTestJSON-576079811 tempest-VolumeQuotasAdminTestJSON-576079811-project-admin] Calling method 'delete' {{(pid=99961) _process_stack /opt/stack/cinder/cinder/api/openstack/wsgi.py:866}}
Jun 29 23:09:20.157796 dv-cinder-769602-4-iscsi devstack@c-api.service[99962]: INFO cinder.api.openstack.wsgi [None req-1b765cca-acd4-477b-a44f-7f28b6d2b475 tempest-GroupSnapshotsTest-2142595274 tempest-GroupSnapshotsTest-2142595274-project] http://10.222.0.30/volume/v3/fe9662de1a4b47ad945dac15431cc01b/groups returned with HTTP 202
Jun 29 23:09:20.160706 dv-cinder-769602-4-iscsi devstack@c-api.service[99962]: [pid: 99962|app: 0|req: 124/256] 10.222.0.30 () {62 vars in 1274 bytes} [Tue Jun 29 23:09:19 2021] POST /volume/v3/fe9662de1a4b47ad945dac15431cc01b/groups => generated 111 bytes in 184 msecs (HTTP/1.1 202) 7 headers in 292 bytes (1 switches on core 0)
Jun 29 23:09:20.166148 dv-cinder-769602-4-iscsi devstack@c-api.service[99961]: INFO cinder.api.openstack.wsgi [None req-333a0f23-9ea9-4d5b-8345-e7159ab4e62e tempest-VolumeQuotasAdminTestJSON-576079811 tempest-VolumeQuotasAdminTestJSON-576079811-project-admin] http://10.222.0.30/volume/v3/a0e279c2d8cf498b87f26c41c18c6ae7/os-quota-sets/74bd84a2a53b4ac5b1682ecb3af694b5 returned with HTTP 200
Jun 29 23:09:20.170919 dv-cinder-769602-4-iscsi devstack@c-api.service[99961]: [pid: 99961|app: 0|req: 133/257] 10.222.0.30 () {58 vars in 1334 bytes} [Tue Jun 29 23:09:20 2021] DELETE /volume/v3/a0e279c2d8cf498b87f26c41c18c6ae7/os-quota-sets/74bd84a2a53b4ac5b1682ecb3af694b5 => generated 0 bytes in 61 msecs (HTTP/1.1 200) 7 headers in 283 bytes (1 switches on core 0)
Jun 29 23:09:20.175772 dv-cinder-769602-4-iscsi devstack@c-api.service[99961]: INFO cinder.api.openstack.wsgi [None req-18d2d0a5-d261-46c9-824b-cf94e91e217a tempest-VolumeQuotasAdminTestJSON-576079811 tempest-VolumeQuotasAdminTestJSON-576079811-project-admin] GET http://10.222.0.30/volume/v3/a0e279c2d8cf498b87f26c41c18c6ae7/os-quota-sets/74bd84a2a53b4ac5b1682ecb3af694b5
Jun 29 23:09:20.176280 dv-cinder-769602-4-iscsi devstack@c-api.service[99961]: DEBUG cinder.api.openstack.wsgi [None req-18d2d0a5-d261-46c9-824b-cf94e91e217a tempest-VolumeQuotasAdminTestJSON-576079811 tempest-VolumeQuotasAdminTestJSON-576079811-project-admin] Empty body provided in request {{(pid=99961) get_body /opt/stack/cinder/cinder/api/openstack/wsgi.py:713}}
Jun 29 23:09:20.176821 dv-cinder-769602-4-iscsi devstack@c-api.service[99961]: DEBUG cinder.api.openstack.wsgi [None req-18d2d0a5-d261-46c9-824b-cf94e91e217a tempest-VolumeQuotasAdminTestJSON-576079811 tempest-VolumeQuotasAdminTestJSON-576079811-project-admin] Calling method 'show' {{(pid=99961) _process_stack /opt/stack/cinder/cinder/api/openstack/wsgi.py:866}}
Jun 29 23:09:20.178895 dv-cinder-769602-4-iscsi devstack@c-api.service[99962]: INFO cinder.api.openstack.wsgi [None req-e365612b-d6d8-4c89-8ab9-c82d24a5b28b tempest-GroupSnapshotsTest-2142595274 tempest-GroupSnapshotsTest-2142595274-project] GET http://10.222.0.30/volume/v3/fe9662de1a4b47ad945dac15431cc01b/groups/136b46bf-3c9a-480e-a5ec-b0198d6b0a6c
Jun 29 23:09:20.180876 dv-cinder-769602-4-iscsi devstack@c-api.service[99962]: DEBUG cinder.api.openstack.wsgi [None req-e365612b-d6d8-4c89-8ab9-c82d24a5b28b tempest-GroupSnapshotsTest-2142595274 tempest-GroupSnapshotsTest-2142595274-project] Empty body provided in request {{(pid=99962) get_body /opt/stack/cinder/cinder/api/openstack/wsgi.py:713}}
Jun 29 23:09:20.181282 dv-cinder-769602-4-iscsi devstack@c-api.service[99962]: /usr/local/lib/python3.8/dist-packages/webob/acceptparse.py:1047: DeprecationWarning: The behavior of AcceptValidHeader.best_match is currently being maintained for backward compatibility, but it will be deprecated in the future, as it does not conform to the RFC.
Jun 29 23:09:20.181282 dv-cinder-769602-4-iscsi devstack@c-api.service[99962]: warnings.warn(
Jun 29 23:09:20.182022 dv-cinder-769602-4-iscsi devstack@c-api.service[99962]: DEBUG cinder.api.openstack.wsgi [None req-e365612b-d6d8-4c89-8ab9-c82d24a5b28b tempest-GroupSnapshotsTest-2142595274 tempest-GroupSnapshotsTest-2142595274-project] Calling method 'version_select' {{(pid=99962) _process_stack /opt/stack/cinder/cinder/api/openstack/wsgi.py:866}}
Jun 29 23:09:20.182897 dv-cinder-769602-4-iscsi devstack@c-api.service[99962]: DEBUG cinder.api.v3.groups [None req-e365612b-d6d8-4c89-8ab9-c82d24a5b28b tempest-GroupSnapshotsTest-2142595274 tempest-GroupSnapshotsTest-2142595274-project] show called for member 136b46bf-3c9a-480e-a5ec-b0198d6b0a6c {{(pid=99962) show /opt/stack/cinder/cinder/api/v3/groups.py:58}}
Jun 29 23:09:20.200150 dv-cinder-769602-4-iscsi devstack@c-api.service[99962]: /usr/local/lib/python3.8/dist-packages/oslo_context/context.py:105: DeprecationWarning: Policy enforcement is depending on the value of is_admin. This key is deprecated. Please update your policy file to use the standard policy values.
Jun 29 23:09:20.200150 dv-cinder-769602-4-iscsi devstack@c-api.service[99962]: warnings.warn('Policy enforcement is depending on the value of '
Jun 29 23:09:20.215986 dv-cinder-769602-4-iscsi devstack@c-api.service[99961]: INFO cinder.api.openstack.wsgi [None req-18d2d0a5-d261-46c9-824b-cf94e91e217a tempest-VolumeQuotasAdminTestJSON-576079811 tempest-VolumeQuotasAdminTestJSON-576079811-project-admin] http://10.222.0.30/volume/v3/a0e279c2d8cf498b87f26c41c18c6ae7/os-quota-sets/74bd84a2a53b4ac5b1682ecb3af694b5 returned with HTTP 200
Jun 29 23:09:20.221775 dv-cinder-769602-4-iscsi devstack@c-api.service[99961]: [pid: 99961|app: 0|req: 134/258] 10.222.0.30 () {58 vars in 1331 bytes} [Tue Jun 29 23:09:20 2021] GET /volume/v3/a0e279c2d8cf498b87f26c41c18c6ae7/os-quota-sets/74bd84a2a53b4ac5b1682ecb3af694b5 => generated 955 bytes in 47 msecs (HTTP/1.1 200) 7 headers in 285 bytes (2 switches on core 0)
Jun 29 23:09:20.230537 dv-cinder-769602-4-iscsi devstack@c-api.service[99961]: INFO cinder.api.openstack.wsgi [None req-549bb186-7451-4725-b90f-80068786b7da tempest-VolumeQuotasAdminTestJSON-576079811 tempest-VolumeQuotasAdminTestJSON-576079811-project-admin] PUT http://10.222.0.30/volume/v3/a0e279c2d8cf498b87f26c41c18c6ae7/os-quota-sets/74bd84a2a53b4ac5b1682ecb3af694b5
Jun 29 23:09:20.232458 dv-cinder-769602-4-iscsi devstack@c-api.service[99961]: DEBUG cinder.api.openstack.wsgi [None req-549bb186-7451-4725-b90f-80068786b7da tempest-VolumeQuotasAdminTestJSON-576079811 tempest-VolumeQuotasAdminTestJSON-576079811-project-admin] Action: 'update', calling method: update, body: {"quota_set": {"volumes": 10, "per_volume_gigabytes": -1, "snapshots": 10, "gigabytes": 1000, "backups": 10, "backup_gigabytes": 1000}} {{(pid=99961) _process_stack /opt/stack/cinder/cinder/api/openstack/wsgi.py:864}}
Jun 29 23:09:20.237231 dv-cinder-769602-4-iscsi devstack@c-api.service[99962]: INFO cinder.api.openstack.wsgi [None req-e365612b-d6d8-4c89-8ab9-c82d24a5b28b tempest-GroupSnapshotsTest-2142595274 tempest-GroupSnapshotsTest-2142595274-project] http://10.222.0.30/volume/v3/fe9662de1a4b47ad945dac15431cc01b/groups/136b46bf-3c9a-480e-a5ec-b0198d6b0a6c returned with HTTP 200
Jun 29 23:09:20.238369 dv-cinder-769602-4-iscsi devstack@c-api.service[99962]: [pid: 99962|app: 0|req: 125/259] 10.222.0.30 () {60 vars in 1363 bytes} [Tue Jun 29 23:09:20 2021] GET /volume/v3/fe9662de1a4b47ad945dac15431cc01b/groups/136b46bf-3c9a-480e-a5ec-b0198d6b0a6c => generated 391 bytes in 73 msecs (HTTP/1.1 200) 7 headers in 286 bytes (1 switches on core 0)
Jun 29 23:09:20.501270 dv-cinder-769602-4-iscsi devstack@c-api.service[99961]: INFO cinder.api.openstack.wsgi [None req-549bb186-7451-4725-b90f-80068786b7da tempest-VolumeQuotasAdminTestJSON-576079811 tempest-VolumeQuotasAdminTestJSON-576079811-project-admin] http://10.222.0.30/volume/v3/a0e279c2d8cf498b87f26c41c18c6ae7/os-quota-sets/74bd84a2a53b4ac5b1682ecb3af694b5 returned with HTTP 200
Jun 29 23:09:20.509966 dv-cinder-769602-4-iscsi devstack@c-api.service[99961]: [pid: 99961|app: 0|req: 135/260] 10.222.0.30 () {60 vars in 1352 bytes} [Tue Jun 29 23:09:20 2021] PUT /volume/v3/a0e279c2d8cf498b87f26c41c18c6ae7/os-quota-sets/74bd84a2a53b4ac5b1682ecb3af694b5 => generated 913 bytes in 281 msecs (HTTP/1.1 200) 7 headers in 285 bytes (1 switches on core 0)
Jun 29 23:09:20.516472 dv-cinder-769602-4-iscsi devstack@c-api.service[99962]: INFO cinder.api.openstack.wsgi [None req-0e486ec2-a598-485f-af90-84b6225a6feb tempest-VolumeQuotasAdminTestJSON-576079811 tempest-VolumeQuotasAdminTestJSON-576079811-project-admin] GET http://10.222.0.30/volume/v3/a0e279c2d8cf498b87f26c41c18c6ae7/os-quota-sets/74bd84a2a53b4ac5b1682ecb3af694b5/defaults
Jun 29 23:09:20.518035 dv-cinder-769602-4-iscsi devstack@c-api.service[99962]: DEBUG cinder.api.openstack.wsgi [None req-0e486ec2-a598-485f-af90-84b6225a6feb tempest-VolumeQuotasAdminTestJSON-576079811 tempest-VolumeQuotasAdminTestJSON-576079811-project-admin] Empty body provided in request {{(pid=99962) get_body /opt/stack/cinder/cinder/api/openstack/wsgi.py:713}}
Jun 29 23:09:20.518361 dv-cinder-769602-4-iscsi devstack@c-api.service[99962]: /usr/local/lib/python3.8/dist-packages/webob/acceptparse.py:1047: DeprecationWarning: The behavior of AcceptValidHeader.best_match is currently being maintained for backward compatibility, but it will be deprecated in the future, as it does not conform to the RFC.
Jun 29 23:09:20.518361 dv-cinder-769602-4-iscsi devstack@c-api.service[99962]: warnings.warn(
Jun 29 23:09:20.519047 dv-cinder-769602-4-iscsi devstack@c-api.service[99962]: DEBUG cinder.api.openstack.wsgi [None req-0e486ec2-a598-485f-af90-84b6225a6feb tempest-VolumeQuotasAdminTestJSON-576079811 tempest-VolumeQuotasAdminTestJSON-576079811-project-admin] Calling method 'defaults' {{(pid=99962) _process_stack /opt/stack/cinder/cinder/api/openstack/wsgi.py:866}}
Jun 29 23:09:20.521274 dv-cinder-769602-4-iscsi devstack@c-api.service[99962]: /usr/local/lib/python3.8/dist-packages/oslo_context/context.py:105: DeprecationWarning: Policy enforcement is depending on the value of is_admin. This key is deprecated. Please update your policy file to use the standard policy values.
Jun 29 23:09:20.521274 dv-cinder-769602-4-iscsi devstack@c-api.service[99962]: warnings.warn('Policy enforcement is depending on the value of '
Jun 29 23:09:20.550236 dv-cinder-769602-4-iscsi devstack@c-api.service[99962]: WARNING cinder.quota [None req-0e486ec2-a598-485f-af90-84b6225a6feb tempest-VolumeQuotasAdminTestJSON-576079811 tempest-VolumeQuotasAdminTestJSON-576079811-project-admin] Deprecated: Default quota for resource: backups is set by the default quota flag: quota_backups, it is now deprecated. Please use the default quota class for default quota.
Jun 29 23:09:20.552196 dv-cinder-769602-4-iscsi devstack@c-api.service[99962]: WARNING cinder.quota [None req-0e486ec2-a598-485f-af90-84b6225a6feb tempest-VolumeQuotasAdminTestJSON-576079811 tempest-VolumeQuotasAdminTestJSON-576079811-project-admin] Deprecated: Default quota for resource: backup_gigabytes is set by the default quota flag: quota_backup_gigabytes, it is now deprecated. Please use the default quota class for default quota.
Jun 29 23:09:20.556361 dv-cinder-769602-4-iscsi devstack@c-api.service[99962]: WARNING cinder.quota [None req-0e486ec2-a598-485f-af90-84b6225a6feb tempest-VolumeQuotasAdminTestJSON-576079811 tempest-VolumeQuotasAdminTestJSON-576079811-project-admin] Deprecated: Default quota for resource: volumes_tempest-GroupSnapshotsTest-volume-type-1357313575 is set by the default quota flag: quota_volumes_tempest-GroupSnapshotsTest-volume-type-1357313575, it is now deprecated. Please use the default quota class for default quota.
Jun 29 23:09:20.557938 dv-cinder-769602-4-iscsi devstack@c-api.service[99962]: WARNING cinder.quota [None req-0e486ec2-a598-485f-af90-84b6225a6feb tempest-VolumeQuotasAdminTestJSON-576079811 tempest-VolumeQuotasAdminTestJSON-576079811-project-admin] Deprecated: Default quota for resource: gigabytes_tempest-GroupSnapshotsTest-volume-type-1357313575 is set by the default quota flag: quota_gigabytes_tempest-GroupSnapshotsTest-volume-type-1357313575, it is now deprecated. Please use the default quota class for default quota.
Jun 29 23:09:20.558908 dv-cinder-769602-4-iscsi devstack@c-api.service[99962]: WARNING cinder.quota [None req-0e486ec2-a598-485f-af90-84b6225a6feb tempest-VolumeQuotasAdminTestJSON-576079811 tempest-VolumeQuotasAdminTestJSON-576079811-project-admin] Deprecated: Default quota for resource: snapshots_tempest-GroupSnapshotsTest-volume-type-1357313575 is set by the default quota flag: quota_snapshots_tempest-GroupSnapshotsTest-volume-type-1357313575, it is now deprecated. Please use the default quota class for default quota.
Jun 29 23:09:20.568896 dv-cinder-769602-4-iscsi devstack@c-api.service[99962]: WARNING cinder.quota [None req-0e486ec2-a598-485f-af90-84b6225a6feb tempest-VolumeQuotasAdminTestJSON-576079811 tempest-VolumeQuotasAdminTestJSON-576079811-project-admin] Deprecated: Default quota for resource: snapshots_tempest-GroupSnapshotsTest-volume-type-477050562 is set by the default quota flag: quota_snapshots_tempest-GroupSnapshotsTest-volume-type-477050562, it is now deprecated. Please use the default quota class for default quota.
Jun 29 23:09:20.573807 dv-cinder-769602-4-iscsi devstack@c-api.service[99962]: WARNING cinder.quota [None req-0e486ec2-a598-485f-af90-84b6225a6feb tempest-VolumeQuotasAdminTestJSON-576079811 tempest-VolumeQuotasAdminTestJSON-576079811-project-admin] Deprecated: Default quota for resource: volumes_lvmdriver-1 is set by the default quota flag: quota_volumes_lvmdriver-1, it is now deprecated. Please use the default quota class for default quota.
Jun 29 23:09:20.574816 dv-cinder-769602-4-iscsi devstack@c-api.service[99962]: WARNING cinder.quota [None req-0e486ec2-a598-485f-af90-84b6225a6feb tempest-VolumeQuotasAdminTestJSON-576079811 tempest-VolumeQuotasAdminTestJSON-576079811-project-admin] Deprecated: Default quota for resource: gigabytes_lvmdriver-1 is set by the default quota flag: quota_gigabytes_lvmdriver-1, it is now deprecated. Please use the default quota class for default quota.
Jun 29 23:09:20.577685 dv-cinder-769602-4-iscsi devstack@c-api.service[99962]: WARNING cinder.quota [None req-0e486ec2-a598-485f-af90-84b6225a6feb tempest-VolumeQuotasAdminTestJSON-576079811 tempest-VolumeQuotasAdminTestJSON-576079811-project-admin] Deprecated: Default quota for resource: snapshots_lvmdriver-1 is set by the default quota flag: quota_snapshots_lvmdriver-1, it is now deprecated. Please use the default quota class for default quota.
Jun 29 23:09:20.578858 dv-cinder-769602-4-iscsi devstack@c-api.service[99962]: WARNING cinder.quota [None req-0e486ec2-a598-485f-af90-84b6225a6feb tempest-VolumeQuotasAdminTestJSON-576079811 tempest-VolumeQuotasAdminTestJSON-576079811-project-admin] Deprecated: Default quota for resource: volumes___DEFAULT__ is set by the default quota flag: quota_volumes___DEFAULT__, it is now deprecated. Please use the default quota class for default quota.
Jun 29 23:09:20.583210 dv-cinder-769602-4-iscsi devstack@c-api.service[99962]: WARNING cinder.quota [None req-0e486ec2-a598-485f-af90-84b6225a6feb tempest-VolumeQuotasAdminTestJSON-576079811 tempest-VolumeQuotasAdminTestJSON-576079811-project-admin] Deprecated: Default quota for resource: gigabytes___DEFAULT__ is set by the default quota flag: quota_gigabytes___DEFAULT__, it is now deprecated. Please use the default quota class for default quota.
Jun 29 23:09:20.584225 dv-cinder-769602-4-iscsi devstack@c-api.service[99962]: WARNING cinder.quota [None req-0e486ec2-a598-485f-af90-84b6225a6feb tempest-VolumeQuotasAdminTestJSON-576079811 tempest-VolumeQuotasAdminTestJSON-576079811-project-admin] Deprecated: Default quota for resource: snapshots___DEFAULT__ is set by the default quota flag: quota_snapshots___DEFAULT__, it is now deprecated. Please use the default quota class for default quota.
Jun 29 23:09:20.596956 dv-cinder-769602-4-iscsi devstack@c-api.service[99962]: INFO cinder.api.openstack.wsgi [None req-0e486ec2-a598-485f-af90-84b6225a6feb tempest-VolumeQuotasAdminTestJSON-576079811 tempest-VolumeQuotasAdminTestJSON-576079811-project-admin] http://10.222.0.30/volume/v3/a0e279c2d8cf498b87f26c41c18c6ae7/os-quota-sets/74bd84a2a53b4ac5b1682ecb3af694b5/defaults returned with HTTP 200
Jun 29 23:09:20.598076 dv-cinder-769602-4-iscsi devstack@c-api.service[99962]: [pid: 99962|app: 0|req: 126/261] 10.222.0.30 () {58 vars in 1358 bytes} [Tue Jun 29 23:09:20 2021] GET /volume/v3/a0e279c2d8cf498b87f26c41c18c6ae7/os-quota-sets/74bd84a2a53b4ac5b1682ecb3af694b5/defaults => generated 955 bytes in 87 msecs (HTTP/1.1 200) 7 headers in 285 bytes (1 switches on core 0)
Jun 29 23:09:20.612739 dv-cinder-769602-4-iscsi devstack@c-api.service[99961]: INFO cinder.api.openstack.wsgi [None req-0e33ed4a-a54c-4d46-aea0-40c415eb2424 tempest-VolumeQuotasAdminTestJSON-576079811 tempest-VolumeQuotasAdminTestJSON-576079811-project-admin] GET http://10.222.0.30/volume/v3/a0e279c2d8cf498b87f26c41c18c6ae7/os-quota-sets/74bd84a2a53b4ac5b1682ecb3af694b5
Jun 29 23:09:20.614237 dv-cinder-769602-4-iscsi devstack@c-api.service[99961]: DEBUG cinder.api.openstack.wsgi [None req-0e33ed4a-a54c-4d46-aea0-40c415eb2424 tempest-VolumeQuotasAdminTestJSON-576079811 tempest-VolumeQuotasAdminTestJSON-576079811-project-admin] Empty body provided in request {{(pid=99961) get_body /opt/stack/cinder/cinder/api/openstack/wsgi.py:713}}
Jun 29 23:09:20.615470 dv-cinder-769602-4-iscsi devstack@c-api.service[99961]: DEBUG cinder.api.openstack.wsgi [None req-0e33ed4a-a54c-4d46-aea0-40c415eb2424 tempest-VolumeQuotasAdminTestJSON-576079811 tempest-VolumeQuotasAdminTestJSON-576079811-project-admin] Calling method 'show' {{(pid=99961) _process_stack /opt/stack/cinder/cinder/api/openstack/wsgi.py:866}}
Jun 29 23:09:20.708084 dv-cinder-769602-4-iscsi devstack@c-api.service[99961]: INFO cinder.api.openstack.wsgi [None req-0e33ed4a-a54c-4d46-aea0-40c415eb2424 tempest-VolumeQuotasAdminTestJSON-576079811 tempest-VolumeQuotasAdminTestJSON-576079811-project-admin] http://10.222.0.30/volume/v3/a0e279c2d8cf498b87f26c41c18c6ae7/os-quota-sets/74bd84a2a53b4ac5b1682ecb3af694b5 returned with HTTP 200
Jun 29 23:09:20.716833 dv-cinder-769602-4-iscsi devstack@c-api.service[99961]: [pid: 99961|app: 0|req: 136/262] 10.222.0.30 () {58 vars in 1331 bytes} [Tue Jun 29 23:09:20 2021] GET /volume/v3/a0e279c2d8cf498b87f26c41c18c6ae7/os-quota-sets/74bd84a2a53b4ac5b1682ecb3af694b5 => generated 955 bytes in 103 msecs (HTTP/1.1 200) 7 headers in 285 bytes (2 switches on core 0)
Jun 29 23:09:20.722822 dv-cinder-769602-4-iscsi devstack@c-api.service[99962]: INFO cinder.api.openstack.wsgi [None req-0decf86e-6952-4dea-9be7-c95ee25fcce9 tempest-VolumeQuotasAdminTestJSON-576079811 tempest-VolumeQuotasAdminTestJSON-576079811-project-admin] GET http://10.222.0.30/volume/v3/a0e279c2d8cf498b87f26c41c18c6ae7/os-quota-sets/74bd84a2a53b4ac5b1682ecb3af694b5?usage=True
Jun 29 23:09:20.723421 dv-cinder-769602-4-iscsi devstack@c-api.service[99962]: DEBUG cinder.api.openstack.wsgi [None req-0decf86e-6952-4dea-9be7-c95ee25fcce9 tempest-VolumeQuotasAdminTestJSON-576079811 tempest-VolumeQuotasAdminTestJSON-576079811-project-admin] Empty body provided in request {{(pid=99962) get_body /opt/stack/cinder/cinder/api/openstack/wsgi.py:713}}
Jun 29 23:09:20.723855 dv-cinder-769602-4-iscsi devstack@c-api.service[99962]: DEBUG cinder.api.openstack.wsgi [None req-0decf86e-6952-4dea-9be7-c95ee25fcce9 tempest-VolumeQuotasAdminTestJSON-576079811 tempest-VolumeQuotasAdminTestJSON-576079811-project-admin] Calling method 'show' {{(pid=99962) _process_stack /opt/stack/cinder/cinder/api/openstack/wsgi.py:866}}
Jun 29 23:09:20.785313 dv-cinder-769602-4-iscsi devstack@c-api.service[99962]: INFO cinder.api.openstack.wsgi [None req-0decf86e-6952-4dea-9be7-c95ee25fcce9 tempest-VolumeQuotasAdminTestJSON-576079811 tempest-VolumeQuotasAdminTestJSON-576079811-project-admin] http://10.222.0.30/volume/v3/a0e279c2d8cf498b87f26c41c18c6ae7/os-quota-sets/74bd84a2a53b4ac5b1682ecb3af694b5?usage=True returned with HTTP 200
Jun 29 23:09:20.786860 dv-cinder-769602-4-iscsi devstack@c-api.service[99962]: [pid: 99962|app: 0|req: 127/263] 10.222.0.30 () {58 vars in 1352 bytes} [Tue Jun 29 23:09:20 2021] GET /volume/v3/a0e279c2d8cf498b87f26c41c18c6ae7/os-quota-sets/74bd84a2a53b4ac5b1682ecb3af694b5?usage=True => generated 1813 bytes in 69 msecs (HTTP/1.1 200) 7 headers in 286 bytes (2 switches on core 0)
Jun 29 23:09:21.026545 dv-cinder-769602-4-iscsi devstack@c-api.service[99961]: INFO cinder.api.openstack.wsgi [None req-399c9c55-58c3-4cb5-a725-b7cdf729e5a5 tempest-VolumeQuotasAdminTestJSON-1059629956 tempest-VolumeQuotasAdminTestJSON-1059629956-project] POST http://10.222.0.30/volume/v3/74bd84a2a53b4ac5b1682ecb3af694b5/volumes
Jun 29 23:09:21.028829 dv-cinder-769602-4-iscsi devstack@c-api.service[99961]: DEBUG cinder.api.openstack.wsgi [None req-399c9c55-58c3-4cb5-a725-b7cdf729e5a5 tempest-VolumeQuotasAdminTestJSON-1059629956 tempest-VolumeQuotasAdminTestJSON-1059629956-project] Action: 'create', calling method: create, body: {"volume": {"size": 1, "name": "tempest-VolumeQuotasAdminTestJSON-Volume-788884600"}} {{(pid=99961) _process_stack /opt/stack/cinder/cinder/api/openstack/wsgi.py:864}}
Jun 29 23:09:21.031015 dv-cinder-769602-4-iscsi devstack@c-api.service[99961]: DEBUG cinder.api.v3.volumes [None req-399c9c55-58c3-4cb5-a725-b7cdf729e5a5 tempest-VolumeQuotasAdminTestJSON-1059629956 tempest-VolumeQuotasAdminTestJSON-1059629956-project] Create volume request body: {'volume': {'size': 1, 'name': 'tempest-VolumeQuotasAdminTestJSON-Volume-788884600'}} {{(pid=99961) create /opt/stack/cinder/cinder/api/v3/volumes.py:289}}
Jun 29 23:09:21.031737 dv-cinder-769602-4-iscsi devstack@c-api.service[99961]: INFO cinder.api.v3.volumes [None req-399c9c55-58c3-4cb5-a725-b7cdf729e5a5 tempest-VolumeQuotasAdminTestJSON-1059629956 tempest-VolumeQuotasAdminTestJSON-1059629956-project] Create volume of 1 GB
Jun 29 23:09:21.047008 dv-cinder-769602-4-iscsi devstack@c-api.service[99961]: INFO cinder.volume.api [None req-399c9c55-58c3-4cb5-a725-b7cdf729e5a5 tempest-VolumeQuotasAdminTestJSON-1059629956 tempest-VolumeQuotasAdminTestJSON-1059629956-project] Availability Zones retrieved successfully.
Jun 29 23:09:21.076365 dv-cinder-769602-4-iscsi devstack@c-api.service[99961]: DEBUG cinder.volume.api [None req-399c9c55-58c3-4cb5-a725-b7cdf729e5a5 tempest-VolumeQuotasAdminTestJSON-1059629956 tempest-VolumeQuotasAdminTestJSON-1059629956-project] Flow 'volume_create_api' (15280a16-c351-42b6-ab90-abd635fe6b50) transitioned into state 'RUNNING' from state 'PENDING' {{(pid=99961) _flow_receiver /usr/local/lib/python3.8/dist-packages/taskflow/listeners/logging.py:141}}
Jun 29 23:09:21.081989 dv-cinder-769602-4-iscsi devstack@c-api.service[99961]: DEBUG cinder.volume.api [None req-399c9c55-58c3-4cb5-a725-b7cdf729e5a5 tempest-VolumeQuotasAdminTestJSON-1059629956 tempest-VolumeQuotasAdminTestJSON-1059629956-project] Task 'cinder.volume.flows.api.create_volume.ExtractVolumeRequestTask;volume:create' (3b2b3d4d-648f-4900-8c28-c0a1faa64d42) transitioned into state 'RUNNING' from state 'PENDING' {{(pid=99961) _task_receiver /usr/local/lib/python3.8/dist-packages/taskflow/listeners/logging.py:190}}
Jun 29 23:09:21.086972 dv-cinder-769602-4-iscsi devstack@c-api.service[99961]: DEBUG cinder.volume.flows.api.create_volume [None req-399c9c55-58c3-4cb5-a725-b7cdf729e5a5 tempest-VolumeQuotasAdminTestJSON-1059629956 tempest-VolumeQuotasAdminTestJSON-1059629956-project] Validating volume size '1' using validate_int {{(pid=99961) _extract_size /opt/stack/cinder/cinder/volume/flows/api/create_volume.py:201}}
Jun 29 23:09:21.180687 dv-cinder-769602-4-iscsi devstack@c-api.service[99961]: DEBUG cinder.volume.api [None req-399c9c55-58c3-4cb5-a725-b7cdf729e5a5 tempest-VolumeQuotasAdminTestJSON-1059629956 tempest-VolumeQuotasAdminTestJSON-1059629956-project] Task 'cinder.volume.flows.api.create_volume.ExtractVolumeRequestTask;volume:create' (3b2b3d4d-648f-4900-8c28-c0a1faa64d42) transitioned into state 'SUCCESS' from state 'RUNNING' with result '{'size': 1, 'snapshot_id': None, 'source_volid': None, 'volume_type': VolumeType(created_at=2021-06-29T22:59:20Z,deleted=False,deleted_at=None,description='Default Volume Type',extra_specs={},id=ba8b0f2c-e40d-4eef-93f0-821f8f94dfe1,is_public=True,name='__DEFAULT__',projects=[],qos_specs=,qos_specs_id=None,updated_at=2021-06-29T22:59:20Z), 'volume_type_id': 'ba8b0f2c-e40d-4eef-93f0-821f8f94dfe1', 'encryption_key_id': None, 'qos_specs': None, 'consistencygroup_id': None, 'cgsnapshot_id': None, 'group_id': None, 'replication_status': 'disabled', 'refresh_az': False, 'backup_id': None, 'multiattach': False, 'availability_zones': ['nova']}' {{(pid=99961) _task_receiver /usr/local/lib/python3.8/dist-packages/taskflow/listeners/logging.py:178}}
Jun 29 23:09:21.183889 dv-cinder-769602-4-iscsi devstack@c-api.service[99961]: DEBUG cinder.volume.api [None req-399c9c55-58c3-4cb5-a725-b7cdf729e5a5 tempest-VolumeQuotasAdminTestJSON-1059629956 tempest-VolumeQuotasAdminTestJSON-1059629956-project] Task 'cinder.volume.flows.api.create_volume.QuotaReserveTask;volume:create' (7aaa41b6-27f0-4e12-a3a6-6438716ef104) transitioned into state 'RUNNING' from state 'PENDING' {{(pid=99961) _task_receiver /usr/local/lib/python3.8/dist-packages/taskflow/listeners/logging.py:190}}
Jun 29 23:09:21.250628 dv-cinder-769602-4-iscsi devstack@c-api.service[99962]: INFO cinder.api.openstack.wsgi [None req-eedda865-55ad-42d6-90db-5bfc88150654 tempest-GroupSnapshotsTest-2142595274 tempest-GroupSnapshotsTest-2142595274-project] GET http://10.222.0.30/volume/v3/fe9662de1a4b47ad945dac15431cc01b/groups/136b46bf-3c9a-480e-a5ec-b0198d6b0a6c
Jun 29 23:09:21.251374 dv-cinder-769602-4-iscsi devstack@c-api.service[99962]: DEBUG cinder.api.openstack.wsgi [None req-eedda865-55ad-42d6-90db-5bfc88150654 tempest-GroupSnapshotsTest-2142595274 tempest-GroupSnapshotsTest-2142595274-project] Empty body provided in request {{(pid=99962) get_body /opt/stack/cinder/cinder/api/openstack/wsgi.py:713}}
Jun 29 23:09:21.251818 dv-cinder-769602-4-iscsi devstack@c-api.service[99962]: DEBUG cinder.api.openstack.wsgi [None req-eedda865-55ad-42d6-90db-5bfc88150654 tempest-GroupSnapshotsTest-2142595274 tempest-GroupSnapshotsTest-2142595274-project] Calling method 'version_select' {{(pid=99962) _process_stack /opt/stack/cinder/cinder/api/openstack/wsgi.py:866}}
Jun 29 23:09:21.252332 dv-cinder-769602-4-iscsi devstack@c-api.service[99962]: DEBUG cinder.api.v3.groups [None req-eedda865-55ad-42d6-90db-5bfc88150654 tempest-GroupSnapshotsTest-2142595274 tempest-GroupSnapshotsTest-2142595274-project] show called for member 136b46bf-3c9a-480e-a5ec-b0198d6b0a6c {{(pid=99962) show /opt/stack/cinder/cinder/api/v3/groups.py:58}}
Jun 29 23:09:21.268608 dv-cinder-769602-4-iscsi devstack@c-api.service[99962]: /usr/local/lib/python3.8/dist-packages/oslo_context/context.py:105: DeprecationWarning: Policy enforcement is depending on the value of is_admin. This key is deprecated. Please update your policy file to use the standard policy values.
Jun 29 23:09:21.268608 dv-cinder-769602-4-iscsi devstack@c-api.service[99962]: warnings.warn('Policy enforcement is depending on the value of '
Jun 29 23:09:21.315326 dv-cinder-769602-4-iscsi devstack@c-api.service[99962]: INFO cinder.api.openstack.wsgi [None req-eedda865-55ad-42d6-90db-5bfc88150654 tempest-GroupSnapshotsTest-2142595274 tempest-GroupSnapshotsTest-2142595274-project] http://10.222.0.30/volume/v3/fe9662de1a4b47ad945dac15431cc01b/groups/136b46bf-3c9a-480e-a5ec-b0198d6b0a6c returned with HTTP 200
Jun 29 23:09:21.326541 dv-cinder-769602-4-iscsi devstack@c-api.service[99962]: [pid: 99962|app: 0|req: 128/264] 10.222.0.30 () {60 vars in 1363 bytes} [Tue Jun 29 23:09:21 2021] GET /volume/v3/fe9662de1a4b47ad945dac15431cc01b/groups/136b46bf-3c9a-480e-a5ec-b0198d6b0a6c => generated 392 bytes in 81 msecs (HTTP/1.1 200) 7 headers in 286 bytes (2 switches on core 0)
Jun 29 23:09:21.338443 dv-cinder-769602-4-iscsi devstack@c-api.service[99961]: DEBUG cinder.quota [None req-399c9c55-58c3-4cb5-a725-b7cdf729e5a5 tempest-VolumeQuotasAdminTestJSON-1059629956 tempest-VolumeQuotasAdminTestJSON-1059629956-project] Created reservations ['4bacee56-9b65-4541-a7b9-03a09af9c563', '0f2d0704-5a05-4d15-8388-ec5b097c4416', 'e410cebb-e5a2-4684-87e1-0a7dc3766495', '6c880762-cb3e-400e-9523-97f910478efb'] {{(pid=99961) reserve /opt/stack/cinder/cinder/quota.py:755}}
Jun 29 23:09:21.340355 dv-cinder-769602-4-iscsi devstack@c-api.service[99961]: DEBUG cinder.volume.api [None req-399c9c55-58c3-4cb5-a725-b7cdf729e5a5 tempest-VolumeQuotasAdminTestJSON-1059629956 tempest-VolumeQuotasAdminTestJSON-1059629956-project] Task 'cinder.volume.flows.api.create_volume.QuotaReserveTask;volume:create' (7aaa41b6-27f0-4e12-a3a6-6438716ef104) transitioned into state 'SUCCESS' from state 'RUNNING' with result '{'reservations': ['4bacee56-9b65-4541-a7b9-03a09af9c563', '0f2d0704-5a05-4d15-8388-ec5b097c4416', 'e410cebb-e5a2-4684-87e1-0a7dc3766495', '6c880762-cb3e-400e-9523-97f910478efb']}' {{(pid=99961) _task_receiver /usr/local/lib/python3.8/dist-packages/taskflow/listeners/logging.py:178}}
Jun 29 23:09:21.343211 dv-cinder-769602-4-iscsi devstack@c-api.service[99961]: DEBUG cinder.volume.api [None req-399c9c55-58c3-4cb5-a725-b7cdf729e5a5 tempest-VolumeQuotasAdminTestJSON-1059629956 tempest-VolumeQuotasAdminTestJSON-1059629956-project] Task 'cinder.volume.flows.api.create_volume.EntryCreateTask;volume:create' (d46c7bb2-0020-4fa0-b397-37c48cd35b91) transitioned into state 'RUNNING' from state 'PENDING' {{(pid=99961) _task_receiver /usr/local/lib/python3.8/dist-packages/taskflow/listeners/logging.py:190}}
Jun 29 23:09:21.347898 dv-cinder-769602-4-iscsi devstack@c-api.service[99962]: INFO cinder.api.openstack.wsgi [None req-8bfee02a-3259-4f88-821c-8dc6326011a0 tempest-GroupSnapshotsTest-2142595274 tempest-GroupSnapshotsTest-2142595274-project] POST http://10.222.0.30/volume/v3/fe9662de1a4b47ad945dac15431cc01b/volumes
Jun 29 23:09:21.347898 dv-cinder-769602-4-iscsi devstack@c-api.service[99962]: /usr/local/lib/python3.8/dist-packages/webob/acceptparse.py:1047: DeprecationWarning: The behavior of AcceptValidHeader.best_match is currently being maintained for backward compatibility, but it will be deprecated in the future, as it does not conform to the RFC.
Jun 29 23:09:21.347898 dv-cinder-769602-4-iscsi devstack@c-api.service[99962]: warnings.warn(
Jun 29 23:09:21.347898 dv-cinder-769602-4-iscsi devstack@c-api.service[99962]: DEBUG cinder.api.openstack.wsgi [None req-8bfee02a-3259-4f88-821c-8dc6326011a0 tempest-GroupSnapshotsTest-2142595274 tempest-GroupSnapshotsTest-2142595274-project] Action: 'create', calling method: create, body: {"volume": {"volume_type": "7905a367-e2bb-42f0-814f-2d8e6c573bba", "group_id": "136b46bf-3c9a-480e-a5ec-b0198d6b0a6c", "size": 1, "name": "tempest-GroupSnapshotsTest-Volume-1905581204"}} {{(pid=99962) _process_stack /opt/stack/cinder/cinder/api/openstack/wsgi.py:864}}
Jun 29 23:09:21.360203 dv-cinder-769602-4-iscsi devstack@c-api.service[99962]: DEBUG cinder.api.v3.volumes [None req-8bfee02a-3259-4f88-821c-8dc6326011a0 tempest-GroupSnapshotsTest-2142595274 tempest-GroupSnapshotsTest-2142595274-project] Create volume request body: {'volume': {'volume_type': '7905a367-e2bb-42f0-814f-2d8e6c573bba', 'group_id': '136b46bf-3c9a-480e-a5ec-b0198d6b0a6c', 'size': 1, 'name': 'tempest-GroupSnapshotsTest-Volume-1905581204'}} {{(pid=99962) create /opt/stack/cinder/cinder/api/v3/volumes.py:289}}
Jun 29 23:09:21.396245 dv-cinder-769602-4-iscsi devstack@c-api.service[99962]: /usr/local/lib/python3.8/dist-packages/oslo_context/context.py:105: DeprecationWarning: Policy enforcement is depending on the value of is_admin. This key is deprecated. Please update your policy file to use the standard policy values.
Jun 29 23:09:21.396245 dv-cinder-769602-4-iscsi devstack@c-api.service[99962]: warnings.warn('Policy enforcement is depending on the value of '
Jun 29 23:09:21.398967 dv-cinder-769602-4-iscsi devstack@c-api.service[99962]: INFO cinder.api.v3.volumes [None req-8bfee02a-3259-4f88-821c-8dc6326011a0 tempest-GroupSnapshotsTest-2142595274 tempest-GroupSnapshotsTest-2142595274-project] Create volume of 1 GB
Jun 29 23:09:21.406051 dv-cinder-769602-4-iscsi devstack@c-api.service[99961]: DEBUG cinder.volume.api [None req-399c9c55-58c3-4cb5-a725-b7cdf729e5a5 tempest-VolumeQuotasAdminTestJSON-1059629956 tempest-VolumeQuotasAdminTestJSON-1059629956-project] Task 'cinder.volume.flows.api.create_volume.EntryCreateTask;volume:create' (d46c7bb2-0020-4fa0-b397-37c48cd35b91) transitioned into state 'SUCCESS' from state 'RUNNING' with result '{'volume_id': 'e338a47b-1129-49eb-9c70-3c9ee04756b2', 'volume_properties': VolumeProperties(attach_status='detached',availability_zone='nova',cgsnapshot_id=None,consistencygroup_id=None,display_description=None,display_name='tempest-VolumeQuotasAdminTestJSON-Volume-788884600',encryption_key_id=None,group_id=None,group_type_id=,metadata={},multiattach=False,project_id='74bd84a2a53b4ac5b1682ecb3af694b5',qos_specs=None,replication_status=,reservations=['4bacee56-9b65-4541-a7b9-03a09af9c563','0f2d0704-5a05-4d15-8388-ec5b097c4416','e410cebb-e5a2-4684-87e1-0a7dc3766495','6c880762-cb3e-400e-9523-97f910478efb'],size=1,snapshot_id=None,source_replicaid=,source_volid=None,status='creating',user_id='9581f12169c34626a658069b3c00fd00',volume_type_id=ba8b0f2c-e40d-4eef-93f0-821f8f94dfe1), 'volume': Volume(_name_id=None,admin_metadata=,attach_status='detached',availability_zone='nova',bootable=False,cluster=,cluster_name=None,consistencygroup=,consistencygroup_id=None,created_at=2021-06-29T23:09:21Z,deleted=False,deleted_at=None,display_description=None,display_name='tempest-VolumeQuotasAdminTestJSON-Volume-788884600',ec2_id=None,encryption_key_id=None,glance_metadata=,group=,group_id=None,host=None,id=e338a47b-1129-49eb-9c70-3c9ee04756b2,launched_at=None,metadata={},migration_status=None,multiattach=False,previous_status=None,project_id='74bd84a2a53b4ac5b1682ecb3af694b5',provider_auth=None,provider_geometry=None,provider_id=None,provider_location=None,replication_driver_data=None,replication_extended_status=None,replication_status=None,scheduled_at=None,service_uuid=None,shared_targets=True,size=1,snapshot_id=None,snapshots=,source_volid=None,status='creating',terminated_at=None,updated_at=None,user_id='9581f12169c34626a658069b3c00fd00',volume_attachment=,volume_type=VolumeType(ba8b0f2c-e40d-4eef-93f0-821f8f94dfe1),volume_type_id=ba8b0f2c-e40d-4eef-93f0-821f8f94dfe1)}' {{(pid=99961) _task_receiver /usr/local/lib/python3.8/dist-packages/taskflow/listeners/logging.py:178}}
Jun 29 23:09:21.411916 dv-cinder-769602-4-iscsi devstack@c-api.service[99961]: DEBUG cinder.volume.api [None req-399c9c55-58c3-4cb5-a725-b7cdf729e5a5 tempest-VolumeQuotasAdminTestJSON-1059629956 tempest-VolumeQuotasAdminTestJSON-1059629956-project] Task 'cinder.volume.flows.api.create_volume.QuotaCommitTask;volume:create' (fb096d10-5d20-4074-a651-97b858424d3a) transitioned into state 'RUNNING' from state 'PENDING' {{(pid=99961) _task_receiver /usr/local/lib/python3.8/dist-packages/taskflow/listeners/logging.py:190}}
Jun 29 23:09:21.423977 dv-cinder-769602-4-iscsi devstack@c-api.service[99962]: INFO cinder.volume.api [None req-8bfee02a-3259-4f88-821c-8dc6326011a0 tempest-GroupSnapshotsTest-2142595274 tempest-GroupSnapshotsTest-2142595274-project] Availability Zones retrieved successfully.
Jun 29 23:09:21.443222 dv-cinder-769602-4-iscsi devstack@c-api.service[99961]: DEBUG cinder.volume.api [None req-399c9c55-58c3-4cb5-a725-b7cdf729e5a5 tempest-VolumeQuotasAdminTestJSON-1059629956 tempest-VolumeQuotasAdminTestJSON-1059629956-project] Task 'cinder.volume.flows.api.create_volume.QuotaCommitTask;volume:create' (fb096d10-5d20-4074-a651-97b858424d3a) transitioned into state 'SUCCESS' from state 'RUNNING' with result '{'volume_properties': VolumeProperties(attach_status='detached',availability_zone='nova',cgsnapshot_id=None,consistencygroup_id=None,display_description=None,display_name='tempest-VolumeQuotasAdminTestJSON-Volume-788884600',encryption_key_id=None,group_id=None,group_type_id=,metadata={},multiattach=False,project_id='74bd84a2a53b4ac5b1682ecb3af694b5',qos_specs=None,replication_status=,reservations=['4bacee56-9b65-4541-a7b9-03a09af9c563','0f2d0704-5a05-4d15-8388-ec5b097c4416','e410cebb-e5a2-4684-87e1-0a7dc3766495','6c880762-cb3e-400e-9523-97f910478efb'],size=1,snapshot_id=None,source_replicaid=,source_volid=None,status='creating',user_id='9581f12169c34626a658069b3c00fd00',volume_type_id=ba8b0f2c-e40d-4eef-93f0-821f8f94dfe1)}' {{(pid=99961) _task_receiver /usr/local/lib/python3.8/dist-packages/taskflow/listeners/logging.py:178}}
Jun 29 23:09:21.446034 dv-cinder-769602-4-iscsi devstack@c-api.service[99961]: DEBUG cinder.volume.api [None req-399c9c55-58c3-4cb5-a725-b7cdf729e5a5 tempest-VolumeQuotasAdminTestJSON-1059629956 tempest-VolumeQuotasAdminTestJSON-1059629956-project] Task 'cinder.volume.flows.api.create_volume.VolumeCastTask;volume:create' (8144f2df-cdd8-47ae-902a-33ff8509e256) transitioned into state 'RUNNING' from state 'PENDING' {{(pid=99961) _task_receiver /usr/local/lib/python3.8/dist-packages/taskflow/listeners/logging.py:190}}
Jun 29 23:09:21.481901 dv-cinder-769602-4-iscsi devstack@c-api.service[99962]: DEBUG cinder.volume.api [None req-8bfee02a-3259-4f88-821c-8dc6326011a0 tempest-GroupSnapshotsTest-2142595274 tempest-GroupSnapshotsTest-2142595274-project] Flow 'volume_create_api' (02eec2ae-f194-40cd-a82f-20e6bf199014) transitioned into state 'RUNNING' from state 'PENDING' {{(pid=99962) _flow_receiver /usr/local/lib/python3.8/dist-packages/taskflow/listeners/logging.py:141}}
Jun 29 23:09:21.486186 dv-cinder-769602-4-iscsi devstack@c-api.service[99962]: DEBUG cinder.volume.api [None req-8bfee02a-3259-4f88-821c-8dc6326011a0 tempest-GroupSnapshotsTest-2142595274 tempest-GroupSnapshotsTest-2142595274-project] Task 'cinder.volume.flows.api.create_volume.ExtractVolumeRequestTask;volume:create' (84ff1585-714e-4e49-98a7-288ab6bdc5bf) transitioned into state 'RUNNING' from state 'PENDING' {{(pid=99962) _task_receiver /usr/local/lib/python3.8/dist-packages/taskflow/listeners/logging.py:190}}
Jun 29 23:09:21.488352 dv-cinder-769602-4-iscsi devstack@c-api.service[99962]: /usr/local/lib/python3.8/dist-packages/oslo_context/context.py:105: DeprecationWarning: Policy enforcement is depending on the value of is_admin. This key is deprecated. Please update your policy file to use the standard policy values.
Jun 29 23:09:21.488352 dv-cinder-769602-4-iscsi devstack@c-api.service[99962]: warnings.warn('Policy enforcement is depending on the value of '
Jun 29 23:09:21.489352 dv-cinder-769602-4-iscsi devstack@c-api.service[99962]: DEBUG cinder.volume.flows.api.create_volume [None req-8bfee02a-3259-4f88-821c-8dc6326011a0 tempest-GroupSnapshotsTest-2142595274 tempest-GroupSnapshotsTest-2142595274-project] Validating volume size '1' using validate_int {{(pid=99962) _extract_size /opt/stack/cinder/cinder/volume/flows/api/create_volume.py:201}}
Jun 29 23:09:21.493979 dv-cinder-769602-4-iscsi devstack@c-api.service[99961]: DEBUG cinder.volume.api [None req-399c9c55-58c3-4cb5-a725-b7cdf729e5a5 tempest-VolumeQuotasAdminTestJSON-1059629956 tempest-VolumeQuotasAdminTestJSON-1059629956-project] Task 'cinder.volume.flows.api.create_volume.VolumeCastTask;volume:create' (8144f2df-cdd8-47ae-902a-33ff8509e256) transitioned into state 'SUCCESS' from state 'RUNNING' with result 'None' {{(pid=99961) _task_receiver /usr/local/lib/python3.8/dist-packages/taskflow/listeners/logging.py:178}}
Jun 29 23:09:21.506703 dv-cinder-769602-4-iscsi devstack@c-api.service[99961]: DEBUG cinder.volume.api [None req-399c9c55-58c3-4cb5-a725-b7cdf729e5a5 tempest-VolumeQuotasAdminTestJSON-1059629956 tempest-VolumeQuotasAdminTestJSON-1059629956-project] Flow 'volume_create_api' (15280a16-c351-42b6-ab90-abd635fe6b50) transitioned into state 'SUCCESS' from state 'RUNNING' {{(pid=99961) _flow_receiver /usr/local/lib/python3.8/dist-packages/taskflow/listeners/logging.py:141}}
Jun 29 23:09:21.510337 dv-cinder-769602-4-iscsi devstack@c-api.service[99961]: INFO cinder.volume.api [None req-399c9c55-58c3-4cb5-a725-b7cdf729e5a5 tempest-VolumeQuotasAdminTestJSON-1059629956 tempest-VolumeQuotasAdminTestJSON-1059629956-project] Create volume request issued successfully.
Jun 29 23:09:21.567861 dv-cinder-769602-4-iscsi devstack@c-api.service[99962]: DEBUG cinder.volume.api [None req-8bfee02a-3259-4f88-821c-8dc6326011a0 tempest-GroupSnapshotsTest-2142595274 tempest-GroupSnapshotsTest-2142595274-project] Task 'cinder.volume.flows.api.create_volume.ExtractVolumeRequestTask;volume:create' (84ff1585-714e-4e49-98a7-288ab6bdc5bf) transitioned into state 'SUCCESS' from state 'RUNNING' with result '{'size': 1, 'snapshot_id': None, 'source_volid': None, 'volume_type': VolumeType(created_at=2021-06-29T23:09:20Z,deleted=False,deleted_at=None,description=None,extra_specs={},id=7905a367-e2bb-42f0-814f-2d8e6c573bba,is_public=True,name='tempest-GroupSnapshotsTest-volume-type-1357313575',projects=[],qos_specs=,qos_specs_id=None,updated_at=None), 'volume_type_id': '7905a367-e2bb-42f0-814f-2d8e6c573bba', 'encryption_key_id': None, 'qos_specs': None, 'consistencygroup_id': None, 'cgsnapshot_id': None, 'group_id': '136b46bf-3c9a-480e-a5ec-b0198d6b0a6c', 'replication_status': 'disabled', 'refresh_az': False, 'backup_id': None, 'multiattach': False, 'availability_zones': ['nova']}' {{(pid=99962) _task_receiver /usr/local/lib/python3.8/dist-packages/taskflow/listeners/logging.py:178}}
Jun 29 23:09:21.571958 dv-cinder-769602-4-iscsi devstack@c-api.service[99961]: INFO cinder.api.openstack.wsgi [None req-399c9c55-58c3-4cb5-a725-b7cdf729e5a5 tempest-VolumeQuotasAdminTestJSON-1059629956 tempest-VolumeQuotasAdminTestJSON-1059629956-project] http://10.222.0.30/volume/v3/74bd84a2a53b4ac5b1682ecb3af694b5/volumes returned with HTTP 202
Jun 29 23:09:21.572799 dv-cinder-769602-4-iscsi devstack@c-api.service[99962]: DEBUG cinder.volume.api [None req-8bfee02a-3259-4f88-821c-8dc6326011a0 tempest-GroupSnapshotsTest-2142595274 tempest-GroupSnapshotsTest-2142595274-project] Task 'cinder.volume.flows.api.create_volume.QuotaReserveTask;volume:create' (abbc06c8-9f4e-4c37-aa75-98cce6fa0d71) transitioned into state 'RUNNING' from state 'PENDING' {{(pid=99962) _task_receiver /usr/local/lib/python3.8/dist-packages/taskflow/listeners/logging.py:190}}
Jun 29 23:09:21.583226 dv-cinder-769602-4-iscsi devstack@c-api.service[99961]: [pid: 99961|app: 0|req: 137/265] 10.222.0.30 () {60 vars in 1235 bytes} [Tue Jun 29 23:09:20 2021] POST /volume/v3/74bd84a2a53b4ac5b1682ecb3af694b5/volumes => generated 824 bytes in 777 msecs (HTTP/1.1 202) 7 headers in 291 bytes (1 switches on core 0)
Jun 29 23:09:21.588471 dv-cinder-769602-4-iscsi devstack@c-api.service[99961]: INFO cinder.api.openstack.wsgi [None req-ccf0fee4-8d1c-4340-ae58-482ddd44a1f3 tempest-VolumeQuotasAdminTestJSON-1059629956 tempest-VolumeQuotasAdminTestJSON-1059629956-project] GET http://10.222.0.30/volume/v3/74bd84a2a53b4ac5b1682ecb3af694b5/volumes/e338a47b-1129-49eb-9c70-3c9ee04756b2
Jun 29 23:09:21.589102 dv-cinder-769602-4-iscsi devstack@c-api.service[99961]: DEBUG cinder.api.openstack.wsgi [None req-ccf0fee4-8d1c-4340-ae58-482ddd44a1f3 tempest-VolumeQuotasAdminTestJSON-1059629956 tempest-VolumeQuotasAdminTestJSON-1059629956-project] Empty body provided in request {{(pid=99961) get_body /opt/stack/cinder/cinder/api/openstack/wsgi.py:713}}
Jun 29 23:09:21.589102 dv-cinder-769602-4-iscsi devstack@c-api.service[99961]: /usr/local/lib/python3.8/dist-packages/webob/acceptparse.py:1047: DeprecationWarning: The behavior of AcceptValidHeader.best_match is currently being maintained for backward compatibility, but it will be deprecated in the future, as it does not conform to the RFC.
Jun 29 23:09:21.589102 dv-cinder-769602-4-iscsi devstack@c-api.service[99961]: warnings.warn(
Jun 29 23:09:21.589444 dv-cinder-769602-4-iscsi devstack@c-api.service[99961]: DEBUG cinder.api.openstack.wsgi [None req-ccf0fee4-8d1c-4340-ae58-482ddd44a1f3 tempest-VolumeQuotasAdminTestJSON-1059629956 tempest-VolumeQuotasAdminTestJSON-1059629956-project] Calling method 'show' {{(pid=99961) _process_stack /opt/stack/cinder/cinder/api/openstack/wsgi.py:866}}
Jun 29 23:09:21.673561 dv-cinder-769602-4-iscsi devstack@c-api.service[99961]: /usr/local/lib/python3.8/dist-packages/oslo_context/context.py:105: DeprecationWarning: Policy enforcement is depending on the value of is_admin. This key is deprecated. Please update your policy file to use the standard policy values.
