Jun 29 23:09:29.305428 dv-cinder-769602-4-iscsi devstack@c-api.service[99962]: /usr/local/lib/python3.8/dist-packages/oslo_context/context.py:105: DeprecationWarning: Policy enforcement is depending on the value of is_admin. This key is deprecated. Please update your policy file to use the standard policy values.
Jun 29 23:09:29.305428 dv-cinder-769602-4-iscsi devstack@c-api.service[99962]: warnings.warn('Policy enforcement is depending on the value of '
Jun 29 23:09:29.308393 dv-cinder-769602-4-iscsi devstack@c-api.service[99961]: INFO cinder.volume.api [None req-ef93e263-e062-4530-94ca-ae98da41b088 tempest-VolumesListAdminTestJSON-380807234 tempest-VolumesListAdminTestJSON-380807234-project] Availability Zones retrieved successfully.
Jun 29 23:09:29.336968 dv-cinder-769602-4-iscsi devstack@c-api.service[99962]: INFO cinder.api.openstack.wsgi [None req-1f81f554-a279-4aff-9662-4db3afbaf1e8 tempest-GroupSnapshotsTest-2142595274 tempest-GroupSnapshotsTest-2142595274-project] http://10.222.0.30/volume/v3/fe9662de1a4b47ad945dac15431cc01b/volumes/cc80db1e-684e-46af-991d-b21fe10a8b09 returned with HTTP 200
Jun 29 23:09:29.337767 dv-cinder-769602-4-iscsi devstack@c-api.service[99962]: [pid: 99962|app: 0|req: 169/333] 10.222.0.30 () {60 vars in 1366 bytes} [Tue Jun 29 23:09:29 2021] GET /volume/v3/fe9662de1a4b47ad945dac15431cc01b/volumes/cc80db1e-684e-46af-991d-b21fe10a8b09 => generated 1000 bytes in 138 msecs (HTTP/1.1 200) 7 headers in 287 bytes (1 switches on core 0)
Jun 29 23:09:29.343142 dv-cinder-769602-4-iscsi devstack@c-api.service[99962]: INFO cinder.api.openstack.wsgi [req-76d8569d-1fa9-4eab-aea4-45cbd8cfca96 req-05e74779-57dc-4339-90c6-fd12be916202 tempest-DeleteServersTestJSON-637093406 tempest-DeleteServersTestJSON-637093406-project] PUT http://10.222.0.30/volume/v3/8378e93c855941b39dd893e27fa43ef1/attachments/e975c27a-8796-4c5d-a9cc-e7fcff02769a
Jun 29 23:09:29.343676 dv-cinder-769602-4-iscsi devstack@c-api.service[99962]: /usr/local/lib/python3.8/dist-packages/webob/acceptparse.py:1047: DeprecationWarning: The behavior of AcceptValidHeader.best_match is currently being maintained for backward compatibility, but it will be deprecated in the future, as it does not conform to the RFC.
Jun 29 23:09:29.343676 dv-cinder-769602-4-iscsi devstack@c-api.service[99962]: warnings.warn(
Jun 29 23:09:29.344050 dv-cinder-769602-4-iscsi devstack@c-api.service[99962]: DEBUG cinder.api.openstack.wsgi [req-76d8569d-1fa9-4eab-aea4-45cbd8cfca96 req-05e74779-57dc-4339-90c6-fd12be916202 tempest-DeleteServersTestJSON-637093406 tempest-DeleteServersTestJSON-637093406-project] Action: 'update', calling method: version_select, body: {"attachment": {"connector": {"platform": "AMD64", "os_type": "win32", "ip": "10.222.0.52", "host": "hv-cinder-76960", "multipath": false, "initiator": "iqn.1991-05.com.microsoft:hv-cinder-76960", "mountpoint": "/dev/sdb"}}} {{(pid=99962) _process_stack /opt/stack/cinder/cinder/api/openstack/wsgi.py:864}}
Jun 29 23:09:29.350297 dv-cinder-769602-4-iscsi devstack@c-api.service[99961]: DEBUG cinder.volume.api [None req-ef93e263-e062-4530-94ca-ae98da41b088 tempest-VolumesListAdminTestJSON-380807234 tempest-VolumesListAdminTestJSON-380807234-project] Flow 'volume_create_api' (0d0c9c21-698f-4249-8cdb-f7860e4bfa9a) transitioned into state 'RUNNING' from state 'PENDING' {{(pid=99961) _flow_receiver /usr/local/lib/python3.8/dist-packages/taskflow/listeners/logging.py:141}}
Jun 29 23:09:29.355400 dv-cinder-769602-4-iscsi devstack@c-api.service[99961]: DEBUG cinder.volume.api [None req-ef93e263-e062-4530-94ca-ae98da41b088 tempest-VolumesListAdminTestJSON-380807234 tempest-VolumesListAdminTestJSON-380807234-project] Task 'cinder.volume.flows.api.create_volume.ExtractVolumeRequestTask;volume:create' (de3a5ce8-d3be-4b30-a3c1-0076c64a84e6) transitioned into state 'RUNNING' from state 'PENDING' {{(pid=99961) _task_receiver /usr/local/lib/python3.8/dist-packages/taskflow/listeners/logging.py:190}}
Jun 29 23:09:29.357972 dv-cinder-769602-4-iscsi devstack@c-api.service[99961]: DEBUG cinder.volume.flows.api.create_volume [None req-ef93e263-e062-4530-94ca-ae98da41b088 tempest-VolumesListAdminTestJSON-380807234 tempest-VolumesListAdminTestJSON-380807234-project] Validating volume size '1' using validate_int {{(pid=99961) _extract_size /opt/stack/cinder/cinder/volume/flows/api/create_volume.py:201}}
Jun 29 23:09:29.408621 dv-cinder-769602-4-iscsi devstack@c-api.service[99962]: /usr/local/lib/python3.8/dist-packages/tenacity/__init__.py:333: DeprecationWarning: "retry" function must accept single "retry_state" parameter, please update tooz._retry.retry..
Jun 29 23:09:29.408621 dv-cinder-769602-4-iscsi devstack@c-api.service[99962]: return self(f, *args, **kw)
Jun 29 23:09:29.410106 dv-cinder-769602-4-iscsi devstack@c-api.service[99962]: DEBUG cinder.coordination [req-76d8569d-1fa9-4eab-aea4-45cbd8cfca96 req-05e74779-57dc-4339-90c6-fd12be916202 tempest-DeleteServersTestJSON-637093406 tempest-DeleteServersTestJSON-637093406-project] Lock "b'cinder-attachment_update-cb19c4c9-069b-49db-985f-35291162adfc-hv-cinder-76960'" acquired by "attachment_update" :: waited 0.030s {{(pid=99962) _synchronized /opt/stack/cinder/cinder/coordination.py:146}}
Jun 29 23:09:29.416480 dv-cinder-769602-4-iscsi devstack@c-api.service[99962]: /usr/local/lib/python3.8/dist-packages/oslo_context/context.py:105: DeprecationWarning: Policy enforcement is depending on the value of is_admin. This key is deprecated. Please update your policy file to use the standard policy values.
Jun 29 23:09:29.416480 dv-cinder-769602-4-iscsi devstack@c-api.service[99962]: warnings.warn('Policy enforcement is depending on the value of '
Jun 29 23:09:29.458882 dv-cinder-769602-4-iscsi devstack@c-api.service[99961]: DEBUG cinder.volume.api [None req-ef93e263-e062-4530-94ca-ae98da41b088 tempest-VolumesListAdminTestJSON-380807234 tempest-VolumesListAdminTestJSON-380807234-project] Task 'cinder.volume.flows.api.create_volume.ExtractVolumeRequestTask;volume:create' (de3a5ce8-d3be-4b30-a3c1-0076c64a84e6) transitioned into state 'SUCCESS' from state 'RUNNING' with result '{'size': 1, 'snapshot_id': None, 'source_volid': None, 'volume_type': VolumeType(created_at=2021-06-29T22:59:20Z,deleted=False,deleted_at=None,description='Default Volume Type',extra_specs={},id=ba8b0f2c-e40d-4eef-93f0-821f8f94dfe1,is_public=True,name='__DEFAULT__',projects=[],qos_specs=,qos_specs_id=None,updated_at=2021-06-29T22:59:20Z), 'volume_type_id': 'ba8b0f2c-e40d-4eef-93f0-821f8f94dfe1', 'encryption_key_id': None, 'qos_specs': None, 'consistencygroup_id': None, 'cgsnapshot_id': None, 'group_id': None, 'replication_status': 'disabled', 'refresh_az': False, 'backup_id': None, 'multiattach': False, 'availability_zones': ['nova']}' {{(pid=99961) _task_receiver /usr/local/lib/python3.8/dist-packages/taskflow/listeners/logging.py:178}}
Jun 29 23:09:29.461022 dv-cinder-769602-4-iscsi devstack@c-api.service[99961]: DEBUG cinder.volume.api [None req-ef93e263-e062-4530-94ca-ae98da41b088 tempest-VolumesListAdminTestJSON-380807234 tempest-VolumesListAdminTestJSON-380807234-project] Task 'cinder.volume.flows.api.create_volume.QuotaReserveTask;volume:create' (cd8dfbcb-a856-49c1-9f37-99db301d5f52) transitioned into state 'RUNNING' from state 'PENDING' {{(pid=99961) _task_receiver /usr/local/lib/python3.8/dist-packages/taskflow/listeners/logging.py:190}}
Jun 29 23:09:29.543914 dv-cinder-769602-4-iscsi devstack@c-api.service[99961]: DEBUG cinder.quota [None req-ef93e263-e062-4530-94ca-ae98da41b088 tempest-VolumesListAdminTestJSON-380807234 tempest-VolumesListAdminTestJSON-380807234-project] Created reservations ['4bb2780d-d042-4d4b-ba51-811a8da23332', '3417c6b2-224e-4653-a8c1-b98ff55e1a52', 'd6e97c57-72d8-4c82-8258-186cf7308490', '46772dd5-a792-488c-97df-1009bd63e519'] {{(pid=99961) reserve /opt/stack/cinder/cinder/quota.py:755}}
Jun 29 23:09:29.546615 dv-cinder-769602-4-iscsi devstack@c-api.service[99961]: DEBUG cinder.volume.api [None req-ef93e263-e062-4530-94ca-ae98da41b088 tempest-VolumesListAdminTestJSON-380807234 tempest-VolumesListAdminTestJSON-380807234-project] Task 'cinder.volume.flows.api.create_volume.QuotaReserveTask;volume:create' (cd8dfbcb-a856-49c1-9f37-99db301d5f52) transitioned into state 'SUCCESS' from state 'RUNNING' with result '{'reservations': ['4bb2780d-d042-4d4b-ba51-811a8da23332', '3417c6b2-224e-4653-a8c1-b98ff55e1a52', 'd6e97c57-72d8-4c82-8258-186cf7308490', '46772dd5-a792-488c-97df-1009bd63e519']}' {{(pid=99961) _task_receiver /usr/local/lib/python3.8/dist-packages/taskflow/listeners/logging.py:178}}
Jun 29 23:09:29.548845 dv-cinder-769602-4-iscsi devstack@c-api.service[99961]: DEBUG cinder.volume.api [None req-ef93e263-e062-4530-94ca-ae98da41b088 tempest-VolumesListAdminTestJSON-380807234 tempest-VolumesListAdminTestJSON-380807234-project] Task 'cinder.volume.flows.api.create_volume.EntryCreateTask;volume:create' (669f31a1-3513-4974-9c17-ab551a0b6cde) transitioned into state 'RUNNING' from state 'PENDING' {{(pid=99961) _task_receiver /usr/local/lib/python3.8/dist-packages/taskflow/listeners/logging.py:190}}
Jun 29 23:09:29.578677 dv-cinder-769602-4-iscsi devstack@c-api.service[99961]: DEBUG cinder.volume.api [None req-ef93e263-e062-4530-94ca-ae98da41b088 tempest-VolumesListAdminTestJSON-380807234 tempest-VolumesListAdminTestJSON-380807234-project] Task 'cinder.volume.flows.api.create_volume.EntryCreateTask;volume:create' (669f31a1-3513-4974-9c17-ab551a0b6cde) transitioned into state 'SUCCESS' from state 'RUNNING' with result '{'volume_id': 'c4f80322-ad5f-4429-a3ae-a2f43b534c0b', 'volume_properties': VolumeProperties(attach_status='detached',availability_zone='nova',cgsnapshot_id=None,consistencygroup_id=None,display_description=None,display_name='tempest-VolumesListAdminTestJSON-Volume-2130159739',encryption_key_id=None,group_id=None,group_type_id=,metadata={},multiattach=False,project_id='dad6b74d8cc642cc8093e7d8e8f3c7d8',qos_specs=None,replication_status=,reservations=['4bb2780d-d042-4d4b-ba51-811a8da23332','3417c6b2-224e-4653-a8c1-b98ff55e1a52','d6e97c57-72d8-4c82-8258-186cf7308490','46772dd5-a792-488c-97df-1009bd63e519'],size=1,snapshot_id=None,source_replicaid=,source_volid=None,status='creating',user_id='b4173fdee09642fe968f30991c569dd2',volume_type_id=ba8b0f2c-e40d-4eef-93f0-821f8f94dfe1), 'volume': Volume(_name_id=None,admin_metadata=,attach_status='detached',availability_zone='nova',bootable=False,cluster=,cluster_name=None,consistencygroup=,consistencygroup_id=None,created_at=2021-06-29T23:09:29Z,deleted=False,deleted_at=None,display_description=None,display_name='tempest-VolumesListAdminTestJSON-Volume-2130159739',ec2_id=None,encryption_key_id=None,glance_metadata=,group=,group_id=None,host=None,id=c4f80322-ad5f-4429-a3ae-a2f43b534c0b,launched_at=None,metadata={},migration_status=None,multiattach=False,previous_status=None,project_id='dad6b74d8cc642cc8093e7d8e8f3c7d8',provider_auth=None,provider_geometry=None,provider_id=None,provider_location=None,replication_driver_data=None,replication_extended_status=None,replication_status=None,scheduled_at=None,service_uuid=None,shared_targets=True,size=1,snapshot_id=None,snapshots=,source_volid=None,status='creating',terminated_at=None,updated_at=None,user_id='b4173fdee09642fe968f30991c569dd2',volume_attachment=,volume_type=VolumeType(ba8b0f2c-e40d-4eef-93f0-821f8f94dfe1),volume_type_id=ba8b0f2c-e40d-4eef-93f0-821f8f94dfe1)}' {{(pid=99961) _task_receiver /usr/local/lib/python3.8/dist-packages/taskflow/listeners/logging.py:178}}
Jun 29 23:09:29.580487 dv-cinder-769602-4-iscsi devstack@c-api.service[99961]: DEBUG cinder.volume.api [None req-ef93e263-e062-4530-94ca-ae98da41b088 tempest-VolumesListAdminTestJSON-380807234 tempest-VolumesListAdminTestJSON-380807234-project] Task 'cinder.volume.flows.api.create_volume.QuotaCommitTask;volume:create' (892dd9eb-bc6b-45f0-8272-62ad125447ad) transitioned into state 'RUNNING' from state 'PENDING' {{(pid=99961) _task_receiver /usr/local/lib/python3.8/dist-packages/taskflow/listeners/logging.py:190}}
Jun 29 23:09:29.617778 dv-cinder-769602-4-iscsi devstack@c-api.service[99961]: DEBUG cinder.volume.api [None req-ef93e263-e062-4530-94ca-ae98da41b088 tempest-VolumesListAdminTestJSON-380807234 tempest-VolumesListAdminTestJSON-380807234-project] Task 'cinder.volume.flows.api.create_volume.QuotaCommitTask;volume:create' (892dd9eb-bc6b-45f0-8272-62ad125447ad) transitioned into state 'SUCCESS' from state 'RUNNING' with result '{'volume_properties': VolumeProperties(attach_status='detached',availability_zone='nova',cgsnapshot_id=None,consistencygroup_id=None,display_description=None,display_name='tempest-VolumesListAdminTestJSON-Volume-2130159739',encryption_key_id=None,group_id=None,group_type_id=,metadata={},multiattach=False,project_id='dad6b74d8cc642cc8093e7d8e8f3c7d8',qos_specs=None,replication_status=,reservations=['4bb2780d-d042-4d4b-ba51-811a8da23332','3417c6b2-224e-4653-a8c1-b98ff55e1a52','d6e97c57-72d8-4c82-8258-186cf7308490','46772dd5-a792-488c-97df-1009bd63e519'],size=1,snapshot_id=None,source_replicaid=,source_volid=None,status='creating',user_id='b4173fdee09642fe968f30991c569dd2',volume_type_id=ba8b0f2c-e40d-4eef-93f0-821f8f94dfe1)}' {{(pid=99961) _task_receiver /usr/local/lib/python3.8/dist-packages/taskflow/listeners/logging.py:178}}
Jun 29 23:09:29.620791 dv-cinder-769602-4-iscsi devstack@c-api.service[99961]: DEBUG cinder.volume.api [None req-ef93e263-e062-4530-94ca-ae98da41b088 tempest-VolumesListAdminTestJSON-380807234 tempest-VolumesListAdminTestJSON-380807234-project] Task 'cinder.volume.flows.api.create_volume.VolumeCastTask;volume:create' (20816b4b-8d98-4bbb-980c-2e55c8d1f519) transitioned into state 'RUNNING' from state 'PENDING' {{(pid=99961) _task_receiver /usr/local/lib/python3.8/dist-packages/taskflow/listeners/logging.py:190}}
Jun 29 23:09:29.661805 dv-cinder-769602-4-iscsi devstack@c-api.service[99961]: DEBUG cinder.volume.api [None req-ef93e263-e062-4530-94ca-ae98da41b088 tempest-VolumesListAdminTestJSON-380807234 tempest-VolumesListAdminTestJSON-380807234-project] Task 'cinder.volume.flows.api.create_volume.VolumeCastTask;volume:create' (20816b4b-8d98-4bbb-980c-2e55c8d1f519) transitioned into state 'SUCCESS' from state 'RUNNING' with result 'None' {{(pid=99961) _task_receiver /usr/local/lib/python3.8/dist-packages/taskflow/listeners/logging.py:178}}
Jun 29 23:09:29.666960 dv-cinder-769602-4-iscsi devstack@c-api.service[99961]: DEBUG cinder.volume.api [None req-ef93e263-e062-4530-94ca-ae98da41b088 tempest-VolumesListAdminTestJSON-380807234 tempest-VolumesListAdminTestJSON-380807234-project] Flow 'volume_create_api' (0d0c9c21-698f-4249-8cdb-f7860e4bfa9a) transitioned into state 'SUCCESS' from state 'RUNNING' {{(pid=99961) _flow_receiver /usr/local/lib/python3.8/dist-packages/taskflow/listeners/logging.py:141}}
Jun 29 23:09:29.668283 dv-cinder-769602-4-iscsi devstack@c-api.service[99961]: INFO cinder.volume.api [None req-ef93e263-e062-4530-94ca-ae98da41b088 tempest-VolumesListAdminTestJSON-380807234 tempest-VolumesListAdminTestJSON-380807234-project] Create volume request issued successfully.
Jun 29 23:09:29.692153 dv-cinder-769602-4-iscsi devstack@c-api.service[99961]: INFO cinder.api.openstack.wsgi [None req-ef93e263-e062-4530-94ca-ae98da41b088 tempest-VolumesListAdminTestJSON-380807234 tempest-VolumesListAdminTestJSON-380807234-project] http://10.222.0.30/volume/v3/dad6b74d8cc642cc8093e7d8e8f3c7d8/volumes returned with HTTP 202
Jun 29 23:09:29.693725 dv-cinder-769602-4-iscsi devstack@c-api.service[99961]: [pid: 99961|app: 0|req: 165/334] 10.222.0.30 () {60 vars in 1235 bytes} [Tue Jun 29 23:09:29 2021] POST /volume/v3/dad6b74d8cc642cc8093e7d8e8f3c7d8/volumes => generated 824 bytes in 419 msecs (HTTP/1.1 202) 7 headers in 291 bytes (1 switches on core 0)
Jun 29 23:09:29.720240 dv-cinder-769602-4-iscsi devstack@c-api.service[99961]: INFO cinder.api.openstack.wsgi [None req-66b02be1-3d54-4e57-b01e-253f7eadde18 tempest-VolumeQuotasAdminTestJSON-576079811 tempest-VolumeQuotasAdminTestJSON-576079811-project-admin] GET http://10.222.0.30/volume/v3/a0e279c2d8cf498b87f26c41c18c6ae7/os-quota-sets/66751b3a6427400d9da13b26f566850b?usage=True
Jun 29 23:09:29.727157 dv-cinder-769602-4-iscsi devstack@c-api.service[99961]: DEBUG cinder.api.openstack.wsgi [None req-66b02be1-3d54-4e57-b01e-253f7eadde18 tempest-VolumeQuotasAdminTestJSON-576079811 tempest-VolumeQuotasAdminTestJSON-576079811-project-admin] Empty body provided in request {{(pid=99961) get_body /opt/stack/cinder/cinder/api/openstack/wsgi.py:713}}
Jun 29 23:09:29.728078 dv-cinder-769602-4-iscsi devstack@c-api.service[99961]: /usr/local/lib/python3.8/dist-packages/webob/acceptparse.py:1047: DeprecationWarning: The behavior of AcceptValidHeader.best_match is currently being maintained for backward compatibility, but it will be deprecated in the future, as it does not conform to the RFC.
Jun 29 23:09:29.728078 dv-cinder-769602-4-iscsi devstack@c-api.service[99961]: warnings.warn(
Jun 29 23:09:29.729334 dv-cinder-769602-4-iscsi devstack@c-api.service[99961]: DEBUG cinder.api.openstack.wsgi [None req-66b02be1-3d54-4e57-b01e-253f7eadde18 tempest-VolumeQuotasAdminTestJSON-576079811 tempest-VolumeQuotasAdminTestJSON-576079811-project-admin] Calling method 'show' {{(pid=99961) _process_stack /opt/stack/cinder/cinder/api/openstack/wsgi.py:866}}
Jun 29 23:09:29.732468 dv-cinder-769602-4-iscsi devstack@c-api.service[99961]: /usr/local/lib/python3.8/dist-packages/oslo_context/context.py:105: DeprecationWarning: Policy enforcement is depending on the value of is_admin. This key is deprecated. Please update your policy file to use the standard policy values.
Jun 29 23:09:29.732468 dv-cinder-769602-4-iscsi devstack@c-api.service[99961]: warnings.warn('Policy enforcement is depending on the value of '
Jun 29 23:09:29.806948 dv-cinder-769602-4-iscsi devstack@c-api.service[99962]: DEBUG cinder.coordination [req-76d8569d-1fa9-4eab-aea4-45cbd8cfca96 req-05e74779-57dc-4339-90c6-fd12be916202 tempest-DeleteServersTestJSON-637093406 tempest-DeleteServersTestJSON-637093406-project] Lock "b'cinder-attachment_update-cb19c4c9-069b-49db-985f-35291162adfc-hv-cinder-76960'" released by "attachment_update" :: held 0.398s {{(pid=99962) _synchronized /opt/stack/cinder/cinder/coordination.py:158}}
Jun 29 23:09:29.808656 dv-cinder-769602-4-iscsi devstack@c-api.service[99962]: INFO cinder.api.openstack.wsgi [req-76d8569d-1fa9-4eab-aea4-45cbd8cfca96 req-05e74779-57dc-4339-90c6-fd12be916202 tempest-DeleteServersTestJSON-637093406 tempest-DeleteServersTestJSON-637093406-project] http://10.222.0.30/volume/v3/8378e93c855941b39dd893e27fa43ef1/attachments/e975c27a-8796-4c5d-a9cc-e7fcff02769a returned with HTTP 200
Jun 29 23:09:29.810155 dv-cinder-769602-4-iscsi devstack@c-api.service[99962]: [pid: 99962|app: 0|req: 170/335] 10.222.0.52 () {64 vars in 1478 bytes} [Tue Jun 29 23:09:29 2021] PUT /volume/v3/8378e93c855941b39dd893e27fa43ef1/attachments/e975c27a-8796-4c5d-a9cc-e7fcff02769a => generated 747 bytes in 472 msecs (HTTP/1.1 200) 7 headers in 286 bytes (1 switches on core 0)
Jun 29 23:09:29.814795 dv-cinder-769602-4-iscsi devstack@c-api.service[99962]: INFO cinder.api.openstack.wsgi [None req-f26afc4d-5b1a-45eb-b22f-6fb0cee49f0e tempest-VolumesListAdminTestJSON-380807234 tempest-VolumesListAdminTestJSON-380807234-project] GET http://10.222.0.30/volume/v3/dad6b74d8cc642cc8093e7d8e8f3c7d8/volumes/c4f80322-ad5f-4429-a3ae-a2f43b534c0b
Jun 29 23:09:29.815582 dv-cinder-769602-4-iscsi devstack@c-api.service[99962]: DEBUG cinder.api.openstack.wsgi [None req-f26afc4d-5b1a-45eb-b22f-6fb0cee49f0e tempest-VolumesListAdminTestJSON-380807234 tempest-VolumesListAdminTestJSON-380807234-project] Empty body provided in request {{(pid=99962) get_body /opt/stack/cinder/cinder/api/openstack/wsgi.py:713}}
Jun 29 23:09:29.815761 dv-cinder-769602-4-iscsi devstack@c-api.service[99962]: /usr/local/lib/python3.8/dist-packages/webob/acceptparse.py:1047: DeprecationWarning: The behavior of AcceptValidHeader.best_match is currently being maintained for backward compatibility, but it will be deprecated in the future, as it does not conform to the RFC.
Jun 29 23:09:29.815761 dv-cinder-769602-4-iscsi devstack@c-api.service[99962]: warnings.warn(
Jun 29 23:09:29.816094 dv-cinder-769602-4-iscsi devstack@c-api.service[99962]: DEBUG cinder.api.openstack.wsgi [None req-f26afc4d-5b1a-45eb-b22f-6fb0cee49f0e tempest-VolumesListAdminTestJSON-380807234 tempest-VolumesListAdminTestJSON-380807234-project] Calling method 'show' {{(pid=99962) _process_stack /opt/stack/cinder/cinder/api/openstack/wsgi.py:866}}
Jun 29 23:09:29.827141 dv-cinder-769602-4-iscsi devstack@c-api.service[99961]: INFO cinder.api.openstack.wsgi [None req-66b02be1-3d54-4e57-b01e-253f7eadde18 tempest-VolumeQuotasAdminTestJSON-576079811 tempest-VolumeQuotasAdminTestJSON-576079811-project-admin] http://10.222.0.30/volume/v3/a0e279c2d8cf498b87f26c41c18c6ae7/os-quota-sets/66751b3a6427400d9da13b26f566850b?usage=True returned with HTTP 200
Jun 29 23:09:29.828245 dv-cinder-769602-4-iscsi devstack@c-api.service[99961]: [pid: 99961|app: 0|req: 166/336] 10.222.0.30 () {58 vars in 1352 bytes} [Tue Jun 29 23:09:29 2021] GET /volume/v3/a0e279c2d8cf498b87f26c41c18c6ae7/os-quota-sets/66751b3a6427400d9da13b26f566850b?usage=True => generated 1813 bytes in 134 msecs (HTTP/1.1 200) 7 headers in 286 bytes (1 switches on core 0)
Jun 29 23:09:29.841797 dv-cinder-769602-4-iscsi devstack@c-api.service[99961]: INFO cinder.api.openstack.wsgi [None req-8c8b8d4b-53b9-4353-8faa-b39eda0e49bd tempest-VolumeQuotasAdminTestJSON-576079811 tempest-VolumeQuotasAdminTestJSON-576079811-project-admin] DELETE http://10.222.0.30/volume/v3/a0e279c2d8cf498b87f26c41c18c6ae7/volumes/eae76c3a-baab-47db-8bb8-4545bee780c4
Jun 29 23:09:29.842301 dv-cinder-769602-4-iscsi devstack@c-api.service[99961]: DEBUG cinder.api.openstack.wsgi [None req-8c8b8d4b-53b9-4353-8faa-b39eda0e49bd tempest-VolumeQuotasAdminTestJSON-576079811 tempest-VolumeQuotasAdminTestJSON-576079811-project-admin] Empty body provided in request {{(pid=99961) get_body /opt/stack/cinder/cinder/api/openstack/wsgi.py:713}}
Jun 29 23:09:29.842720 dv-cinder-769602-4-iscsi devstack@c-api.service[99961]: DEBUG cinder.api.openstack.wsgi [None req-8c8b8d4b-53b9-4353-8faa-b39eda0e49bd tempest-VolumeQuotasAdminTestJSON-576079811 tempest-VolumeQuotasAdminTestJSON-576079811-project-admin] Calling method 'delete' {{(pid=99961) _process_stack /opt/stack/cinder/cinder/api/openstack/wsgi.py:866}}
Jun 29 23:09:29.843119 dv-cinder-769602-4-iscsi devstack@c-api.service[99961]: INFO cinder.api.v3.volumes [None req-8c8b8d4b-53b9-4353-8faa-b39eda0e49bd tempest-VolumeQuotasAdminTestJSON-576079811 tempest-VolumeQuotasAdminTestJSON-576079811-project-admin] Delete volume with id: eae76c3a-baab-47db-8bb8-4545bee780c4
Jun 29 23:09:29.844721 dv-cinder-769602-4-iscsi devstack@c-api.service[99962]: /usr/local/lib/python3.8/dist-packages/oslo_context/context.py:105: DeprecationWarning: Policy enforcement is depending on the value of is_admin. This key is deprecated. Please update your policy file to use the standard policy values.
Jun 29 23:09:29.844721 dv-cinder-769602-4-iscsi devstack@c-api.service[99962]: warnings.warn('Policy enforcement is depending on the value of '
Jun 29 23:09:29.859421 dv-cinder-769602-4-iscsi devstack@c-api.service[99962]: INFO cinder.volume.api [None req-f26afc4d-5b1a-45eb-b22f-6fb0cee49f0e tempest-VolumesListAdminTestJSON-380807234 tempest-VolumesListAdminTestJSON-380807234-project] Volume info retrieved successfully.
Jun 29 23:09:29.861120 dv-cinder-769602-4-iscsi devstack@c-api.service[99961]: /usr/local/lib/python3.8/dist-packages/oslo_context/context.py:105: DeprecationWarning: Policy enforcement is depending on the value of is_admin. This key is deprecated. Please update your policy file to use the standard policy values.
Jun 29 23:09:29.861120 dv-cinder-769602-4-iscsi devstack@c-api.service[99961]: warnings.warn('Policy enforcement is depending on the value of '
Jun 29 23:09:29.862014 dv-cinder-769602-4-iscsi devstack@c-api.service[99961]: INFO cinder.volume.api [None req-8c8b8d4b-53b9-4353-8faa-b39eda0e49bd tempest-VolumeQuotasAdminTestJSON-576079811 tempest-VolumeQuotasAdminTestJSON-576079811-project-admin] Volume info retrieved successfully.
Jun 29 23:09:29.887664 dv-cinder-769602-4-iscsi devstack@c-api.service[99962]: INFO cinder.api.openstack.wsgi [None req-f26afc4d-5b1a-45eb-b22f-6fb0cee49f0e tempest-VolumesListAdminTestJSON-380807234 tempest-VolumesListAdminTestJSON-380807234-project] http://10.222.0.30/volume/v3/dad6b74d8cc642cc8093e7d8e8f3c7d8/volumes/c4f80322-ad5f-4429-a3ae-a2f43b534c0b returned with HTTP 200
Jun 29 23:09:29.892377 dv-cinder-769602-4-iscsi devstack@c-api.service[99962]: [pid: 99962|app: 0|req: 171/337] 10.222.0.30 () {58 vars in 1325 bytes} [Tue Jun 29 23:09:29 2021] GET /volume/v3/dad6b74d8cc642cc8093e7d8e8f3c7d8/volumes/c4f80322-ad5f-4429-a3ae-a2f43b534c0b => generated 916 bytes in 81 msecs (HTTP/1.1 200) 7 headers in 285 bytes (1 switches on core 0)
Jun 29 23:09:29.904624 dv-cinder-769602-4-iscsi devstack@c-api.service[99961]: INFO cinder.volume.api [None req-8c8b8d4b-53b9-4353-8faa-b39eda0e49bd tempest-VolumeQuotasAdminTestJSON-576079811 tempest-VolumeQuotasAdminTestJSON-576079811-project-admin] Delete volume request issued successfully.
Jun 29 23:09:29.905100 dv-cinder-769602-4-iscsi devstack@c-api.service[99961]: INFO cinder.api.openstack.wsgi [None req-8c8b8d4b-53b9-4353-8faa-b39eda0e49bd tempest-VolumeQuotasAdminTestJSON-576079811 tempest-VolumeQuotasAdminTestJSON-576079811-project-admin] http://10.222.0.30/volume/v3/a0e279c2d8cf498b87f26c41c18c6ae7/volumes/eae76c3a-baab-47db-8bb8-4545bee780c4 returned with HTTP 202
Jun 29 23:09:29.909203 dv-cinder-769602-4-iscsi devstack@c-api.service[99961]: [pid: 99961|app: 0|req: 167/338] 10.222.0.30 () {58 vars in 1328 bytes} [Tue Jun 29 23:09:29 2021] DELETE /volume/v3/a0e279c2d8cf498b87f26c41c18c6ae7/volumes/eae76c3a-baab-47db-8bb8-4545bee780c4 => generated 0 bytes in 68 msecs (HTTP/1.1 202) 6 headers in 233 bytes (1 switches on core 0)
Jun 29 23:09:29.919950 dv-cinder-769602-4-iscsi devstack@c-api.service[99962]: INFO cinder.api.openstack.wsgi [None req-ff52660c-7708-4f44-bed2-6ecf3892ecd5 tempest-VolumeQuotasAdminTestJSON-576079811 tempest-VolumeQuotasAdminTestJSON-576079811-project-admin] GET http://10.222.0.30/volume/v3/a0e279c2d8cf498b87f26c41c18c6ae7/volumes/eae76c3a-baab-47db-8bb8-4545bee780c4
Jun 29 23:09:29.920449 dv-cinder-769602-4-iscsi devstack@c-api.service[99962]: DEBUG cinder.api.openstack.wsgi [None req-ff52660c-7708-4f44-bed2-6ecf3892ecd5 tempest-VolumeQuotasAdminTestJSON-576079811 tempest-VolumeQuotasAdminTestJSON-576079811-project-admin] Empty body provided in request {{(pid=99962) get_body /opt/stack/cinder/cinder/api/openstack/wsgi.py:713}}
Jun 29 23:09:29.922580 dv-cinder-769602-4-iscsi devstack@c-api.service[99962]: /usr/local/lib/python3.8/dist-packages/webob/acceptparse.py:1047: DeprecationWarning: The behavior of AcceptValidHeader.best_match is currently being maintained for backward compatibility, but it will be deprecated in the future, as it does not conform to the RFC.
Jun 29 23:09:29.922580 dv-cinder-769602-4-iscsi devstack@c-api.service[99962]: warnings.warn(
Jun 29 23:09:29.923355 dv-cinder-769602-4-iscsi devstack@c-api.service[99962]: DEBUG cinder.api.openstack.wsgi [None req-ff52660c-7708-4f44-bed2-6ecf3892ecd5 tempest-VolumeQuotasAdminTestJSON-576079811 tempest-VolumeQuotasAdminTestJSON-576079811-project-admin] Calling method 'show' {{(pid=99962) _process_stack /opt/stack/cinder/cinder/api/openstack/wsgi.py:866}}
Jun 29 23:09:30.006375 dv-cinder-769602-4-iscsi devstack@c-api.service[99962]: /usr/local/lib/python3.8/dist-packages/oslo_context/context.py:105: DeprecationWarning: Policy enforcement is depending on the value of is_admin. This key is deprecated. Please update your policy file to use the standard policy values.
Jun 29 23:09:30.006375 dv-cinder-769602-4-iscsi devstack@c-api.service[99962]: warnings.warn('Policy enforcement is depending on the value of '
Jun 29 23:09:30.015875 dv-cinder-769602-4-iscsi devstack@c-api.service[99962]: INFO cinder.volume.api [None req-ff52660c-7708-4f44-bed2-6ecf3892ecd5 tempest-VolumeQuotasAdminTestJSON-576079811 tempest-VolumeQuotasAdminTestJSON-576079811-project-admin] Volume info retrieved successfully.
Jun 29 23:09:30.019203 dv-cinder-769602-4-iscsi devstack@c-api.service[99961]: INFO cinder.api.openstack.wsgi [None req-6b0bd7b9-0702-4278-a3eb-0885fed454c9 tempest-DeleteServersTestJSON-637093406 tempest-DeleteServersTestJSON-637093406-project] GET http://10.222.0.30/volume/v3/8378e93c855941b39dd893e27fa43ef1/volumes/cb19c4c9-069b-49db-985f-35291162adfc
Jun 29 23:09:30.020936 dv-cinder-769602-4-iscsi devstack@c-api.service[99961]: DEBUG cinder.api.openstack.wsgi [None req-6b0bd7b9-0702-4278-a3eb-0885fed454c9 tempest-DeleteServersTestJSON-637093406 tempest-DeleteServersTestJSON-637093406-project] Empty body provided in request {{(pid=99961) get_body /opt/stack/cinder/cinder/api/openstack/wsgi.py:713}}
Jun 29 23:09:30.021260 dv-cinder-769602-4-iscsi devstack@c-api.service[99961]: /usr/local/lib/python3.8/dist-packages/webob/acceptparse.py:1047: DeprecationWarning: The behavior of AcceptValidHeader.best_match is currently being maintained for backward compatibility, but it will be deprecated in the future, as it does not conform to the RFC.
Jun 29 23:09:30.021260 dv-cinder-769602-4-iscsi devstack@c-api.service[99961]: warnings.warn(
Jun 29 23:09:30.021826 dv-cinder-769602-4-iscsi devstack@c-api.service[99961]: DEBUG cinder.api.openstack.wsgi [None req-6b0bd7b9-0702-4278-a3eb-0885fed454c9 tempest-DeleteServersTestJSON-637093406 tempest-DeleteServersTestJSON-637093406-project] Calling method 'show' {{(pid=99961) _process_stack /opt/stack/cinder/cinder/api/openstack/wsgi.py:866}}
Jun 29 23:09:30.033385 dv-cinder-769602-4-iscsi devstack@c-api.service[99962]: INFO cinder.api.openstack.wsgi [None req-ff52660c-7708-4f44-bed2-6ecf3892ecd5 tempest-VolumeQuotasAdminTestJSON-576079811 tempest-VolumeQuotasAdminTestJSON-576079811-project-admin] http://10.222.0.30/volume/v3/a0e279c2d8cf498b87f26c41c18c6ae7/volumes/eae76c3a-baab-47db-8bb8-4545bee780c4 returned with HTTP 200
Jun 29 23:09:30.034632 dv-cinder-769602-4-iscsi devstack@c-api.service[99962]: [pid: 99962|app: 0|req: 172/339] 10.222.0.30 () {58 vars in 1325 bytes} [Tue Jun 29 23:09:29 2021] GET /volume/v3/a0e279c2d8cf498b87f26c41c18c6ae7/volumes/eae76c3a-baab-47db-8bb8-4545bee780c4 => generated 1093 bytes in 124 msecs (HTTP/1.1 200) 7 headers in 286 bytes (2 switches on core 0)
Jun 29 23:09:30.043819 dv-cinder-769602-4-iscsi devstack@c-api.service[99961]: /usr/local/lib/python3.8/dist-packages/oslo_context/context.py:105: DeprecationWarning: Policy enforcement is depending on the value of is_admin. This key is deprecated. Please update your policy file to use the standard policy values.
Jun 29 23:09:30.043819 dv-cinder-769602-4-iscsi devstack@c-api.service[99961]: warnings.warn('Policy enforcement is depending on the value of '
Jun 29 23:09:30.052869 dv-cinder-769602-4-iscsi devstack@c-api.service[99961]: INFO cinder.volume.api [None req-6b0bd7b9-0702-4278-a3eb-0885fed454c9 tempest-DeleteServersTestJSON-637093406 tempest-DeleteServersTestJSON-637093406-project] Volume info retrieved successfully.
Jun 29 23:09:30.072868 dv-cinder-769602-4-iscsi devstack@c-api.service[99961]: /usr/local/lib/python3.8/dist-packages/oslo_context/context.py:105: DeprecationWarning: Policy enforcement is depending on the value of is_admin. This key is deprecated. Please update your policy file to use the standard policy values.
Jun 29 23:09:30.072868 dv-cinder-769602-4-iscsi devstack@c-api.service[99961]: warnings.warn('Policy enforcement is depending on the value of '
Jun 29 23:09:30.079931 dv-cinder-769602-4-iscsi devstack@c-api.service[99961]: INFO cinder.api.openstack.wsgi [None req-6b0bd7b9-0702-4278-a3eb-0885fed454c9 tempest-DeleteServersTestJSON-637093406 tempest-DeleteServersTestJSON-637093406-project] http://10.222.0.30/volume/v3/8378e93c855941b39dd893e27fa43ef1/volumes/cb19c4c9-069b-49db-985f-35291162adfc returned with HTTP 200
Jun 29 23:09:30.081037 dv-cinder-769602-4-iscsi devstack@c-api.service[99961]: [pid: 99961|app: 0|req: 168/340] 10.222.0.30 () {58 vars in 1325 bytes} [Tue Jun 29 23:09:30 2021] GET /volume/v3/8378e93c855941b39dd893e27fa43ef1/volumes/cb19c4c9-069b-49db-985f-35291162adfc => generated 914 bytes in 66 msecs (HTTP/1.1 200) 7 headers in 285 bytes (1 switches on core 0)
Jun 29 23:09:30.355441 dv-cinder-769602-4-iscsi devstack@c-api.service[99962]: INFO cinder.api.openstack.wsgi [None req-4dad86bc-5f24-407c-b073-8f798ffb7606 tempest-GroupSnapshotsTest-2142595274 tempest-GroupSnapshotsTest-2142595274-project] GET http://10.222.0.30/volume/v3/fe9662de1a4b47ad945dac15431cc01b/volumes/cc80db1e-684e-46af-991d-b21fe10a8b09
Jun 29 23:09:30.356192 dv-cinder-769602-4-iscsi devstack@c-api.service[99962]: DEBUG cinder.api.openstack.wsgi [None req-4dad86bc-5f24-407c-b073-8f798ffb7606 tempest-GroupSnapshotsTest-2142595274 tempest-GroupSnapshotsTest-2142595274-project] Empty body provided in request {{(pid=99962) get_body /opt/stack/cinder/cinder/api/openstack/wsgi.py:713}}
Jun 29 23:09:30.356939 dv-cinder-769602-4-iscsi devstack@c-api.service[99962]: /usr/local/lib/python3.8/dist-packages/webob/acceptparse.py:1047: DeprecationWarning: The behavior of AcceptValidHeader.best_match is currently being maintained for backward compatibility, but it will be deprecated in the future, as it does not conform to the RFC.
Jun 29 23:09:30.356939 dv-cinder-769602-4-iscsi devstack@c-api.service[99962]: warnings.warn(
Jun 29 23:09:30.357282 dv-cinder-769602-4-iscsi devstack@c-api.service[99962]: DEBUG cinder.api.openstack.wsgi [None req-4dad86bc-5f24-407c-b073-8f798ffb7606 tempest-GroupSnapshotsTest-2142595274 tempest-GroupSnapshotsTest-2142595274-project] Calling method 'show' {{(pid=99962) _process_stack /opt/stack/cinder/cinder/api/openstack/wsgi.py:866}}
Jun 29 23:09:30.375197 dv-cinder-769602-4-iscsi devstack@c-api.service[99962]: INFO cinder.api.openstack.wsgi [None req-4dad86bc-5f24-407c-b073-8f798ffb7606 tempest-GroupSnapshotsTest-2142595274 tempest-GroupSnapshotsTest-2142595274-project] http://10.222.0.30/volume/v3/fe9662de1a4b47ad945dac15431cc01b/volumes/cc80db1e-684e-46af-991d-b21fe10a8b09 returned with HTTP 404
Jun 29 23:09:30.377025 dv-cinder-769602-4-iscsi devstack@c-api.service[99962]: [pid: 99962|app: 0|req: 173/341] 10.222.0.30 () {60 vars in 1366 bytes} [Tue Jun 29 23:09:30 2021] GET /volume/v3/fe9662de1a4b47ad945dac15431cc01b/volumes/cc80db1e-684e-46af-991d-b21fe10a8b09 => generated 109 bytes in 27 msecs (HTTP/1.1 404) 7 headers in 293 bytes (1 switches on core 0)
Jun 29 23:09:30.384322 dv-cinder-769602-4-iscsi devstack@c-api.service[99961]: INFO cinder.api.openstack.wsgi [None req-321d10cf-d204-4166-8e26-b109fde1fd37 tempest-GroupSnapshotsTest-2142595274 tempest-GroupSnapshotsTest-2142595274-project] GET http://10.222.0.30/volume/v3/fe9662de1a4b47ad945dac15431cc01b/groups/136b46bf-3c9a-480e-a5ec-b0198d6b0a6c
Jun 29 23:09:30.385085 dv-cinder-769602-4-iscsi devstack@c-api.service[99961]: DEBUG cinder.api.openstack.wsgi [None req-321d10cf-d204-4166-8e26-b109fde1fd37 tempest-GroupSnapshotsTest-2142595274 tempest-GroupSnapshotsTest-2142595274-project] Empty body provided in request {{(pid=99961) get_body /opt/stack/cinder/cinder/api/openstack/wsgi.py:713}}
Jun 29 23:09:30.385486 dv-cinder-769602-4-iscsi devstack@c-api.service[99961]: /usr/local/lib/python3.8/dist-packages/webob/acceptparse.py:1047: DeprecationWarning: The behavior of AcceptValidHeader.best_match is currently being maintained for backward compatibility, but it will be deprecated in the future, as it does not conform to the RFC.
Jun 29 23:09:30.385486 dv-cinder-769602-4-iscsi devstack@c-api.service[99961]: warnings.warn(
Jun 29 23:09:30.385874 dv-cinder-769602-4-iscsi devstack@c-api.service[99961]: DEBUG cinder.api.openstack.wsgi [None req-321d10cf-d204-4166-8e26-b109fde1fd37 tempest-GroupSnapshotsTest-2142595274 tempest-GroupSnapshotsTest-2142595274-project] Calling method 'version_select' {{(pid=99961) _process_stack /opt/stack/cinder/cinder/api/openstack/wsgi.py:866}}
Jun 29 23:09:30.386433 dv-cinder-769602-4-iscsi devstack@c-api.service[99961]: DEBUG cinder.api.v3.groups [None req-321d10cf-d204-4166-8e26-b109fde1fd37 tempest-GroupSnapshotsTest-2142595274 tempest-GroupSnapshotsTest-2142595274-project] show called for member 136b46bf-3c9a-480e-a5ec-b0198d6b0a6c {{(pid=99961) show /opt/stack/cinder/cinder/api/v3/groups.py:58}}
Jun 29 23:09:30.391734 dv-cinder-769602-4-iscsi devstack@c-api.service[99961]: INFO cinder.api.openstack.wsgi [None req-321d10cf-d204-4166-8e26-b109fde1fd37 tempest-GroupSnapshotsTest-2142595274 tempest-GroupSnapshotsTest-2142595274-project] http://10.222.0.30/volume/v3/fe9662de1a4b47ad945dac15431cc01b/groups/136b46bf-3c9a-480e-a5ec-b0198d6b0a6c returned with HTTP 404
Jun 29 23:09:30.396343 dv-cinder-769602-4-iscsi devstack@c-api.service[99961]: [pid: 99961|app: 0|req: 169/342] 10.222.0.30 () {60 vars in 1363 bytes} [Tue Jun 29 23:09:30 2021] GET /volume/v3/fe9662de1a4b47ad945dac15431cc01b/groups/136b46bf-3c9a-480e-a5ec-b0198d6b0a6c => generated 108 bytes in 16 msecs (HTTP/1.1 404) 7 headers in 293 bytes (1 switches on core 0)
Jun 29 23:09:30.409291 dv-cinder-769602-4-iscsi devstack@c-api.service[99962]: INFO cinder.api.openstack.wsgi [None req-9405b295-55ea-4d7f-8126-515c3ccac881 tempest-GroupSnapshotsTest-2066305358 tempest-GroupSnapshotsTest-2066305358-project-admin] DELETE http://10.222.0.30/volume/v3/936e5e85364c4025aac8204f29c40205/group_types/73e3f7f3-c23a-455f-ba50-886a596488ed
Jun 29 23:09:30.409796 dv-cinder-769602-4-iscsi devstack@c-api.service[99962]: DEBUG cinder.api.openstack.wsgi [None req-9405b295-55ea-4d7f-8126-515c3ccac881 tempest-GroupSnapshotsTest-2066305358 tempest-GroupSnapshotsTest-2066305358-project-admin] Empty body provided in request {{(pid=99962) get_body /opt/stack/cinder/cinder/api/openstack/wsgi.py:713}}
Jun 29 23:09:30.410215 dv-cinder-769602-4-iscsi devstack@c-api.service[99962]: DEBUG cinder.api.openstack.wsgi [None req-9405b295-55ea-4d7f-8126-515c3ccac881 tempest-GroupSnapshotsTest-2066305358 tempest-GroupSnapshotsTest-2066305358-project-admin] Calling method 'version_select' {{(pid=99962) _process_stack /opt/stack/cinder/cinder/api/openstack/wsgi.py:866}}
Jun 29 23:09:30.430587 dv-cinder-769602-4-iscsi devstack@c-api.service[99962]: INFO cinder.api.openstack.wsgi [None req-9405b295-55ea-4d7f-8126-515c3ccac881 tempest-GroupSnapshotsTest-2066305358 tempest-GroupSnapshotsTest-2066305358-project-admin] http://10.222.0.30/volume/v3/936e5e85364c4025aac8204f29c40205/group_types/73e3f7f3-c23a-455f-ba50-886a596488ed returned with HTTP 202
Jun 29 23:09:30.431391 dv-cinder-769602-4-iscsi devstack@c-api.service[99962]: [pid: 99962|app: 0|req: 174/343] 10.222.0.30 () {60 vars in 1381 bytes} [Tue Jun 29 23:09:30 2021] DELETE /volume/v3/936e5e85364c4025aac8204f29c40205/group_types/73e3f7f3-c23a-455f-ba50-886a596488ed => generated 0 bytes in 35 msecs (HTTP/1.1 202) 6 headers in 234 bytes (2 switches on core 0)
Jun 29 23:09:30.440173 dv-cinder-769602-4-iscsi devstack@c-api.service[99961]: INFO cinder.api.openstack.wsgi [None req-6e4f8019-244c-429f-86e2-5b087d3cdda4 tempest-GroupSnapshotsTest-2142595274 tempest-GroupSnapshotsTest-2142595274-project] DELETE http://10.222.0.30/volume/v3/fe9662de1a4b47ad945dac15431cc01b/volumes/cc80db1e-684e-46af-991d-b21fe10a8b09
Jun 29 23:09:30.440748 dv-cinder-769602-4-iscsi devstack@c-api.service[99961]: DEBUG cinder.api.openstack.wsgi [None req-6e4f8019-244c-429f-86e2-5b087d3cdda4 tempest-GroupSnapshotsTest-2142595274 tempest-GroupSnapshotsTest-2142595274-project] Empty body provided in request {{(pid=99961) get_body /opt/stack/cinder/cinder/api/openstack/wsgi.py:713}}
Jun 29 23:09:30.441216 dv-cinder-769602-4-iscsi devstack@c-api.service[99961]: DEBUG cinder.api.openstack.wsgi [None req-6e4f8019-244c-429f-86e2-5b087d3cdda4 tempest-GroupSnapshotsTest-2142595274 tempest-GroupSnapshotsTest-2142595274-project] Calling method 'delete' {{(pid=99961) _process_stack /opt/stack/cinder/cinder/api/openstack/wsgi.py:866}}
Jun 29 23:09:30.441786 dv-cinder-769602-4-iscsi devstack@c-api.service[99961]: INFO cinder.api.v3.volumes [None req-6e4f8019-244c-429f-86e2-5b087d3cdda4 tempest-GroupSnapshotsTest-2142595274 tempest-GroupSnapshotsTest-2142595274-project] Delete volume with id: cc80db1e-684e-46af-991d-b21fe10a8b09
Jun 29 23:09:30.452792 dv-cinder-769602-4-iscsi devstack@c-api.service[99961]: INFO cinder.api.openstack.wsgi [None req-6e4f8019-244c-429f-86e2-5b087d3cdda4 tempest-GroupSnapshotsTest-2142595274 tempest-GroupSnapshotsTest-2142595274-project] http://10.222.0.30/volume/v3/fe9662de1a4b47ad945dac15431cc01b/volumes/cc80db1e-684e-46af-991d-b21fe10a8b09 returned with HTTP 404
Jun 29 23:09:30.453710 dv-cinder-769602-4-iscsi devstack@c-api.service[99961]: [pid: 99961|app: 0|req: 170/344] 10.222.0.30 () {58 vars in 1328 bytes} [Tue Jun 29 23:09:30 2021] DELETE /volume/v3/fe9662de1a4b47ad945dac15431cc01b/volumes/cc80db1e-684e-46af-991d-b21fe10a8b09 => generated 109 bytes in 18 msecs (HTTP/1.1 404) 7 headers in 292 bytes (1 switches on core 0)
Jun 29 23:09:30.463508 dv-cinder-769602-4-iscsi devstack@c-api.service[99962]: INFO cinder.api.openstack.wsgi [None req-dd36d567-66e1-4df6-81f2-f9884601405b tempest-GroupSnapshotsTest-2066305358 tempest-GroupSnapshotsTest-2066305358-project-admin] DELETE http://10.222.0.30/volume/v3/936e5e85364c4025aac8204f29c40205/types/7905a367-e2bb-42f0-814f-2d8e6c573bba
Jun 29 23:09:30.463970 dv-cinder-769602-4-iscsi devstack@c-api.service[99962]: DEBUG cinder.api.openstack.wsgi [None req-dd36d567-66e1-4df6-81f2-f9884601405b tempest-GroupSnapshotsTest-2066305358 tempest-GroupSnapshotsTest-2066305358-project-admin] Empty body provided in request {{(pid=99962) get_body /opt/stack/cinder/cinder/api/openstack/wsgi.py:713}}
Jun 29 23:09:30.464492 dv-cinder-769602-4-iscsi devstack@c-api.service[99962]: DEBUG cinder.api.openstack.wsgi [None req-dd36d567-66e1-4df6-81f2-f9884601405b tempest-GroupSnapshotsTest-2066305358 tempest-GroupSnapshotsTest-2066305358-project-admin] Calling method '_delete' {{(pid=99962) _process_stack /opt/stack/cinder/cinder/api/openstack/wsgi.py:866}}
Jun 29 23:09:30.530055 dv-cinder-769602-4-iscsi devstack@c-api.service[99962]: INFO cinder.api.openstack.wsgi [None req-dd36d567-66e1-4df6-81f2-f9884601405b tempest-GroupSnapshotsTest-2066305358 tempest-GroupSnapshotsTest-2066305358-project-admin] http://10.222.0.30/volume/v3/936e5e85364c4025aac8204f29c40205/types/7905a367-e2bb-42f0-814f-2d8e6c573bba returned with HTTP 202
Jun 29 23:09:30.542758 dv-cinder-769602-4-iscsi devstack@c-api.service[99961]: INFO cinder.api.openstack.wsgi [None req-8070e7a4-091f-4c3b-93fe-31850ece0c95 tempest-GroupSnapshotsTest-2066305358 tempest-GroupSnapshotsTest-2066305358-project-admin] GET http://10.222.0.30/volume/v3/936e5e85364c4025aac8204f29c40205/types/7905a367-e2bb-42f0-814f-2d8e6c573bba
Jun 29 23:09:30.543742 dv-cinder-769602-4-iscsi devstack@c-api.service[99961]: DEBUG cinder.api.openstack.wsgi [None req-8070e7a4-091f-4c3b-93fe-31850ece0c95 tempest-GroupSnapshotsTest-2066305358 tempest-GroupSnapshotsTest-2066305358-project-admin] Empty body provided in request {{(pid=99961) get_body /opt/stack/cinder/cinder/api/openstack/wsgi.py:713}}
Jun 29 23:09:30.544436 dv-cinder-769602-4-iscsi devstack@c-api.service[99961]: DEBUG cinder.api.openstack.wsgi [None req-8070e7a4-091f-4c3b-93fe-31850ece0c95 tempest-GroupSnapshotsTest-2066305358 tempest-GroupSnapshotsTest-2066305358-project-admin] Calling method 'show' {{(pid=99961) _process_stack /opt/stack/cinder/cinder/api/openstack/wsgi.py:866}}
Jun 29 23:09:30.546218 dv-cinder-769602-4-iscsi devstack@c-api.service[99962]: [pid: 99962|app: 0|req: 175/345] 10.222.0.30 () {58 vars in 1322 bytes} [Tue Jun 29 23:09:30 2021] DELETE /volume/v3/936e5e85364c4025aac8204f29c40205/types/7905a367-e2bb-42f0-814f-2d8e6c573bba => generated 0 bytes in 89 msecs (HTTP/1.1 202) 6 headers in 233 bytes (1 switches on core 0)
Jun 29 23:09:30.550198 dv-cinder-769602-4-iscsi devstack@c-api.service[99961]: INFO cinder.api.openstack.wsgi [None req-8070e7a4-091f-4c3b-93fe-31850ece0c95 tempest-GroupSnapshotsTest-2066305358 tempest-GroupSnapshotsTest-2066305358-project-admin] http://10.222.0.30/volume/v3/936e5e85364c4025aac8204f29c40205/types/7905a367-e2bb-42f0-814f-2d8e6c573bba returned with HTTP 404
Jun 29 23:09:30.558746 dv-cinder-769602-4-iscsi devstack@c-api.service[99961]: [pid: 99961|app: 0|req: 171/346] 10.222.0.30 () {58 vars in 1319 bytes} [Tue Jun 29 23:09:30 2021] GET /volume/v3/936e5e85364c4025aac8204f29c40205/types/7905a367-e2bb-42f0-814f-2d8e6c573bba => generated 114 bytes in 21 msecs (HTTP/1.1 404) 7 headers in 292 bytes (1 switches on core 0)
Jun 29 23:09:30.559072 dv-cinder-769602-4-iscsi devstack@c-api.service[99962]: INFO cinder.api.openstack.wsgi [None req-8be566e0-ec65-4e5b-9c0b-b4d13812a7e5 tempest-GroupSnapshotsTest-2142595274 tempest-GroupSnapshotsTest-2142595274-project] DELETE http://10.222.0.30/volume/v3/fe9662de1a4b47ad945dac15431cc01b/volumes/24f87e91-473f-4b5d-86ec-fd8533fe3251
Jun 29 23:09:30.560120 dv-cinder-769602-4-iscsi devstack@c-api.service[99962]: DEBUG cinder.api.openstack.wsgi [None req-8be566e0-ec65-4e5b-9c0b-b4d13812a7e5 tempest-GroupSnapshotsTest-2142595274 tempest-GroupSnapshotsTest-2142595274-project] Empty body provided in request {{(pid=99962) get_body /opt/stack/cinder/cinder/api/openstack/wsgi.py:713}}
Jun 29 23:09:30.560559 dv-cinder-769602-4-iscsi devstack@c-api.service[99962]: DEBUG cinder.api.openstack.wsgi [None req-8be566e0-ec65-4e5b-9c0b-b4d13812a7e5 tempest-GroupSnapshotsTest-2142595274 tempest-GroupSnapshotsTest-2142595274-project] Calling method 'delete' {{(pid=99962) _process_stack /opt/stack/cinder/cinder/api/openstack/wsgi.py:866}}
Jun 29 23:09:30.561012 dv-cinder-769602-4-iscsi devstack@c-api.service[99962]: INFO cinder.api.v3.volumes [None req-8be566e0-ec65-4e5b-9c0b-b4d13812a7e5 tempest-GroupSnapshotsTest-2142595274 tempest-GroupSnapshotsTest-2142595274-project] Delete volume with id: 24f87e91-473f-4b5d-86ec-fd8533fe3251
Jun 29 23:09:30.573215 dv-cinder-769602-4-iscsi devstack@c-api.service[99962]: INFO cinder.api.openstack.wsgi [None req-8be566e0-ec65-4e5b-9c0b-b4d13812a7e5 tempest-GroupSnapshotsTest-2142595274 tempest-GroupSnapshotsTest-2142595274-project] http://10.222.0.30/volume/v3/fe9662de1a4b47ad945dac15431cc01b/volumes/24f87e91-473f-4b5d-86ec-fd8533fe3251 returned with HTTP 404
Jun 29 23:09:30.574359 dv-cinder-769602-4-iscsi devstack@c-api.service[99962]: [pid: 99962|app: 0|req: 176/347] 10.222.0.30 () {58 vars in 1328 bytes} [Tue Jun 29 23:09:30 2021] DELETE /volume/v3/fe9662de1a4b47ad945dac15431cc01b/volumes/24f87e91-473f-4b5d-86ec-fd8533fe3251 => generated 109 bytes in 19 msecs (HTTP/1.1 404) 7 headers in 292 bytes (1 switches on core 0)
Jun 29 23:09:30.581263 dv-cinder-769602-4-iscsi devstack@c-api.service[99961]: INFO cinder.api.openstack.wsgi [None req-eb5cd192-69dc-4147-bcc9-0c0adfc04bc6 tempest-GroupSnapshotsTest-2142595274 tempest-GroupSnapshotsTest-2142595274-project] DELETE http://10.222.0.30/volume/v3/fe9662de1a4b47ad945dac15431cc01b/volumes/92a9278f-15f5-4abe-bd0b-dd145243803a
Jun 29 23:09:30.581720 dv-cinder-769602-4-iscsi devstack@c-api.service[99961]: DEBUG cinder.api.openstack.wsgi [None req-eb5cd192-69dc-4147-bcc9-0c0adfc04bc6 tempest-GroupSnapshotsTest-2142595274 tempest-GroupSnapshotsTest-2142595274-project] Empty body provided in request {{(pid=99961) get_body /opt/stack/cinder/cinder/api/openstack/wsgi.py:713}}
Jun 29 23:09:30.582197 dv-cinder-769602-4-iscsi devstack@c-api.service[99961]: DEBUG cinder.api.openstack.wsgi [None req-eb5cd192-69dc-4147-bcc9-0c0adfc04bc6 tempest-GroupSnapshotsTest-2142595274 tempest-GroupSnapshotsTest-2142595274-project] Calling method 'delete' {{(pid=99961) _process_stack /opt/stack/cinder/cinder/api/openstack/wsgi.py:866}}
Jun 29 23:09:30.582600 dv-cinder-769602-4-iscsi devstack@c-api.service[99961]: INFO cinder.api.v3.volumes [None req-eb5cd192-69dc-4147-bcc9-0c0adfc04bc6 tempest-GroupSnapshotsTest-2142595274 tempest-GroupSnapshotsTest-2142595274-project] Delete volume with id: 92a9278f-15f5-4abe-bd0b-dd145243803a
Jun 29 23:09:30.594914 dv-cinder-769602-4-iscsi devstack@c-api.service[99961]: INFO cinder.api.openstack.wsgi [None req-eb5cd192-69dc-4147-bcc9-0c0adfc04bc6 tempest-GroupSnapshotsTest-2142595274 tempest-GroupSnapshotsTest-2142595274-project] http://10.222.0.30/volume/v3/fe9662de1a4b47ad945dac15431cc01b/volumes/92a9278f-15f5-4abe-bd0b-dd145243803a returned with HTTP 404
Jun 29 23:09:30.606728 dv-cinder-769602-4-iscsi devstack@c-api.service[99962]: INFO cinder.api.openstack.wsgi [None req-b8409ab9-2063-4083-b7c2-5ffd6c6451f3 tempest-GroupSnapshotsTest-2066305358 tempest-GroupSnapshotsTest-2066305358-project-admin] DELETE http://10.222.0.30/volume/v3/936e5e85364c4025aac8204f29c40205/types/f085a371-fa7d-4956-94de-87e76671867c
Jun 29 23:09:30.607163 dv-cinder-769602-4-iscsi devstack@c-api.service[99962]: DEBUG cinder.api.openstack.wsgi [None req-b8409ab9-2063-4083-b7c2-5ffd6c6451f3 tempest-GroupSnapshotsTest-2066305358 tempest-GroupSnapshotsTest-2066305358-project-admin] Empty body provided in request {{(pid=99962) get_body /opt/stack/cinder/cinder/api/openstack/wsgi.py:713}}
Jun 29 23:09:30.607614 dv-cinder-769602-4-iscsi devstack@c-api.service[99962]: DEBUG cinder.api.openstack.wsgi [None req-b8409ab9-2063-4083-b7c2-5ffd6c6451f3 tempest-GroupSnapshotsTest-2066305358 tempest-GroupSnapshotsTest-2066305358-project-admin] Calling method '_delete' {{(pid=99962) _process_stack /opt/stack/cinder/cinder/api/openstack/wsgi.py:866}}
