Jun 22 18:38:26.167874 dv-cinder-769602-3-smb neutron-server[94079]: DEBUG neutron_lib.callbacks.manager [req-521c84c1-78d8-4f6a-aaa2-a1b79e371480 req-35c805e0-dfea-4c3e-b781-81edbf799be7 tempest-DeleteServersTestJSON-264482082 tempest-DeleteServersTestJSON-264482082-project] Notify callbacks ['neutron.plugins.ml2.plugin.SecurityGroupServerNotifierRpcMixin.notify_sg_on_port_change-566660', 'neutron.plugins.ml2.ovo_rpc._ObjectChangeHandler.handle_event-11160', 'neutron.api.rpc.agentnotifiers.dhcp_rpc_agent_api.DhcpAgentNotifyAPI._native_event_send_dhcp_notification-1740293', 'neutron.db.l3_db.L3RpcNotifierMixin._notify_routers_callback-8762359470565', 'neutron.db.l3_dvrscheduler_db._notify_port_delete-8762358880377'] for port, after_delete {{(pid=94079) _notify_loop /usr/local/lib/python3.8/dist-packages/neutron_lib/callbacks/manager.py:192}}
Jun 22 18:38:26.173781 dv-cinder-769602-3-smb neutron-server[94080]: DEBUG neutron_lib.callbacks.manager [None req-d40f0921-696d-4ab0-91cc-6e4d3bdfbe99 admin admin] Notify callbacks ['neutron.plugins.ml2.ovo_rpc._ObjectChangeHandler.handle_event-352268'] for security_group, after_create {{(pid=94080) _notify_loop /usr/local/lib/python3.8/dist-packages/neutron_lib/callbacks/manager.py:192}}
Jun 22 18:38:26.177971 dv-cinder-769602-3-smb neutron-server[94079]: DEBUG oslo_concurrency.lockutils [-] Lock "event-dispatch" acquired by "neutron.plugins.ml2.ovo_rpc._ObjectChangeHandler.dispatch_events" :: waited 0.000s {{(pid=94079) inner /usr/local/lib/python3.8/dist-packages/oslo_concurrency/lockutils.py:355}}
Jun 22 18:38:26.185433 dv-cinder-769602-3-smb neutron-server[94080]: DEBUG oslo_concurrency.lockutils [None req-bd74708c-95a6-43ba-84f4-505f584b6ab1 admin admin] Lock "event-dispatch" acquired by "neutron.plugins.ml2.ovo_rpc._ObjectChangeHandler.dispatch_events" :: waited 0.000s {{(pid=94080) inner /usr/local/lib/python3.8/dist-packages/oslo_concurrency/lockutils.py:355}}
Jun 22 18:38:26.188209 dv-cinder-769602-3-smb neutron-server[94079]: DEBUG neutron_lib.callbacks.manager [None req-0a304994-18d7-4bdb-ba59-3a655f0de022 admin admin] Notify callbacks [] for security_group, before_delete {{(pid=94079) _notify_loop /usr/local/lib/python3.8/dist-packages/neutron_lib/callbacks/manager.py:192}}
Jun 22 18:38:26.216485 dv-cinder-769602-3-smb neutron-server[94079]: DEBUG neutron.api.rpc.handlers.resources_rpc [None req-35c805e0-dfea-4c3e-b781-81edbf799be7 tempest-DeleteServersTestJSON-264482082 tempest-DeleteServersTestJSON-264482082-project] Pushing event deleted for resources: {'Port': ['ID=a386438d-bf2e-412d-a244-1328ac5b9290,revision_number=None']} {{(pid=94079) push /opt/stack/neutron/neutron/api/rpc/handlers/resources_rpc.py:237}}
Jun 22 18:38:26.231587 dv-cinder-769602-3-smb neutron-server[94080]: DEBUG neutron.notifiers.nova [req-afcf516f-7981-46cb-9731-7349ba61d89f req-e6c1ba14-397e-4560-851d-8b6ddc16490a service neutron] Ignoring state change previous_port_status: DOWN current_port_status: DOWN port_id 9aed7151-84f4-4a1f-93c3-da194e81545a {{(pid=94080) record_port_status_changed /opt/stack/neutron/neutron/notifiers/nova.py:224}}
Jun 22 18:38:26.233183 dv-cinder-769602-3-smb neutron-server[94079]: DEBUG oslo_concurrency.lockutils [None req-35c805e0-dfea-4c3e-b781-81edbf799be7 tempest-DeleteServersTestJSON-264482082 tempest-DeleteServersTestJSON-264482082-project] Lock "event-dispatch" released by "neutron.plugins.ml2.ovo_rpc._ObjectChangeHandler.dispatch_events" :: held 0.054s {{(pid=94079) inner /usr/local/lib/python3.8/dist-packages/oslo_concurrency/lockutils.py:367}}
Jun 22 18:38:26.240906 dv-cinder-769602-3-smb neutron-server[94080]: DEBUG neutron_lib.callbacks.manager [req-afcf516f-7981-46cb-9731-7349ba61d89f req-e6c1ba14-397e-4560-851d-8b6ddc16490a service neutron] Notify callbacks [] for port, precommit_update {{(pid=94080) _notify_loop /usr/local/lib/python3.8/dist-packages/neutron_lib/callbacks/manager.py:192}}
Jun 22 18:38:26.262234 dv-cinder-769602-3-smb neutron-server[94080]: DEBUG neutron.db.provisioning_blocks [req-afcf516f-7981-46cb-9731-7349ba61d89f req-e6c1ba14-397e-4560-851d-8b6ddc16490a service neutron] Transition to ACTIVE for port object 9aed7151-84f4-4a1f-93c3-da194e81545a will not be triggered until provisioned by entity L2. {{(pid=94080) add_provisioning_component /opt/stack/neutron/neutron/db/provisioning_blocks.py:73}}
Jun 22 18:38:26.280401 dv-cinder-769602-3-smb neutron-server[94080]: DEBUG neutron_lib.callbacks.manager [req-afcf516f-7981-46cb-9731-7349ba61d89f req-e6c1ba14-397e-4560-851d-8b6ddc16490a service neutron] Notify callbacks ['neutron.plugins.ml2.plugin.SecurityGroupServerNotifierRpcMixin.notify_sg_on_port_change-566660', 'neutron.plugins.ml2.ovo_rpc._ObjectChangeHandler.handle_event-11160', 'neutron.api.rpc.agentnotifiers.dhcp_rpc_agent_api.DhcpAgentNotifyAPI._native_event_send_dhcp_notification-1740293', 'neutron.db.l3_db.L3RpcNotifierMixin._notify_gateway_port_ip_changed-8762359470538', 'neutron.db.l3_dvrscheduler_db._notify_l3_agent_port_update-8762358880386', 'neutron.db.l3_hascheduler_db._notify_l3_agent_ha_port_update-8762358880431', 'neutron.services.segments.plugin.NovaSegmentNotifier._notify_port_updated-8212371'] for port, after_update {{(pid=94080) _notify_loop /usr/local/lib/python3.8/dist-packages/neutron_lib/callbacks/manager.py:192}}
Jun 22 18:38:26.312198 dv-cinder-769602-3-smb neutron-server[94080]: INFO neutron.wsgi [None req-d40f0921-696d-4ab0-91cc-6e4d3bdfbe99 admin admin] 10.222.0.42 "GET /v2.0/security-groups?tenant_id=8c9c850d73b143b7ba6e9412cb54ee91&name=default HTTP/1.1" status: 200 len: 2979 time: 1.2094164
Jun 22 18:38:26.316645 dv-cinder-769602-3-smb neutron-server[94079]: DEBUG neutron_lib.callbacks.manager [None req-0a304994-18d7-4bdb-ba59-3a655f0de022 admin admin] Notify callbacks [] for security_group, precommit_delete {{(pid=94079) _notify_loop /usr/local/lib/python3.8/dist-packages/neutron_lib/callbacks/manager.py:192}}
Jun 22 18:38:26.318487 dv-cinder-769602-3-smb neutron-server[94079]: DEBUG neutron.wsgi [-] (94079) accepted ('10.222.0.42', 34356) {{(pid=94079) server /usr/local/lib/python3.8/dist-packages/eventlet/wsgi.py:992}}
Jun 22 18:38:26.319220 dv-cinder-769602-3-smb neutron-server[94080]: DEBUG neutron.pecan_wsgi.hooks.quota_enforcement [None req-244521bc-b383-4d8b-97d8-4cefdfa60036 admin admin] Made reservation on behalf of ab53cdf0e0174b77872ae98a17f2f1b2 for: {'network': 1} {{(pid=94080) before /opt/stack/neutron/neutron/pecan_wsgi/hooks/quota_enforcement.py:53}}
Jun 22 18:38:26.321935 dv-cinder-769602-3-smb neutron-server[94080]: DEBUG neutron_lib.callbacks.manager [None req-244521bc-b383-4d8b-97d8-4cefdfa60036 admin admin] Notify callbacks ['neutron.plugins.ml2.plugin.SecurityGroupDbMixin._ensure_default_security_group_handler_before_create-566352'] for network, before_create {{(pid=94080) _notify_loop /usr/local/lib/python3.8/dist-packages/neutron_lib/callbacks/manager.py:192}}
Jun 22 18:38:26.334332 dv-cinder-769602-3-smb neutron-server[94080]: DEBUG neutron.api.rpc.handlers.resources_rpc [None req-d40f0921-696d-4ab0-91cc-6e4d3bdfbe99 admin admin] Pushing event updated for resources: {'SecurityGroup': ['ID=45cc0687-924d-4e92-bdd8-93b64802b100,revision_number=1']} {{(pid=94080) push /opt/stack/neutron/neutron/api/rpc/handlers/resources_rpc.py:237}}
Jun 22 18:38:26.344317 dv-cinder-769602-3-smb neutron-server[94080]: DEBUG oslo_concurrency.lockutils [None req-d40f0921-696d-4ab0-91cc-6e4d3bdfbe99 admin admin] Lock "event-dispatch" released by "neutron.plugins.ml2.ovo_rpc._ObjectChangeHandler.dispatch_events" :: held 0.160s {{(pid=94080) inner /usr/local/lib/python3.8/dist-packages/oslo_concurrency/lockutils.py:367}}
Jun 22 18:38:26.345033 dv-cinder-769602-3-smb neutron-server[94080]: DEBUG oslo_concurrency.lockutils [None req-49bbe842-d661-4ece-9b8c-a3c661110b4e admin admin] Lock "event-dispatch" acquired by "neutron.plugins.ml2.ovo_rpc._ObjectChangeHandler.dispatch_events" :: waited 0.042s {{(pid=94080) inner /usr/local/lib/python3.8/dist-packages/oslo_concurrency/lockutils.py:355}}
Jun 22 18:38:26.347681 dv-cinder-769602-3-smb neutron-server[94080]: DEBUG neutron_lib.callbacks.manager [None req-244521bc-b383-4d8b-97d8-4cefdfa60036 admin admin] Notify callbacks [] for security_group, before_create {{(pid=94080) _notify_loop /usr/local/lib/python3.8/dist-packages/neutron_lib/callbacks/manager.py:192}}
Jun 22 18:38:26.372445 dv-cinder-769602-3-smb neutron-server[94079]: DEBUG neutron.db.l3_dvrscheduler_db [req-521c84c1-78d8-4f6a-aaa2-a1b79e371480 req-35c805e0-dfea-4c3e-b781-81edbf799be7 tempest-DeleteServersTestJSON-264482082 tempest-DeleteServersTestJSON-264482082-project] No DVR routers for this DVR port a386438d-bf2e-412d-a244-1328ac5b9290 on host hv-cinder-76960 {{(pid=94079) get_dvr_routers_to_remove /opt/stack/neutron/neutron/db/l3_dvrscheduler_db.py:214}}
Jun 22 18:38:26.376463 dv-cinder-769602-3-smb neutron-server[94079]: DEBUG neutron_lib.callbacks.manager [req-521c84c1-78d8-4f6a-aaa2-a1b79e371480 req-35c805e0-dfea-4c3e-b781-81edbf799be7 tempest-DeleteServersTestJSON-264482082 tempest-DeleteServersTestJSON-264482082-project] Notify callbacks ['neutron.notifiers.nova.Notifier._send_nova_notification-13836'] for port, before_response {{(pid=94079) _notify_loop /usr/local/lib/python3.8/dist-packages/neutron_lib/callbacks/manager.py:192}}
Jun 22 18:38:26.380871 dv-cinder-769602-3-smb neutron-server[94079]: INFO neutron.wsgi [req-521c84c1-78d8-4f6a-aaa2-a1b79e371480 req-35c805e0-dfea-4c3e-b781-81edbf799be7 tempest-DeleteServersTestJSON-264482082 tempest-DeleteServersTestJSON-264482082-project] 10.222.0.106 "DELETE /v2.0/ports/a386438d-bf2e-412d-a244-1328ac5b9290 HTTP/1.1" status: 204 len: 173 time: 1.5116479
Jun 22 18:38:26.384982 dv-cinder-769602-3-smb neutron-server[94079]: DEBUG neutron.notifiers.nova [-] Sending events: [{'server_uuid': 'c3df0b2e-5401-4850-abda-a804665ef845', 'name': 'network-vif-deleted', 'tag': 'a386438d-bf2e-412d-a244-1328ac5b9290'}] {{(pid=94079) send_events /opt/stack/neutron/neutron/notifiers/nova.py:262}}
Jun 22 18:38:26.399884 dv-cinder-769602-3-smb neutron-server[94079]: DEBUG novaclient.v2.client [-] REQ: curl -g -i --cacert "/opt/stack/data/ca-bundle.pem" -X POST http://10.222.0.42/compute/v2.1/os-server-external-events -H "Accept: application/json" -H "Content-Type: application/json" -H "User-Agent: python-novaclient" -H "X-Auth-Token: {SHA256}2f33371b86daa0575a4b604c18471537cb8e93cdf20e39cffdf39bd0781082b0" -H "X-OpenStack-Nova-API-Version: 2.1" -H "X-OpenStack-Request-ID: req-5e44309a-7c0d-4ae4-bfa3-d2d210e7a712" -d '{"events": [{"server_uuid": "c3df0b2e-5401-4850-abda-a804665ef845", "name": "network-vif-deleted", "tag": "a386438d-bf2e-412d-a244-1328ac5b9290"}]}' {{(pid=94079) _http_log_request /usr/local/lib/python3.8/dist-packages/keystoneauth1/session.py:519}}
Jun 22 18:38:26.484797 dv-cinder-769602-3-smb neutron-server[94079]: DEBUG novaclient.v2.client [-] RESP: [200] Connection: close Content-Length: 183 Content-Type: application/json Date: Tue, 22 Jun 2021 18:38:26 GMT OpenStack-API-Version: compute 2.1 Server: Apache/2.4.41 (Ubuntu) Vary: OpenStack-API-Version,X-OpenStack-Nova-API-Version X-OpenStack-Nova-API-Version: 2.1 x-compute-request-id: req-db567753-32df-4ac5-b9cc-2e4bc4a64f6e x-openstack-request-id: req-db567753-32df-4ac5-b9cc-2e4bc4a64f6e {{(pid=94079) _http_log_response /usr/local/lib/python3.8/dist-packages/keystoneauth1/session.py:550}}
Jun 22 18:38:26.485091 dv-cinder-769602-3-smb neutron-server[94079]: DEBUG novaclient.v2.client [-] RESP BODY: {"events": [{"server_uuid": "c3df0b2e-5401-4850-abda-a804665ef845", "name": "network-vif-deleted", "tag": "a386438d-bf2e-412d-a244-1328ac5b9290", "status": "completed", "code": 200}]} {{(pid=94079) _http_log_response /usr/local/lib/python3.8/dist-packages/keystoneauth1/session.py:582}}
Jun 22 18:38:26.485373 dv-cinder-769602-3-smb neutron-server[94079]: DEBUG novaclient.v2.client [-] POST call to compute for http://10.222.0.42/compute/v2.1/os-server-external-events used request id req-db567753-32df-4ac5-b9cc-2e4bc4a64f6e {{(pid=94079) request /usr/local/lib/python3.8/dist-packages/keystoneauth1/session.py:954}}
Jun 22 18:38:26.485841 dv-cinder-769602-3-smb neutron-server[94079]: INFO neutron.notifiers.nova [-] Nova event response: {'server_uuid': 'c3df0b2e-5401-4850-abda-a804665ef845', 'name': 'network-vif-deleted', 'tag': 'a386438d-bf2e-412d-a244-1328ac5b9290', 'status': 'completed', 'code': 200}
Jun 22 18:38:26.509721 dv-cinder-769602-3-smb neutron-server[94080]: DEBUG neutron.api.rpc.handlers.resources_rpc [None req-e6c1ba14-397e-4560-851d-8b6ddc16490a service neutron] Pushing event updated for resources: {'Port': ['ID=9aed7151-84f4-4a1f-93c3-da194e81545a,revision_number=2']} {{(pid=94080) push /opt/stack/neutron/neutron/api/rpc/handlers/resources_rpc.py:237}}
Jun 22 18:38:26.533391 dv-cinder-769602-3-smb neutron-server[94079]: DEBUG neutron_lib.callbacks.manager [None req-0a304994-18d7-4bdb-ba59-3a655f0de022 admin admin] Notify callbacks ['neutron.plugins.ml2.ovo_rpc._ObjectChangeHandler.handle_event-352268'] for security_group, after_delete {{(pid=94079) _notify_loop /usr/local/lib/python3.8/dist-packages/neutron_lib/callbacks/manager.py:192}}
Jun 22 18:38:26.533704 dv-cinder-769602-3-smb neutron-server[94080]: DEBUG oslo_concurrency.lockutils [None req-e6c1ba14-397e-4560-851d-8b6ddc16490a service neutron] Lock "event-dispatch" released by "neutron.plugins.ml2.ovo_rpc._ObjectChangeHandler.dispatch_events" :: held 0.189s {{(pid=94080) inner /usr/local/lib/python3.8/dist-packages/oslo_concurrency/lockutils.py:367}}
Jun 22 18:38:26.534342 dv-cinder-769602-3-smb neutron-server[94079]: DEBUG neutron_lib.callbacks.manager [None req-5c90fe75-323b-4cfe-ad15-d096d4bc63c2 admin admin] Notify callbacks [] for security_group, before_delete {{(pid=94079) _notify_loop /usr/local/lib/python3.8/dist-packages/neutron_lib/callbacks/manager.py:192}}
Jun 22 18:38:26.543503 dv-cinder-769602-3-smb neutron-server[94079]: DEBUG neutron_lib.callbacks.manager [None req-0a304994-18d7-4bdb-ba59-3a655f0de022 admin admin] Notify callbacks [] for security_group, before_response {{(pid=94079) _notify_loop /usr/local/lib/python3.8/dist-packages/neutron_lib/callbacks/manager.py:192}}
Jun 22 18:38:26.546821 dv-cinder-769602-3-smb neutron-server[94079]: INFO neutron.wsgi [None req-0a304994-18d7-4bdb-ba59-3a655f0de022 admin admin] 10.222.0.42 "DELETE /v2.0/security-groups/c62abfc9-a621-4551-863b-abcdf28d8f42 HTTP/1.1" status: 204 len: 168 time: 0.5310948
Jun 22 18:38:26.549044 dv-cinder-769602-3-smb neutron-server[94079]: DEBUG oslo_concurrency.lockutils [None req-46606b2d-f6e7-4486-a683-5a510a9f127c admin admin] Lock "event-dispatch" acquired by "neutron.plugins.ml2.ovo_rpc._ObjectChangeHandler.dispatch_events" :: waited 0.000s {{(pid=94079) inner /usr/local/lib/python3.8/dist-packages/oslo_concurrency/lockutils.py:355}}
Jun 22 18:38:26.567502 dv-cinder-769602-3-smb neutron-server[94079]: DEBUG neutron.pecan_wsgi.hooks.policy_enforcement [req-a71f40d0-504c-4aff-90eb-c8fe50c590c6 req-f9420537-f78f-450f-a29d-e9d6ccb74fe1 tempest-ServerRescueNegativeTestJSON-824117117 tempest-ServerRescueNegativeTestJSON-824117117-project] Attributes excluded by policy engine: ['standard_attr_id', 'binding:profile', 'binding:host_id', 'binding:vif_type', 'binding:vif_details'] {{(pid=94079) _exclude_attributes_by_policy /opt/stack/neutron/neutron/pecan_wsgi/hooks/policy_enforcement.py:255}}
Jun 22 18:38:26.572330 dv-cinder-769602-3-smb neutron-server[94080]: DEBUG neutron_lib.callbacks.manager [None req-244521bc-b383-4d8b-97d8-4cefdfa60036 admin admin] Notify callbacks [] for security_group, precommit_create {{(pid=94080) _notify_loop /usr/local/lib/python3.8/dist-packages/neutron_lib/callbacks/manager.py:192}}
Jun 22 18:38:26.577799 dv-cinder-769602-3-smb neutron-server[94079]: INFO neutron.wsgi [req-a71f40d0-504c-4aff-90eb-c8fe50c590c6 req-f9420537-f78f-450f-a29d-e9d6ccb74fe1 tempest-ServerRescueNegativeTestJSON-824117117 tempest-ServerRescueNegativeTestJSON-824117117-project] 10.222.0.42 "GET /v2.0/ports?device_id=ca0a64f0-c110-416a-b4ad-a20ee5a2de63 HTTP/1.1" status: 200 len: 945 time: 0.2840652
Jun 22 18:38:26.580008 dv-cinder-769602-3-smb neutron-server[94080]: DEBUG neutron_lib.callbacks.manager [None req-244521bc-b383-4d8b-97d8-4cefdfa60036 admin admin] Notify callbacks ['neutron.plugins.ml2.ovo_rpc._ObjectChangeHandler.handle_event-352268'] for security_group, after_create {{(pid=94080) _notify_loop /usr/local/lib/python3.8/dist-packages/neutron_lib/callbacks/manager.py:192}}
Jun 22 18:38:26.583859 dv-cinder-769602-3-smb neutron-server[94080]: DEBUG oslo_concurrency.lockutils [-] Lock "event-dispatch" acquired by "neutron.plugins.ml2.ovo_rpc._ObjectChangeHandler.dispatch_events" :: waited 0.000s {{(pid=94080) inner /usr/local/lib/python3.8/dist-packages/oslo_concurrency/lockutils.py:355}}
Jun 22 18:38:26.614942 dv-cinder-769602-3-smb neutron-server[94079]: DEBUG neutron.api.rpc.handlers.resources_rpc [None req-0a304994-18d7-4bdb-ba59-3a655f0de022 admin admin] Pushing event deleted for resources: {'SecurityGroup': ['ID=c62abfc9-a621-4551-863b-abcdf28d8f42,revision_number=None']} {{(pid=94079) push /opt/stack/neutron/neutron/api/rpc/handlers/resources_rpc.py:237}}
Jun 22 18:38:26.621382 dv-cinder-769602-3-smb neutron-server[94079]: DEBUG oslo_concurrency.lockutils [None req-0a304994-18d7-4bdb-ba59-3a655f0de022 admin admin] Lock "event-dispatch" released by "neutron.plugins.ml2.ovo_rpc._ObjectChangeHandler.dispatch_events" :: held 0.072s {{(pid=94079) inner /usr/local/lib/python3.8/dist-packages/oslo_concurrency/lockutils.py:367}}
Jun 22 18:38:26.623847 dv-cinder-769602-3-smb neutron-server[94080]: DEBUG neutron.plugins.ml2.drivers.helpers [None req-244521bc-b383-4d8b-97d8-4cefdfa60036 admin admin] vlan segment allocate from pool success with {'vlan_id': 732, 'physical_network': 'physnet1'} {{(pid=94080) allocate_partially_specified_segment /opt/stack/neutron/neutron/plugins/ml2/drivers/helpers.py:153}}
Jun 22 18:38:26.626277 dv-cinder-769602-3-smb neutron-server[94080]: DEBUG neutron.plugins.ml2.managers [req-afcf516f-7981-46cb-9731-7349ba61d89f req-e6c1ba14-397e-4560-851d-8b6ddc16490a service neutron] Attempting to bind port 9aed7151-84f4-4a1f-93c3-da194e81545a on host hv-cinder-76960 for vnic_type normal with profile {{(pid=94080) bind_port /opt/stack/neutron/neutron/plugins/ml2/managers.py:790}}
Jun 22 18:38:26.626618 dv-cinder-769602-3-smb neutron-server[94080]: DEBUG neutron.plugins.ml2.managers [req-afcf516f-7981-46cb-9731-7349ba61d89f req-e6c1ba14-397e-4560-851d-8b6ddc16490a service neutron] Attempting to bind port 9aed7151-84f4-4a1f-93c3-da194e81545a by drivers openvswitch,hyperv on host hv-cinder-76960 at level 0 using segments [{'id': 'c8e13fc5-2bca-41c5-bccd-7446f5c54ccd', 'network_type': 'vlan', 'physical_network': 'physnet1', 'segmentation_id': 709, 'network_id': '7b03e70b-f8c2-4341-b6d2-b1ec39b9cb3d'}] {{(pid=94080) _bind_port_level /opt/stack/neutron/neutron/plugins/ml2/managers.py:815}}
Jun 22 18:38:26.626936 dv-cinder-769602-3-smb neutron-server[94080]: DEBUG neutron.plugins.ml2.drivers.mech_agent [req-afcf516f-7981-46cb-9731-7349ba61d89f req-e6c1ba14-397e-4560-851d-8b6ddc16490a service neutron] Attempting to bind port 9aed7151-84f4-4a1f-93c3-da194e81545a on network 7b03e70b-f8c2-4341-b6d2-b1ec39b9cb3d {{(pid=94080) bind_port /opt/stack/neutron/neutron/plugins/ml2/drivers/mech_agent.py:86}}
Jun 22 18:38:26.645527 dv-cinder-769602-3-smb neutron-server[94080]: DEBUG neutron.api.rpc.handlers.resources_rpc [None req-244521bc-b383-4d8b-97d8-4cefdfa60036 admin admin] Pushing event updated for resources: {'SecurityGroup': ['ID=1b5eaab1-aea3-48dd-9659-b7571379592c,revision_number=1']} {{(pid=94080) push /opt/stack/neutron/neutron/api/rpc/handlers/resources_rpc.py:237}}
Jun 22 18:38:26.649088 dv-cinder-769602-3-smb neutron-server[94080]: DEBUG neutron_lib.callbacks.manager [None req-244521bc-b383-4d8b-97d8-4cefdfa60036 admin admin] Notify callbacks ['neutron.plugins.ml2.plugin.Ml2Plugin._handle_segment_change-1399459'] for segment, precommit_create {{(pid=94080) _notify_loop /usr/local/lib/python3.8/dist-packages/neutron_lib/callbacks/manager.py:192}}
Jun 22 18:38:26.649426 dv-cinder-769602-3-smb neutron-server[94080]: INFO neutron.db.segments_db [None req-244521bc-b383-4d8b-97d8-4cefdfa60036 admin admin] Added segment cf539bea-e074-489d-af03-028756728cc6 of type vlan for network e5930738-9f84-444a-8e27-305e35c60b9a
Jun 22 18:38:26.651019 dv-cinder-769602-3-smb neutron-server[94080]: DEBUG neutron.plugins.ml2.drivers.mech_agent [req-afcf516f-7981-46cb-9731-7349ba61d89f req-e6c1ba14-397e-4560-851d-8b6ddc16490a service neutron] Port 9aed7151-84f4-4a1f-93c3-da194e81545a on network 7b03e70b-f8c2-4341-b6d2-b1ec39b9cb3d not bound, no agent of type Open vSwitch agent registered on host hv-cinder-76960 {{(pid=94080) bind_port /opt/stack/neutron/neutron/plugins/ml2/drivers/mech_agent.py:98}}
Jun 22 18:38:26.651458 dv-cinder-769602-3-smb neutron-server[94080]: DEBUG neutron.plugins.ml2.drivers.mech_agent [req-afcf516f-7981-46cb-9731-7349ba61d89f req-e6c1ba14-397e-4560-851d-8b6ddc16490a service neutron] Attempting to bind port 9aed7151-84f4-4a1f-93c3-da194e81545a on network 7b03e70b-f8c2-4341-b6d2-b1ec39b9cb3d {{(pid=94080) bind_port /opt/stack/neutron/neutron/plugins/ml2/drivers/mech_agent.py:86}}
Jun 22 18:38:26.666449 dv-cinder-769602-3-smb neutron-server[94080]: DEBUG oslo_concurrency.lockutils [None req-244521bc-b383-4d8b-97d8-4cefdfa60036 admin admin] Lock "event-dispatch" released by "neutron.plugins.ml2.ovo_rpc._ObjectChangeHandler.dispatch_events" :: held 0.082s {{(pid=94080) inner /usr/local/lib/python3.8/dist-packages/oslo_concurrency/lockutils.py:367}}
Jun 22 18:38:26.667306 dv-cinder-769602-3-smb neutron-server[94080]: DEBUG neutron.plugins.ml2.drivers.mech_agent [req-afcf516f-7981-46cb-9731-7349ba61d89f req-e6c1ba14-397e-4560-851d-8b6ddc16490a service neutron] Checking agent: {'id': 'd7ee9885-a210-44cd-9ce9-5c217b2dd42b', 'agent_type': 'HyperV agent', 'binary': 'neutron-hyperv-agent', 'topic': 'N/A', 'host': 'hv-cinder-76960', 'admin_state_up': True, 'created_at': datetime.datetime(2021, 6, 22, 18, 35, 19), 'started_at': datetime.datetime(2021, 6, 22, 18, 35, 19), 'heartbeat_timestamp': datetime.datetime(2021, 6, 22, 18, 38, 19), 'description': None, 'resources_synced': None, 'availability_zone': None, 'alive': True, 'configurations': {'vswitch_mappings': {'physnet1$': 'br-data'}}, 'resource_versions': {}} {{(pid=94080) bind_port /opt/stack/neutron/neutron/plugins/ml2/drivers/mech_agent.py:105}}
Jun 22 18:38:26.667667 dv-cinder-769602-3-smb neutron-server[94080]: DEBUG neutron.plugins.ml2.drivers.mech_agent [req-afcf516f-7981-46cb-9731-7349ba61d89f req-e6c1ba14-397e-4560-851d-8b6ddc16490a service neutron] Checking segment: {'id': 'c8e13fc5-2bca-41c5-bccd-7446f5c54ccd', 'network_type': 'vlan', 'physical_network': 'physnet1', 'segmentation_id': 709, 'network_id': '7b03e70b-f8c2-4341-b6d2-b1ec39b9cb3d'} for mappings: {'physnet1$': 'br-data'} with network types: ['local', 'flat', 'vlan'] {{(pid=94080) check_segment_for_agent /opt/stack/neutron/neutron/plugins/ml2/drivers/mech_agent.py:341}}
Jun 22 18:38:26.669076 dv-cinder-769602-3-smb neutron-server[94080]: DEBUG neutron.plugins.ml2.drivers.mech_agent [req-afcf516f-7981-46cb-9731-7349ba61d89f req-e6c1ba14-397e-4560-851d-8b6ddc16490a service neutron] Bound using segment: {'id': 'c8e13fc5-2bca-41c5-bccd-7446f5c54ccd', 'network_type': 'vlan', 'physical_network': 'physnet1', 'segmentation_id': 709, 'network_id': '7b03e70b-f8c2-4341-b6d2-b1ec39b9cb3d'} {{(pid=94080) bind_port /opt/stack/neutron/neutron/plugins/ml2/drivers/mech_agent.py:115}}
Jun 22 18:38:26.669652 dv-cinder-769602-3-smb neutron-server[94080]: DEBUG neutron.plugins.ml2.managers [req-afcf516f-7981-46cb-9731-7349ba61d89f req-e6c1ba14-397e-4560-851d-8b6ddc16490a service neutron] Bound port: 9aed7151-84f4-4a1f-93c3-da194e81545a, host: hv-cinder-76960, vif_type: hyperv, vif_details: {"connectivity": "legacy", "port_filter": false}, binding_levels: [{'bound_driver': 'hyperv', 'bound_segment': {'id': 'c8e13fc5-2bca-41c5-bccd-7446f5c54ccd', 'network_type': 'vlan', 'physical_network': 'physnet1', 'segmentation_id': 709, 'network_id': '7b03e70b-f8c2-4341-b6d2-b1ec39b9cb3d'}}] {{(pid=94080) _bind_port_level /opt/stack/neutron/neutron/plugins/ml2/managers.py:928}}
Jun 22 18:38:26.670014 dv-cinder-769602-3-smb neutron-server[94080]: DEBUG neutron_lib.callbacks.manager [req-afcf516f-7981-46cb-9731-7349ba61d89f req-e6c1ba14-397e-4560-851d-8b6ddc16490a service neutron] Notify callbacks ['neutron.plugins.ml2.plugin.SecurityGroupDbMixin._ensure_default_security_group_handler_port-566374'] for port, before_update {{(pid=94080) _notify_loop /usr/local/lib/python3.8/dist-packages/neutron_lib/callbacks/manager.py:192}}
Jun 22 18:38:26.690674 dv-cinder-769602-3-smb neutron-server[94079]: DEBUG neutron_lib.callbacks.manager [None req-5c90fe75-323b-4cfe-ad15-d096d4bc63c2 admin admin] Notify callbacks [] for security_group, precommit_delete {{(pid=94079) _notify_loop /usr/local/lib/python3.8/dist-packages/neutron_lib/callbacks/manager.py:192}}
Jun 22 18:38:26.729739 dv-cinder-769602-3-smb neutron-server[94080]: DEBUG neutron_lib.callbacks.manager [None req-244521bc-b383-4d8b-97d8-4cefdfa60036 admin admin] Notify callbacks ['neutron.services.auto_allocate.db._ensure_external_network_default_value_callback-8762358883301'] for network, precommit_create {{(pid=94080) _notify_loop /usr/local/lib/python3.8/dist-packages/neutron_lib/callbacks/manager.py:192}}
Jun 22 18:38:26.807677 dv-cinder-769602-3-smb neutron-server[94079]: INFO neutron.wsgi [req-a71f40d0-504c-4aff-90eb-c8fe50c590c6 req-ca8792a7-d98b-43af-b576-02bb963d6fad tempest-ServerRescueNegativeTestJSON-824117117 tempest-ServerRescueNegativeTestJSON-824117117-project] 10.222.0.42 "GET /v2.0/security-groups?id=82f51831-15e0-40a9-a0b1-0eb5e1c34309&fields=id&fields=name HTTP/1.1" status: 200 len: 286 time: 0.2286019
Jun 22 18:38:26.816364 dv-cinder-769602-3-smb neutron-server[94081]: DEBUG neutron.plugins.ml2.rpc [None req-cf68d7de-5627-4dd5-a606-0e7e7540c2dd None None] Device 8060587b-3b8d-4193-98a7-80c9501d4a05 up at agent hyperv_hv-cinder-76960 {{(pid=94081) update_device_up /opt/stack/neutron/neutron/plugins/ml2/rpc.py:278}}
Jun 22 18:38:26.885154 dv-cinder-769602-3-smb neutron-server[94079]: DEBUG neutron_lib.callbacks.manager [None req-5c90fe75-323b-4cfe-ad15-d096d4bc63c2 admin admin] Notify callbacks ['neutron.plugins.ml2.ovo_rpc._ObjectChangeHandler.handle_event-352268'] for security_group, after_delete {{(pid=94079) _notify_loop /usr/local/lib/python3.8/dist-packages/neutron_lib/callbacks/manager.py:192}}
Jun 22 18:38:26.886083 dv-cinder-769602-3-smb neutron-server[94080]: DEBUG neutron_lib.callbacks.manager [None req-244521bc-b383-4d8b-97d8-4cefdfa60036 admin admin] Notify callbacks ['neutron.plugins.ml2.ovo_rpc._ObjectChangeHandler.handle_payload_event-352271', 'neutron.api.rpc.agentnotifiers.dhcp_rpc_agent_api.DhcpAgentNotifyAPI._native_event_send_dhcp_notification_payload-1740316'] for network, after_create {{(pid=94080) _notify_loop /usr/local/lib/python3.8/dist-packages/neutron_lib/callbacks/manager.py:192}}
Jun 22 18:38:26.888198 dv-cinder-769602-3-smb neutron-server[94080]: DEBUG neutron.plugins.ml2.db [req-afcf516f-7981-46cb-9731-7349ba61d89f req-e6c1ba14-397e-4560-851d-8b6ddc16490a service neutron] For port 9aed7151-84f4-4a1f-93c3-da194e81545a, host hv-cinder-76960, cleared binding levels {{(pid=94080) clear_binding_levels /opt/stack/neutron/neutron/plugins/ml2/db.py:87}}
Jun 22 18:38:26.895728 dv-cinder-769602-3-smb neutron-server[94080]: DEBUG neutron.plugins.ml2.db [req-afcf516f-7981-46cb-9731-7349ba61d89f req-e6c1ba14-397e-4560-851d-8b6ddc16490a service neutron] For port 9aed7151-84f4-4a1f-93c3-da194e81545a, host hv-cinder-76960, set binding levels [PortBindingLevel(driver='hyperv',host='hv-cinder-76960',level=0,port_id=9aed7151-84f4-4a1f-93c3-da194e81545a,segment=NetworkSegment(c8e13fc5-2bca-41c5-bccd-7446f5c54ccd),segment_id=c8e13fc5-2bca-41c5-bccd-7446f5c54ccd)] {{(pid=94080) set_binding_levels /opt/stack/neutron/neutron/plugins/ml2/db.py:59}}
Jun 22 18:38:26.899032 dv-cinder-769602-3-smb neutron-server[94080]: DEBUG neutron.pecan_wsgi.hooks.policy_enforcement [None req-244521bc-b383-4d8b-97d8-4cefdfa60036 admin admin] Attributes excluded by policy engine: ['standard_attr_id', 'vlan_transparent'] {{(pid=94080) _exclude_attributes_by_policy /opt/stack/neutron/neutron/pecan_wsgi/hooks/policy_enforcement.py:255}}
Jun 22 18:38:26.900249 dv-cinder-769602-3-smb neutron-server[94080]: DEBUG neutron_lib.callbacks.manager [None req-244521bc-b383-4d8b-97d8-4cefdfa60036 admin admin] Notify callbacks ['neutron.api.rpc.agentnotifiers.dhcp_rpc_agent_api.DhcpAgentNotifyAPI._send_dhcp_notification-1740339'] for network, before_response {{(pid=94080) _notify_loop /usr/local/lib/python3.8/dist-packages/neutron_lib/callbacks/manager.py:192}}
Jun 22 18:38:26.906246 dv-cinder-769602-3-smb neutron-server[94080]: DEBUG oslo_concurrency.lockutils [-] Lock "event-dispatch" acquired by "neutron.plugins.ml2.ovo_rpc._ObjectChangeHandler.dispatch_events" :: waited 0.000s {{(pid=94080) inner /usr/local/lib/python3.8/dist-packages/oslo_concurrency/lockutils.py:355}}
Jun 22 18:38:26.921740 dv-cinder-769602-3-smb neutron-server[94079]: DEBUG neutron.pecan_wsgi.hooks.policy_enforcement [req-377dce67-1dd3-4d95-b9d1-d94e843da7c4 req-d4211280-a902-4f9d-a1c9-01dcdd63284b tempest-AttachVolumeShelveTestJSON-48264287 tempest-AttachVolumeShelveTestJSON-48264287-project] Attributes excluded by policy engine: ['standard_attr_id', 'binding:profile', 'binding:host_id', 'binding:vif_type', 'binding:vif_details'] {{(pid=94079) _exclude_attributes_by_policy /opt/stack/neutron/neutron/pecan_wsgi/hooks/policy_enforcement.py:255}}
Jun 22 18:38:26.933158 dv-cinder-769602-3-smb neutron-server[94079]: INFO neutron.wsgi [req-377dce67-1dd3-4d95-b9d1-d94e843da7c4 req-d4211280-a902-4f9d-a1c9-01dcdd63284b tempest-AttachVolumeShelveTestJSON-48264287 tempest-AttachVolumeShelveTestJSON-48264287-project] 10.222.0.42 "GET /v2.0/ports?device_id=18d47513-0113-4c36-a14c-a8bd6fb40cf1 HTTP/1.1" status: 200 len: 946 time: 0.2801905
Jun 22 18:38:26.939883 dv-cinder-769602-3-smb neutron-server[94079]: DEBUG neutron_lib.callbacks.manager [None req-5c90fe75-323b-4cfe-ad15-d096d4bc63c2 admin admin] Notify callbacks [] for security_group, before_response {{(pid=94079) _notify_loop /usr/local/lib/python3.8/dist-packages/neutron_lib/callbacks/manager.py:192}}
Jun 22 18:38:26.941615 dv-cinder-769602-3-smb neutron-server[94079]: INFO neutron.wsgi [None req-5c90fe75-323b-4cfe-ad15-d096d4bc63c2 admin admin] 10.222.0.42 "DELETE /v2.0/security-groups/45cc0687-924d-4e92-bdd8-93b64802b100 HTTP/1.1" status: 204 len: 168 time: 0.5993745
Jun 22 18:38:26.970344 dv-cinder-769602-3-smb neutron-server[94079]: DEBUG oslo_concurrency.lockutils [None req-a63c2c89-ce6b-4652-8dd4-ddfea4fa3755 admin admin] Lock "event-dispatch" acquired by "neutron.plugins.ml2.ovo_rpc._ObjectChangeHandler.dispatch_events" :: waited 0.000s {{(pid=94079) inner /usr/local/lib/python3.8/dist-packages/oslo_concurrency/lockutils.py:355}}
Jun 22 18:38:26.977662 dv-cinder-769602-3-smb neutron-server[94081]: DEBUG neutron.db.provisioning_blocks [None req-cf68d7de-5627-4dd5-a606-0e7e7540c2dd None None] Provisioning for port 8060587b-3b8d-4193-98a7-80c9501d4a05 completed by entity L2. {{(pid=94081) provisioning_complete /opt/stack/neutron/neutron/db/provisioning_blocks.py:133}}
Jun 22 18:38:26.984011 dv-cinder-769602-3-smb neutron-server[94081]: DEBUG neutron.db.provisioning_blocks [None req-cf68d7de-5627-4dd5-a606-0e7e7540c2dd None None] Provisioning complete for port 8060587b-3b8d-4193-98a7-80c9501d4a05 triggered by entity L2. {{(pid=94081) provisioning_complete /opt/stack/neutron/neutron/db/provisioning_blocks.py:139}}
Jun 22 18:38:26.989240 dv-cinder-769602-3-smb neutron-server[94081]: DEBUG neutron_lib.callbacks.manager [None req-cf68d7de-5627-4dd5-a606-0e7e7540c2dd None None] Notify callbacks ['neutron.plugins.ml2.plugin.Ml2Plugin._port_provisioned-1423206'] for port, provisioning_complete {{(pid=94081) _notify_loop /usr/local/lib/python3.8/dist-packages/neutron_lib/callbacks/manager.py:192}}
Jun 22 18:38:27.012958 dv-cinder-769602-3-smb neutron-server[94079]: DEBUG neutron.api.rpc.handlers.resources_rpc [None req-5c90fe75-323b-4cfe-ad15-d096d4bc63c2 admin admin] Pushing event deleted for resources: {'SecurityGroup': ['ID=45cc0687-924d-4e92-bdd8-93b64802b100,revision_number=None']} {{(pid=94079) push /opt/stack/neutron/neutron/api/rpc/handlers/resources_rpc.py:237}}
Jun 22 18:38:27.027758 dv-cinder-769602-3-smb neutron-server[94080]: DEBUG neutron_lib.callbacks.manager [req-afcf516f-7981-46cb-9731-7349ba61d89f req-e6c1ba14-397e-4560-851d-8b6ddc16490a service neutron] Notify callbacks ['neutron.plugins.ml2.plugin.SecurityGroupServerNotifierRpcMixin.notify_sg_on_port_change-566660', 'neutron.plugins.ml2.ovo_rpc._ObjectChangeHandler.handle_event-11160', 'neutron.api.rpc.agentnotifiers.dhcp_rpc_agent_api.DhcpAgentNotifyAPI._native_event_send_dhcp_notification-1740293', 'neutron.db.l3_db.L3RpcNotifierMixin._notify_gateway_port_ip_changed-8762359470538', 'neutron.db.l3_dvrscheduler_db._notify_l3_agent_port_update-8762358880386', 'neutron.db.l3_hascheduler_db._notify_l3_agent_ha_port_update-8762358880431', 'neutron.services.segments.plugin.NovaSegmentNotifier._notify_port_updated-8212371'] for port, after_update {{(pid=94080) _notify_loop /usr/local/lib/python3.8/dist-packages/neutron_lib/callbacks/manager.py:192}}
Jun 22 18:38:27.034442 dv-cinder-769602-3-smb neutron-server[94080]: DEBUG neutron.api.rpc.handlers.resources_rpc [None req-244521bc-b383-4d8b-97d8-4cefdfa60036 admin admin] Pushing event updated for resources: {'Network': ['ID=e5930738-9f84-444a-8e27-305e35c60b9a,revision_number=1']} {{(pid=94080) push /opt/stack/neutron/neutron/api/rpc/handlers/resources_rpc.py:237}}
Jun 22 18:38:27.035895 dv-cinder-769602-3-smb neutron-server[94079]: INFO neutron.wsgi [req-377dce67-1dd3-4d95-b9d1-d94e843da7c4 req-230046fc-4622-4122-ae2d-fb905e7e36f4 tempest-AttachVolumeShelveTestJSON-48264287 tempest-AttachVolumeShelveTestJSON-48264287-project] 10.222.0.42 "GET /v2.0/security-groups?id=545a2f1e-1730-47f5-a914-0ecbea05e2c6&fields=id&fields=name HTTP/1.1" status: 200 len: 313 time: 0.0994825
Jun 22 18:38:27.040880 dv-cinder-769602-3-smb neutron-server[94080]: DEBUG oslo_concurrency.lockutils [None req-244521bc-b383-4d8b-97d8-4cefdfa60036 admin admin] Lock "event-dispatch" released by "neutron.plugins.ml2.ovo_rpc._ObjectChangeHandler.dispatch_events" :: held 0.134s {{(pid=94080) inner /usr/local/lib/python3.8/dist-packages/oslo_concurrency/lockutils.py:367}}
Jun 22 18:38:27.045124 dv-cinder-769602-3-smb neutron-server[94079]: DEBUG oslo_concurrency.lockutils [None req-5c90fe75-323b-4cfe-ad15-d096d4bc63c2 admin admin] Lock "event-dispatch" released by "neutron.plugins.ml2.ovo_rpc._ObjectChangeHandler.dispatch_events" :: held 0.072s {{(pid=94079) inner /usr/local/lib/python3.8/dist-packages/oslo_concurrency/lockutils.py:367}}
Jun 22 18:38:27.052924 dv-cinder-769602-3-smb neutron-server[94080]: DEBUG oslo_concurrency.lockutils [None req-216d2e88-423c-4235-adbb-a8824b50f93a service neutron] Lock "event-dispatch" acquired by "neutron.plugins.ml2.ovo_rpc._ObjectChangeHandler.dispatch_events" :: waited 0.000s {{(pid=94080) inner /usr/local/lib/python3.8/dist-packages/oslo_concurrency/lockutils.py:355}}
Jun 22 18:38:27.066901 dv-cinder-769602-3-smb neutron-server[94080]: INFO neutron.wsgi [None req-244521bc-b383-4d8b-97d8-4cefdfa60036 admin admin] 10.222.0.42 "POST /v2.0/networks HTTP/1.1" status: 201 len: 887 time: 1.3037167
Jun 22 18:38:27.073459 dv-cinder-769602-3-smb neutron-server[94081]: DEBUG neutron.plugins.ml2.rpc [None req-f93449d8-538b-4c6d-9320-41b82a2fb943 None None] Network e5930738-9f84-444a-8e27-305e35c60b9a details requested by agent ovs-agent-dv-cinder-769602-3-smb with host dv-cinder-769602-3-smb {{(pid=94081) get_network_details /opt/stack/neutron/neutron/plugins/ml2/rpc.py:232}}
Jun 22 18:38:27.144515 dv-cinder-769602-3-smb neutron-server[94080]: DEBUG neutron.wsgi [-] (94080) accepted ('10.222.0.42', 34370) {{(pid=94080) server /usr/local/lib/python3.8/dist-packages/eventlet/wsgi.py:992}}
Jun 22 18:38:27.154374 dv-cinder-769602-3-smb neutron-server[94080]: DEBUG neutron.api.v2.base [None req-462633a6-f677-4ffe-a2f7-12f2cb6c3539 admin admin] Request body: {'subnet': {'network_id': 'e5930738-9f84-444a-8e27-305e35c60b9a', 'cidr': '172.20.0.0/28', 'name': 'tempest-VolumesSnapshotTestJSON-2120031071-subnet', 'tenant_id': 'ab53cdf0e0174b77872ae98a17f2f1b2', 'enable_dhcp': False, 'ip_version': 4}} {{(pid=94080) prepare_request_body /opt/stack/neutron/neutron/api/v2/base.py:729}}
Jun 22 18:38:27.176853 dv-cinder-769602-3-smb neutron-server[94080]: DEBUG neutron.pecan_wsgi.hooks.policy_enforcement [req-afcf516f-7981-46cb-9731-7349ba61d89f req-e6c1ba14-397e-4560-851d-8b6ddc16490a service neutron] Attributes excluded by policy engine: ['standard_attr_id'] {{(pid=94080) _exclude_attributes_by_policy /opt/stack/neutron/neutron/pecan_wsgi/hooks/policy_enforcement.py:255}}
Jun 22 18:38:27.179221 dv-cinder-769602-3-smb neutron-server[94080]: DEBUG neutron_lib.callbacks.manager [req-afcf516f-7981-46cb-9731-7349ba61d89f req-e6c1ba14-397e-4560-851d-8b6ddc16490a service neutron] Notify callbacks ['neutron.notifiers.nova.Notifier._send_nova_notification-13836', 'neutron.api.rpc.agentnotifiers.dhcp_rpc_agent_api.DhcpAgentNotifyAPI._send_dhcp_notification-1740339'] for port, before_response {{(pid=94080) _notify_loop /usr/local/lib/python3.8/dist-packages/neutron_lib/callbacks/manager.py:192}}
Jun 22 18:38:27.182666 dv-cinder-769602-3-smb neutron-server[94080]: INFO neutron.wsgi [req-afcf516f-7981-46cb-9731-7349ba61d89f req-e6c1ba14-397e-4560-851d-8b6ddc16490a service neutron] 10.222.0.106 "PUT /v2.0/ports/9aed7151-84f4-4a1f-93c3-da194e81545a HTTP/1.1" status: 200 len: 1093 time: 1.9204345
Jun 22 18:38:27.223498 dv-cinder-769602-3-smb neutron-server[94080]: DEBUG neutron.notifiers.nova [-] Sending events: [{'name': 'network-changed', 'server_uuid': '6b51d1e9-cc25-47f8-89dd-0507ab2872f0', 'tag': '9aed7151-84f4-4a1f-93c3-da194e81545a'}] {{(pid=94080) send_events /opt/stack/neutron/neutron/notifiers/nova.py:262}}
Jun 22 18:38:27.228851 dv-cinder-769602-3-smb neutron-server[94080]: DEBUG novaclient.v2.client [-] REQ: curl -g -i --cacert "/opt/stack/data/ca-bundle.pem" -X POST http://10.222.0.42/compute/v2.1/os-server-external-events -H "Accept: application/json" -H "Content-Type: application/json" -H "User-Agent: python-novaclient" -H "X-Auth-Token: {SHA256}405cabf9eb45e0724251a784048904ef1ccf0f80c5fd066748c6db9db09bab77" -H "X-OpenStack-Nova-API-Version: 2.1" -H "X-OpenStack-Request-ID: req-c383e892-a80f-4926-b685-d6ba4bbae7d9" -d '{"events": [{"name": "network-changed", "server_uuid": "6b51d1e9-cc25-47f8-89dd-0507ab2872f0", "tag": "9aed7151-84f4-4a1f-93c3-da194e81545a"}]}' {{(pid=94080) _http_log_request /usr/local/lib/python3.8/dist-packages/keystoneauth1/session.py:519}}
Jun 22 18:38:27.235133 dv-cinder-769602-3-smb neutron-server[94080]: DEBUG neutron.wsgi [-] (94080) accepted ('10.222.0.42', 34376) {{(pid=94080) server /usr/local/lib/python3.8/dist-packages/eventlet/wsgi.py:992}}
Jun 22 18:38:27.365272 dv-cinder-769602-3-smb neutron-server[94081]: DEBUG neutron_lib.callbacks.manager [None req-cf68d7de-5627-4dd5-a606-0e7e7540c2dd None None] Notify callbacks ['neutron.plugins.ml2.plugin.SecurityGroupDbMixin._ensure_default_security_group_handler_port-566374'] for port, before_update {{(pid=94081) _notify_loop /usr/local/lib/python3.8/dist-packages/neutron_lib/callbacks/manager.py:192}}
Jun 22 18:38:27.374526 dv-cinder-769602-3-smb neutron-server[94079]: DEBUG neutron.pecan_wsgi.hooks.policy_enforcement [req-67857201-9c54-4731-9d96-f0143a2b06d2 req-c56f0a80-77bf-452a-8ef6-0b242cbcc3d6 tempest-AttachVolumeTestJSON-1925890962 tempest-AttachVolumeTestJSON-1925890962-project] Attributes excluded by policy engine: ['standard_attr_id', 'binding:profile', 'binding:host_id', 'binding:vif_type', 'binding:vif_details'] {{(pid=94079) _exclude_attributes_by_policy /opt/stack/neutron/neutron/pecan_wsgi/hooks/policy_enforcement.py:255}}
Jun 22 18:38:27.387344 dv-cinder-769602-3-smb neutron-server[94079]: INFO neutron.wsgi [req-67857201-9c54-4731-9d96-f0143a2b06d2 req-c56f0a80-77bf-452a-8ef6-0b242cbcc3d6 tempest-AttachVolumeTestJSON-1925890962 tempest-AttachVolumeTestJSON-1925890962-project] 10.222.0.42 "GET /v2.0/ports?device_id=f898777b-0577-4b04-a01e-f716e2033762 HTTP/1.1" status: 200 len: 945 time: 0.3754711
Jun 22 18:38:27.415509 dv-cinder-769602-3-smb neutron-server[94080]: DEBUG neutron.api.rpc.handlers.resources_rpc [None req-e6c1ba14-397e-4560-851d-8b6ddc16490a service neutron] Pushing event updated for resources: {'Port': ['ID=9aed7151-84f4-4a1f-93c3-da194e81545a,revision_number=3']} {{(pid=94080) push /opt/stack/neutron/neutron/api/rpc/handlers/resources_rpc.py:237}}
Jun 22 18:38:27.427029 dv-cinder-769602-3-smb neutron-server[94080]: DEBUG neutron_lib.callbacks.manager [None req-03cd4b84-5940-4751-aefa-d1851fd64305 admin admin] Notify callbacks [] for security_group, before_create {{(pid=94080) _notify_loop /usr/local/lib/python3.8/dist-packages/neutron_lib/callbacks/manager.py:192}}
Jun 22 18:38:27.432089 dv-cinder-769602-3-smb neutron-server[94081]: DEBUG neutron.notifiers.nova [-] Sending events: [{'server_uuid': 'f898777b-0577-4b04-a01e-f716e2033762', 'name': 'network-vif-plugged', 'status': 'completed', 'tag': '8060587b-3b8d-4193-98a7-80c9501d4a05'}] {{(pid=94081) send_events /opt/stack/neutron/neutron/notifiers/nova.py:262}}
Jun 22 18:38:27.441424 dv-cinder-769602-3-smb neutron-server[94081]: DEBUG novaclient.v2.client [-] REQ: curl -g -i --cacert "/opt/stack/data/ca-bundle.pem" -X POST http://10.222.0.42/compute/v2.1/os-server-external-events -H "Accept: application/json" -H "Content-Type: application/json" -H "User-Agent: python-novaclient" -H "X-Auth-Token: {SHA256}ed57d6f8f3956e47325fc2f457438b84187840b5ddf3ef9ff6739c135c0edcee" -H "X-OpenStack-Nova-API-Version: 2.1" -H "X-OpenStack-Request-ID: req-10ac4cd0-7858-4823-940b-592afe3e11a1" -d '{"events": [{"server_uuid": "f898777b-0577-4b04-a01e-f716e2033762", "name": "network-vif-plugged", "status": "completed", "tag": "8060587b-3b8d-4193-98a7-80c9501d4a05"}]}' {{(pid=94081) _http_log_request /usr/local/lib/python3.8/dist-packages/keystoneauth1/session.py:519}}
Jun 22 18:38:27.449170 dv-cinder-769602-3-smb neutron-server[94080]: DEBUG oslo_concurrency.lockutils [None req-e6c1ba14-397e-4560-851d-8b6ddc16490a service neutron] Lock "event-dispatch" released by "neutron.plugins.ml2.ovo_rpc._ObjectChangeHandler.dispatch_events" :: held 0.397s {{(pid=94080) inner /usr/local/lib/python3.8/dist-packages/oslo_concurrency/lockutils.py:367}}
Jun 22 18:38:27.468860 dv-cinder-769602-3-smb neutron-server[94080]: DEBUG neutron.pecan_wsgi.hooks.quota_enforcement [None req-462633a6-f677-4ffe-a2f7-12f2cb6c3539 admin admin] Made reservation on behalf of ab53cdf0e0174b77872ae98a17f2f1b2 for: {'subnet': 1} {{(pid=94080) before /opt/stack/neutron/neutron/pecan_wsgi/hooks/quota_enforcement.py:53}}
Jun 22 18:38:27.476034 dv-cinder-769602-3-smb neutron-server[94080]: DEBUG neutron_lib.callbacks.manager [None req-462633a6-f677-4ffe-a2f7-12f2cb6c3539 admin admin] Notify callbacks ['neutron.services.segments.plugin.SegmentHostRoutes.host_routes_before_create-5510523'] for subnet, before_create {{(pid=94080) _notify_loop /usr/local/lib/python3.8/dist-packages/neutron_lib/callbacks/manager.py:192}}
Jun 22 18:38:27.476934 dv-cinder-769602-3-smb neutron-server[94081]: DEBUG neutron.plugins.ml2.db [None req-cf68d7de-5627-4dd5-a606-0e7e7540c2dd None None] For port 8060587b-3b8d-4193-98a7-80c9501d4a05, host hv-cinder-76960, got binding levels [PortBindingLevel(driver='hyperv',host='hv-cinder-76960',level=0,port_id=8060587b-3b8d-4193-98a7-80c9501d4a05,segment=NetworkSegment(aaeb8406-060d-47f3-a834-a1a2af81efc8),segment_id=aaeb8406-060d-47f3-a834-a1a2af81efc8)] {{(pid=94081) get_binding_level_objs /opt/stack/neutron/neutron/plugins/ml2/db.py:74}}
Jun 22 18:38:27.485478 dv-cinder-769602-3-smb neutron-server[94081]: DEBUG neutron_lib.callbacks.manager [None req-cf68d7de-5627-4dd5-a606-0e7e7540c2dd None None] Notify callbacks ['neutron.plugins.ml2.plugin.SecurityGroupServerNotifierRpcMixin.notify_sg_on_port_change-566660', 'neutron.plugins.ml2.ovo_rpc._ObjectChangeHandler.handle_event-11160', 'neutron.api.rpc.agentnotifiers.dhcp_rpc_agent_api.DhcpAgentNotifyAPI._native_event_send_dhcp_notification-1740293', 'neutron.db.l3_db.L3RpcNotifierMixin._notify_gateway_port_ip_changed-8762359470538', 'neutron.db.l3_dvrscheduler_db._notify_l3_agent_port_update-8762358880386', 'neutron.db.l3_hascheduler_db._notify_l3_agent_ha_port_update-8762358880431'] for port, after_update {{(pid=94081) _notify_loop /usr/local/lib/python3.8/dist-packages/neutron_lib/callbacks/manager.py:192}}
Jun 22 18:38:27.487041 dv-cinder-769602-3-smb neutron-server[94081]: DEBUG neutron.plugins.ml2.rpc [None req-cf68d7de-5627-4dd5-a606-0e7e7540c2dd None None] Device a386438d-bf2e-412d-a244-1328ac5b9290 no longer exists at agent hyperv_hv-cinder-76960 {{(pid=94081) update_device_down /opt/stack/neutron/neutron/plugins/ml2/rpc.py:243}}
Jun 22 18:38:27.496744 dv-cinder-769602-3-smb neutron-server[94081]: DEBUG oslo_concurrency.lockutils [None req-f93449d8-538b-4c6d-9320-41b82a2fb943 None None] Lock "event-dispatch" acquired by "neutron.plugins.ml2.ovo_rpc._ObjectChangeHandler.dispatch_events" :: waited 0.000s {{(pid=94081) inner /usr/local/lib/python3.8/dist-packages/oslo_concurrency/lockutils.py:355}}
Jun 22 18:38:27.509904 dv-cinder-769602-3-smb neutron-server[94079]: INFO neutron.wsgi [req-37a09977-9e7a-490a-a10a-a2f5d6f265e8 req-25ed1357-29e9-4e87-8ec9-700db962da45 tempest-DeleteServersTestJSON-264482082 tempest-DeleteServersTestJSON-264482082-project] 10.222.0.42 "GET /v2.0/ports?device_id=c3df0b2e-5401-4850-abda-a804665ef845 HTTP/1.1" status: 200 len: 210 time: 0.0422757
Jun 22 18:38:27.515351 dv-cinder-769602-3-smb neutron-server[94079]: INFO neutron.wsgi [req-67857201-9c54-4731-9d96-f0143a2b06d2 req-3c33787e-026f-4972-8cfb-a0c0d4d375e0 tempest-AttachVolumeTestJSON-1925890962 tempest-AttachVolumeTestJSON-1925890962-project] 10.222.0.42 "GET /v2.0/security-groups?id=af08b806-7a02-4065-9602-6c687a871c6f&fields=id&fields=name HTTP/1.1" status: 200 len: 313 time: 0.1192079
Jun 22 18:38:27.665563 dv-cinder-769602-3-smb neutron-server[94080]: DEBUG novaclient.v2.client [-] RESP: [200] Connection: close Content-Length: 179 Content-Type: application/json Date: Tue, 22 Jun 2021 18:38:27 GMT OpenStack-API-Version: compute 2.1 Server: Apache/2.4.41 (Ubuntu) Vary: OpenStack-API-Version,X-OpenStack-Nova-API-Version X-OpenStack-Nova-API-Version: 2.1 x-compute-request-id: req-41258098-6d47-46f8-a631-d67ea1a6f2c8 x-openstack-request-id: req-41258098-6d47-46f8-a631-d67ea1a6f2c8 {{(pid=94080) _http_log_response /usr/local/lib/python3.8/dist-packages/keystoneauth1/session.py:550}}
Jun 22 18:38:27.666035 dv-cinder-769602-3-smb neutron-server[94080]: DEBUG novaclient.v2.client [-] RESP BODY: {"events": [{"name": "network-changed", "server_uuid": "6b51d1e9-cc25-47f8-89dd-0507ab2872f0", "tag": "9aed7151-84f4-4a1f-93c3-da194e81545a", "status": "completed", "code": 200}]} {{(pid=94080) _http_log_response /usr/local/lib/python3.8/dist-packages/keystoneauth1/session.py:582}}
Jun 22 18:38:27.666227 dv-cinder-769602-3-smb neutron-server[94080]: DEBUG novaclient.v2.client [-] POST call to compute for http://10.222.0.42/compute/v2.1/os-server-external-events used request id req-41258098-6d47-46f8-a631-d67ea1a6f2c8 {{(pid=94080) request /usr/local/lib/python3.8/dist-packages/keystoneauth1/session.py:954}}
Jun 22 18:38:27.666645 dv-cinder-769602-3-smb neutron-server[94080]: INFO neutron.notifiers.nova [-] Nova event response: {'name': 'network-changed', 'server_uuid': '6b51d1e9-cc25-47f8-89dd-0507ab2872f0', 'tag': '9aed7151-84f4-4a1f-93c3-da194e81545a', 'status': 'completed', 'code': 200}
Jun 22 18:38:27.693552 dv-cinder-769602-3-smb neutron-server[94080]: DEBUG neutron.pecan_wsgi.hooks.policy_enforcement [req-afcf516f-7981-46cb-9731-7349ba61d89f req-417e54d8-a0cb-41b6-ad5e-d5a16a57d989 service neutron] Attributes excluded by policy engine: ['standard_attr_id'] {{(pid=94080) _exclude_attributes_by_policy /opt/stack/neutron/neutron/pecan_wsgi/hooks/policy_enforcement.py:255}}
Jun 22 18:38:27.696465 dv-cinder-769602-3-smb neutron-server[94080]: INFO neutron.wsgi [req-afcf516f-7981-46cb-9731-7349ba61d89f req-417e54d8-a0cb-41b6-ad5e-d5a16a57d989 service neutron] 10.222.0.106 "GET /v2.0/ports?tenant_id=4d15730953aa412380361c1598257a70&device_id=6b51d1e9-cc25-47f8-89dd-0507ab2872f0 HTTP/1.1" status: 200 len: 1096 time: 0.3942015
Jun 22 18:38:27.762348 dv-cinder-769602-3-smb neutron-server[94081]: DEBUG neutron.plugins.ml2.plugin [None req-cf68d7de-5627-4dd5-a606-0e7e7540c2dd None None] No Port match for: a386438d-bf2e-412d-a244-1328ac5b9290 {{(pid=94081) port_bound_to_host /opt/stack/neutron/neutron/plugins/ml2/plugin.py:2234}}
Jun 22 18:38:27.762891 dv-cinder-769602-3-smb neutron-server[94081]: DEBUG neutron.plugins.ml2.rpc [None req-cf68d7de-5627-4dd5-a606-0e7e7540c2dd None None] Device a386438d-bf2e-412d-a244-1328ac5b9290 not bound to the agent host hv-cinder-76960 {{(pid=94081) update_device_down /opt/stack/neutron/neutron/plugins/ml2/rpc.py:251}}
