Sep 23 03:13:07.660150 dv-cinder-768458-9-iscsi devstack@n-api.service[108954]: DEBUG oslo_concurrency.lockutils [None req-cbf7cb90-5f6c-45d8-93ad-69c7ee204296 tempest-AttachVolumeNegativeTest-1967980337 tempest-AttachVolumeNegativeTest-1967980337-project] Lock "d2e928b7-7406-4a56-84c2-2a89dd3469c1" released by "nova.context.set_target_cell..get_or_set_cached_cell_and_set_connections" :: held 0.000s {{(pid=108954) inner /usr/local/lib/python3.8/dist-packages/oslo_concurrency/lockutils.py:367}}
Sep 23 03:13:07.711174 dv-cinder-768458-9-iscsi devstack@n-api.service[108953]: DEBUG nova.api.openstack.wsgi [None req-3e4eee45-99bd-461d-92d7-5e03b6b7b157 tempest-VolumesSnapshotsTestJSON-1174656026 tempest-VolumesSnapshotsTestJSON-1174656026-project] Calling method '.version_select at 0x7fd1b448b430>' {{(pid=108953) _process_stack /opt/stack/nova/nova/api/openstack/wsgi.py:513}}
Sep 23 03:13:07.740612 dv-cinder-768458-9-iscsi devstack@n-api.service[108954]: DEBUG nova.policy [None req-cbf7cb90-5f6c-45d8-93ad-69c7ee204296 tempest-AttachVolumeNegativeTest-1967980337 tempest-AttachVolumeNegativeTest-1967980337-project] Policy check for os_compute_api:os-extended-server-attributes failed with credentials {'is_admin': False, 'user_id': '36893da01a1845f5af4921a298abb9eb', 'user_domain_id': 'default', 'system_scope': None, 'domain_id': None, 'project_id': '3a0db8b321a54de5ae011d51e6e69a58', 'project_domain_id': 'default', 'roles': ['reader', 'member'], 'is_admin_project': True, 'service_user_id': None, 'service_user_domain_id': None, 'service_project_id': None, 'service_project_domain_id': None, 'service_roles': []} {{(pid=108954) authorize /opt/stack/nova/nova/policy.py:199}}
Sep 23 03:13:07.750989 dv-cinder-768458-9-iscsi devstack@n-api.service[108954]: INFO nova.api.openstack.requestlog [None req-cbf7cb90-5f6c-45d8-93ad-69c7ee204296 tempest-AttachVolumeNegativeTest-1967980337 tempest-AttachVolumeNegativeTest-1967980337-project] 10.222.0.23 "GET /compute/v2.1/servers/565f86c9-78ca-4856-9083-6ed4db043086" status: 200 len: 1213 microversion: 2.1 time: 0.104871
Sep 23 03:13:07.752087 dv-cinder-768458-9-iscsi devstack@n-api.service[108954]: [pid: 108954|app: 0|req: 19/40] 10.222.0.23 () {58 vars in 1236 bytes} [Thu Sep 23 03:13:07 2021] GET /compute/v2.1/servers/565f86c9-78ca-4856-9083-6ed4db043086 => generated 1213 bytes in 107 msecs (HTTP/1.1 200) 9 headers in 358 bytes (1 switches on core 0)
Sep 23 03:13:07.772278 dv-cinder-768458-9-iscsi devstack@n-api.service[108953]: INFO nova.api.openstack.requestlog [None req-3e4eee45-99bd-461d-92d7-5e03b6b7b157 tempest-VolumesSnapshotsTestJSON-1174656026 tempest-VolumesSnapshotsTestJSON-1174656026-project] 10.222.0.23 "GET /compute/v2.1/os-snapshots/b96f15e4-eebe-414d-b142-b9d54e306ad8" status: 200 len: 287 microversion: 2.1 time: 0.064976
Sep 23 03:13:07.772978 dv-cinder-768458-9-iscsi devstack@n-api.service[108953]: [pid: 108953|app: 0|req: 22/41] 10.222.0.23 () {58 vars in 1251 bytes} [Thu Sep 23 03:13:07 2021] GET /compute/v2.1/os-snapshots/b96f15e4-eebe-414d-b142-b9d54e306ad8 => generated 287 bytes in 67 msecs (HTTP/1.1 200) 9 headers in 357 bytes (1 switches on core 0)
Sep 23 03:13:08.079043 dv-cinder-768458-9-iscsi devstack@n-api.service[108954]: DEBUG nova.api.openstack.wsgi [None req-ef802270-ec43-4be6-875b-bbd909496aea tempest-DeleteServersTestJSON-1532885282 tempest-DeleteServersTestJSON-1532885282-project] Calling method '>' {{(pid=108954) _process_stack /opt/stack/nova/nova/api/openstack/wsgi.py:513}}
Sep 23 03:13:08.079647 dv-cinder-768458-9-iscsi devstack@n-api.service[108954]: DEBUG nova.compute.api [None req-ef802270-ec43-4be6-875b-bbd909496aea tempest-DeleteServersTestJSON-1532885282 tempest-DeleteServersTestJSON-1532885282-project] [instance: 4135490e-a5b9-4f7f-b01b-60d0a6bf7d17] Fetching instance by UUID {{(pid=108954) get /opt/stack/nova/nova/compute/api.py:2863}}
Sep 23 03:13:08.085390 dv-cinder-768458-9-iscsi devstack@n-api.service[108954]: DEBUG oslo_concurrency.lockutils [None req-ef802270-ec43-4be6-875b-bbd909496aea tempest-DeleteServersTestJSON-1532885282 tempest-DeleteServersTestJSON-1532885282-project] Lock "d2e928b7-7406-4a56-84c2-2a89dd3469c1" acquired by "nova.context.set_target_cell..get_or_set_cached_cell_and_set_connections" :: waited 0.000s {{(pid=108954) inner /usr/local/lib/python3.8/dist-packages/oslo_concurrency/lockutils.py:355}}
Sep 23 03:13:08.085831 dv-cinder-768458-9-iscsi devstack@n-api.service[108954]: DEBUG oslo_concurrency.lockutils [None req-ef802270-ec43-4be6-875b-bbd909496aea tempest-DeleteServersTestJSON-1532885282 tempest-DeleteServersTestJSON-1532885282-project] Lock "d2e928b7-7406-4a56-84c2-2a89dd3469c1" released by "nova.context.set_target_cell..get_or_set_cached_cell_and_set_connections" :: held 0.000s {{(pid=108954) inner /usr/local/lib/python3.8/dist-packages/oslo_concurrency/lockutils.py:367}}
Sep 23 03:13:08.086655 dv-cinder-768458-9-iscsi devstack@n-api.service[108954]: DEBUG oslo_concurrency.lockutils [None req-ef802270-ec43-4be6-875b-bbd909496aea tempest-DeleteServersTestJSON-1532885282 tempest-DeleteServersTestJSON-1532885282-project] Lock "d2e928b7-7406-4a56-84c2-2a89dd3469c1" acquired by "nova.context.set_target_cell..get_or_set_cached_cell_and_set_connections" :: waited 0.000s {{(pid=108954) inner /usr/local/lib/python3.8/dist-packages/oslo_concurrency/lockutils.py:355}}
Sep 23 03:13:08.087000 dv-cinder-768458-9-iscsi devstack@n-api.service[108954]: DEBUG oslo_concurrency.lockutils [None req-ef802270-ec43-4be6-875b-bbd909496aea tempest-DeleteServersTestJSON-1532885282 tempest-DeleteServersTestJSON-1532885282-project] Lock "d2e928b7-7406-4a56-84c2-2a89dd3469c1" released by "nova.context.set_target_cell..get_or_set_cached_cell_and_set_connections" :: held 0.000s {{(pid=108954) inner /usr/local/lib/python3.8/dist-packages/oslo_concurrency/lockutils.py:367}}
Sep 23 03:13:08.120077 dv-cinder-768458-9-iscsi devstack@n-api.service[108953]: DEBUG nova.api.openstack.wsgi [None req-469d21b4-d4de-4645-9051-5564e3fa4cd8 tempest-ServerRescueNegativeTestJSON-1403964817 tempest-ServerRescueNegativeTestJSON-1403964817-project] Calling method '>' {{(pid=108953) _process_stack /opt/stack/nova/nova/api/openstack/wsgi.py:513}}
Sep 23 03:13:08.120838 dv-cinder-768458-9-iscsi devstack@n-api.service[108953]: DEBUG nova.compute.api [None req-469d21b4-d4de-4645-9051-5564e3fa4cd8 tempest-ServerRescueNegativeTestJSON-1403964817 tempest-ServerRescueNegativeTestJSON-1403964817-project] [instance: 2f3e7808-544d-464f-a759-648393c4f9b8] Fetching instance by UUID {{(pid=108953) get /opt/stack/nova/nova/compute/api.py:2863}}
Sep 23 03:13:08.127664 dv-cinder-768458-9-iscsi devstack@n-api.service[108953]: DEBUG oslo_concurrency.lockutils [None req-469d21b4-d4de-4645-9051-5564e3fa4cd8 tempest-ServerRescueNegativeTestJSON-1403964817 tempest-ServerRescueNegativeTestJSON-1403964817-project] Lock "d2e928b7-7406-4a56-84c2-2a89dd3469c1" acquired by "nova.context.set_target_cell..get_or_set_cached_cell_and_set_connections" :: waited 0.000s {{(pid=108953) inner /usr/local/lib/python3.8/dist-packages/oslo_concurrency/lockutils.py:355}}
Sep 23 03:13:08.127664 dv-cinder-768458-9-iscsi devstack@n-api.service[108953]: DEBUG oslo_concurrency.lockutils [None req-469d21b4-d4de-4645-9051-5564e3fa4cd8 tempest-ServerRescueNegativeTestJSON-1403964817 tempest-ServerRescueNegativeTestJSON-1403964817-project] Lock "d2e928b7-7406-4a56-84c2-2a89dd3469c1" released by "nova.context.set_target_cell..get_or_set_cached_cell_and_set_connections" :: held 0.001s {{(pid=108953) inner /usr/local/lib/python3.8/dist-packages/oslo_concurrency/lockutils.py:367}}
Sep 23 03:13:08.128336 dv-cinder-768458-9-iscsi devstack@n-api.service[108953]: DEBUG oslo_concurrency.lockutils [None req-469d21b4-d4de-4645-9051-5564e3fa4cd8 tempest-ServerRescueNegativeTestJSON-1403964817 tempest-ServerRescueNegativeTestJSON-1403964817-project] Lock "d2e928b7-7406-4a56-84c2-2a89dd3469c1" acquired by "nova.context.set_target_cell..get_or_set_cached_cell_and_set_connections" :: waited 0.000s {{(pid=108953) inner /usr/local/lib/python3.8/dist-packages/oslo_concurrency/lockutils.py:355}}
Sep 23 03:13:08.128800 dv-cinder-768458-9-iscsi devstack@n-api.service[108953]: DEBUG oslo_concurrency.lockutils [None req-469d21b4-d4de-4645-9051-5564e3fa4cd8 tempest-ServerRescueNegativeTestJSON-1403964817 tempest-ServerRescueNegativeTestJSON-1403964817-project] Lock "d2e928b7-7406-4a56-84c2-2a89dd3469c1" released by "nova.context.set_target_cell..get_or_set_cached_cell_and_set_connections" :: held 0.001s {{(pid=108953) inner /usr/local/lib/python3.8/dist-packages/oslo_concurrency/lockutils.py:367}}
Sep 23 03:13:08.186650 dv-cinder-768458-9-iscsi devstack@n-api.service[108954]: DEBUG nova.policy [None req-ef802270-ec43-4be6-875b-bbd909496aea tempest-DeleteServersTestJSON-1532885282 tempest-DeleteServersTestJSON-1532885282-project] Policy check for os_compute_api:os-extended-server-attributes failed with credentials {'is_admin': False, 'user_id': '415880421b3f4b7896e49188e8d1395c', 'user_domain_id': 'default', 'system_scope': None, 'domain_id': None, 'project_id': 'a580adcc8b084ba2b1b657bd1b2a9a1a', 'project_domain_id': 'default', 'roles': ['reader', 'member'], 'is_admin_project': True, 'service_user_id': None, 'service_user_domain_id': None, 'service_project_id': None, 'service_project_domain_id': None, 'service_roles': []} {{(pid=108954) authorize /opt/stack/nova/nova/policy.py:199}}
Sep 23 03:13:08.190139 dv-cinder-768458-9-iscsi devstack@n-api.service[108953]: DEBUG nova.policy [None req-469d21b4-d4de-4645-9051-5564e3fa4cd8 tempest-ServerRescueNegativeTestJSON-1403964817 tempest-ServerRescueNegativeTestJSON-1403964817-project] Policy check for os_compute_api:os-extended-server-attributes failed with credentials {'is_admin': False, 'user_id': 'dbd9a5404ac747d4964d215c96918625', 'user_domain_id': 'default', 'system_scope': None, 'domain_id': None, 'project_id': 'a28d49e25ce7449f8ae6c33149e67246', 'project_domain_id': 'default', 'roles': ['reader', 'member'], 'is_admin_project': True, 'service_user_id': None, 'service_user_domain_id': None, 'service_project_id': None, 'service_project_domain_id': None, 'service_roles': []} {{(pid=108953) authorize /opt/stack/nova/nova/policy.py:199}}
Sep 23 03:13:08.199700 dv-cinder-768458-9-iscsi devstack@n-api.service[108953]: INFO nova.api.openstack.requestlog [None req-469d21b4-d4de-4645-9051-5564e3fa4cd8 tempest-ServerRescueNegativeTestJSON-1403964817 tempest-ServerRescueNegativeTestJSON-1403964817-project] 10.222.0.23 "GET /compute/v2.1/servers/2f3e7808-544d-464f-a759-648393c4f9b8" status: 200 len: 1226 microversion: 2.1 time: 0.083075
Sep 23 03:13:08.200777 dv-cinder-768458-9-iscsi devstack@n-api.service[108953]: [pid: 108953|app: 0|req: 23/42] 10.222.0.23 () {58 vars in 1236 bytes} [Thu Sep 23 03:13:08 2021] GET /compute/v2.1/servers/2f3e7808-544d-464f-a759-648393c4f9b8 => generated 1226 bytes in 85 msecs (HTTP/1.1 200) 9 headers in 358 bytes (2 switches on core 0)
Sep 23 03:13:08.207318 dv-cinder-768458-9-iscsi devstack@n-api.service[108954]: INFO nova.api.openstack.requestlog [None req-ef802270-ec43-4be6-875b-bbd909496aea tempest-DeleteServersTestJSON-1532885282 tempest-DeleteServersTestJSON-1532885282-project] 10.222.0.23 "GET /compute/v2.1/servers/4135490e-a5b9-4f7f-b01b-60d0a6bf7d17" status: 200 len: 1211 microversion: 2.1 time: 0.131912
Sep 23 03:13:08.208040 dv-cinder-768458-9-iscsi devstack@n-api.service[108954]: [pid: 108954|app: 0|req: 20/43] 10.222.0.23 () {58 vars in 1236 bytes} [Thu Sep 23 03:13:08 2021] GET /compute/v2.1/servers/4135490e-a5b9-4f7f-b01b-60d0a6bf7d17 => generated 1211 bytes in 133 msecs (HTTP/1.1 200) 9 headers in 358 bytes (1 switches on core 0)
Sep 23 03:13:08.763499 dv-cinder-768458-9-iscsi devstack@n-api.service[108953]: DEBUG nova.api.openstack.wsgi [None req-7adc5b03-ab87-4b6b-9566-c8b241bbec15 tempest-AttachVolumeShelveTestJSON-168478597 tempest-AttachVolumeShelveTestJSON-168478597-project] Action: 'create', calling method: >, body: {"server": {"name": "tempest-AttachVolumeShelveTestJSON-server-195831578", "imageRef": "ba4b3434-cfb6-4227-8d33-f0a48a59ede7", "flavorRef": "452", "adminPass": "***", "networks": [{"uuid": "14c1ac36-0e52-4076-99c3-1a39144cff3e"}], "security_groups": [{"name": "tempest-securitygroup--1711412338"}], "key_name": "tempest-keypair-2125703532", "user_data": "IyEvYmluL3NoCmVjaG8gIlByaW50aW5nIHVidW50dSB1c2VyIGF1dGhvcml6ZWQga2V5cyIKY2F0IH51YnVudHUvLnNzaC9hdXRob3JpemVkX2tleXMgfHwgdHJ1ZQo="}} {{(pid=108953) _process_stack /opt/stack/nova/nova/api/openstack/wsgi.py:511}}
Sep 23 03:13:08.775110 dv-cinder-768458-9-iscsi devstack@n-api.service[108954]: DEBUG nova.api.openstack.wsgi [None req-6e214865-d6dd-4e03-a00e-d0444c3667aa tempest-AttachVolumeNegativeTest-1967980337 tempest-AttachVolumeNegativeTest-1967980337-project] Calling method '>' {{(pid=108954) _process_stack /opt/stack/nova/nova/api/openstack/wsgi.py:513}}
Sep 23 03:13:08.775693 dv-cinder-768458-9-iscsi devstack@n-api.service[108954]: DEBUG nova.compute.api [None req-6e214865-d6dd-4e03-a00e-d0444c3667aa tempest-AttachVolumeNegativeTest-1967980337 tempest-AttachVolumeNegativeTest-1967980337-project] [instance: 565f86c9-78ca-4856-9083-6ed4db043086] Fetching instance by UUID {{(pid=108954) get /opt/stack/nova/nova/compute/api.py:2863}}
Sep 23 03:13:08.784599 dv-cinder-768458-9-iscsi devstack@n-api.service[108954]: DEBUG oslo_concurrency.lockutils [None req-6e214865-d6dd-4e03-a00e-d0444c3667aa tempest-AttachVolumeNegativeTest-1967980337 tempest-AttachVolumeNegativeTest-1967980337-project] Lock "d2e928b7-7406-4a56-84c2-2a89dd3469c1" acquired by "nova.context.set_target_cell..get_or_set_cached_cell_and_set_connections" :: waited 0.000s {{(pid=108954) inner /usr/local/lib/python3.8/dist-packages/oslo_concurrency/lockutils.py:355}}
Sep 23 03:13:08.785375 dv-cinder-768458-9-iscsi devstack@n-api.service[108954]: DEBUG oslo_concurrency.lockutils [None req-6e214865-d6dd-4e03-a00e-d0444c3667aa tempest-AttachVolumeNegativeTest-1967980337 tempest-AttachVolumeNegativeTest-1967980337-project] Lock "d2e928b7-7406-4a56-84c2-2a89dd3469c1" released by "nova.context.set_target_cell..get_or_set_cached_cell_and_set_connections" :: held 0.001s {{(pid=108954) inner /usr/local/lib/python3.8/dist-packages/oslo_concurrency/lockutils.py:367}}
Sep 23 03:13:08.786303 dv-cinder-768458-9-iscsi devstack@n-api.service[108954]: DEBUG oslo_concurrency.lockutils [None req-6e214865-d6dd-4e03-a00e-d0444c3667aa tempest-AttachVolumeNegativeTest-1967980337 tempest-AttachVolumeNegativeTest-1967980337-project] Lock "d2e928b7-7406-4a56-84c2-2a89dd3469c1" acquired by "nova.context.set_target_cell..get_or_set_cached_cell_and_set_connections" :: waited 0.000s {{(pid=108954) inner /usr/local/lib/python3.8/dist-packages/oslo_concurrency/lockutils.py:355}}
Sep 23 03:13:08.786882 dv-cinder-768458-9-iscsi devstack@n-api.service[108954]: DEBUG oslo_concurrency.lockutils [None req-6e214865-d6dd-4e03-a00e-d0444c3667aa tempest-AttachVolumeNegativeTest-1967980337 tempest-AttachVolumeNegativeTest-1967980337-project] Lock "d2e928b7-7406-4a56-84c2-2a89dd3469c1" released by "nova.context.set_target_cell..get_or_set_cached_cell_and_set_connections" :: held 0.001s {{(pid=108954) inner /usr/local/lib/python3.8/dist-packages/oslo_concurrency/lockutils.py:367}}
Sep 23 03:13:08.859541 dv-cinder-768458-9-iscsi devstack@n-api.service[108954]: DEBUG nova.policy [None req-6e214865-d6dd-4e03-a00e-d0444c3667aa tempest-AttachVolumeNegativeTest-1967980337 tempest-AttachVolumeNegativeTest-1967980337-project] Policy check for os_compute_api:os-extended-server-attributes failed with credentials {'is_admin': False, 'user_id': '36893da01a1845f5af4921a298abb9eb', 'user_domain_id': 'default', 'system_scope': None, 'domain_id': None, 'project_id': '3a0db8b321a54de5ae011d51e6e69a58', 'project_domain_id': 'default', 'roles': ['reader', 'member'], 'is_admin_project': True, 'service_user_id': None, 'service_user_domain_id': None, 'service_project_id': None, 'service_project_domain_id': None, 'service_roles': []} {{(pid=108954) authorize /opt/stack/nova/nova/policy.py:199}}
Sep 23 03:13:08.868396 dv-cinder-768458-9-iscsi devstack@n-api.service[108954]: INFO nova.api.openstack.requestlog [None req-6e214865-d6dd-4e03-a00e-d0444c3667aa tempest-AttachVolumeNegativeTest-1967980337 tempest-AttachVolumeNegativeTest-1967980337-project] 10.222.0.23 "GET /compute/v2.1/servers/565f86c9-78ca-4856-9083-6ed4db043086" status: 200 len: 1213 microversion: 2.1 time: 0.097335
Sep 23 03:13:08.869104 dv-cinder-768458-9-iscsi devstack@n-api.service[108954]: [pid: 108954|app: 0|req: 21/44] 10.222.0.23 () {58 vars in 1236 bytes} [Thu Sep 23 03:13:08 2021] GET /compute/v2.1/servers/565f86c9-78ca-4856-9083-6ed4db043086 => generated 1213 bytes in 99 msecs (HTTP/1.1 200) 9 headers in 358 bytes (2 switches on core 0)
Sep 23 03:13:08.870375 dv-cinder-768458-9-iscsi devstack@n-api.service[108953]: DEBUG nova.network.neutron [None req-7adc5b03-ab87-4b6b-9566-c8b241bbec15 tempest-AttachVolumeShelveTestJSON-168478597 tempest-AttachVolumeShelveTestJSON-168478597-project] validate_networks() for [('14c1ac36-0e52-4076-99c3-1a39144cff3e', None, None, None, None, None)] {{(pid=108953) validate_networks /opt/stack/nova/nova/network/neutron.py:2475}}
Sep 23 03:13:08.873678 dv-cinder-768458-9-iscsi devstack@n-api.service[108954]: DEBUG nova.api.openstack.wsgi [None req-0708c4c1-cc97-4674-8a92-4c5b5069ec83 tempest-VolumesSnapshotsTestJSON-1174656026 tempest-VolumesSnapshotsTestJSON-1174656026-project] Calling method '.version_select at 0x7fd1b44f2d30>' {{(pid=108954) _process_stack /opt/stack/nova/nova/api/openstack/wsgi.py:513}}
Sep 23 03:13:08.914296 dv-cinder-768458-9-iscsi devstack@n-api.service[108954]: INFO nova.api.openstack.requestlog [None req-0708c4c1-cc97-4674-8a92-4c5b5069ec83 tempest-VolumesSnapshotsTestJSON-1174656026 tempest-VolumesSnapshotsTestJSON-1174656026-project] 10.222.0.23 "GET /compute/v2.1/os-snapshots/b96f15e4-eebe-414d-b142-b9d54e306ad8" status: 200 len: 287 microversion: 2.1 time: 0.033982
Sep 23 03:13:08.914296 dv-cinder-768458-9-iscsi devstack@n-api.service[108954]: [pid: 108954|app: 0|req: 22/45] 10.222.0.23 () {58 vars in 1251 bytes} [Thu Sep 23 03:13:08 2021] GET /compute/v2.1/os-snapshots/b96f15e4-eebe-414d-b142-b9d54e306ad8 => generated 287 bytes in 35 msecs (HTTP/1.1 200) 9 headers in 357 bytes (1 switches on core 0)
Sep 23 03:13:09.219022 dv-cinder-768458-9-iscsi devstack@n-api.service[108954]: DEBUG nova.api.openstack.wsgi [None req-2b1bdd75-d2bd-4941-98d6-4d77929937e6 tempest-ServerRescueNegativeTestJSON-1403964817 tempest-ServerRescueNegativeTestJSON-1403964817-project] Calling method '>' {{(pid=108954) _process_stack /opt/stack/nova/nova/api/openstack/wsgi.py:513}}
Sep 23 03:13:09.220338 dv-cinder-768458-9-iscsi devstack@n-api.service[108954]: DEBUG nova.compute.api [None req-2b1bdd75-d2bd-4941-98d6-4d77929937e6 tempest-ServerRescueNegativeTestJSON-1403964817 tempest-ServerRescueNegativeTestJSON-1403964817-project] [instance: 2f3e7808-544d-464f-a759-648393c4f9b8] Fetching instance by UUID {{(pid=108954) get /opt/stack/nova/nova/compute/api.py:2863}}
Sep 23 03:13:09.226748 dv-cinder-768458-9-iscsi devstack@n-api.service[108954]: DEBUG oslo_concurrency.lockutils [None req-2b1bdd75-d2bd-4941-98d6-4d77929937e6 tempest-ServerRescueNegativeTestJSON-1403964817 tempest-ServerRescueNegativeTestJSON-1403964817-project] Lock "d2e928b7-7406-4a56-84c2-2a89dd3469c1" acquired by "nova.context.set_target_cell..get_or_set_cached_cell_and_set_connections" :: waited 0.000s {{(pid=108954) inner /usr/local/lib/python3.8/dist-packages/oslo_concurrency/lockutils.py:355}}
Sep 23 03:13:09.227467 dv-cinder-768458-9-iscsi devstack@n-api.service[108954]: DEBUG oslo_concurrency.lockutils [None req-2b1bdd75-d2bd-4941-98d6-4d77929937e6 tempest-ServerRescueNegativeTestJSON-1403964817 tempest-ServerRescueNegativeTestJSON-1403964817-project] Lock "d2e928b7-7406-4a56-84c2-2a89dd3469c1" released by "nova.context.set_target_cell..get_or_set_cached_cell_and_set_connections" :: held 0.001s {{(pid=108954) inner /usr/local/lib/python3.8/dist-packages/oslo_concurrency/lockutils.py:367}}
Sep 23 03:13:09.228986 dv-cinder-768458-9-iscsi devstack@n-api.service[108954]: DEBUG oslo_concurrency.lockutils [None req-2b1bdd75-d2bd-4941-98d6-4d77929937e6 tempest-ServerRescueNegativeTestJSON-1403964817 tempest-ServerRescueNegativeTestJSON-1403964817-project] Lock "d2e928b7-7406-4a56-84c2-2a89dd3469c1" acquired by "nova.context.set_target_cell..get_or_set_cached_cell_and_set_connections" :: waited 0.000s {{(pid=108954) inner /usr/local/lib/python3.8/dist-packages/oslo_concurrency/lockutils.py:355}}
Sep 23 03:13:09.229657 dv-cinder-768458-9-iscsi devstack@n-api.service[108954]: DEBUG oslo_concurrency.lockutils [None req-2b1bdd75-d2bd-4941-98d6-4d77929937e6 tempest-ServerRescueNegativeTestJSON-1403964817 tempest-ServerRescueNegativeTestJSON-1403964817-project] Lock "d2e928b7-7406-4a56-84c2-2a89dd3469c1" released by "nova.context.set_target_cell..get_or_set_cached_cell_and_set_connections" :: held 0.001s {{(pid=108954) inner /usr/local/lib/python3.8/dist-packages/oslo_concurrency/lockutils.py:367}}
Sep 23 03:13:09.258864 dv-cinder-768458-9-iscsi devstack@n-api.service[108953]: DEBUG nova.virt.hardware [None req-7adc5b03-ab87-4b6b-9566-c8b241bbec15 tempest-AttachVolumeShelveTestJSON-168478597 tempest-AttachVolumeShelveTestJSON-168478597-project] Flavor limits 0:0:0 {{(pid=108953) get_cpu_topology_constraints /opt/stack/nova/nova/virt/hardware.py:343}}
Sep 23 03:13:09.259341 dv-cinder-768458-9-iscsi devstack@n-api.service[108953]: DEBUG nova.virt.hardware [None req-7adc5b03-ab87-4b6b-9566-c8b241bbec15 tempest-AttachVolumeShelveTestJSON-168478597 tempest-AttachVolumeShelveTestJSON-168478597-project] Image limits 0:0:0 {{(pid=108953) get_cpu_topology_constraints /opt/stack/nova/nova/virt/hardware.py:347}}
Sep 23 03:13:09.259765 dv-cinder-768458-9-iscsi devstack@n-api.service[108953]: DEBUG nova.virt.hardware [None req-7adc5b03-ab87-4b6b-9566-c8b241bbec15 tempest-AttachVolumeShelveTestJSON-168478597 tempest-AttachVolumeShelveTestJSON-168478597-project] Flavor pref 0:0:0 {{(pid=108953) get_cpu_topology_constraints /opt/stack/nova/nova/virt/hardware.py:383}}
Sep 23 03:13:09.260167 dv-cinder-768458-9-iscsi devstack@n-api.service[108953]: DEBUG nova.virt.hardware [None req-7adc5b03-ab87-4b6b-9566-c8b241bbec15 tempest-AttachVolumeShelveTestJSON-168478597 tempest-AttachVolumeShelveTestJSON-168478597-project] Image pref 0:0:0 {{(pid=108953) get_cpu_topology_constraints /opt/stack/nova/nova/virt/hardware.py:387}}
Sep 23 03:13:09.260593 dv-cinder-768458-9-iscsi devstack@n-api.service[108953]: DEBUG nova.virt.hardware [None req-7adc5b03-ab87-4b6b-9566-c8b241bbec15 tempest-AttachVolumeShelveTestJSON-168478597 tempest-AttachVolumeShelveTestJSON-168478597-project] Chose sockets=0, cores=0, threads=0; limits were sockets=65536, cores=65536, threads=65536 {{(pid=108953) get_cpu_topology_constraints /opt/stack/nova/nova/virt/hardware.py:425}}
Sep 23 03:13:09.269849 dv-cinder-768458-9-iscsi devstack@n-api.service[108953]: DEBUG oslo_concurrency.lockutils [None req-7adc5b03-ab87-4b6b-9566-c8b241bbec15 tempest-AttachVolumeShelveTestJSON-168478597 tempest-AttachVolumeShelveTestJSON-168478597-project] Lock "00000000-0000-0000-0000-000000000000" acquired by "nova.context.set_target_cell..get_or_set_cached_cell_and_set_connections" :: waited 0.000s {{(pid=108953) inner /usr/local/lib/python3.8/dist-packages/oslo_concurrency/lockutils.py:355}}
Sep 23 03:13:09.270292 dv-cinder-768458-9-iscsi devstack@n-api.service[108953]: DEBUG oslo_concurrency.lockutils [None req-7adc5b03-ab87-4b6b-9566-c8b241bbec15 tempest-AttachVolumeShelveTestJSON-168478597 tempest-AttachVolumeShelveTestJSON-168478597-project] Lock "00000000-0000-0000-0000-000000000000" released by "nova.context.set_target_cell..get_or_set_cached_cell_and_set_connections" :: held 0.001s {{(pid=108953) inner /usr/local/lib/python3.8/dist-packages/oslo_concurrency/lockutils.py:367}}
Sep 23 03:13:09.271124 dv-cinder-768458-9-iscsi devstack@n-api.service[108953]: DEBUG oslo_concurrency.lockutils [None req-7adc5b03-ab87-4b6b-9566-c8b241bbec15 tempest-AttachVolumeShelveTestJSON-168478597 tempest-AttachVolumeShelveTestJSON-168478597-project] Lock "d2e928b7-7406-4a56-84c2-2a89dd3469c1" acquired by "nova.context.set_target_cell..get_or_set_cached_cell_and_set_connections" :: waited 0.000s {{(pid=108953) inner /usr/local/lib/python3.8/dist-packages/oslo_concurrency/lockutils.py:355}}
Sep 23 03:13:09.271562 dv-cinder-768458-9-iscsi devstack@n-api.service[108953]: DEBUG oslo_concurrency.lockutils [None req-7adc5b03-ab87-4b6b-9566-c8b241bbec15 tempest-AttachVolumeShelveTestJSON-168478597 tempest-AttachVolumeShelveTestJSON-168478597-project] Lock "d2e928b7-7406-4a56-84c2-2a89dd3469c1" released by "nova.context.set_target_cell..get_or_set_cached_cell_and_set_connections" :: held 0.000s {{(pid=108953) inner /usr/local/lib/python3.8/dist-packages/oslo_concurrency/lockutils.py:367}}
Sep 23 03:13:09.288690 dv-cinder-768458-9-iscsi devstack@n-api.service[108953]: DEBUG nova.quota [None req-7adc5b03-ab87-4b6b-9566-c8b241bbec15 tempest-AttachVolumeShelveTestJSON-168478597 tempest-AttachVolumeShelveTestJSON-168478597-project] Getting quotas for project dbfca1e34b884266a4b529b2813872ba. Resources: {'instances', 'ram', 'cores'} {{(pid=108953) _get_quotas /opt/stack/nova/nova/quota.py:387}}
Sep 23 03:13:09.292975 dv-cinder-768458-9-iscsi devstack@n-api.service[108953]: DEBUG nova.quota [None req-7adc5b03-ab87-4b6b-9566-c8b241bbec15 tempest-AttachVolumeShelveTestJSON-168478597 tempest-AttachVolumeShelveTestJSON-168478597-project] Getting quotas for user bea2a7d9c3724d8b947a0a6363d2f5bd and project dbfca1e34b884266a4b529b2813872ba. Resources: {'instances', 'ram', 'cores'} {{(pid=108953) _get_quotas /opt/stack/nova/nova/quota.py:377}}
Sep 23 03:13:09.295326 dv-cinder-768458-9-iscsi devstack@n-api.service[108954]: DEBUG nova.policy [None req-2b1bdd75-d2bd-4941-98d6-4d77929937e6 tempest-ServerRescueNegativeTestJSON-1403964817 tempest-ServerRescueNegativeTestJSON-1403964817-project] Policy check for os_compute_api:os-extended-server-attributes failed with credentials {'is_admin': False, 'user_id': 'dbd9a5404ac747d4964d215c96918625', 'user_domain_id': 'default', 'system_scope': None, 'domain_id': None, 'project_id': 'a28d49e25ce7449f8ae6c33149e67246', 'project_domain_id': 'default', 'roles': ['reader', 'member'], 'is_admin_project': True, 'service_user_id': None, 'service_user_domain_id': None, 'service_project_id': None, 'service_project_domain_id': None, 'service_roles': []} {{(pid=108954) authorize /opt/stack/nova/nova/policy.py:199}}
Sep 23 03:13:09.301909 dv-cinder-768458-9-iscsi devstack@n-api.service[108954]: INFO nova.api.openstack.requestlog [None req-2b1bdd75-d2bd-4941-98d6-4d77929937e6 tempest-ServerRescueNegativeTestJSON-1403964817 tempest-ServerRescueNegativeTestJSON-1403964817-project] 10.222.0.23 "GET /compute/v2.1/servers/2f3e7808-544d-464f-a759-648393c4f9b8" status: 200 len: 1226 microversion: 2.1 time: 0.086532
Sep 23 03:13:09.311069 dv-cinder-768458-9-iscsi devstack@n-api.service[108954]: [pid: 108954|app: 0|req: 23/46] 10.222.0.23 () {58 vars in 1236 bytes} [Thu Sep 23 03:13:09 2021] GET /compute/v2.1/servers/2f3e7808-544d-464f-a759-648393c4f9b8 => generated 1226 bytes in 88 msecs (HTTP/1.1 200) 9 headers in 358 bytes (1 switches on core 0)
Sep 23 03:13:09.311069 dv-cinder-768458-9-iscsi devstack@n-api.service[108954]: DEBUG nova.api.openstack.wsgi [None req-1f7b7b91-f94c-4dc1-b081-35e5d447381e tempest-DeleteServersTestJSON-1532885282 tempest-DeleteServersTestJSON-1532885282-project] Calling method '>' {{(pid=108954) _process_stack /opt/stack/nova/nova/api/openstack/wsgi.py:513}}
Sep 23 03:13:09.311069 dv-cinder-768458-9-iscsi devstack@n-api.service[108954]: DEBUG nova.compute.api [None req-1f7b7b91-f94c-4dc1-b081-35e5d447381e tempest-DeleteServersTestJSON-1532885282 tempest-DeleteServersTestJSON-1532885282-project] [instance: 4135490e-a5b9-4f7f-b01b-60d0a6bf7d17] Fetching instance by UUID {{(pid=108954) get /opt/stack/nova/nova/compute/api.py:2863}}
Sep 23 03:13:09.313926 dv-cinder-768458-9-iscsi devstack@n-api.service[108954]: DEBUG oslo_concurrency.lockutils [None req-1f7b7b91-f94c-4dc1-b081-35e5d447381e tempest-DeleteServersTestJSON-1532885282 tempest-DeleteServersTestJSON-1532885282-project] Lock "d2e928b7-7406-4a56-84c2-2a89dd3469c1" acquired by "nova.context.set_target_cell..get_or_set_cached_cell_and_set_connections" :: waited 0.000s {{(pid=108954) inner /usr/local/lib/python3.8/dist-packages/oslo_concurrency/lockutils.py:355}}
Sep 23 03:13:09.314433 dv-cinder-768458-9-iscsi devstack@n-api.service[108954]: DEBUG oslo_concurrency.lockutils [None req-1f7b7b91-f94c-4dc1-b081-35e5d447381e tempest-DeleteServersTestJSON-1532885282 tempest-DeleteServersTestJSON-1532885282-project] Lock "d2e928b7-7406-4a56-84c2-2a89dd3469c1" released by "nova.context.set_target_cell..get_or_set_cached_cell_and_set_connections" :: held 0.001s {{(pid=108954) inner /usr/local/lib/python3.8/dist-packages/oslo_concurrency/lockutils.py:367}}
Sep 23 03:13:09.315215 dv-cinder-768458-9-iscsi devstack@n-api.service[108954]: DEBUG oslo_concurrency.lockutils [None req-1f7b7b91-f94c-4dc1-b081-35e5d447381e tempest-DeleteServersTestJSON-1532885282 tempest-DeleteServersTestJSON-1532885282-project] Lock "d2e928b7-7406-4a56-84c2-2a89dd3469c1" acquired by "nova.context.set_target_cell..get_or_set_cached_cell_and_set_connections" :: waited 0.000s {{(pid=108954) inner /usr/local/lib/python3.8/dist-packages/oslo_concurrency/lockutils.py:355}}
Sep 23 03:13:09.315656 dv-cinder-768458-9-iscsi devstack@n-api.service[108954]: DEBUG oslo_concurrency.lockutils [None req-1f7b7b91-f94c-4dc1-b081-35e5d447381e tempest-DeleteServersTestJSON-1532885282 tempest-DeleteServersTestJSON-1532885282-project] Lock "d2e928b7-7406-4a56-84c2-2a89dd3469c1" released by "nova.context.set_target_cell..get_or_set_cached_cell_and_set_connections" :: held 0.000s {{(pid=108954) inner /usr/local/lib/python3.8/dist-packages/oslo_concurrency/lockutils.py:367}}
Sep 23 03:13:09.324554 dv-cinder-768458-9-iscsi devstack@n-api.service[108953]: DEBUG nova.compute.api [None req-7adc5b03-ab87-4b6b-9566-c8b241bbec15 tempest-AttachVolumeShelveTestJSON-168478597 tempest-AttachVolumeShelveTestJSON-168478597-project] Going to run 1 instances... {{(pid=108953) _provision_instances /opt/stack/nova/nova/compute/api.py:1350}}
Sep 23 03:13:09.326765 dv-cinder-768458-9-iscsi devstack@n-api.service[108953]: DEBUG nova.compute.api [None req-7adc5b03-ab87-4b6b-9566-c8b241bbec15 tempest-AttachVolumeShelveTestJSON-168478597 tempest-AttachVolumeShelveTestJSON-168478597-project] [instance: 7b5e61b2-2f6c-4450-a5c3-c6bd65ec328a] block_device_mapping [BlockDeviceMapping(attachment_id=,boot_index=0,connection_info=None,created_at=,delete_on_termination=True,deleted=,deleted_at=,destination_type='local',device_name=None,device_type='disk',disk_bus=None,guest_format=None,id=,image_id='ba4b3434-cfb6-4227-8d33-f0a48a59ede7',instance=,instance_uuid=,no_device=False,snapshot_id=None,source_type='image',tag=None,updated_at=,uuid=,volume_id=None,volume_size=None,volume_type=None)] {{(pid=108953) _bdm_validate_set_size_and_instance /opt/stack/nova/nova/compute/api.py:1757}}
Sep 23 03:13:09.377485 dv-cinder-768458-9-iscsi devstack@n-api.service[108954]: DEBUG nova.policy [None req-1f7b7b91-f94c-4dc1-b081-35e5d447381e tempest-DeleteServersTestJSON-1532885282 tempest-DeleteServersTestJSON-1532885282-project] Policy check for os_compute_api:os-extended-server-attributes failed with credentials {'is_admin': False, 'user_id': '415880421b3f4b7896e49188e8d1395c', 'user_domain_id': 'default', 'system_scope': None, 'domain_id': None, 'project_id': 'a580adcc8b084ba2b1b657bd1b2a9a1a', 'project_domain_id': 'default', 'roles': ['reader', 'member'], 'is_admin_project': True, 'service_user_id': None, 'service_user_domain_id': None, 'service_project_id': None, 'service_project_domain_id': None, 'service_roles': []} {{(pid=108954) authorize /opt/stack/nova/nova/policy.py:199}}
Sep 23 03:13:09.385318 dv-cinder-768458-9-iscsi devstack@n-api.service[108954]: INFO nova.api.openstack.requestlog [None req-1f7b7b91-f94c-4dc1-b081-35e5d447381e tempest-DeleteServersTestJSON-1532885282 tempest-DeleteServersTestJSON-1532885282-project] 10.222.0.23 "GET /compute/v2.1/servers/4135490e-a5b9-4f7f-b01b-60d0a6bf7d17" status: 200 len: 1211 microversion: 2.1 time: 0.081380
Sep 23 03:13:09.386112 dv-cinder-768458-9-iscsi devstack@n-api.service[108954]: [pid: 108954|app: 0|req: 24/47] 10.222.0.23 () {58 vars in 1236 bytes} [Thu Sep 23 03:13:09 2021] GET /compute/v2.1/servers/4135490e-a5b9-4f7f-b01b-60d0a6bf7d17 => generated 1211 bytes in 83 msecs (HTTP/1.1 200) 9 headers in 358 bytes (1 switches on core 0)
Sep 23 03:13:09.478662 dv-cinder-768458-9-iscsi devstack@n-api.service[108953]: INFO nova.api.openstack.requestlog [None req-7adc5b03-ab87-4b6b-9566-c8b241bbec15 tempest-AttachVolumeShelveTestJSON-168478597 tempest-AttachVolumeShelveTestJSON-168478597-project] 10.222.0.23 "POST /compute/v2.1/servers" status: 202 len: 402 microversion: 2.20 time: 0.718699
Sep 23 03:13:09.482398 dv-cinder-768458-9-iscsi devstack@n-api.service[108953]: [pid: 108953|app: 0|req: 24/48] 10.222.0.23 () {62 vars in 1188 bytes} [Thu Sep 23 03:13:08 2021] POST /compute/v2.1/servers => generated 402 bytes in 721 msecs (HTTP/1.1 202) 10 headers in 453 bytes (1 switches on core 0)
Sep 23 03:13:09.490225 dv-cinder-768458-9-iscsi devstack@n-api.service[108954]: DEBUG nova.api.openstack.wsgi [None req-6e657908-909e-4f7a-9323-4c0bf4f19c98 tempest-AttachVolumeShelveTestJSON-168478597 tempest-AttachVolumeShelveTestJSON-168478597-project] Calling method '>' {{(pid=108954) _process_stack /opt/stack/nova/nova/api/openstack/wsgi.py:513}}
Sep 23 03:13:09.490841 dv-cinder-768458-9-iscsi devstack@n-api.service[108954]: DEBUG nova.compute.api [None req-6e657908-909e-4f7a-9323-4c0bf4f19c98 tempest-AttachVolumeShelveTestJSON-168478597 tempest-AttachVolumeShelveTestJSON-168478597-project] [instance: 7b5e61b2-2f6c-4450-a5c3-c6bd65ec328a] Fetching instance by UUID {{(pid=108954) get /opt/stack/nova/nova/compute/api.py:2863}}
Sep 23 03:13:09.548696 dv-cinder-768458-9-iscsi devstack@n-api.service[108954]: DEBUG nova.policy [None req-6e657908-909e-4f7a-9323-4c0bf4f19c98 tempest-AttachVolumeShelveTestJSON-168478597 tempest-AttachVolumeShelveTestJSON-168478597-project] Policy check for os_compute_api:os-extended-server-attributes failed with credentials {'is_admin': False, 'user_id': 'bea2a7d9c3724d8b947a0a6363d2f5bd', 'user_domain_id': 'default', 'system_scope': None, 'domain_id': None, 'project_id': 'dbfca1e34b884266a4b529b2813872ba', 'project_domain_id': 'default', 'roles': ['reader', 'member'], 'is_admin_project': True, 'service_user_id': None, 'service_user_domain_id': None, 'service_project_id': None, 'service_project_domain_id': None, 'service_roles': []} {{(pid=108954) authorize /opt/stack/nova/nova/policy.py:199}}
Sep 23 03:13:09.557490 dv-cinder-768458-9-iscsi devstack@n-api.service[108954]: DEBUG nova.policy [None req-6e657908-909e-4f7a-9323-4c0bf4f19c98 tempest-AttachVolumeShelveTestJSON-168478597 tempest-AttachVolumeShelveTestJSON-168478597-project] Policy check for os_compute_api:servers:show:host_status failed with credentials {'is_admin': False, 'user_id': 'bea2a7d9c3724d8b947a0a6363d2f5bd', 'user_domain_id': 'default', 'system_scope': None, 'domain_id': None, 'project_id': 'dbfca1e34b884266a4b529b2813872ba', 'project_domain_id': 'default', 'roles': ['reader', 'member'], 'is_admin_project': True, 'service_user_id': None, 'service_user_domain_id': None, 'service_project_id': None, 'service_project_domain_id': None, 'service_roles': []} {{(pid=108954) authorize /opt/stack/nova/nova/policy.py:199}}
Sep 23 03:13:09.559278 dv-cinder-768458-9-iscsi devstack@n-api.service[108954]: DEBUG nova.policy [None req-6e657908-909e-4f7a-9323-4c0bf4f19c98 tempest-AttachVolumeShelveTestJSON-168478597 tempest-AttachVolumeShelveTestJSON-168478597-project] Policy check for os_compute_api:servers:show:host_status:unknown-only failed with credentials {'is_admin': False, 'user_id': 'bea2a7d9c3724d8b947a0a6363d2f5bd', 'user_domain_id': 'default', 'system_scope': None, 'domain_id': None, 'project_id': 'dbfca1e34b884266a4b529b2813872ba', 'project_domain_id': 'default', 'roles': ['reader', 'member'], 'is_admin_project': True, 'service_user_id': None, 'service_user_domain_id': None, 'service_project_id': None, 'service_project_domain_id': None, 'service_roles': []} {{(pid=108954) authorize /opt/stack/nova/nova/policy.py:199}}
Sep 23 03:13:09.560482 dv-cinder-768458-9-iscsi devstack@n-api.service[108954]: INFO nova.api.openstack.requestlog [None req-6e657908-909e-4f7a-9323-4c0bf4f19c98 tempest-AttachVolumeShelveTestJSON-168478597 tempest-AttachVolumeShelveTestJSON-168478597-project] 10.222.0.23 "GET /compute/v2.1/servers/7b5e61b2-2f6c-4450-a5c3-c6bd65ec328a" status: 200 len: 1281 microversion: 2.20 time: 0.074798
Sep 23 03:13:09.564837 dv-cinder-768458-9-iscsi devstack@n-api.service[108954]: [pid: 108954|app: 0|req: 25/49] 10.222.0.23 () {60 vars in 1277 bytes} [Thu Sep 23 03:13:09 2021] GET /compute/v2.1/servers/7b5e61b2-2f6c-4450-a5c3-c6bd65ec328a => generated 1281 bytes in 80 msecs (HTTP/1.1 200) 9 headers in 360 bytes (1 switches on core 0)
Sep 23 03:13:09.885406 dv-cinder-768458-9-iscsi devstack@n-api.service[108953]: DEBUG nova.api.openstack.wsgi [None req-207dc43b-500c-4a40-8872-b1826ad2bdc5 tempest-AttachVolumeNegativeTest-1967980337 tempest-AttachVolumeNegativeTest-1967980337-project] Calling method '>' {{(pid=108953) _process_stack /opt/stack/nova/nova/api/openstack/wsgi.py:513}}
Sep 23 03:13:09.886014 dv-cinder-768458-9-iscsi devstack@n-api.service[108953]: DEBUG nova.compute.api [None req-207dc43b-500c-4a40-8872-b1826ad2bdc5 tempest-AttachVolumeNegativeTest-1967980337 tempest-AttachVolumeNegativeTest-1967980337-project] [instance: 565f86c9-78ca-4856-9083-6ed4db043086] Fetching instance by UUID {{(pid=108953) get /opt/stack/nova/nova/compute/api.py:2863}}
Sep 23 03:13:09.891806 dv-cinder-768458-9-iscsi devstack@n-api.service[108953]: DEBUG oslo_concurrency.lockutils [None req-207dc43b-500c-4a40-8872-b1826ad2bdc5 tempest-AttachVolumeNegativeTest-1967980337 tempest-AttachVolumeNegativeTest-1967980337-project] Lock "d2e928b7-7406-4a56-84c2-2a89dd3469c1" acquired by "nova.context.set_target_cell..get_or_set_cached_cell_and_set_connections" :: waited 0.000s {{(pid=108953) inner /usr/local/lib/python3.8/dist-packages/oslo_concurrency/lockutils.py:355}}
Sep 23 03:13:09.892250 dv-cinder-768458-9-iscsi devstack@n-api.service[108953]: DEBUG oslo_concurrency.lockutils [None req-207dc43b-500c-4a40-8872-b1826ad2bdc5 tempest-AttachVolumeNegativeTest-1967980337 tempest-AttachVolumeNegativeTest-1967980337-project] Lock "d2e928b7-7406-4a56-84c2-2a89dd3469c1" released by "nova.context.set_target_cell..get_or_set_cached_cell_and_set_connections" :: held 0.000s {{(pid=108953) inner /usr/local/lib/python3.8/dist-packages/oslo_concurrency/lockutils.py:367}}
Sep 23 03:13:09.893042 dv-cinder-768458-9-iscsi devstack@n-api.service[108953]: DEBUG oslo_concurrency.lockutils [None req-207dc43b-500c-4a40-8872-b1826ad2bdc5 tempest-AttachVolumeNegativeTest-1967980337 tempest-AttachVolumeNegativeTest-1967980337-project] Lock "d2e928b7-7406-4a56-84c2-2a89dd3469c1" acquired by "nova.context.set_target_cell..get_or_set_cached_cell_and_set_connections" :: waited 0.000s {{(pid=108953) inner /usr/local/lib/python3.8/dist-packages/oslo_concurrency/lockutils.py:355}}
Sep 23 03:13:09.893474 dv-cinder-768458-9-iscsi devstack@n-api.service[108953]: DEBUG oslo_concurrency.lockutils [None req-207dc43b-500c-4a40-8872-b1826ad2bdc5 tempest-AttachVolumeNegativeTest-1967980337 tempest-AttachVolumeNegativeTest-1967980337-project] Lock "d2e928b7-7406-4a56-84c2-2a89dd3469c1" released by "nova.context.set_target_cell..get_or_set_cached_cell_and_set_connections" :: held 0.000s {{(pid=108953) inner /usr/local/lib/python3.8/dist-packages/oslo_concurrency/lockutils.py:367}}
Sep 23 03:13:09.924550 dv-cinder-768458-9-iscsi devstack@n-api.service[108954]: DEBUG nova.api.openstack.wsgi [None req-e4b9ae68-fa2b-488d-863a-11f34cd4a550 tempest-VolumesSnapshotsTestJSON-1174656026 tempest-VolumesSnapshotsTestJSON-1174656026-project] Calling method '.version_select at 0x7fd1b44b1e50>' {{(pid=108954) _process_stack /opt/stack/nova/nova/api/openstack/wsgi.py:513}}
Sep 23 03:13:09.953661 dv-cinder-768458-9-iscsi devstack@n-api.service[108954]: INFO nova.api.openstack.requestlog [None req-e4b9ae68-fa2b-488d-863a-11f34cd4a550 tempest-VolumesSnapshotsTestJSON-1174656026 tempest-VolumesSnapshotsTestJSON-1174656026-project] 10.222.0.23 "GET /compute/v2.1/os-snapshots/b96f15e4-eebe-414d-b142-b9d54e306ad8" status: 200 len: 287 microversion: 2.1 time: 0.032924
Sep 23 03:13:09.953907 dv-cinder-768458-9-iscsi devstack@n-api.service[108953]: DEBUG nova.policy [None req-207dc43b-500c-4a40-8872-b1826ad2bdc5 tempest-AttachVolumeNegativeTest-1967980337 tempest-AttachVolumeNegativeTest-1967980337-project] Policy check for os_compute_api:os-extended-server-attributes failed with credentials {'is_admin': False, 'user_id': '36893da01a1845f5af4921a298abb9eb', 'user_domain_id': 'default', 'system_scope': None, 'domain_id': None, 'project_id': '3a0db8b321a54de5ae011d51e6e69a58', 'project_domain_id': 'default', 'roles': ['reader', 'member'], 'is_admin_project': True, 'service_user_id': None, 'service_user_domain_id': None, 'service_project_id': None, 'service_project_domain_id': None, 'service_roles': []} {{(pid=108953) authorize /opt/stack/nova/nova/policy.py:199}}
Sep 23 03:13:09.958551 dv-cinder-768458-9-iscsi devstack@n-api.service[108954]: [pid: 108954|app: 0|req: 26/50] 10.222.0.23 () {58 vars in 1251 bytes} [Thu Sep 23 03:13:09 2021] GET /compute/v2.1/os-snapshots/b96f15e4-eebe-414d-b142-b9d54e306ad8 => generated 287 bytes in 34 msecs (HTTP/1.1 200) 9 headers in 357 bytes (1 switches on core 0)
Sep 23 03:13:09.961202 dv-cinder-768458-9-iscsi devstack@n-api.service[108953]: INFO nova.api.openstack.requestlog [None req-207dc43b-500c-4a40-8872-b1826ad2bdc5 tempest-AttachVolumeNegativeTest-1967980337 tempest-AttachVolumeNegativeTest-1967980337-project] 10.222.0.23 "GET /compute/v2.1/servers/565f86c9-78ca-4856-9083-6ed4db043086" status: 200 len: 1213 microversion: 2.1 time: 0.079901
Sep 23 03:13:09.961905 dv-cinder-768458-9-iscsi devstack@n-api.service[108953]: [pid: 108953|app: 0|req: 25/51] 10.222.0.23 () {58 vars in 1236 bytes} [Thu Sep 23 03:13:09 2021] GET /compute/v2.1/servers/565f86c9-78ca-4856-9083-6ed4db043086 => generated 1213 bytes in 81 msecs (HTTP/1.1 200) 9 headers in 358 bytes (1 switches on core 0)
Sep 23 03:13:10.318344 dv-cinder-768458-9-iscsi devstack@n-api.service[108954]: DEBUG nova.api.openstack.wsgi [None req-3678ff57-9b15-414a-9890-441ae6885c99 tempest-ServerRescueNegativeTestJSON-1403964817 tempest-ServerRescueNegativeTestJSON-1403964817-project] Calling method '>' {{(pid=108954) _process_stack /opt/stack/nova/nova/api/openstack/wsgi.py:513}}
Sep 23 03:13:10.319071 dv-cinder-768458-9-iscsi devstack@n-api.service[108954]: DEBUG nova.compute.api [None req-3678ff57-9b15-414a-9890-441ae6885c99 tempest-ServerRescueNegativeTestJSON-1403964817 tempest-ServerRescueNegativeTestJSON-1403964817-project] [instance: 2f3e7808-544d-464f-a759-648393c4f9b8] Fetching instance by UUID {{(pid=108954) get /opt/stack/nova/nova/compute/api.py:2863}}
Sep 23 03:13:10.326353 dv-cinder-768458-9-iscsi devstack@n-api.service[108954]: DEBUG oslo_concurrency.lockutils [None req-3678ff57-9b15-414a-9890-441ae6885c99 tempest-ServerRescueNegativeTestJSON-1403964817 tempest-ServerRescueNegativeTestJSON-1403964817-project] Lock "d2e928b7-7406-4a56-84c2-2a89dd3469c1" acquired by "nova.context.set_target_cell..get_or_set_cached_cell_and_set_connections" :: waited 0.000s {{(pid=108954) inner /usr/local/lib/python3.8/dist-packages/oslo_concurrency/lockutils.py:355}}
Sep 23 03:13:10.326802 dv-cinder-768458-9-iscsi devstack@n-api.service[108954]: DEBUG oslo_concurrency.lockutils [None req-3678ff57-9b15-414a-9890-441ae6885c99 tempest-ServerRescueNegativeTestJSON-1403964817 tempest-ServerRescueNegativeTestJSON-1403964817-project] Lock "d2e928b7-7406-4a56-84c2-2a89dd3469c1" released by "nova.context.set_target_cell..get_or_set_cached_cell_and_set_connections" :: held 0.001s {{(pid=108954) inner /usr/local/lib/python3.8/dist-packages/oslo_concurrency/lockutils.py:367}}
Sep 23 03:13:10.327560 dv-cinder-768458-9-iscsi devstack@n-api.service[108954]: DEBUG oslo_concurrency.lockutils [None req-3678ff57-9b15-414a-9890-441ae6885c99 tempest-ServerRescueNegativeTestJSON-1403964817 tempest-ServerRescueNegativeTestJSON-1403964817-project] Lock "d2e928b7-7406-4a56-84c2-2a89dd3469c1" acquired by "nova.context.set_target_cell..get_or_set_cached_cell_and_set_connections" :: waited 0.000s {{(pid=108954) inner /usr/local/lib/python3.8/dist-packages/oslo_concurrency/lockutils.py:355}}
Sep 23 03:13:10.327989 dv-cinder-768458-9-iscsi devstack@n-api.service[108954]: DEBUG oslo_concurrency.lockutils [None req-3678ff57-9b15-414a-9890-441ae6885c99 tempest-ServerRescueNegativeTestJSON-1403964817 tempest-ServerRescueNegativeTestJSON-1403964817-project] Lock "d2e928b7-7406-4a56-84c2-2a89dd3469c1" released by "nova.context.set_target_cell..get_or_set_cached_cell_and_set_connections" :: held 0.000s {{(pid=108954) inner /usr/local/lib/python3.8/dist-packages/oslo_concurrency/lockutils.py:367}}
Sep 23 03:13:10.390324 dv-cinder-768458-9-iscsi devstack@n-api.service[108954]: DEBUG nova.policy [None req-3678ff57-9b15-414a-9890-441ae6885c99 tempest-ServerRescueNegativeTestJSON-1403964817 tempest-ServerRescueNegativeTestJSON-1403964817-project] Policy check for os_compute_api:os-extended-server-attributes failed with credentials {'is_admin': False, 'user_id': 'dbd9a5404ac747d4964d215c96918625', 'user_domain_id': 'default', 'system_scope': None, 'domain_id': None, 'project_id': 'a28d49e25ce7449f8ae6c33149e67246', 'project_domain_id': 'default', 'roles': ['reader', 'member'], 'is_admin_project': True, 'service_user_id': None, 'service_user_domain_id': None, 'service_project_id': None, 'service_project_domain_id': None, 'service_roles': []} {{(pid=108954) authorize /opt/stack/nova/nova/policy.py:199}}
Sep 23 03:13:10.404005 dv-cinder-768458-9-iscsi devstack@n-api.service[108954]: INFO nova.api.openstack.requestlog [None req-3678ff57-9b15-414a-9890-441ae6885c99 tempest-ServerRescueNegativeTestJSON-1403964817 tempest-ServerRescueNegativeTestJSON-1403964817-project] 10.222.0.23 "GET /compute/v2.1/servers/2f3e7808-544d-464f-a759-648393c4f9b8" status: 200 len: 1226 microversion: 2.1 time: 0.089157
Sep 23 03:13:10.405918 dv-cinder-768458-9-iscsi devstack@n-api.service[108953]: DEBUG nova.api.openstack.wsgi [None req-b0bad838-af93-4591-a33a-783c17344343 tempest-DeleteServersTestJSON-1532885282 tempest-DeleteServersTestJSON-1532885282-project] Calling method '>' {{(pid=108953) _process_stack /opt/stack/nova/nova/api/openstack/wsgi.py:513}}
Sep 23 03:13:10.407082 dv-cinder-768458-9-iscsi devstack@n-api.service[108953]: DEBUG nova.compute.api [None req-b0bad838-af93-4591-a33a-783c17344343 tempest-DeleteServersTestJSON-1532885282 tempest-DeleteServersTestJSON-1532885282-project] [instance: 4135490e-a5b9-4f7f-b01b-60d0a6bf7d17] Fetching instance by UUID {{(pid=108953) get /opt/stack/nova/nova/compute/api.py:2863}}
Sep 23 03:13:10.413229 dv-cinder-768458-9-iscsi devstack@n-api.service[108953]: DEBUG oslo_concurrency.lockutils [None req-b0bad838-af93-4591-a33a-783c17344343 tempest-DeleteServersTestJSON-1532885282 tempest-DeleteServersTestJSON-1532885282-project] Lock "d2e928b7-7406-4a56-84c2-2a89dd3469c1" acquired by "nova.context.set_target_cell..get_or_set_cached_cell_and_set_connections" :: waited 0.000s {{(pid=108953) inner /usr/local/lib/python3.8/dist-packages/oslo_concurrency/lockutils.py:355}}
Sep 23 03:13:10.415722 dv-cinder-768458-9-iscsi devstack@n-api.service[108954]: [pid: 108954|app: 0|req: 27/52] 10.222.0.23 () {58 vars in 1236 bytes} [Thu Sep 23 03:13:10 2021] GET /compute/v2.1/servers/2f3e7808-544d-464f-a759-648393c4f9b8 => generated 1226 bytes in 99 msecs (HTTP/1.1 200) 9 headers in 358 bytes (1 switches on core 0)
Sep 23 03:13:10.415858 dv-cinder-768458-9-iscsi devstack@n-api.service[108953]: DEBUG oslo_concurrency.lockutils [None req-b0bad838-af93-4591-a33a-783c17344343 tempest-DeleteServersTestJSON-1532885282 tempest-DeleteServersTestJSON-1532885282-project] Lock "d2e928b7-7406-4a56-84c2-2a89dd3469c1" released by "nova.context.set_target_cell..get_or_set_cached_cell_and_set_connections" :: held 0.001s {{(pid=108953) inner /usr/local/lib/python3.8/dist-packages/oslo_concurrency/lockutils.py:367}}
Sep 23 03:13:10.415858 dv-cinder-768458-9-iscsi devstack@n-api.service[108953]: DEBUG oslo_concurrency.lockutils [None req-b0bad838-af93-4591-a33a-783c17344343 tempest-DeleteServersTestJSON-1532885282 tempest-DeleteServersTestJSON-1532885282-project] Lock "d2e928b7-7406-4a56-84c2-2a89dd3469c1" acquired by "nova.context.set_target_cell..get_or_set_cached_cell_and_set_connections" :: waited 0.000s {{(pid=108953) inner /usr/local/lib/python3.8/dist-packages/oslo_concurrency/lockutils.py:355}}
Sep 23 03:13:10.415858 dv-cinder-768458-9-iscsi devstack@n-api.service[108953]: DEBUG oslo_concurrency.lockutils [None req-b0bad838-af93-4591-a33a-783c17344343 tempest-DeleteServersTestJSON-1532885282 tempest-DeleteServersTestJSON-1532885282-project] Lock "d2e928b7-7406-4a56-84c2-2a89dd3469c1" released by "nova.context.set_target_cell..get_or_set_cached_cell_and_set_connections" :: held 0.000s {{(pid=108953) inner /usr/local/lib/python3.8/dist-packages/oslo_concurrency/lockutils.py:367}}
