Mar 18 00:30:17.429077 dv-cinder-768458-19-smb neutron-server[109623]: INFO neutron.wsgi [req-9697a30b-42cf-4f1a-8606-2353d369cf53 req-8450a169-383f-4ddf-90a2-ea3c46b0af15 tempest-ServerRescueNegativeTestJSON-1779313858 tempest-ServerRescueNegativeTestJSON-1779313858-project] 10.222.0.23 "GET /v2.0/security-groups?id=0649f193-59ad-42d5-9dbb-8f6f891c255f&fields=id&fields=name HTTP/1.1" status: 200 len: 286 time: 0.1184881
Mar 18 00:30:17.445456 dv-cinder-768458-19-smb neutron-server[109623]: DEBUG neutron_lib.callbacks.manager [None req-c6e63267-a23a-408f-8336-46e0d6c0f46b admin admin] Publish callbacks ['neutron.plugins.ml2.ovo_rpc._ObjectChangeHandler.handle_event-1579563'] for security_group (58101924-9961-4318-a759-58f3bc1b0575), after_delete {{(pid=109623) _notify_loop /usr/local/lib/python3.8/dist-packages/neutron_lib/callbacks/manager.py:176}}
Mar 18 00:30:17.445456 dv-cinder-768458-19-smb neutron-server[109623]: DEBUG neutron_lib.callbacks.manager [None req-c6e63267-a23a-408f-8336-46e0d6c0f46b admin admin] Publish callbacks [] for security_group (None), before_response {{(pid=109623) _notify_loop /usr/local/lib/python3.8/dist-packages/neutron_lib/callbacks/manager.py:176}}
Mar 18 00:30:17.446470 dv-cinder-768458-19-smb neutron-server[109623]: INFO neutron.wsgi [None req-c6e63267-a23a-408f-8336-46e0d6c0f46b admin admin] 10.222.0.23 "DELETE /v2.0/security-groups/58101924-9961-4318-a759-58f3bc1b0575 HTTP/1.1" status: 204 len: 168 time: 0.4018130
Mar 18 00:30:17.458993 dv-cinder-768458-19-smb neutron-server[109623]: DEBUG neutron.api.rpc.handlers.resources_rpc [None req-c6e63267-a23a-408f-8336-46e0d6c0f46b admin admin] Pushing event deleted for resources: {'SecurityGroup': ['ID=58101924-9961-4318-a759-58f3bc1b0575,revision_number=None']} {{(pid=109623) push /opt/stack/neutron/neutron/api/rpc/handlers/resources_rpc.py:237}}
Mar 18 00:30:17.602506 dv-cinder-768458-19-smb neutron-server[109622]: DEBUG neutron.db.db_base_plugin_common [req-cdeb4d5f-1009-4c17-ab96-03fb1aea0e6a req-248c0c3d-648a-44ae-8027-d04d3bc62a0b tempest-VolumesActionsTest-515630544 tempest-VolumesActionsTest-515630544-project] Allocated IP 172.20.0.5 (32045292-e9b4-49fd-931e-0a9763898e8b/3f51ca1c-4cea-45f3-bbd6-37f00e484579/512d54ea-57f1-4527-92e1-eedb70a7c374) {{(pid=109622) _store_ip_allocation /opt/stack/neutron/neutron/db/db_base_plugin_common.py:131}}
Mar 18 00:30:17.871755 dv-cinder-768458-19-smb neutron-server[109622]: DEBUG neutron_lib.callbacks.manager [req-cdeb4d5f-1009-4c17-ab96-03fb1aea0e6a req-248c0c3d-648a-44ae-8027-d04d3bc62a0b tempest-VolumesActionsTest-515630544 tempest-VolumesActionsTest-515630544-project] Publish callbacks [] for port (512d54ea-57f1-4527-92e1-eedb70a7c374), precommit_create {{(pid=109622) _notify_loop /usr/local/lib/python3.8/dist-packages/neutron_lib/callbacks/manager.py:176}}
Mar 18 00:30:17.973655 dv-cinder-768458-19-smb neutron-server[109622]: DEBUG neutron.pecan_wsgi.hooks.policy_enforcement [req-02ac3c7b-66dd-4022-afd9-17105918f130 req-8846f1d1-4e1d-486a-ac99-43cbaef95313 tempest-AttachVolumeShelveTestJSON-1810537967 tempest-AttachVolumeShelveTestJSON-1810537967-project] Attributes excluded by policy engine: ['standard_attr_id', 'binding:profile', 'binding:host_id', 'binding:vif_type', 'binding:vif_details'] {{(pid=109622) _exclude_attributes_by_policy /opt/stack/neutron/neutron/pecan_wsgi/hooks/policy_enforcement.py:255}}
Mar 18 00:30:17.981293 dv-cinder-768458-19-smb neutron-server[109622]: INFO neutron.wsgi [req-02ac3c7b-66dd-4022-afd9-17105918f130 req-8846f1d1-4e1d-486a-ac99-43cbaef95313 tempest-AttachVolumeShelveTestJSON-1810537967 tempest-AttachVolumeShelveTestJSON-1810537967-project] 10.222.0.23 "GET /v2.0/ports?device_id=cd0aa092-177e-40a3-8f46-128f5ad286f9 HTTP/1.1" status: 200 len: 945 time: 0.0977254
Mar 18 00:30:18.001992 dv-cinder-768458-19-smb neutron-server[109622]: DEBUG neutron_lib.callbacks.manager [req-cdeb4d5f-1009-4c17-ab96-03fb1aea0e6a req-248c0c3d-648a-44ae-8027-d04d3bc62a0b tempest-VolumesActionsTest-515630544 tempest-VolumesActionsTest-515630544-project] Publish callbacks ['neutron.plugins.ml2.plugin.SecurityGroupServerNotifierRpcMixin._notify_sg_on_port_change-66305577', 'neutron.plugins.ml2.ovo_rpc._ObjectChangeHandler.handle_event-81186', 'neutron.api.rpc.agentnotifiers.dhcp_rpc_agent_api.DhcpAgentNotifyAPI._native_event_send_dhcp_notification-1594955', 'neutron.db.l3_dvrscheduler_db._notify_l3_agent_new_port-8766731809518'] for port (512d54ea-57f1-4527-92e1-eedb70a7c374), after_create {{(pid=109622) _notify_loop /usr/local/lib/python3.8/dist-packages/neutron_lib/callbacks/manager.py:176}}
Mar 18 00:30:18.077536 dv-cinder-768458-19-smb neutron-server[109622]: DEBUG neutron.scheduler.dhcp_agent_scheduler [req-cdeb4d5f-1009-4c17-ab96-03fb1aea0e6a req-248c0c3d-648a-44ae-8027-d04d3bc62a0b tempest-VolumesActionsTest-515630544 tempest-VolumesActionsTest-515630544-project] Network 32045292-e9b4-49fd-931e-0a9763898e8b is already hosted by enough agents. {{(pid=109622) _get_dhcp_agents_hosting_network /opt/stack/neutron/neutron/scheduler/dhcp_agent_scheduler.py:275}}
Mar 18 00:30:18.094850 dv-cinder-768458-19-smb neutron-server[109622]: DEBUG neutron.scheduler.base_scheduler [req-cdeb4d5f-1009-4c17-ab96-03fb1aea0e6a req-248c0c3d-648a-44ae-8027-d04d3bc62a0b tempest-VolumesActionsTest-515630544 tempest-VolumesActionsTest-515630544-project] Resources bound (agent type, host, resource id): {{(pid=109622) schedule /opt/stack/neutron/neutron/scheduler/base_scheduler.py:57}}
Mar 18 00:30:18.100158 dv-cinder-768458-19-smb neutron-server[109622]: DEBUG neutron.db.l3_dvrscheduler_db [req-cdeb4d5f-1009-4c17-ab96-03fb1aea0e6a req-248c0c3d-648a-44ae-8027-d04d3bc62a0b tempest-VolumesActionsTest-515630544 tempest-VolumesActionsTest-515630544-project] Received port after_create {{(pid=109622) _notify_l3_agent_new_port /opt/stack/neutron/neutron/db/l3_dvrscheduler_db.py:536}}
Mar 18 00:30:18.107742 dv-cinder-768458-19-smb neutron-server[109622]: DEBUG neutron.pecan_wsgi.hooks.policy_enforcement [req-cdeb4d5f-1009-4c17-ab96-03fb1aea0e6a req-248c0c3d-648a-44ae-8027-d04d3bc62a0b tempest-VolumesActionsTest-515630544 tempest-VolumesActionsTest-515630544-project] Attributes excluded by policy engine: ['standard_attr_id', 'binding:profile', 'binding:host_id', 'binding:vif_type', 'binding:vif_details', 'network'] {{(pid=109622) _exclude_attributes_by_policy /opt/stack/neutron/neutron/pecan_wsgi/hooks/policy_enforcement.py:255}}
Mar 18 00:30:18.108384 dv-cinder-768458-19-smb neutron-server[109622]: DEBUG neutron_lib.callbacks.manager [req-cdeb4d5f-1009-4c17-ab96-03fb1aea0e6a req-248c0c3d-648a-44ae-8027-d04d3bc62a0b tempest-VolumesActionsTest-515630544 tempest-VolumesActionsTest-515630544-project] Publish callbacks ['neutron.notifiers.nova.Notifier._send_nova_notification-212665', 'neutron.api.rpc.agentnotifiers.dhcp_rpc_agent_api.DhcpAgentNotifyAPI._send_dhcp_notification-1595001'] for port (None), before_response {{(pid=109622) _notify_loop /usr/local/lib/python3.8/dist-packages/neutron_lib/callbacks/manager.py:176}}
Mar 18 00:30:18.113731 dv-cinder-768458-19-smb neutron-server[109622]: INFO neutron.wsgi [req-02ac3c7b-66dd-4022-afd9-17105918f130 req-4b36aa46-4f57-477d-ad51-693a2382db66 tempest-AttachVolumeShelveTestJSON-1810537967 tempest-AttachVolumeShelveTestJSON-1810537967-project] 10.222.0.23 "GET /v2.0/security-groups?id=02ddd2bc-3134-49bc-b489-380196c00c64&fields=id&fields=name HTTP/1.1" status: 200 len: 312 time: 0.1319501
Mar 18 00:30:18.115727 dv-cinder-768458-19-smb neutron-server[109622]: DEBUG neutron.api.rpc.handlers.resources_rpc [None req-248c0c3d-648a-44ae-8027-d04d3bc62a0b tempest-VolumesActionsTest-515630544 tempest-VolumesActionsTest-515630544-project] Pushing event updated for resources: {'Port': ['ID=512d54ea-57f1-4527-92e1-eedb70a7c374,revision_number=1']} {{(pid=109622) push /opt/stack/neutron/neutron/api/rpc/handlers/resources_rpc.py:237}}
Mar 18 00:30:18.135735 dv-cinder-768458-19-smb neutron-server[109622]: INFO neutron.wsgi [req-cdeb4d5f-1009-4c17-ab96-03fb1aea0e6a req-248c0c3d-648a-44ae-8027-d04d3bc62a0b tempest-VolumesActionsTest-515630544 tempest-VolumesActionsTest-515630544-project] 10.222.0.10 "POST /v2.0/ports HTTP/1.1" status: 201 len: 933 time: 0.9575119
Mar 18 00:30:18.157326 dv-cinder-768458-19-smb neutron-server[109622]: DEBUG neutron.api.v2.base [req-cdeb4d5f-1009-4c17-ab96-03fb1aea0e6a req-6229b158-e11a-41d7-a20e-521c551a806c service neutron] Request body: {'port': {'device_id': '19d393a3-c469-444a-9ac7-4723f0d9bd7c', 'device_owner': 'compute:nova', 'binding:host_id': 'hv-cinder-76845'}} {{(pid=109622) prepare_request_body /opt/stack/neutron/neutron/api/v2/base.py:729}}
Mar 18 00:30:18.205659 dv-cinder-768458-19-smb neutron-server[109625]: DEBUG neutron.db.agents_db [None req-ff269c79-36bb-4a60-9861-51b77bb72db5 None None] Agent healthcheck: found 6 active agents {{(pid=109625) agent_health_check /opt/stack/neutron/neutron/db/agents_db.py:317}}
Mar 18 00:30:18.269856 dv-cinder-768458-19-smb neutron-server[109622]: DEBUG neutron_lib.callbacks.manager [req-cdeb4d5f-1009-4c17-ab96-03fb1aea0e6a req-6229b158-e11a-41d7-a20e-521c551a806c service neutron] Publish callbacks ['neutron.plugins.ml2.plugin.SecurityGroupDbMixin._ensure_default_security_group_handler-66305642'] for port (512d54ea-57f1-4527-92e1-eedb70a7c374), before_update {{(pid=109622) _notify_loop /usr/local/lib/python3.8/dist-packages/neutron_lib/callbacks/manager.py:176}}
Mar 18 00:30:18.330263 dv-cinder-768458-19-smb neutron-server[109622]: DEBUG neutron.pecan_wsgi.hooks.policy_enforcement [req-098c3255-a3ed-4424-b074-3e1d2dee6d88 req-e6a8e713-e681-4ea5-9076-a8578b462bce tempest-VolumesActionsTest-515630544 tempest-VolumesActionsTest-515630544-project] Attributes excluded by policy engine: ['standard_attr_id', 'binding:profile', 'binding:host_id', 'binding:vif_type', 'binding:vif_details'] {{(pid=109622) _exclude_attributes_by_policy /opt/stack/neutron/neutron/pecan_wsgi/hooks/policy_enforcement.py:255}}
Mar 18 00:30:18.331779 dv-cinder-768458-19-smb neutron-server[109622]: INFO neutron.wsgi [req-098c3255-a3ed-4424-b074-3e1d2dee6d88 req-e6a8e713-e681-4ea5-9076-a8578b462bce tempest-VolumesActionsTest-515630544 tempest-VolumesActionsTest-515630544-project] 10.222.0.23 "GET /v2.0/ports?device_id=19d393a3-c469-444a-9ac7-4723f0d9bd7c HTTP/1.1" status: 200 len: 931 time: 0.0996623
Mar 18 00:30:18.491832 dv-cinder-768458-19-smb neutron-server[109622]: INFO neutron.wsgi [req-098c3255-a3ed-4424-b074-3e1d2dee6d88 req-40d5e03c-b7a3-4c46-bdf9-e575d8925269 tempest-VolumesActionsTest-515630544 tempest-VolumesActionsTest-515630544-project] 10.222.0.23 "GET /v2.0/security-groups?id=2008378c-ffc5-4604-8c46-4edacad56be5&fields=id&fields=name HTTP/1.1" status: 200 len: 286 time: 0.1368625
Mar 18 00:30:18.593077 dv-cinder-768458-19-smb neutron-server[109623]: DEBUG neutron.pecan_wsgi.hooks.policy_enforcement [req-4dac72e4-db55-42cd-bb25-0221ead831ca req-354c31b8-d8d1-4e08-9425-e063828f6102 tempest-ServerRescueNegativeTestJSON-1779313858 tempest-ServerRescueNegativeTestJSON-1779313858-project] Attributes excluded by policy engine: ['standard_attr_id', 'binding:profile', 'binding:host_id', 'binding:vif_type', 'binding:vif_details'] {{(pid=109623) _exclude_attributes_by_policy /opt/stack/neutron/neutron/pecan_wsgi/hooks/policy_enforcement.py:255}}
Mar 18 00:30:18.594838 dv-cinder-768458-19-smb neutron-server[109623]: INFO neutron.wsgi [req-4dac72e4-db55-42cd-bb25-0221ead831ca req-354c31b8-d8d1-4e08-9425-e063828f6102 tempest-ServerRescueNegativeTestJSON-1779313858 tempest-ServerRescueNegativeTestJSON-1779313858-project] 10.222.0.23 "GET /v2.0/ports?device_id=64fa5186-7055-4178-ac3c-1e1af44afd35 HTTP/1.1" status: 200 len: 946 time: 0.0681684
Mar 18 00:30:18.646030 dv-cinder-768458-19-smb neutron-server[109623]: INFO neutron.wsgi [req-4dac72e4-db55-42cd-bb25-0221ead831ca req-9c9027a1-47de-4f38-ba8c-f5410c4b86bf tempest-ServerRescueNegativeTestJSON-1779313858 tempest-ServerRescueNegativeTestJSON-1779313858-project] 10.222.0.23 "GET /v2.0/security-groups?id=0649f193-59ad-42d5-9dbb-8f6f891c255f&fields=id&fields=name HTTP/1.1" status: 200 len: 286 time: 0.0455782
Mar 18 00:30:18.832756 dv-cinder-768458-19-smb neutron-server[109622]: DEBUG neutron.notifiers.nova [req-cdeb4d5f-1009-4c17-ab96-03fb1aea0e6a req-6229b158-e11a-41d7-a20e-521c551a806c service neutron] Ignoring state change previous_port_status: DOWN current_port_status: DOWN port_id 512d54ea-57f1-4527-92e1-eedb70a7c374 {{(pid=109622) record_port_status_changed /opt/stack/neutron/neutron/notifiers/nova.py:233}}
Mar 18 00:30:18.840946 dv-cinder-768458-19-smb neutron-server[109622]: DEBUG neutron_lib.callbacks.manager [req-cdeb4d5f-1009-4c17-ab96-03fb1aea0e6a req-6229b158-e11a-41d7-a20e-521c551a806c service neutron] Publish callbacks [] for port (512d54ea-57f1-4527-92e1-eedb70a7c374), precommit_update {{(pid=109622) _notify_loop /usr/local/lib/python3.8/dist-packages/neutron_lib/callbacks/manager.py:176}}
Mar 18 00:30:18.856695 dv-cinder-768458-19-smb neutron-server[109622]: DEBUG neutron.db.provisioning_blocks [req-cdeb4d5f-1009-4c17-ab96-03fb1aea0e6a req-6229b158-e11a-41d7-a20e-521c551a806c service neutron] Transition to ACTIVE for port object 512d54ea-57f1-4527-92e1-eedb70a7c374 will not be triggered until provisioned by entity L2. {{(pid=109622) add_provisioning_component /opt/stack/neutron/neutron/db/provisioning_blocks.py:74}}
Mar 18 00:30:18.861904 dv-cinder-768458-19-smb neutron-server[109622]: DEBUG neutron_lib.callbacks.manager [req-cdeb4d5f-1009-4c17-ab96-03fb1aea0e6a req-6229b158-e11a-41d7-a20e-521c551a806c service neutron] Publish callbacks ['neutron.plugins.ml2.plugin.SecurityGroupServerNotifierRpcMixin._notify_sg_on_port_change-66305577', 'neutron.plugins.ml2.ovo_rpc._ObjectChangeHandler.handle_event-81186', 'neutron.api.rpc.agentnotifiers.dhcp_rpc_agent_api.DhcpAgentNotifyAPI._native_event_send_dhcp_notification-1594955', 'neutron.db.l3_db.L3RpcNotifierMixin._notify_gateway_port_ip_changed-8766732216980', 'neutron.db.l3_dvrscheduler_db._notify_l3_agent_port_update-8766731809796', 'neutron.db.l3_hascheduler_db._notify_l3_agent_ha_port_update-8766731809814'] for port (512d54ea-57f1-4527-92e1-eedb70a7c374), after_update {{(pid=109622) _notify_loop /usr/local/lib/python3.8/dist-packages/neutron_lib/callbacks/manager.py:176}}
Mar 18 00:30:18.883434 dv-cinder-768458-19-smb neutron-server[109624]: DEBUG neutron.notifiers.nova [-] Sending events: [{'server_uuid': '64fa5186-7055-4178-ac3c-1e1af44afd35', 'name': 'network-vif-plugged', 'status': 'completed', 'tag': 'fb676a3e-99a9-47de-afae-8aa3966a56d3'}] {{(pid=109624) send_events /opt/stack/neutron/neutron/notifiers/nova.py:271}}
Mar 18 00:30:18.887487 dv-cinder-768458-19-smb neutron-server[109624]: DEBUG novaclient.v2.client [-] REQ: curl -g -i --cacert "/opt/stack/data/ca-bundle.pem" -X POST http://10.222.0.23/compute/v2.1/os-server-external-events -H "Accept: application/json" -H "Content-Type: application/json" -H "User-Agent: python-novaclient" -H "X-Auth-Token: {SHA256}895199015ee722892656a1db6130bcd0c5a6d96ddb74d0779e89122f052836a3" -H "X-OpenStack-Nova-API-Version: 2.1" -H "X-OpenStack-Request-ID: req-1f600c88-a7cd-4b61-bf7d-8471db11d17c" -d '{"events": [{"server_uuid": "64fa5186-7055-4178-ac3c-1e1af44afd35", "name": "network-vif-plugged", "status": "completed", "tag": "fb676a3e-99a9-47de-afae-8aa3966a56d3"}]}' {{(pid=109624) _http_log_request /usr/local/lib/python3.8/dist-packages/keystoneauth1/session.py:519}}
Mar 18 00:30:18.945031 dv-cinder-768458-19-smb neutron-server[109622]: DEBUG neutron.api.rpc.handlers.resources_rpc [None req-6229b158-e11a-41d7-a20e-521c551a806c service neutron] Pushing event updated for resources: {'Port': ['ID=512d54ea-57f1-4527-92e1-eedb70a7c374,revision_number=2']} {{(pid=109622) push /opt/stack/neutron/neutron/api/rpc/handlers/resources_rpc.py:237}}
Mar 18 00:30:18.948129 dv-cinder-768458-19-smb neutron-server[109624]: DEBUG novaclient.v2.client [-] RESP: [200] Connection: close Content-Length: 183 Content-Type: application/json Date: Fri, 18 Mar 2022 00:30:18 GMT OpenStack-API-Version: compute 2.1 Server: Apache/2.4.41 (Ubuntu) Vary: OpenStack-API-Version,X-OpenStack-Nova-API-Version X-OpenStack-Nova-API-Version: 2.1 x-compute-request-id: req-56cc39c8-b07a-4571-8bf6-16d6d992b1fc x-openstack-request-id: req-56cc39c8-b07a-4571-8bf6-16d6d992b1fc {{(pid=109624) _http_log_response /usr/local/lib/python3.8/dist-packages/keystoneauth1/session.py:550}}
Mar 18 00:30:18.948459 dv-cinder-768458-19-smb neutron-server[109624]: DEBUG novaclient.v2.client [-] RESP BODY: {"events": [{"server_uuid": "64fa5186-7055-4178-ac3c-1e1af44afd35", "name": "network-vif-plugged", "status": "completed", "tag": "fb676a3e-99a9-47de-afae-8aa3966a56d3", "code": 200}]} {{(pid=109624) _http_log_response /usr/local/lib/python3.8/dist-packages/keystoneauth1/session.py:582}}
Mar 18 00:30:18.948713 dv-cinder-768458-19-smb neutron-server[109624]: DEBUG novaclient.v2.client [-] POST call to compute for http://10.222.0.23/compute/v2.1/os-server-external-events used request id req-56cc39c8-b07a-4571-8bf6-16d6d992b1fc {{(pid=109624) request /usr/local/lib/python3.8/dist-packages/keystoneauth1/session.py:954}}
Mar 18 00:30:18.949105 dv-cinder-768458-19-smb neutron-server[109624]: INFO neutron.notifiers.nova [-] Nova event response: {'server_uuid': '64fa5186-7055-4178-ac3c-1e1af44afd35', 'name': 'network-vif-plugged', 'status': 'completed', 'tag': 'fb676a3e-99a9-47de-afae-8aa3966a56d3', 'code': 200}
Mar 18 00:30:18.995848 dv-cinder-768458-19-smb neutron-server[109622]: DEBUG neutron.plugins.ml2.managers [req-cdeb4d5f-1009-4c17-ab96-03fb1aea0e6a req-6229b158-e11a-41d7-a20e-521c551a806c service neutron] Attempting to bind port 512d54ea-57f1-4527-92e1-eedb70a7c374 on host hv-cinder-76845 for vnic_type normal with profile {{(pid=109622) bind_port /opt/stack/neutron/neutron/plugins/ml2/managers.py:795}}
Mar 18 00:30:18.996096 dv-cinder-768458-19-smb neutron-server[109622]: DEBUG neutron.plugins.ml2.managers [req-cdeb4d5f-1009-4c17-ab96-03fb1aea0e6a req-6229b158-e11a-41d7-a20e-521c551a806c service neutron] Attempting to bind port 512d54ea-57f1-4527-92e1-eedb70a7c374 by drivers openvswitch,hyperv on host hv-cinder-76845 at level 0 using segments [{'id': '43c28691-eaee-4d97-886a-f2412f2cdc33', 'network_type': 'vlan', 'physical_network': 'physnet1', 'segmentation_id': 74, 'network_id': '32045292-e9b4-49fd-931e-0a9763898e8b'}] {{(pid=109622) _bind_port_level /opt/stack/neutron/neutron/plugins/ml2/managers.py:820}}
Mar 18 00:30:18.996441 dv-cinder-768458-19-smb neutron-server[109622]: DEBUG neutron.plugins.ml2.drivers.mech_agent [req-cdeb4d5f-1009-4c17-ab96-03fb1aea0e6a req-6229b158-e11a-41d7-a20e-521c551a806c service neutron] Attempting to bind port 512d54ea-57f1-4527-92e1-eedb70a7c374 on network 32045292-e9b4-49fd-931e-0a9763898e8b {{(pid=109622) bind_port /opt/stack/neutron/neutron/plugins/ml2/drivers/mech_agent.py:91}}
Mar 18 00:30:19.001009 dv-cinder-768458-19-smb neutron-server[109622]: DEBUG neutron.plugins.ml2.drivers.mech_agent [req-cdeb4d5f-1009-4c17-ab96-03fb1aea0e6a req-6229b158-e11a-41d7-a20e-521c551a806c service neutron] Port 512d54ea-57f1-4527-92e1-eedb70a7c374 on network 32045292-e9b4-49fd-931e-0a9763898e8b not bound, no agent of type Open vSwitch agent registered on host hv-cinder-76845 {{(pid=109622) bind_port /opt/stack/neutron/neutron/plugins/ml2/drivers/mech_agent.py:103}}
Mar 18 00:30:19.001347 dv-cinder-768458-19-smb neutron-server[109622]: DEBUG neutron.plugins.ml2.drivers.mech_agent [req-cdeb4d5f-1009-4c17-ab96-03fb1aea0e6a req-6229b158-e11a-41d7-a20e-521c551a806c service neutron] Attempting to bind port 512d54ea-57f1-4527-92e1-eedb70a7c374 on network 32045292-e9b4-49fd-931e-0a9763898e8b {{(pid=109622) bind_port /opt/stack/neutron/neutron/plugins/ml2/drivers/mech_agent.py:91}}
Mar 18 00:30:19.006223 dv-cinder-768458-19-smb neutron-server[109622]: DEBUG neutron.plugins.ml2.drivers.mech_agent [req-cdeb4d5f-1009-4c17-ab96-03fb1aea0e6a req-6229b158-e11a-41d7-a20e-521c551a806c service neutron] Checking agent: {'id': 'a11cec97-e670-4172-acc9-1e6c1f318043', 'agent_type': 'HyperV agent', 'binary': 'neutron-hyperv-agent', 'topic': 'N/A', 'host': 'hv-cinder-76845', 'admin_state_up': True, 'created_at': datetime.datetime(2022, 3, 18, 0, 27, 36), 'started_at': datetime.datetime(2022, 3, 18, 0, 27, 36), 'heartbeat_timestamp': datetime.datetime(2022, 3, 18, 0, 30, 6), 'description': None, 'resources_synced': None, 'availability_zone': None, 'alive': True, 'configurations': {'vswitch_mappings': {'physnet1$': 'br-data'}}, 'resource_versions': {}} {{(pid=109622) bind_port /opt/stack/neutron/neutron/plugins/ml2/drivers/mech_agent.py:110}}
Mar 18 00:30:19.006558 dv-cinder-768458-19-smb neutron-server[109622]: DEBUG neutron.plugins.ml2.drivers.mech_agent [req-cdeb4d5f-1009-4c17-ab96-03fb1aea0e6a req-6229b158-e11a-41d7-a20e-521c551a806c service neutron] Checking segment: {'id': '43c28691-eaee-4d97-886a-f2412f2cdc33', 'network_type': 'vlan', 'physical_network': 'physnet1', 'segmentation_id': 74, 'network_id': '32045292-e9b4-49fd-931e-0a9763898e8b'} for mappings: {'physnet1$': 'br-data'} with network types: ['local', 'flat', 'vlan'] {{(pid=109622) check_segment_for_agent /opt/stack/neutron/neutron/plugins/ml2/drivers/mech_agent.py:373}}
Mar 18 00:30:19.006936 dv-cinder-768458-19-smb neutron-server[109622]: DEBUG neutron.plugins.ml2.drivers.mech_agent [req-cdeb4d5f-1009-4c17-ab96-03fb1aea0e6a req-6229b158-e11a-41d7-a20e-521c551a806c service neutron] Bound using segment: {'id': '43c28691-eaee-4d97-886a-f2412f2cdc33', 'network_type': 'vlan', 'physical_network': 'physnet1', 'segmentation_id': 74, 'network_id': '32045292-e9b4-49fd-931e-0a9763898e8b'} {{(pid=109622) bind_port /opt/stack/neutron/neutron/plugins/ml2/drivers/mech_agent.py:120}}
Mar 18 00:30:19.007349 dv-cinder-768458-19-smb neutron-server[109622]: DEBUG neutron.plugins.ml2.managers [req-cdeb4d5f-1009-4c17-ab96-03fb1aea0e6a req-6229b158-e11a-41d7-a20e-521c551a806c service neutron] Bound port: 512d54ea-57f1-4527-92e1-eedb70a7c374, host: hv-cinder-76845, vif_type: hyperv, vif_details: {"connectivity": "legacy", "port_filter": false}, binding_levels: [{'bound_driver': 'hyperv', 'bound_segment': {'id': '43c28691-eaee-4d97-886a-f2412f2cdc33', 'network_type': 'vlan', 'physical_network': 'physnet1', 'segmentation_id': 74, 'network_id': '32045292-e9b4-49fd-931e-0a9763898e8b'}}] {{(pid=109622) _bind_port_level /opt/stack/neutron/neutron/plugins/ml2/managers.py:932}}
Mar 18 00:30:19.007698 dv-cinder-768458-19-smb neutron-server[109622]: DEBUG neutron_lib.callbacks.manager [req-cdeb4d5f-1009-4c17-ab96-03fb1aea0e6a req-6229b158-e11a-41d7-a20e-521c551a806c service neutron] Publish callbacks ['neutron.plugins.ml2.plugin.SecurityGroupDbMixin._ensure_default_security_group_handler-66305642'] for port (512d54ea-57f1-4527-92e1-eedb70a7c374), before_update {{(pid=109622) _notify_loop /usr/local/lib/python3.8/dist-packages/neutron_lib/callbacks/manager.py:176}}
Mar 18 00:30:19.093402 dv-cinder-768458-19-smb neutron-server[109622]: DEBUG neutron.plugins.ml2.db [req-cdeb4d5f-1009-4c17-ab96-03fb1aea0e6a req-6229b158-e11a-41d7-a20e-521c551a806c service neutron] For port 512d54ea-57f1-4527-92e1-eedb70a7c374, host hv-cinder-76845, cleared binding levels {{(pid=109622) clear_binding_levels /opt/stack/neutron/neutron/plugins/ml2/db.py:87}}
Mar 18 00:30:19.097523 dv-cinder-768458-19-smb neutron-server[109622]: DEBUG neutron.plugins.ml2.db [req-cdeb4d5f-1009-4c17-ab96-03fb1aea0e6a req-6229b158-e11a-41d7-a20e-521c551a806c service neutron] For port 512d54ea-57f1-4527-92e1-eedb70a7c374, host hv-cinder-76845, set binding levels [PortBindingLevel(driver='hyperv',host='hv-cinder-76845',level=0,port_id=512d54ea-57f1-4527-92e1-eedb70a7c374,segment=NetworkSegment(43c28691-eaee-4d97-886a-f2412f2cdc33),segment_id=43c28691-eaee-4d97-886a-f2412f2cdc33)] {{(pid=109622) set_binding_levels /opt/stack/neutron/neutron/plugins/ml2/db.py:59}}
Mar 18 00:30:19.105942 dv-cinder-768458-19-smb neutron-server[109622]: DEBUG neutron_lib.callbacks.manager [req-cdeb4d5f-1009-4c17-ab96-03fb1aea0e6a req-6229b158-e11a-41d7-a20e-521c551a806c service neutron] Publish callbacks ['neutron.plugins.ml2.plugin.SecurityGroupServerNotifierRpcMixin._notify_sg_on_port_change-66305577', 'neutron.plugins.ml2.ovo_rpc._ObjectChangeHandler.handle_event-81186', 'neutron.api.rpc.agentnotifiers.dhcp_rpc_agent_api.DhcpAgentNotifyAPI._native_event_send_dhcp_notification-1594955', 'neutron.db.l3_db.L3RpcNotifierMixin._notify_gateway_port_ip_changed-8766732216980', 'neutron.db.l3_dvrscheduler_db._notify_l3_agent_port_update-8766731809796', 'neutron.db.l3_hascheduler_db._notify_l3_agent_ha_port_update-8766731809814'] for port (512d54ea-57f1-4527-92e1-eedb70a7c374), after_update {{(pid=109622) _notify_loop /usr/local/lib/python3.8/dist-packages/neutron_lib/callbacks/manager.py:176}}
Mar 18 00:30:19.155775 dv-cinder-768458-19-smb neutron-server[109622]: DEBUG neutron.pecan_wsgi.hooks.policy_enforcement [req-cdeb4d5f-1009-4c17-ab96-03fb1aea0e6a req-6229b158-e11a-41d7-a20e-521c551a806c service neutron] Attributes excluded by policy engine: ['standard_attr_id'] {{(pid=109622) _exclude_attributes_by_policy /opt/stack/neutron/neutron/pecan_wsgi/hooks/policy_enforcement.py:255}}
Mar 18 00:30:19.156402 dv-cinder-768458-19-smb neutron-server[109622]: DEBUG neutron_lib.callbacks.manager [req-cdeb4d5f-1009-4c17-ab96-03fb1aea0e6a req-6229b158-e11a-41d7-a20e-521c551a806c service neutron] Publish callbacks ['neutron.notifiers.nova.Notifier._send_nova_notification-212665', 'neutron.api.rpc.agentnotifiers.dhcp_rpc_agent_api.DhcpAgentNotifyAPI._send_dhcp_notification-1595001'] for port (None), before_response {{(pid=109622) _notify_loop /usr/local/lib/python3.8/dist-packages/neutron_lib/callbacks/manager.py:176}}
Mar 18 00:30:19.157857 dv-cinder-768458-19-smb neutron-server[109622]: INFO neutron.wsgi [req-cdeb4d5f-1009-4c17-ab96-03fb1aea0e6a req-6229b158-e11a-41d7-a20e-521c551a806c service neutron] 10.222.0.10 "PUT /v2.0/ports/512d54ea-57f1-4527-92e1-eedb70a7c374 HTTP/1.1" status: 200 len: 1093 time: 1.0064864
Mar 18 00:30:19.158311 dv-cinder-768458-19-smb neutron-server[109622]: DEBUG neutron.notifiers.nova [-] Sending events: [{'name': 'network-changed', 'server_uuid': '19d393a3-c469-444a-9ac7-4723f0d9bd7c', 'tag': '512d54ea-57f1-4527-92e1-eedb70a7c374'}] {{(pid=109622) send_events /opt/stack/neutron/neutron/notifiers/nova.py:271}}
Mar 18 00:30:19.160623 dv-cinder-768458-19-smb neutron-server[109622]: DEBUG novaclient.v2.client [-] REQ: curl -g -i --cacert "/opt/stack/data/ca-bundle.pem" -X POST http://10.222.0.23/compute/v2.1/os-server-external-events -H "Accept: application/json" -H "Content-Type: application/json" -H "User-Agent: python-novaclient" -H "X-Auth-Token: {SHA256}ee71e138e69374c3819e754dccbeb9bdca875a0c68f7a56ed1643934d5948f38" -H "X-OpenStack-Nova-API-Version: 2.1" -H "X-OpenStack-Request-ID: req-625c9fbf-3a6b-4124-9623-ebd85cc8c8a3" -d '{"events": [{"name": "network-changed", "server_uuid": "19d393a3-c469-444a-9ac7-4723f0d9bd7c", "tag": "512d54ea-57f1-4527-92e1-eedb70a7c374"}]}' {{(pid=109622) _http_log_request /usr/local/lib/python3.8/dist-packages/keystoneauth1/session.py:519}}
Mar 18 00:30:19.183748 dv-cinder-768458-19-smb neutron-server[109622]: DEBUG neutron.api.rpc.handlers.resources_rpc [None req-6229b158-e11a-41d7-a20e-521c551a806c service neutron] Pushing event updated for resources: {'Port': ['ID=512d54ea-57f1-4527-92e1-eedb70a7c374,revision_number=3']} {{(pid=109622) push /opt/stack/neutron/neutron/api/rpc/handlers/resources_rpc.py:237}}
Mar 18 00:30:19.245737 dv-cinder-768458-19-smb neutron-server[109622]: DEBUG novaclient.v2.client [-] RESP: [200] Connection: close Content-Length: 179 Content-Type: application/json Date: Fri, 18 Mar 2022 00:30:19 GMT OpenStack-API-Version: compute 2.1 Server: Apache/2.4.41 (Ubuntu) Vary: OpenStack-API-Version,X-OpenStack-Nova-API-Version X-OpenStack-Nova-API-Version: 2.1 x-compute-request-id: req-43123a0f-9e49-4c1b-b9cb-34ea9a5d7d90 x-openstack-request-id: req-43123a0f-9e49-4c1b-b9cb-34ea9a5d7d90 {{(pid=109622) _http_log_response /usr/local/lib/python3.8/dist-packages/keystoneauth1/session.py:550}}
Mar 18 00:30:19.245737 dv-cinder-768458-19-smb neutron-server[109622]: DEBUG novaclient.v2.client [-] RESP BODY: {"events": [{"name": "network-changed", "server_uuid": "19d393a3-c469-444a-9ac7-4723f0d9bd7c", "tag": "512d54ea-57f1-4527-92e1-eedb70a7c374", "status": "completed", "code": 200}]} {{(pid=109622) _http_log_response /usr/local/lib/python3.8/dist-packages/keystoneauth1/session.py:582}}
Mar 18 00:30:19.246347 dv-cinder-768458-19-smb neutron-server[109622]: DEBUG novaclient.v2.client [-] POST call to compute for http://10.222.0.23/compute/v2.1/os-server-external-events used request id req-43123a0f-9e49-4c1b-b9cb-34ea9a5d7d90 {{(pid=109622) request /usr/local/lib/python3.8/dist-packages/keystoneauth1/session.py:954}}
Mar 18 00:30:19.246678 dv-cinder-768458-19-smb neutron-server[109622]: INFO neutron.notifiers.nova [-] Nova event response: {'name': 'network-changed', 'server_uuid': '19d393a3-c469-444a-9ac7-4723f0d9bd7c', 'tag': '512d54ea-57f1-4527-92e1-eedb70a7c374', 'status': 'completed', 'code': 200}
Mar 18 00:30:19.325541 dv-cinder-768458-19-smb neutron-server[109623]: DEBUG neutron.pecan_wsgi.hooks.policy_enforcement [req-62c23a9d-97e3-4d50-8b37-4b8dc4814c05 req-18ad5a09-9bdf-4069-af57-102808106391 tempest-AttachVolumeShelveTestJSON-1810537967 tempest-AttachVolumeShelveTestJSON-1810537967-project] Attributes excluded by policy engine: ['standard_attr_id', 'binding:profile', 'binding:host_id', 'binding:vif_type', 'binding:vif_details'] {{(pid=109623) _exclude_attributes_by_policy /opt/stack/neutron/neutron/pecan_wsgi/hooks/policy_enforcement.py:255}}
Mar 18 00:30:19.336932 dv-cinder-768458-19-smb neutron-server[109623]: INFO neutron.wsgi [req-62c23a9d-97e3-4d50-8b37-4b8dc4814c05 req-18ad5a09-9bdf-4069-af57-102808106391 tempest-AttachVolumeShelveTestJSON-1810537967 tempest-AttachVolumeShelveTestJSON-1810537967-project] 10.222.0.23 "GET /v2.0/ports?device_id=cd0aa092-177e-40a3-8f46-128f5ad286f9 HTTP/1.1" status: 200 len: 945 time: 0.0980814
Mar 18 00:30:19.453289 dv-cinder-768458-19-smb neutron-server[109623]: INFO neutron.wsgi [req-62c23a9d-97e3-4d50-8b37-4b8dc4814c05 req-84c052a5-d4d2-46a8-bb9d-305876802b81 tempest-AttachVolumeShelveTestJSON-1810537967 tempest-AttachVolumeShelveTestJSON-1810537967-project] 10.222.0.23 "GET /v2.0/security-groups?id=02ddd2bc-3134-49bc-b489-380196c00c64&fields=id&fields=name HTTP/1.1" status: 200 len: 312 time: 0.1104472
Mar 18 00:30:19.475899 dv-cinder-768458-19-smb neutron-server[109622]: DEBUG neutron.pecan_wsgi.hooks.policy_enforcement [req-cdeb4d5f-1009-4c17-ab96-03fb1aea0e6a req-4164a25a-baab-4f73-89df-d08e06f5d7e8 service neutron] Attributes excluded by policy engine: ['standard_attr_id'] {{(pid=109622) _exclude_attributes_by_policy /opt/stack/neutron/neutron/pecan_wsgi/hooks/policy_enforcement.py:255}}
Mar 18 00:30:19.478199 dv-cinder-768458-19-smb neutron-server[109622]: INFO neutron.wsgi [req-cdeb4d5f-1009-4c17-ab96-03fb1aea0e6a req-4164a25a-baab-4f73-89df-d08e06f5d7e8 service neutron] 10.222.0.10 "GET /v2.0/ports?tenant_id=fe72212a2bee428688d972d2b4bfbdf8&device_id=19d393a3-c469-444a-9ac7-4723f0d9bd7c HTTP/1.1" status: 200 len: 1127 time: 0.1675653
Mar 18 00:30:19.488545 dv-cinder-768458-19-smb neutron-server[109622]: DEBUG neutron.pecan_wsgi.hooks.policy_enforcement [req-9c8f3026-1f50-49a6-a6fa-0fcd30ca19be req-3b15494b-628c-4fcb-ab90-c6d73cb49ea2 service neutron] Attributes excluded by policy engine: ['standard_attr_id'] {{(pid=109622) _exclude_attributes_by_policy /opt/stack/neutron/neutron/pecan_wsgi/hooks/policy_enforcement.py:255}}
Mar 18 00:30:19.490142 dv-cinder-768458-19-smb neutron-server[109622]: INFO neutron.wsgi [req-9c8f3026-1f50-49a6-a6fa-0fcd30ca19be req-3b15494b-628c-4fcb-ab90-c6d73cb49ea2 service neutron] 10.222.0.10 "GET /v2.0/ports?device_id=64fa5186-7055-4178-ac3c-1e1af44afd35 HTTP/1.1" status: 200 len: 1130 time: 0.1807396
Mar 18 00:30:19.562763 dv-cinder-768458-19-smb neutron-server[109622]: INFO neutron.wsgi [req-cdeb4d5f-1009-4c17-ab96-03fb1aea0e6a req-1c8f99f8-75e6-404e-b6b8-56663c68fd0f service neutron] 10.222.0.10 "GET /v2.0/floatingips?fixed_ip_address=172.20.0.5&port_id=512d54ea-57f1-4527-92e1-eedb70a7c374 HTTP/1.1" status: 200 len: 217 time: 0.0604260
Mar 18 00:30:19.621780 dv-cinder-768458-19-smb neutron-server[109622]: DEBUG neutron.pecan_wsgi.hooks.policy_enforcement [req-cdeb4d5f-1009-4c17-ab96-03fb1aea0e6a req-130df0eb-fd8d-4f13-8138-c514a127b491 service neutron] Attributes excluded by policy engine: ['standard_attr_id', 'shared'] {{(pid=109622) _exclude_attributes_by_policy /opt/stack/neutron/neutron/pecan_wsgi/hooks/policy_enforcement.py:255}}
Mar 18 00:30:19.623717 dv-cinder-768458-19-smb neutron-server[109622]: INFO neutron.wsgi [req-cdeb4d5f-1009-4c17-ab96-03fb1aea0e6a req-130df0eb-fd8d-4f13-8138-c514a127b491 service neutron] 10.222.0.10 "GET /v2.0/subnets?id=3f51ca1c-4cea-45f3-bbd6-37f00e484579 HTTP/1.1" status: 200 len: 849 time: 0.0521193
Mar 18 00:30:19.641251 dv-cinder-768458-19-smb neutron-server[109622]: DEBUG neutron.wsgi [-] (109622) accepted ('10.222.0.23', 49108) {{(pid=109622) server /usr/local/lib/python3.8/dist-packages/eventlet/wsgi.py:1004}}
Mar 18 00:30:19.695562 dv-cinder-768458-19-smb neutron-server[109623]: DEBUG neutron.pecan_wsgi.hooks.policy_enforcement [req-4d300178-dee2-425b-b657-3bc503450a50 req-14875bb8-052c-4172-9865-2581731fbee8 tempest-VolumesActionsTest-515630544 tempest-VolumesActionsTest-515630544-project] Attributes excluded by policy engine: ['standard_attr_id', 'binding:profile', 'binding:host_id', 'binding:vif_type', 'binding:vif_details'] {{(pid=109623) _exclude_attributes_by_policy /opt/stack/neutron/neutron/pecan_wsgi/hooks/policy_enforcement.py:255}}
Mar 18 00:30:19.697413 dv-cinder-768458-19-smb neutron-server[109622]: INFO neutron.wsgi [req-cdeb4d5f-1009-4c17-ab96-03fb1aea0e6a req-0710ad2e-4a28-4de2-9e9d-50c721f453f7 service neutron] 10.222.0.10 "GET /v2.0/ports?network_id=32045292-e9b4-49fd-931e-0a9763898e8b&device_owner=network%3Adhcp HTTP/1.1" status: 200 len: 210 time: 0.0564871
Mar 18 00:30:19.697982 dv-cinder-768458-19-smb neutron-server[109623]: INFO neutron.wsgi [req-4d300178-dee2-425b-b657-3bc503450a50 req-14875bb8-052c-4172-9865-2581731fbee8 tempest-VolumesActionsTest-515630544 tempest-VolumesActionsTest-515630544-project] 10.222.0.23 "GET /v2.0/ports?device_id=19d393a3-c469-444a-9ac7-4723f0d9bd7c HTTP/1.1" status: 200 len: 943 time: 0.1154461
Mar 18 00:30:19.710062 dv-cinder-768458-19-smb neutron-server[109622]: INFO neutron.wsgi [req-9c8f3026-1f50-49a6-a6fa-0fcd30ca19be req-72ff0eed-21bd-4299-b686-0020b798ed58 service neutron] 10.222.0.10 "GET /v2.0/security-groups?id=0649f193-59ad-42d5-9dbb-8f6f891c255f&fields=id&fields=name HTTP/1.1" status: 200 len: 286 time: 0.2035823
Mar 18 00:30:19.762559 dv-cinder-768458-19-smb neutron-server[109622]: DEBUG neutron.pecan_wsgi.hooks.policy_enforcement [req-6dab8d2e-d80f-44bf-b67e-7e1eacde6b48 req-fdc79c79-97dc-42e5-b37d-e19db52eea21 tempest-AttachVolumeShelveTestJSON-1810537967 tempest-AttachVolumeShelveTestJSON-1810537967-project] Attributes excluded by policy engine: ['standard_attr_id', 'binding:profile', 'binding:host_id', 'binding:vif_type', 'binding:vif_details'] {{(pid=109622) _exclude_attributes_by_policy /opt/stack/neutron/neutron/pecan_wsgi/hooks/policy_enforcement.py:255}}
Mar 18 00:30:19.764171 dv-cinder-768458-19-smb neutron-server[109622]: INFO neutron.wsgi [req-6dab8d2e-d80f-44bf-b67e-7e1eacde6b48 req-fdc79c79-97dc-42e5-b37d-e19db52eea21 tempest-AttachVolumeShelveTestJSON-1810537967 tempest-AttachVolumeShelveTestJSON-1810537967-project] 10.222.0.23 "GET /v2.0/ports?device_id=cd0aa092-177e-40a3-8f46-128f5ad286f9 HTTP/1.1" status: 200 len: 945 time: 0.0704849
Mar 18 00:30:19.773465 dv-cinder-768458-19-smb neutron-server[109622]: DEBUG neutron.wsgi [-] (109622) accepted ('10.222.0.23', 49114) {{(pid=109622) server /usr/local/lib/python3.8/dist-packages/eventlet/wsgi.py:1004}}
Mar 18 00:30:19.782132 dv-cinder-768458-19-smb neutron-server[109622]: DEBUG neutron.api.v2.base [None req-4d341a6b-bd98-47ad-bd5c-afc47ea33dc5 tempest-AttachVolumeShelveTestJSON-1810537967 tempest-AttachVolumeShelveTestJSON-1810537967-project] Request body: {'floatingip': {'port_id': '996e1454-7e85-4345-8d6a-6a612f71e6f2'}} {{(pid=109622) prepare_request_body /opt/stack/neutron/neutron/api/v2/base.py:729}}
Mar 18 00:30:19.795800 dv-cinder-768458-19-smb neutron-server[109623]: INFO neutron.wsgi [req-4d300178-dee2-425b-b657-3bc503450a50 req-baa046a4-6895-4de3-b80f-d2c33d317fc5 tempest-VolumesActionsTest-515630544 tempest-VolumesActionsTest-515630544-project] 10.222.0.23 "GET /v2.0/security-groups?id=2008378c-ffc5-4604-8c46-4edacad56be5&fields=id&fields=name HTTP/1.1" status: 200 len: 286 time: 0.0863280
Mar 18 00:30:19.901462 dv-cinder-768458-19-smb neutron-server[109622]: DEBUG neutron_lib.callbacks.manager [None req-4d341a6b-bd98-47ad-bd5c-afc47ea33dc5 tempest-AttachVolumeShelveTestJSON-1810537967 tempest-AttachVolumeShelveTestJSON-1810537967-project] Publish callbacks [] for floatingip (7a398ee2-d9e7-4a76-9fd2-86df49ccfff6), before_update {{(pid=109622) _notify_loop /usr/local/lib/python3.8/dist-packages/neutron_lib/callbacks/manager.py:176}}
Mar 18 00:30:19.918285 dv-cinder-768458-19-smb neutron-server[109622]: DEBUG neutron_lib.callbacks.manager [None req-c9f163b0-d7ea-4284-892e-888710e8d581 admin admin] Publish callbacks [] for security_group (None), before_create {{(pid=109622) _notify_loop /usr/local/lib/python3.8/dist-packages/neutron_lib/callbacks/manager.py:176}}
Mar 18 00:30:20.158668 dv-cinder-768458-19-smb neutron-server[109622]: DEBUG neutron.pecan_wsgi.hooks.policy_enforcement [req-65fcd52b-fb4d-45b9-b634-df52e01e33a8 req-f7a31fde-0e95-4c3b-b9e7-61ef9d8c9104 tempest-ServerRescueNegativeTestJSON-1779313858 tempest-ServerRescueNegativeTestJSON-1779313858-project] Attributes excluded by policy engine: ['standard_attr_id', 'binding:profile', 'binding:host_id', 'binding:vif_type', 'binding:vif_details'] {{(pid=109622) _exclude_attributes_by_policy /opt/stack/neutron/neutron/pecan_wsgi/hooks/policy_enforcement.py:255}}
Mar 18 00:30:20.160175 dv-cinder-768458-19-smb neutron-server[109622]: INFO neutron.wsgi [req-65fcd52b-fb4d-45b9-b634-df52e01e33a8 req-f7a31fde-0e95-4c3b-b9e7-61ef9d8c9104 tempest-ServerRescueNegativeTestJSON-1779313858 tempest-ServerRescueNegativeTestJSON-1779313858-project] 10.222.0.23 "GET /v2.0/ports?device_id=64fa5186-7055-4178-ac3c-1e1af44afd35 HTTP/1.1" status: 200 len: 946 time: 0.2931309
Mar 18 00:30:20.341395 dv-cinder-768458-19-smb neutron-server[109622]: INFO neutron.wsgi [req-cdeb4d5f-1009-4c17-ab96-03fb1aea0e6a req-635250d5-02a3-47aa-8b25-0532b8085ac5 service neutron] 10.222.0.10 "GET /v2.0/networks/32045292-e9b4-49fd-931e-0a9763898e8b?fields=segments HTTP/1.1" status: 200 len: 212 time: 0.3137605
Mar 18 00:30:20.358271 dv-cinder-768458-19-smb neutron-server[109622]: DEBUG neutron_lib.callbacks.manager [None req-c9f163b0-d7ea-4284-892e-888710e8d581 admin admin] Publish callbacks [] for security_group (23a97547-8d62-44a8-9ac1-363cd20cd619), precommit_create {{(pid=109622) _notify_loop /usr/local/lib/python3.8/dist-packages/neutron_lib/callbacks/manager.py:176}}
Mar 18 00:30:20.381478 dv-cinder-768458-19-smb neutron-server[109622]: DEBUG neutron_lib.callbacks.manager [None req-c9f163b0-d7ea-4284-892e-888710e8d581 admin admin] Publish callbacks ['neutron.plugins.ml2.ovo_rpc._ObjectChangeHandler.handle_event-1579563'] for security_group (23a97547-8d62-44a8-9ac1-363cd20cd619), after_create {{(pid=109622) _notify_loop /usr/local/lib/python3.8/dist-packages/neutron_lib/callbacks/manager.py:176}}
Mar 18 00:30:20.426357 dv-cinder-768458-19-smb neutron-server[109622]: INFO neutron.wsgi [req-65fcd52b-fb4d-45b9-b634-df52e01e33a8 req-92bde00a-3aa6-4f1d-98c4-81eac1dc0758 tempest-ServerRescueNegativeTestJSON-1779313858 tempest-ServerRescueNegativeTestJSON-1779313858-project] 10.222.0.23 "GET /v2.0/security-groups?id=0649f193-59ad-42d5-9dbb-8f6f891c255f&fields=id&fields=name HTTP/1.1" status: 200 len: 286 time: 0.2554045
Mar 18 00:30:20.514295 dv-cinder-768458-19-smb neutron-server[109622]: DEBUG neutron.api.rpc.handlers.resources_rpc [None req-c9f163b0-d7ea-4284-892e-888710e8d581 admin admin] Pushing event updated for resources: {'SecurityGroup': ['ID=23a97547-8d62-44a8-9ac1-363cd20cd619,revision_number=1']} {{(pid=109622) push /opt/stack/neutron/neutron/api/rpc/handlers/resources_rpc.py:237}}
Mar 18 00:30:20.524399 dv-cinder-768458-19-smb neutron-server[109622]: INFO neutron.wsgi [None req-c9f163b0-d7ea-4284-892e-888710e8d581 admin admin] 10.222.0.23 "GET /v2.0/security-groups?tenant_id=2158b28b38b144718d3d0df5423d5555&name=default HTTP/1.1" status: 200 len: 2996 time: 0.8812089
Mar 18 00:30:20.527764 dv-cinder-768458-19-smb neutron-server[109623]: DEBUG neutron.wsgi [-] (109623) accepted ('10.222.0.23', 49122) {{(pid=109623) server /usr/local/lib/python3.8/dist-packages/eventlet/wsgi.py:1004}}
Mar 18 00:30:20.622249 dv-cinder-768458-19-smb neutron-server[109623]: DEBUG neutron_lib.callbacks.manager [None req-a8cc7c77-5695-4901-80e0-0cbe566bdd45 admin admin] Publish callbacks [] for security_group (23a97547-8d62-44a8-9ac1-363cd20cd619), before_delete {{(pid=109623) _notify_loop /usr/local/lib/python3.8/dist-packages/neutron_lib/callbacks/manager.py:176}}
Mar 18 00:30:20.652476 dv-cinder-768458-19-smb neutron-server[109623]: DEBUG neutron_lib.callbacks.manager [None req-a8cc7c77-5695-4901-80e0-0cbe566bdd45 admin admin] Publish callbacks [] for security_group (23a97547-8d62-44a8-9ac1-363cd20cd619), precommit_delete {{(pid=109623) _notify_loop /usr/local/lib/python3.8/dist-packages/neutron_lib/callbacks/manager.py:176}}
Mar 18 00:30:20.718025 dv-cinder-768458-19-smb neutron-server[109622]: INFO neutron.wsgi [req-cdeb4d5f-1009-4c17-ab96-03fb1aea0e6a req-66720e38-b2dc-43be-b1f9-95bb3148e1d7 service neutron] 10.222.0.10 "GET /v2.0/networks/32045292-e9b4-49fd-931e-0a9763898e8b?fields=provider%3Aphysical_network&fields=provider%3Anetwork_type HTTP/1.1" status: 200 len: 281 time: 0.3584769
Mar 18 00:30:20.723884 dv-cinder-768458-19-smb neutron-server[109623]: DEBUG neutron_lib.callbacks.manager [None req-a8cc7c77-5695-4901-80e0-0cbe566bdd45 admin admin] Publish callbacks ['neutron.plugins.ml2.ovo_rpc._ObjectChangeHandler.handle_event-1579563'] for security_group (23a97547-8d62-44a8-9ac1-363cd20cd619), after_delete {{(pid=109623) _notify_loop /usr/local/lib/python3.8/dist-packages/neutron_lib/callbacks/manager.py:176}}
Mar 18 00:30:20.726483 dv-cinder-768458-19-smb neutron-server[109623]: DEBUG neutron_lib.callbacks.manager [None req-a8cc7c77-5695-4901-80e0-0cbe566bdd45 admin admin] Publish callbacks [] for security_group (None), before_response {{(pid=109623) _notify_loop /usr/local/lib/python3.8/dist-packages/neutron_lib/callbacks/manager.py:176}}
Mar 18 00:30:20.730189 dv-cinder-768458-19-smb neutron-server[109623]: INFO neutron.wsgi [None req-a8cc7c77-5695-4901-80e0-0cbe566bdd45 admin admin] 10.222.0.23 "DELETE /v2.0/security-groups/23a97547-8d62-44a8-9ac1-363cd20cd619 HTTP/1.1" status: 204 len: 168 time: 0.1974282
Mar 18 00:30:20.737775 dv-cinder-768458-19-smb neutron-server[109623]: DEBUG neutron.api.rpc.handlers.resources_rpc [None req-a8cc7c77-5695-4901-80e0-0cbe566bdd45 admin admin] Pushing event deleted for resources: {'SecurityGroup': ['ID=23a97547-8d62-44a8-9ac1-363cd20cd619,revision_number=None']} {{(pid=109623) push /opt/stack/neutron/neutron/api/rpc/handlers/resources_rpc.py:237}}
Mar 18 00:30:20.981683 dv-cinder-768458-19-smb neutron-server[109623]: DEBUG neutron.pecan_wsgi.hooks.policy_enforcement [req-4cd20903-204c-45d0-a9cb-f1e770641737 req-aeafba81-7593-4c80-8bc1-7ca790a08d14 tempest-VolumesActionsTest-515630544 tempest-VolumesActionsTest-515630544-project] Attributes excluded by policy engine: ['standard_attr_id', 'binding:profile', 'binding:host_id', 'binding:vif_type', 'binding:vif_details'] {{(pid=109623) _exclude_attributes_by_policy /opt/stack/neutron/neutron/pecan_wsgi/hooks/policy_enforcement.py:255}}
Mar 18 00:30:20.988683 dv-cinder-768458-19-smb neutron-server[109623]: INFO neutron.wsgi [req-4cd20903-204c-45d0-a9cb-f1e770641737 req-aeafba81-7593-4c80-8bc1-7ca790a08d14 tempest-VolumesActionsTest-515630544 tempest-VolumesActionsTest-515630544-project] 10.222.0.23 "GET /v2.0/ports?device_id=19d393a3-c469-444a-9ac7-4723f0d9bd7c HTTP/1.1" status: 200 len: 943 time: 0.0997982
Mar 18 00:30:21.041324 dv-cinder-768458-19-smb neutron-server[109623]: INFO neutron.wsgi [req-4cd20903-204c-45d0-a9cb-f1e770641737 req-8ad77994-4c0e-46be-a178-51a601f5d117 tempest-VolumesActionsTest-515630544 tempest-VolumesActionsTest-515630544-project] 10.222.0.23 "GET /v2.0/security-groups?id=2008378c-ffc5-4604-8c46-4edacad56be5&fields=id&fields=name HTTP/1.1" status: 200 len: 286 time: 0.0500972
Mar 18 00:30:21.117510 dv-cinder-768458-19-smb neutron-server[109622]: DEBUG neutron_lib.db.resource_extend [None req-4d341a6b-bd98-47ad-bd5c-afc47ea33dc5 tempest-AttachVolumeShelveTestJSON-1810537967 tempest-AttachVolumeShelveTestJSON-1810537967-project] It took 0.34 seconds to run function 'neutron_lib.db.resource_extend.apply_funcs' {{(pid=109622) wrapper /usr/local/lib/python3.8/dist-packages/oslo_utils/timeutils.py:386}}
Mar 18 00:30:21.216297 dv-cinder-768458-19-smb neutron-server[109622]: DEBUG neutron.pecan_wsgi.hooks.policy_enforcement [req-625c9fbf-3a6b-4124-9623-ebd85cc8c8a3 req-55572cae-0f33-4cca-ad46-10c04419df38 service neutron] Attributes excluded by policy engine: ['standard_attr_id'] {{(pid=109622) _exclude_attributes_by_policy /opt/stack/neutron/neutron/pecan_wsgi/hooks/policy_enforcement.py:255}}
Mar 18 00:30:21.217815 dv-cinder-768458-19-smb neutron-server[109622]: INFO neutron.wsgi [req-625c9fbf-3a6b-4124-9623-ebd85cc8c8a3 req-55572cae-0f33-4cca-ad46-10c04419df38 service neutron] 10.222.0.10 "GET /v2.0/ports?tenant_id=fe72212a2bee428688d972d2b4bfbdf8&device_id=19d393a3-c469-444a-9ac7-4723f0d9bd7c HTTP/1.1" status: 200 len: 1127 time: 0.1584890
Mar 18 00:30:21.256740 dv-cinder-768458-19-smb neutron-server[109622]: DEBUG neutron_lib.callbacks.manager [None req-4d341a6b-bd98-47ad-bd5c-afc47ea33dc5 tempest-AttachVolumeShelveTestJSON-1810537967 tempest-AttachVolumeShelveTestJSON-1810537967-project] Publish callbacks [] for floatingip (None), precommit_update {{(pid=109622) _notify_loop /usr/local/lib/python3.8/dist-packages/neutron_lib/callbacks/manager.py:176}}
Mar 18 00:30:21.274385 dv-cinder-768458-19-smb neutron-server[109622]: DEBUG neutron_lib.callbacks.manager [None req-4d341a6b-bd98-47ad-bd5c-afc47ea33dc5 tempest-AttachVolumeShelveTestJSON-1810537967 tempest-AttachVolumeShelveTestJSON-1810537967-project] Publish callbacks ['neutron.services.l3_router.l3_router_plugin.DVRResourceOperationHandler._create_dvr_floating_gw_port-1704003'] for floatingip (7a398ee2-d9e7-4a76-9fd2-86df49ccfff6), after_update {{(pid=109622) _notify_loop /usr/local/lib/python3.8/dist-packages/neutron_lib/callbacks/manager.py:176}}
Mar 18 00:30:21.432973 dv-cinder-768458-19-smb neutron-server[109622]: DEBUG neutron.pecan_wsgi.hooks.policy_enforcement [req-625c9fbf-3a6b-4124-9623-ebd85cc8c8a3 req-394c9dcd-3485-4848-8885-1a470ac54c14 service neutron] Attributes excluded by policy engine: ['standard_attr_id', 'vlan_transparent'] {{(pid=109622) _exclude_attributes_by_policy /opt/stack/neutron/neutron/pecan_wsgi/hooks/policy_enforcement.py:255}}
Mar 18 00:30:21.435066 dv-cinder-768458-19-smb neutron-server[109622]: INFO neutron.wsgi [req-625c9fbf-3a6b-4124-9623-ebd85cc8c8a3 req-394c9dcd-3485-4848-8885-1a470ac54c14 service neutron] 10.222.0.10 "GET /v2.0/networks?id=32045292-e9b4-49fd-931e-0a9763898e8b HTTP/1.1" status: 200 len: 909 time: 0.1990626
Mar 18 00:30:21.449331 dv-cinder-768458-19-smb neutron-server[109624]: DEBUG neutron_lib.callbacks.manager [None req-fab96787-c9fb-45d1-8e3f-8f090c492700 None None] Publish callbacks ['neutron.services.segments.db._update_segment_host_mapping_for_agent-8766732137009', 'neutron.plugins.ml2.plugin.Ml2Plugin._retry_binding_revived_agents-66203938'] for agent (b07357a2-37bf-41ae-8167-2445c892fa1f), after_update {{(pid=109624) _notify_loop /usr/local/lib/python3.8/dist-packages/neutron_lib/callbacks/manager.py:176}}
Mar 18 00:30:21.507877 dv-cinder-768458-19-smb neutron-server[109622]: INFO neutron.wsgi [req-625c9fbf-3a6b-4124-9623-ebd85cc8c8a3 req-a7f38948-66de-4707-a211-ca162d9c5145 service neutron] 10.222.0.10 "GET /v2.0/floatingips?fixed_ip_address=172.20.0.5&port_id=512d54ea-57f1-4527-92e1-eedb70a7c374 HTTP/1.1" status: 200 len: 217 time: 0.0462477
Mar 18 00:30:21.546286 dv-cinder-768458-19-smb neutron-server[109622]: INFO neutron.db.l3_db [None req-4d341a6b-bd98-47ad-bd5c-afc47ea33dc5 tempest-AttachVolumeShelveTestJSON-1810537967 tempest-AttachVolumeShelveTestJSON-1810537967-project] Floating IP 7a398ee2-d9e7-4a76-9fd2-86df49ccfff6 associated. External IP: 172.28.2.254, port: 996e1454-7e85-4345-8d6a-6a612f71e6f2.
Mar 18 00:30:21.700452 dv-cinder-768458-19-smb neutron-server[109622]: DEBUG neutron.pecan_wsgi.hooks.policy_enforcement [req-625c9fbf-3a6b-4124-9623-ebd85cc8c8a3 req-9547ee84-2f1f-4f3a-bd80-7a7afcf14e43 service neutron] Attributes excluded by policy engine: ['standard_attr_id', 'shared'] {{(pid=109622) _exclude_attributes_by_policy /opt/stack/neutron/neutron/pecan_wsgi/hooks/policy_enforcement.py:255}}
Mar 18 00:30:21.702402 dv-cinder-768458-19-smb neutron-server[109622]: INFO neutron.wsgi [req-625c9fbf-3a6b-4124-9623-ebd85cc8c8a3 req-9547ee84-2f1f-4f3a-bd80-7a7afcf14e43 service neutron] 10.222.0.10 "GET /v2.0/subnets?id=3f51ca1c-4cea-45f3-bbd6-37f00e484579 HTTP/1.1" status: 200 len: 849 time: 0.1535809
