Nov 23 04:14:47.584881 dv-cinder-768458-16-smb neutron-server[103435]: DEBUG neutron_lib.callbacks.manager [None req-9dd152fd-38dd-47ee-962a-602eaee7b9c2 None None] Publish callbacks ['neutron.plugins.ml2.plugin.SecurityGroupServerNotifierRpcMixin._notify_sg_on_port_change-8387112', 'neutron.plugins.ml2.ovo_rpc._ObjectChangeHandler.handle_event-219306', 'neutron.api.rpc.agentnotifiers.dhcp_rpc_agent_api.DhcpAgentNotifyAPI._native_event_send_dhcp_notification-1020946', 'neutron.db.l3_db.L3RpcNotifierMixin._notify_gateway_port_ip_changed-8733308193594', 'neutron.db.l3_dvrscheduler_db._notify_l3_agent_port_update-8733307646630', 'neutron.db.l3_hascheduler_db._notify_l3_agent_ha_port_update-8733307646648'] for port, after_update {{(pid=103435) _notify_loop /usr/local/lib/python3.8/dist-packages/neutron_lib/callbacks/manager.py:175}}
Nov 23 04:14:47.586182 dv-cinder-768458-16-smb neutron-server[103435]: DEBUG neutron.plugins.ml2.rpc [None req-9dd152fd-38dd-47ee-962a-602eaee7b9c2 None None] Device 5e05ec88-78aa-4a78-872a-d10036520236 up at agent ovs-agent-dv-cinder-768458-16-smb {{(pid=103435) update_device_up /opt/stack/neutron/neutron/plugins/ml2/rpc.py:296}}
Nov 23 04:14:47.618455 dv-cinder-768458-16-smb neutron-server[103434]: DEBUG neutron_lib.callbacks.manager [None req-38f63959-f120-4eff-8367-749eee20a939 tempest-AttachVolumeShelveTestJSON-1486809134 tempest-AttachVolumeShelveTestJSON-1486809134-project] Publish callbacks ['neutron.services.l3_router.l3_router_plugin.DVRResourceOperationHandler._create_dvr_floating_gw_port-536469'] for floatingip, after_create {{(pid=103434) _notify_loop /usr/local/lib/python3.8/dist-packages/neutron_lib/callbacks/manager.py:175}}
Nov 23 04:14:47.660700 dv-cinder-768458-16-smb neutron-server[103434]: DEBUG neutron.api.rpc.handlers.resources_rpc [None req-38f63959-f120-4eff-8367-749eee20a939 tempest-AttachVolumeShelveTestJSON-1486809134 tempest-AttachVolumeShelveTestJSON-1486809134-project] Pushing event updated for resources: {'Port': ['ID=a70e0100-5658-4a9d-8917-d84dbb55b90f,revision_number=2']} {{(pid=103434) push /opt/stack/neutron/neutron/api/rpc/handlers/resources_rpc.py:237}}
Nov 23 04:14:47.731401 dv-cinder-768458-16-smb neutron-server[103434]: DEBUG neutron_lib.callbacks.manager [None req-38f63959-f120-4eff-8367-749eee20a939 tempest-AttachVolumeShelveTestJSON-1486809134 tempest-AttachVolumeShelveTestJSON-1486809134-project] Publish callbacks ['neutron.notifiers.nova.Notifier._send_nova_notification-172734'] for floatingip, before_response {{(pid=103434) _notify_loop /usr/local/lib/python3.8/dist-packages/neutron_lib/callbacks/manager.py:175}}
Nov 23 04:14:47.732638 dv-cinder-768458-16-smb neutron-server[103434]: INFO neutron.wsgi [None req-38f63959-f120-4eff-8367-749eee20a939 tempest-AttachVolumeShelveTestJSON-1486809134 tempest-AttachVolumeShelveTestJSON-1486809134-project] 10.222.0.57 "POST /v2.0/floatingips HTTP/1.1" status: 201 len: 692 time: 3.3187096
Nov 23 04:14:47.755146 dv-cinder-768458-16-smb neutron-server[103433]: DEBUG neutron_lib.callbacks.manager [None req-0d9d285a-00ab-4b65-920d-20ce7a53ae33 admin admin] Publish callbacks ['neutron.plugins.ml2.ovo_rpc._ObjectChangeHandler.handle_event-673304'] for security_group, after_delete {{(pid=103433) _notify_loop /usr/local/lib/python3.8/dist-packages/neutron_lib/callbacks/manager.py:175}}
Nov 23 04:14:47.761593 dv-cinder-768458-16-smb neutron-server[103433]: DEBUG neutron_lib.callbacks.manager [None req-0d9d285a-00ab-4b65-920d-20ce7a53ae33 admin admin] Publish callbacks [] for security_group, before_response {{(pid=103433) _notify_loop /usr/local/lib/python3.8/dist-packages/neutron_lib/callbacks/manager.py:175}}
Nov 23 04:14:47.767738 dv-cinder-768458-16-smb neutron-server[103433]: INFO neutron.wsgi [None req-0d9d285a-00ab-4b65-920d-20ce7a53ae33 admin admin] 10.222.0.57 "DELETE /v2.0/security-groups/a87c57f9-cb59-4425-9947-3f481aa83f83 HTTP/1.1" status: 204 len: 168 time: 1.2969103
Nov 23 04:14:47.786646 dv-cinder-768458-16-smb neutron-server[103435]: DEBUG neutron.api.rpc.handlers.resources_rpc [None req-9dd152fd-38dd-47ee-962a-602eaee7b9c2 None None] Pushing event updated for resources: {'Port': ['ID=3d1bc4f7-47fc-4d5b-aa4c-0e08cbe880df,revision_number=5']} {{(pid=103435) push /opt/stack/neutron/neutron/api/rpc/handlers/resources_rpc.py:237}}
Nov 23 04:14:47.862296 dv-cinder-768458-16-smb neutron-server[103435]: DEBUG neutron.db.provisioning_blocks [None req-9dd152fd-38dd-47ee-962a-602eaee7b9c2 None None] Provisioning complete for port 5e05ec88-78aa-4a78-872a-d10036520236 triggered by entity L2. {{(pid=103435) provisioning_complete /opt/stack/neutron/neutron/db/provisioning_blocks.py:139}}
Nov 23 04:14:47.862919 dv-cinder-768458-16-smb neutron-server[103435]: DEBUG neutron_lib.callbacks.manager [None req-9dd152fd-38dd-47ee-962a-602eaee7b9c2 None None] Publish callbacks ['neutron.plugins.ml2.plugin.Ml2Plugin._port_provisioned-8294505'] for port, provisioning_complete {{(pid=103435) _notify_loop /usr/local/lib/python3.8/dist-packages/neutron_lib/callbacks/manager.py:175}}
Nov 23 04:14:47.959711 dv-cinder-768458-16-smb neutron-server[103433]: DEBUG neutron.api.rpc.handlers.resources_rpc [None req-0d9d285a-00ab-4b65-920d-20ce7a53ae33 admin admin] Pushing event deleted for resources: {'SecurityGroup': ['ID=a87c57f9-cb59-4425-9947-3f481aa83f83,revision_number=None']} {{(pid=103433) push /opt/stack/neutron/neutron/api/rpc/handlers/resources_rpc.py:237}}
Nov 23 04:14:48.005009 dv-cinder-768458-16-smb neutron-server[103433]: INFO neutron.wsgi [req-2f7ed527-92c4-4d48-8312-e5e810d36086 req-15af4131-0c22-4449-999f-4490c21b76be service neutron] 10.222.0.57 "GET /v2.0/networks/cdc37d4f-b9bd-4460-a2fb-b0db4fc26dfe?fields=segments HTTP/1.1" status: 200 len: 212 time: 0.4405084
Nov 23 04:14:48.128414 dv-cinder-768458-16-smb neutron-server[103433]: DEBUG neutron.pecan_wsgi.hooks.policy_enforcement [req-a6aa25ab-2c1e-4356-80a4-07978ec770d6 req-45ee1a15-afb4-4f3d-ac6b-66d54325c9b8 tempest-ServerRescueNegativeTestJSON-1955216980 tempest-ServerRescueNegativeTestJSON-1955216980-project] Attributes excluded by policy engine: ['standard_attr_id', 'vlan_transparent', 'provider:network_type', 'provider:physical_network', 'provider:segmentation_id'] {{(pid=103433) _exclude_attributes_by_policy /opt/stack/neutron/neutron/pecan_wsgi/hooks/policy_enforcement.py:255}}
Nov 23 04:14:48.135720 dv-cinder-768458-16-smb neutron-server[103433]: INFO neutron.wsgi [req-a6aa25ab-2c1e-4356-80a4-07978ec770d6 req-45ee1a15-afb4-4f3d-ac6b-66d54325c9b8 tempest-ServerRescueNegativeTestJSON-1955216980 tempest-ServerRescueNegativeTestJSON-1955216980-project] 10.222.0.57 "GET /v2.0/networks?id=f3c833b1-dc0a-44e2-926f-61285b0738ce HTTP/1.1" status: 200 len: 818 time: 0.3949106
Nov 23 04:14:48.162993 dv-cinder-768458-16-smb neutron-server[103433]: INFO neutron.wsgi [req-a6aa25ab-2c1e-4356-80a4-07978ec770d6 req-244f822d-2258-4b3b-84e3-8c35a0e40872 tempest-ServerRescueNegativeTestJSON-1955216980 tempest-ServerRescueNegativeTestJSON-1955216980-project] 10.222.0.57 "GET /v2.0/quotas/90321bd398444af1a52eddccb638545b HTTP/1.1" status: 200 len: 375 time: 0.0262563
Nov 23 04:14:48.208441 dv-cinder-768458-16-smb neutron-server[103433]: INFO neutron.wsgi [req-2f7ed527-92c4-4d48-8312-e5e810d36086 req-5f2f6b43-6bd2-4695-9a40-e588e6f88957 service neutron] 10.222.0.57 "GET /v2.0/networks/cdc37d4f-b9bd-4460-a2fb-b0db4fc26dfe?fields=provider%3Aphysical_network&fields=provider%3Anetwork_type HTTP/1.1" status: 200 len: 281 time: 0.1950002
Nov 23 04:14:48.224297 dv-cinder-768458-16-smb neutron-server[103433]: INFO neutron.wsgi [req-a6aa25ab-2c1e-4356-80a4-07978ec770d6 req-ff8b0e99-4e47-4bf4-b54a-c06f85fd9208 tempest-ServerRescueNegativeTestJSON-1955216980 tempest-ServerRescueNegativeTestJSON-1955216980-project] 10.222.0.57 "GET /v2.0/ports?tenant_id=90321bd398444af1a52eddccb638545b&fields=id HTTP/1.1" status: 200 len: 255 time: 0.0604100
Nov 23 04:14:48.348272 dv-cinder-768458-16-smb neutron-server[103433]: INFO neutron.wsgi [req-a6aa25ab-2c1e-4356-80a4-07978ec770d6 req-574cc897-21ab-465a-bf36-60acb2b1f3a9 service neutron] 10.222.0.57 "GET /v2.0/networks/f3c833b1-dc0a-44e2-926f-61285b0738ce?fields=segments HTTP/1.1" status: 200 len: 212 time: 0.1143742
Nov 23 04:14:48.396865 dv-cinder-768458-16-smb neutron-server[103435]: DEBUG neutron.plugins.ml2.rpc [None req-9dd152fd-38dd-47ee-962a-602eaee7b9c2 None None] Device 3d1bc4f7-47fc-4d5b-aa4c-0e08cbe880df up at agent ovs-agent-dv-cinder-768458-16-smb {{(pid=103435) update_device_up /opt/stack/neutron/neutron/plugins/ml2/rpc.py:296}}
Nov 23 04:14:48.505555 dv-cinder-768458-16-smb neutron-server[103435]: DEBUG neutron.db.provisioning_blocks [None req-9dd152fd-38dd-47ee-962a-602eaee7b9c2 None None] Provisioning complete for port 3d1bc4f7-47fc-4d5b-aa4c-0e08cbe880df triggered by entity L2. {{(pid=103435) provisioning_complete /opt/stack/neutron/neutron/db/provisioning_blocks.py:139}}
Nov 23 04:14:48.509812 dv-cinder-768458-16-smb neutron-server[103435]: DEBUG neutron_lib.callbacks.manager [None req-9dd152fd-38dd-47ee-962a-602eaee7b9c2 None None] Publish callbacks ['neutron.plugins.ml2.plugin.Ml2Plugin._port_provisioned-8294505'] for port, provisioning_complete {{(pid=103435) _notify_loop /usr/local/lib/python3.8/dist-packages/neutron_lib/callbacks/manager.py:175}}
Nov 23 04:14:48.516098 dv-cinder-768458-16-smb neutron-server[103433]: INFO neutron.wsgi [req-a6aa25ab-2c1e-4356-80a4-07978ec770d6 req-bed2245a-8190-4101-81cf-1ef00c720870 service neutron] 10.222.0.57 "GET /v2.0/networks/f3c833b1-dc0a-44e2-926f-61285b0738ce?fields=provider%3Aphysical_network&fields=provider%3Anetwork_type HTTP/1.1" status: 200 len: 281 time: 0.1592259
Nov 23 04:14:48.670168 dv-cinder-768458-16-smb neutron-server[103433]: INFO neutron.wsgi [req-103887d8-250d-43a9-9f7f-fc8f33196db8 req-f8f3de4a-f5d0-4a97-84f3-16030004e676 tempest-AttachVolumeShelveTestJSON-1486809134 tempest-AttachVolumeShelveTestJSON-1486809134-project] 10.222.0.57 "GET /v2.0/security-groups?name=tempest-securitygroup--674660702&fields=id&tenant_id=918fe535b5cd4b5cb2f8b407635cd5f3 HTTP/1.1" status: 200 len: 267 time: 0.0905647
Nov 23 04:14:48.859069 dv-cinder-768458-16-smb neutron-server[103433]: INFO neutron.wsgi [req-d6978335-02a3-4321-8219-704c263d6a65 req-f86a93f0-27ad-4f7e-8a4f-ee5747cdbd7d tempest-AttachVolumeTestJSON-504351455 tempest-AttachVolumeTestJSON-504351455-project] 10.222.0.57 "GET /v2.0/ports?device_id=22c967f4-04e4-4acd-8ddd-44d7ec5c4c04 HTTP/1.1" status: 200 len: 210 time: 0.0412908
Nov 23 04:14:48.874471 dv-cinder-768458-16-smb neutron-server[103433]: DEBUG neutron.pecan_wsgi.hooks.policy_enforcement [req-103887d8-250d-43a9-9f7f-fc8f33196db8 req-be528eae-3b43-476c-8eef-a740ac5ada8f tempest-AttachVolumeShelveTestJSON-1486809134 tempest-AttachVolumeShelveTestJSON-1486809134-project] Attributes excluded by policy engine: ['standard_attr_id', 'vlan_transparent', 'provider:network_type', 'provider:physical_network', 'provider:segmentation_id'] {{(pid=103433) _exclude_attributes_by_policy /opt/stack/neutron/neutron/pecan_wsgi/hooks/policy_enforcement.py:255}}
Nov 23 04:14:48.882788 dv-cinder-768458-16-smb neutron-server[103433]: INFO neutron.wsgi [req-103887d8-250d-43a9-9f7f-fc8f33196db8 req-be528eae-3b43-476c-8eef-a740ac5ada8f tempest-AttachVolumeShelveTestJSON-1486809134 tempest-AttachVolumeShelveTestJSON-1486809134-project] 10.222.0.57 "GET /v2.0/networks?id=5c0009ef-952b-4db9-99b3-f83063068f72 HTTP/1.1" status: 200 len: 816 time: 0.2062752
Nov 23 04:14:48.925470 dv-cinder-768458-16-smb neutron-server[103433]: INFO neutron.wsgi [req-103887d8-250d-43a9-9f7f-fc8f33196db8 req-805d01ec-7c96-4d5a-b6af-409f2d2e6b45 tempest-AttachVolumeShelveTestJSON-1486809134 tempest-AttachVolumeShelveTestJSON-1486809134-project] 10.222.0.57 "GET /v2.0/quotas/918fe535b5cd4b5cb2f8b407635cd5f3 HTTP/1.1" status: 200 len: 375 time: 0.0406034
Nov 23 04:14:49.059068 dv-cinder-768458-16-smb neutron-server[103433]: INFO neutron.wsgi [req-103887d8-250d-43a9-9f7f-fc8f33196db8 req-ad47240e-3fbb-431e-9e88-a3a868eb0569 tempest-AttachVolumeShelveTestJSON-1486809134 tempest-AttachVolumeShelveTestJSON-1486809134-project] 10.222.0.57 "GET /v2.0/ports?tenant_id=918fe535b5cd4b5cb2f8b407635cd5f3&fields=id HTTP/1.1" status: 200 len: 302 time: 0.1265831
Nov 23 04:14:49.078463 dv-cinder-768458-16-smb neutron-server[103433]: DEBUG neutron.pecan_wsgi.hooks.policy_enforcement [req-bb7fbf57-b781-4e10-8b7a-2a87cf876b2e req-cfef2d73-5636-4ab5-96f5-aff9dbdc6c13 tempest-DeleteServersTestJSON-2142195778 tempest-DeleteServersTestJSON-2142195778-project] Attributes excluded by policy engine: ['standard_attr_id', 'binding:profile', 'binding:host_id', 'binding:vif_type', 'binding:vif_details'] {{(pid=103433) _exclude_attributes_by_policy /opt/stack/neutron/neutron/pecan_wsgi/hooks/policy_enforcement.py:255}}
Nov 23 04:14:49.080535 dv-cinder-768458-16-smb neutron-server[103433]: INFO neutron.wsgi [req-bb7fbf57-b781-4e10-8b7a-2a87cf876b2e req-cfef2d73-5636-4ab5-96f5-aff9dbdc6c13 tempest-DeleteServersTestJSON-2142195778 tempest-DeleteServersTestJSON-2142195778-project] 10.222.0.57 "GET /v2.0/ports?device_id=d5da2388-bf77-4c94-8c11-f67df2f90650 HTTP/1.1" status: 200 len: 943 time: 0.1149938
Nov 23 04:14:49.132865 dv-cinder-768458-16-smb neutron-server[103434]: DEBUG neutron.wsgi [-] (103434) accepted ('10.222.0.57', 45186) {{(pid=103434) server /usr/local/lib/python3.8/dist-packages/eventlet/wsgi.py:1004}}
Nov 23 04:14:49.155537 dv-cinder-768458-16-smb neutron-server[103434]: DEBUG neutron_lib.callbacks.manager [None req-fdc3205c-9b55-4238-94fb-36b748177cc5 admin admin] Publish callbacks [] for security_group, before_create {{(pid=103434) _notify_loop /usr/local/lib/python3.8/dist-packages/neutron_lib/callbacks/manager.py:175}}
Nov 23 04:14:49.196120 dv-cinder-768458-16-smb neutron-server[103433]: INFO neutron.wsgi [req-bb7fbf57-b781-4e10-8b7a-2a87cf876b2e req-76f0a828-fae9-4a85-8a24-c0554be49b54 tempest-DeleteServersTestJSON-2142195778 tempest-DeleteServersTestJSON-2142195778-project] 10.222.0.57 "GET /v2.0/security-groups?id=0a22e3ea-5057-4545-b81d-69119a740015&fields=id&fields=name HTTP/1.1" status: 200 len: 286 time: 0.1056712
Nov 23 04:14:49.216092 dv-cinder-768458-16-smb neutron-server[103433]: INFO neutron.wsgi [req-103887d8-250d-43a9-9f7f-fc8f33196db8 req-9950d61b-7cf3-4ea6-9350-460671bbdcae service neutron] 10.222.0.57 "GET /v2.0/networks/5c0009ef-952b-4db9-99b3-f83063068f72?fields=segments HTTP/1.1" status: 200 len: 212 time: 0.1341696
Nov 23 04:14:49.375117 dv-cinder-768458-16-smb neutron-server[103434]: DEBUG neutron_lib.callbacks.manager [None req-fdc3205c-9b55-4238-94fb-36b748177cc5 admin admin] Publish callbacks [] for security_group, precommit_create {{(pid=103434) _notify_loop /usr/local/lib/python3.8/dist-packages/neutron_lib/callbacks/manager.py:175}}
Nov 23 04:14:49.474685 dv-cinder-768458-16-smb neutron-server[103434]: DEBUG neutron_lib.callbacks.manager [None req-fdc3205c-9b55-4238-94fb-36b748177cc5 admin admin] Publish callbacks ['neutron.plugins.ml2.ovo_rpc._ObjectChangeHandler.handle_event-673304'] for security_group, after_create {{(pid=103434) _notify_loop /usr/local/lib/python3.8/dist-packages/neutron_lib/callbacks/manager.py:175}}
Nov 23 04:14:49.528481 dv-cinder-768458-16-smb neutron-server[103434]: INFO neutron.wsgi [None req-fdc3205c-9b55-4238-94fb-36b748177cc5 admin admin] 10.222.0.57 "GET /v2.0/security-groups?tenant_id=cf6aa052f1ed460d8be9fee25d43d06d&name=default HTTP/1.1" status: 200 len: 2996 time: 0.3951890
Nov 23 04:14:49.529364 dv-cinder-768458-16-smb neutron-server[103434]: DEBUG neutron.api.rpc.handlers.resources_rpc [None req-fdc3205c-9b55-4238-94fb-36b748177cc5 admin admin] Pushing event updated for resources: {'SecurityGroup': ['ID=067adf35-256b-4e7d-8893-14ecbba62815,revision_number=1']} {{(pid=103434) push /opt/stack/neutron/neutron/api/rpc/handlers/resources_rpc.py:237}}
Nov 23 04:14:49.540623 dv-cinder-768458-16-smb neutron-server[103434]: DEBUG neutron.wsgi [-] (103434) accepted ('10.222.0.57', 45194) {{(pid=103434) server /usr/local/lib/python3.8/dist-packages/eventlet/wsgi.py:1004}}
Nov 23 04:14:49.557863 dv-cinder-768458-16-smb neutron-server[103433]: INFO neutron.wsgi [req-1d024cdc-d215-4f53-ab9b-0bee8297094a req-4f05b8a6-3fee-4f6a-93c7-11844454db17 tempest-ServerRescueNegativeTestJSON-1955216980 tempest-ServerRescueNegativeTestJSON-1955216980-project] 10.222.0.57 "GET /v2.0/ports?device_id=46cec7ee-1e28-4a4a-8a44-a58ade157505 HTTP/1.1" status: 200 len: 210 time: 0.0731146
Nov 23 04:14:49.667219 dv-cinder-768458-16-smb neutron-server[103433]: INFO neutron.wsgi [req-103887d8-250d-43a9-9f7f-fc8f33196db8 req-727032e9-2fcb-4f64-872d-edfd9c64bab9 service neutron] 10.222.0.57 "GET /v2.0/networks/5c0009ef-952b-4db9-99b3-f83063068f72?fields=provider%3Aphysical_network&fields=provider%3Anetwork_type HTTP/1.1" status: 200 len: 281 time: 0.4347064
Nov 23 04:14:49.766834 dv-cinder-768458-16-smb neutron-server[103433]: DEBUG neutron.wsgi [-] (103433) accepted ('10.222.0.57', 45204) {{(pid=103433) server /usr/local/lib/python3.8/dist-packages/eventlet/wsgi.py:1004}}
Nov 23 04:14:49.920352 dv-cinder-768458-16-smb neutron-server[103434]: DEBUG neutron_lib.callbacks.manager [None req-9fd28aed-f5c5-4ae7-abf3-54cebaebd8f1 admin admin] Publish callbacks [] for security_group, before_delete {{(pid=103434) _notify_loop /usr/local/lib/python3.8/dist-packages/neutron_lib/callbacks/manager.py:175}}
Nov 23 04:14:49.922544 dv-cinder-768458-16-smb neutron-server[103433]: DEBUG neutron_lib.callbacks.manager [None req-a024f027-1350-4c92-b403-ce69c8488809 admin admin] Publish callbacks [] for security_group, before_create {{(pid=103433) _notify_loop /usr/local/lib/python3.8/dist-packages/neutron_lib/callbacks/manager.py:175}}
Nov 23 04:14:49.953890 dv-cinder-768458-16-smb neutron-server[103434]: DEBUG neutron_lib.callbacks.manager [None req-9fd28aed-f5c5-4ae7-abf3-54cebaebd8f1 admin admin] Publish callbacks [] for security_group, precommit_delete {{(pid=103434) _notify_loop /usr/local/lib/python3.8/dist-packages/neutron_lib/callbacks/manager.py:175}}
Nov 23 04:14:49.990438 dv-cinder-768458-16-smb neutron-server[103433]: INFO neutron.wsgi [req-d940665c-4076-4eb8-b42c-f8ba6fcfaea1 req-295b7afe-3edb-49f8-a44d-ad22feff0d96 tempest-AttachVolumeTestJSON-504351455 tempest-AttachVolumeTestJSON-504351455-project] 10.222.0.57 "GET /v2.0/ports?device_id=22c967f4-04e4-4acd-8ddd-44d7ec5c4c04 HTTP/1.1" status: 200 len: 210 time: 0.0583587
Nov 23 04:14:50.127849 dv-cinder-768458-16-smb neutron-server[103433]: INFO neutron.wsgi [req-8721b248-0ef2-42a3-8f9b-33ec0ab93c35 req-a958145d-8f5f-4a0f-84ed-ba93c86527cf tempest-AttachVolumeShelveTestJSON-1486809134 tempest-AttachVolumeShelveTestJSON-1486809134-project] 10.222.0.57 "GET /v2.0/ports?device_id=468f828e-d2e8-4f8c-8343-43aa704533a2 HTTP/1.1" status: 200 len: 210 time: 0.0397038
Nov 23 04:14:50.215586 dv-cinder-768458-16-smb neutron-server[103433]: DEBUG neutron.pecan_wsgi.hooks.policy_enforcement [req-475e6f2d-3080-4a36-bd4e-0fc5eb00324c req-d223ba33-f2f8-4b80-96b8-0cc4028db37d tempest-ServerRescueNegativeTestJSON-1955216980 tempest-ServerRescueNegativeTestJSON-1955216980-project] Attributes excluded by policy engine: ['standard_attr_id', 'vlan_transparent', 'provider:network_type', 'provider:physical_network', 'provider:segmentation_id'] {{(pid=103433) _exclude_attributes_by_policy /opt/stack/neutron/neutron/pecan_wsgi/hooks/policy_enforcement.py:255}}
Nov 23 04:14:50.217195 dv-cinder-768458-16-smb neutron-server[103433]: INFO neutron.wsgi [req-475e6f2d-3080-4a36-bd4e-0fc5eb00324c req-d223ba33-f2f8-4b80-96b8-0cc4028db37d tempest-ServerRescueNegativeTestJSON-1955216980 tempest-ServerRescueNegativeTestJSON-1955216980-project] 10.222.0.36 "GET /v2.0/networks?id=f3c833b1-dc0a-44e2-926f-61285b0738ce HTTP/1.1" status: 200 len: 818 time: 0.2290370
Nov 23 04:14:50.232377 dv-cinder-768458-16-smb neutron-server[103434]: DEBUG neutron_lib.callbacks.manager [None req-9fd28aed-f5c5-4ae7-abf3-54cebaebd8f1 admin admin] Publish callbacks ['neutron.plugins.ml2.ovo_rpc._ObjectChangeHandler.handle_event-673304'] for security_group, after_delete {{(pid=103434) _notify_loop /usr/local/lib/python3.8/dist-packages/neutron_lib/callbacks/manager.py:175}}
Nov 23 04:14:50.235873 dv-cinder-768458-16-smb neutron-server[103434]: DEBUG neutron_lib.callbacks.manager [None req-9fd28aed-f5c5-4ae7-abf3-54cebaebd8f1 admin admin] Publish callbacks [] for security_group, before_response {{(pid=103434) _notify_loop /usr/local/lib/python3.8/dist-packages/neutron_lib/callbacks/manager.py:175}}
Nov 23 04:14:50.237606 dv-cinder-768458-16-smb neutron-server[103434]: INFO neutron.wsgi [None req-9fd28aed-f5c5-4ae7-abf3-54cebaebd8f1 admin admin] 10.222.0.57 "DELETE /v2.0/security-groups/067adf35-256b-4e7d-8893-14ecbba62815 HTTP/1.1" status: 204 len: 168 time: 0.6812141
Nov 23 04:14:50.246459 dv-cinder-768458-16-smb neutron-server[103433]: DEBUG neutron_lib.callbacks.manager [None req-a024f027-1350-4c92-b403-ce69c8488809 admin admin] Publish callbacks [] for security_group, precommit_create {{(pid=103433) _notify_loop /usr/local/lib/python3.8/dist-packages/neutron_lib/callbacks/manager.py:175}}
Nov 23 04:14:50.257058 dv-cinder-768458-16-smb neutron-server[103434]: DEBUG neutron.api.rpc.handlers.resources_rpc [None req-9fd28aed-f5c5-4ae7-abf3-54cebaebd8f1 admin admin] Pushing event deleted for resources: {'SecurityGroup': ['ID=067adf35-256b-4e7d-8893-14ecbba62815,revision_number=None']} {{(pid=103434) push /opt/stack/neutron/neutron/api/rpc/handlers/resources_rpc.py:237}}
Nov 23 04:14:50.263704 dv-cinder-768458-16-smb neutron-server[103433]: DEBUG neutron.api.v2.base [req-475e6f2d-3080-4a36-bd4e-0fc5eb00324c req-4b62e644-26d2-4a09-b16e-11a4475c07ee tempest-ServerRescueNegativeTestJSON-1955216980 tempest-ServerRescueNegativeTestJSON-1955216980-project] Request body: {'port': {'device_id': '6128afd8-eed4-4aa7-8074-2f58cd9341c0', 'network_id': 'f3c833b1-dc0a-44e2-926f-61285b0738ce', 'admin_state_up': True, 'tenant_id': '90321bd398444af1a52eddccb638545b'}} {{(pid=103433) prepare_request_body /opt/stack/neutron/neutron/api/v2/base.py:729}}
Nov 23 04:14:50.402985 dv-cinder-768458-16-smb neutron-server[103433]: DEBUG neutron_lib.callbacks.manager [None req-a024f027-1350-4c92-b403-ce69c8488809 admin admin] Publish callbacks ['neutron.plugins.ml2.ovo_rpc._ObjectChangeHandler.handle_event-673304'] for security_group, after_create {{(pid=103433) _notify_loop /usr/local/lib/python3.8/dist-packages/neutron_lib/callbacks/manager.py:175}}
Nov 23 04:14:50.426249 dv-cinder-768458-16-smb neutron-server[103433]: DEBUG neutron.pecan_wsgi.hooks.policy_enforcement [req-0d458b6a-00e4-4e3c-b036-12e40eca3258 req-1a163766-a5de-406b-a923-42fff64fe9d0 tempest-DeleteServersTestJSON-2142195778 tempest-DeleteServersTestJSON-2142195778-project] Attributes excluded by policy engine: ['standard_attr_id', 'binding:profile', 'binding:host_id', 'binding:vif_type', 'binding:vif_details'] {{(pid=103433) _exclude_attributes_by_policy /opt/stack/neutron/neutron/pecan_wsgi/hooks/policy_enforcement.py:255}}
Nov 23 04:14:50.427606 dv-cinder-768458-16-smb neutron-server[103433]: INFO neutron.wsgi [req-0d458b6a-00e4-4e3c-b036-12e40eca3258 req-1a163766-a5de-406b-a923-42fff64fe9d0 tempest-DeleteServersTestJSON-2142195778 tempest-DeleteServersTestJSON-2142195778-project] 10.222.0.57 "GET /v2.0/ports?device_id=d5da2388-bf77-4c94-8c11-f67df2f90650 HTTP/1.1" status: 200 len: 943 time: 0.1031666
Nov 23 04:14:50.485410 dv-cinder-768458-16-smb neutron-server[103433]: INFO neutron.wsgi [None req-a024f027-1350-4c92-b403-ce69c8488809 admin admin] 10.222.0.57 "GET /v2.0/security-groups?tenant_id=08818ee5a20843fc8b0bb570e1778f1a&name=default HTTP/1.1" status: 200 len: 2996 time: 0.7174709
Nov 23 04:14:50.488199 dv-cinder-768458-16-smb neutron-server[103434]: DEBUG neutron.wsgi [-] (103434) accepted ('10.222.0.57', 45230) {{(pid=103434) server /usr/local/lib/python3.8/dist-packages/eventlet/wsgi.py:1004}}
Nov 23 04:14:50.493264 dv-cinder-768458-16-smb neutron-server[103433]: DEBUG neutron.api.rpc.handlers.resources_rpc [None req-a024f027-1350-4c92-b403-ce69c8488809 admin admin] Pushing event updated for resources: {'SecurityGroup': ['ID=2c2e25e0-72ee-4f96-b087-d6bb9518c093,revision_number=1']} {{(pid=103433) push /opt/stack/neutron/neutron/api/rpc/handlers/resources_rpc.py:237}}
Nov 23 04:14:50.523306 dv-cinder-768458-16-smb neutron-server[103433]: INFO neutron.wsgi [req-0d458b6a-00e4-4e3c-b036-12e40eca3258 req-8f77d0b9-7ad2-4b5f-840f-982b3492c6fb tempest-DeleteServersTestJSON-2142195778 tempest-DeleteServersTestJSON-2142195778-project] 10.222.0.57 "GET /v2.0/security-groups?id=0a22e3ea-5057-4545-b81d-69119a740015&fields=id&fields=name HTTP/1.1" status: 200 len: 286 time: 0.0836091
Nov 23 04:14:50.547984 dv-cinder-768458-16-smb neutron-server[103434]: DEBUG neutron_lib.callbacks.manager [None req-664dca6b-ed57-4976-8eb0-950a970bf85b admin admin] Publish callbacks [] for security_group, before_delete {{(pid=103434) _notify_loop /usr/local/lib/python3.8/dist-packages/neutron_lib/callbacks/manager.py:175}}
Nov 23 04:14:50.569250 dv-cinder-768458-16-smb neutron-server[103434]: DEBUG neutron_lib.callbacks.manager [None req-664dca6b-ed57-4976-8eb0-950a970bf85b admin admin] Publish callbacks [] for security_group, precommit_delete {{(pid=103434) _notify_loop /usr/local/lib/python3.8/dist-packages/neutron_lib/callbacks/manager.py:175}}
Nov 23 04:14:50.600823 dv-cinder-768458-16-smb neutron-server[103433]: DEBUG neutron.pecan_wsgi.hooks.quota_enforcement [req-475e6f2d-3080-4a36-bd4e-0fc5eb00324c req-4b62e644-26d2-4a09-b16e-11a4475c07ee tempest-ServerRescueNegativeTestJSON-1955216980 tempest-ServerRescueNegativeTestJSON-1955216980-project] Made reservation on behalf of 90321bd398444af1a52eddccb638545b for: {'port': 1} {{(pid=103433) before /opt/stack/neutron/neutron/pecan_wsgi/hooks/quota_enforcement.py:53}}
Nov 23 04:14:50.606131 dv-cinder-768458-16-smb neutron-server[103433]: DEBUG neutron_lib.callbacks.manager [req-475e6f2d-3080-4a36-bd4e-0fc5eb00324c req-4b62e644-26d2-4a09-b16e-11a4475c07ee tempest-ServerRescueNegativeTestJSON-1955216980 tempest-ServerRescueNegativeTestJSON-1955216980-project] Publish callbacks ['neutron.plugins.ml2.plugin.SecurityGroupDbMixin._ensure_default_security_group_handler-8387177'] for port, before_create {{(pid=103433) _notify_loop /usr/local/lib/python3.8/dist-packages/neutron_lib/callbacks/manager.py:175}}
Nov 23 04:14:50.680666 dv-cinder-768458-16-smb neutron-server[103433]: INFO neutron.wsgi [req-32f64f81-acaf-46fb-a6e4-a590ac95d5e3 req-06edadad-2d8e-4a43-9b50-94c852585939 tempest-ServerRescueNegativeTestJSON-1955216980 tempest-ServerRescueNegativeTestJSON-1955216980-project] 10.222.0.57 "GET /v2.0/ports?device_id=46cec7ee-1e28-4a4a-8a44-a58ade157505 HTTP/1.1" status: 200 len: 210 time: 0.0280986
Nov 23 04:14:50.766302 dv-cinder-768458-16-smb neutron-server[103434]: DEBUG neutron_lib.callbacks.manager [None req-664dca6b-ed57-4976-8eb0-950a970bf85b admin admin] Publish callbacks ['neutron.plugins.ml2.ovo_rpc._ObjectChangeHandler.handle_event-673304'] for security_group, after_delete {{(pid=103434) _notify_loop /usr/local/lib/python3.8/dist-packages/neutron_lib/callbacks/manager.py:175}}
Nov 23 04:14:50.769292 dv-cinder-768458-16-smb neutron-server[103434]: DEBUG neutron_lib.callbacks.manager [None req-664dca6b-ed57-4976-8eb0-950a970bf85b admin admin] Publish callbacks [] for security_group, before_response {{(pid=103434) _notify_loop /usr/local/lib/python3.8/dist-packages/neutron_lib/callbacks/manager.py:175}}
Nov 23 04:14:50.770604 dv-cinder-768458-16-smb neutron-server[103434]: INFO neutron.wsgi [None req-664dca6b-ed57-4976-8eb0-950a970bf85b admin admin] 10.222.0.57 "DELETE /v2.0/security-groups/2c2e25e0-72ee-4f96-b087-d6bb9518c093 HTTP/1.1" status: 204 len: 168 time: 0.2814317
Nov 23 04:14:50.778442 dv-cinder-768458-16-smb neutron-server[103434]: DEBUG neutron.api.rpc.handlers.resources_rpc [None req-664dca6b-ed57-4976-8eb0-950a970bf85b admin admin] Pushing event deleted for resources: {'SecurityGroup': ['ID=2c2e25e0-72ee-4f96-b087-d6bb9518c093,revision_number=None']} {{(pid=103434) push /opt/stack/neutron/neutron/api/rpc/handlers/resources_rpc.py:237}}
Nov 23 04:14:50.908541 dv-cinder-768458-16-smb neutron-server[103433]: DEBUG neutron.db.db_base_plugin_common [req-475e6f2d-3080-4a36-bd4e-0fc5eb00324c req-4b62e644-26d2-4a09-b16e-11a4475c07ee tempest-ServerRescueNegativeTestJSON-1955216980 tempest-ServerRescueNegativeTestJSON-1955216980-project] Allocated IP 172.20.0.4 (f3c833b1-dc0a-44e2-926f-61285b0738ce/00c20f45-0049-4ce4-8489-92d3451ca363/38849b7b-d041-4a0d-b703-582d4fc77937) {{(pid=103433) _store_ip_allocation /opt/stack/neutron/neutron/db/db_base_plugin_common.py:131}}
Nov 23 04:14:51.103801 dv-cinder-768458-16-smb neutron-server[103433]: INFO neutron.wsgi [req-f23783fd-a040-448c-9f11-37a2da40c662 req-eb54faf4-6a82-4a44-bc28-f7702ab8ad40 tempest-AttachVolumeTestJSON-504351455 tempest-AttachVolumeTestJSON-504351455-project] 10.222.0.57 "GET /v2.0/ports?device_id=22c967f4-04e4-4acd-8ddd-44d7ec5c4c04 HTTP/1.1" status: 200 len: 210 time: 0.0359025
Nov 23 04:14:51.120329 dv-cinder-768458-16-smb neutron-server[103433]: DEBUG neutron_lib.callbacks.manager [req-475e6f2d-3080-4a36-bd4e-0fc5eb00324c req-4b62e644-26d2-4a09-b16e-11a4475c07ee tempest-ServerRescueNegativeTestJSON-1955216980 tempest-ServerRescueNegativeTestJSON-1955216980-project] Publish callbacks [] for port, precommit_create {{(pid=103433) _notify_loop /usr/local/lib/python3.8/dist-packages/neutron_lib/callbacks/manager.py:175}}
Nov 23 04:14:51.205360 dv-cinder-768458-16-smb neutron-server[103435]: DEBUG neutron.plugins.ml2.rpc [None req-9b73b1ff-ec5a-4547-af10-2f1327e1be64 None None] Device 5b1d331d-958d-4bbc-bf18-fb436634dde8 details requested by agent hyperv_hv-cinder-76845 with host hv-cinder-76845 {{(pid=103435) get_device_details /opt/stack/neutron/neutron/plugins/ml2/rpc.py:102}}
Nov 23 04:14:51.254997 dv-cinder-768458-16-smb neutron-server[103433]: INFO neutron.wsgi [req-2801fc3f-ce03-4b1d-9ec3-aca716161762 req-b7b48c08-ef7b-4d8e-b637-bf13834da7d5 tempest-AttachVolumeShelveTestJSON-1486809134 tempest-AttachVolumeShelveTestJSON-1486809134-project] 10.222.0.57 "GET /v2.0/ports?device_id=468f828e-d2e8-4f8c-8343-43aa704533a2 HTTP/1.1" status: 200 len: 210 time: 0.0368242
Nov 23 04:14:51.272731 dv-cinder-768458-16-smb neutron-server[103433]: DEBUG neutron_lib.callbacks.manager [req-475e6f2d-3080-4a36-bd4e-0fc5eb00324c req-4b62e644-26d2-4a09-b16e-11a4475c07ee tempest-ServerRescueNegativeTestJSON-1955216980 tempest-ServerRescueNegativeTestJSON-1955216980-project] Publish callbacks ['neutron.plugins.ml2.plugin.SecurityGroupServerNotifierRpcMixin._notify_sg_on_port_change-8387112', 'neutron.plugins.ml2.ovo_rpc._ObjectChangeHandler.handle_event-219306', 'neutron.api.rpc.agentnotifiers.dhcp_rpc_agent_api.DhcpAgentNotifyAPI._native_event_send_dhcp_notification-1020946', 'neutron.db.l3_dvrscheduler_db._notify_l3_agent_new_port-8733307646612', 'neutron.services.segments.plugin.NovaSegmentNotifier._notify_port_created_or_deleted-3645171'] for port, after_create {{(pid=103433) _notify_loop /usr/local/lib/python3.8/dist-packages/neutron_lib/callbacks/manager.py:175}}
Nov 23 04:14:51.325049 dv-cinder-768458-16-smb neutron-server[103433]: DEBUG neutron.scheduler.dhcp_agent_scheduler [req-475e6f2d-3080-4a36-bd4e-0fc5eb00324c req-4b62e644-26d2-4a09-b16e-11a4475c07ee tempest-ServerRescueNegativeTestJSON-1955216980 tempest-ServerRescueNegativeTestJSON-1955216980-project] Network f3c833b1-dc0a-44e2-926f-61285b0738ce is already hosted by enough agents. {{(pid=103433) _get_dhcp_agents_hosting_network /opt/stack/neutron/neutron/scheduler/dhcp_agent_scheduler.py:275}}
Nov 23 04:14:51.330730 dv-cinder-768458-16-smb neutron-server[103433]: DEBUG neutron.scheduler.base_scheduler [req-475e6f2d-3080-4a36-bd4e-0fc5eb00324c req-4b62e644-26d2-4a09-b16e-11a4475c07ee tempest-ServerRescueNegativeTestJSON-1955216980 tempest-ServerRescueNegativeTestJSON-1955216980-project] Resources bound (agent type, host, resource id): {{(pid=103433) schedule /opt/stack/neutron/neutron/scheduler/base_scheduler.py:57}}
Nov 23 04:14:51.335723 dv-cinder-768458-16-smb neutron-server[103433]: DEBUG neutron.db.l3_dvrscheduler_db [req-475e6f2d-3080-4a36-bd4e-0fc5eb00324c req-4b62e644-26d2-4a09-b16e-11a4475c07ee tempest-ServerRescueNegativeTestJSON-1955216980 tempest-ServerRescueNegativeTestJSON-1955216980-project] Received port after_create {{(pid=103433) _notify_l3_agent_new_port /opt/stack/neutron/neutron/db/l3_dvrscheduler_db.py:535}}
Nov 23 04:14:51.340519 dv-cinder-768458-16-smb neutron-server[103433]: DEBUG neutron.api.rpc.handlers.resources_rpc [None req-4b62e644-26d2-4a09-b16e-11a4475c07ee tempest-ServerRescueNegativeTestJSON-1955216980 tempest-ServerRescueNegativeTestJSON-1955216980-project] Pushing event updated for resources: {'Port': ['ID=38849b7b-d041-4a0d-b703-582d4fc77937,revision_number=1']} {{(pid=103433) push /opt/stack/neutron/neutron/api/rpc/handlers/resources_rpc.py:237}}
Nov 23 04:14:51.372873 dv-cinder-768458-16-smb neutron-server[103435]: DEBUG neutron.plugins.ml2.db [None req-9b73b1ff-ec5a-4547-af10-2f1327e1be64 None None] For port 5b1d331d-958d-4bbc-bf18-fb436634dde8, host hv-cinder-76845, got binding levels [PortBindingLevel(driver='hyperv',host='hv-cinder-76845',level=0,port_id=5b1d331d-958d-4bbc-bf18-fb436634dde8,segment=NetworkSegment(bc71ed7a-9ec5-4e21-b1ef-120c445bada4),segment_id=bc71ed7a-9ec5-4e21-b1ef-120c445bada4)] {{(pid=103435) get_binding_level_objs /opt/stack/neutron/neutron/plugins/ml2/db.py:74}}
Nov 23 04:14:51.393335 dv-cinder-768458-16-smb neutron-server[103435]: DEBUG neutron.plugins.ml2.rpc [None req-9b73b1ff-ec5a-4547-af10-2f1327e1be64 None None] Returning: {'device': '5b1d331d-958d-4bbc-bf18-fb436634dde8', 'network_id': '7a82fc6c-8305-479a-896a-bd13a03f2381', 'port_id': '5b1d331d-958d-4bbc-bf18-fb436634dde8', 'mac_address': 'fa:16:3e:12:63:a4', 'admin_state_up': True, 'network_type': 'vlan', 'segmentation_id': 719, 'physical_network': 'physnet1', 'mtu': 1500, 'fixed_ips': [{'subnet_id': 'ec4560dc-cb63-4e3b-8365-7755ca2fd97c', 'ip_address': '172.20.0.6'}], 'device_owner': 'compute:nova', 'allowed_address_pairs': [], 'port_security_enabled': True, 'qos_policy_id': None, 'network_qos_policy_id': None, 'profile': {}, 'propagate_uplink_status': False} {{(pid=103435) _get_device_details /opt/stack/neutron/neutron/plugins/ml2/rpc.py:184}}
Nov 23 04:14:51.398787 dv-cinder-768458-16-smb neutron-server[103433]: DEBUG neutron.pecan_wsgi.hooks.policy_enforcement [req-475e6f2d-3080-4a36-bd4e-0fc5eb00324c req-4b62e644-26d2-4a09-b16e-11a4475c07ee tempest-ServerRescueNegativeTestJSON-1955216980 tempest-ServerRescueNegativeTestJSON-1955216980-project] Attributes excluded by policy engine: ['standard_attr_id', 'binding:profile', 'binding:host_id', 'binding:vif_type', 'binding:vif_details', 'network'] {{(pid=103433) _exclude_attributes_by_policy /opt/stack/neutron/neutron/pecan_wsgi/hooks/policy_enforcement.py:255}}
Nov 23 04:14:51.399410 dv-cinder-768458-16-smb neutron-server[103433]: DEBUG neutron_lib.callbacks.manager [req-475e6f2d-3080-4a36-bd4e-0fc5eb00324c req-4b62e644-26d2-4a09-b16e-11a4475c07ee tempest-ServerRescueNegativeTestJSON-1955216980 tempest-ServerRescueNegativeTestJSON-1955216980-project] Publish callbacks ['neutron.notifiers.nova.Notifier._send_nova_notification-172734', 'neutron.api.rpc.agentnotifiers.dhcp_rpc_agent_api.DhcpAgentNotifyAPI._send_dhcp_notification-1020964'] for port, before_response {{(pid=103433) _notify_loop /usr/local/lib/python3.8/dist-packages/neutron_lib/callbacks/manager.py:175}}
Nov 23 04:14:51.438165 dv-cinder-768458-16-smb neutron-server[103435]: DEBUG neutron_lib.callbacks.manager [None req-9b73b1ff-ec5a-4547-af10-2f1327e1be64 None None] Publish callbacks ['neutron.plugins.ml2.plugin.SecurityGroupDbMixin._ensure_default_security_group_handler-8387177'] for port, before_update {{(pid=103435) _notify_loop /usr/local/lib/python3.8/dist-packages/neutron_lib/callbacks/manager.py:175}}
Nov 23 04:14:51.453901 dv-cinder-768458-16-smb neutron-server[103435]: DEBUG neutron.notifiers.nova [None req-9b73b1ff-ec5a-4547-af10-2f1327e1be64 None None] Ignoring state change previous_port_status: DOWN current_port_status: BUILD port_id 5b1d331d-958d-4bbc-bf18-fb436634dde8 {{(pid=103435) record_port_status_changed /opt/stack/neutron/neutron/notifiers/nova.py:224}}
Nov 23 04:14:51.477027 dv-cinder-768458-16-smb neutron-server[103435]: DEBUG neutron.plugins.ml2.db [None req-9b73b1ff-ec5a-4547-af10-2f1327e1be64 None None] For port 5b1d331d-958d-4bbc-bf18-fb436634dde8, host hv-cinder-76845, got binding levels [PortBindingLevel(driver='hyperv',host='hv-cinder-76845',level=0,port_id=5b1d331d-958d-4bbc-bf18-fb436634dde8,segment=NetworkSegment(bc71ed7a-9ec5-4e21-b1ef-120c445bada4),segment_id=bc71ed7a-9ec5-4e21-b1ef-120c445bada4)] {{(pid=103435) get_binding_level_objs /opt/stack/neutron/neutron/plugins/ml2/db.py:74}}
Nov 23 04:14:51.511699 dv-cinder-768458-16-smb neutron-server[103433]: INFO neutron.wsgi [req-475e6f2d-3080-4a36-bd4e-0fc5eb00324c req-4b62e644-26d2-4a09-b16e-11a4475c07ee tempest-ServerRescueNegativeTestJSON-1955216980 tempest-ServerRescueNegativeTestJSON-1955216980-project] 10.222.0.36 "POST /v2.0/ports HTTP/1.1" status: 201 len: 933 time: 1.2535820
Nov 23 04:14:51.530535 dv-cinder-768458-16-smb neutron-server[103433]: DEBUG neutron.api.v2.base [req-475e6f2d-3080-4a36-bd4e-0fc5eb00324c req-01f7cc77-f368-43b6-8948-1cec58f64fa2 service neutron] Request body: {'port': {'device_id': '6128afd8-eed4-4aa7-8074-2f58cd9341c0', 'device_owner': 'compute:nova', 'binding:host_id': 'hv-cinder-76845'}} {{(pid=103433) prepare_request_body /opt/stack/neutron/neutron/api/v2/base.py:729}}
Nov 23 04:14:51.586920 dv-cinder-768458-16-smb neutron-server[103433]: DEBUG neutron_lib.callbacks.manager [req-475e6f2d-3080-4a36-bd4e-0fc5eb00324c req-01f7cc77-f368-43b6-8948-1cec58f64fa2 service neutron] Publish callbacks ['neutron.plugins.ml2.plugin.SecurityGroupDbMixin._ensure_default_security_group_handler-8387177'] for port, before_update {{(pid=103433) _notify_loop /usr/local/lib/python3.8/dist-packages/neutron_lib/callbacks/manager.py:175}}
Nov 23 04:14:51.638413 dv-cinder-768458-16-smb neutron-server[103435]: DEBUG neutron_lib.callbacks.manager [None req-9b73b1ff-ec5a-4547-af10-2f1327e1be64 None None] Publish callbacks ['neutron.plugins.ml2.plugin.SecurityGroupServerNotifierRpcMixin._notify_sg_on_port_change-8387112', 'neutron.plugins.ml2.ovo_rpc._ObjectChangeHandler.handle_event-219306', 'neutron.api.rpc.agentnotifiers.dhcp_rpc_agent_api.DhcpAgentNotifyAPI._native_event_send_dhcp_notification-1020946', 'neutron.db.l3_db.L3RpcNotifierMixin._notify_gateway_port_ip_changed-8733308193594', 'neutron.db.l3_dvrscheduler_db._notify_l3_agent_port_update-8733307646630', 'neutron.db.l3_hascheduler_db._notify_l3_agent_ha_port_update-8733307646648'] for port, after_update {{(pid=103435) _notify_loop /usr/local/lib/python3.8/dist-packages/neutron_lib/callbacks/manager.py:175}}
Nov 23 04:14:51.672906 dv-cinder-768458-16-smb neutron-server[103434]: DEBUG neutron.wsgi [-] (103434) accepted ('10.222.0.36', 56248) {{(pid=103434) server /usr/local/lib/python3.8/dist-packages/eventlet/wsgi.py:1004}}
Nov 23 04:14:51.699408 dv-cinder-768458-16-smb neutron-server[103435]: DEBUG neutron.api.rpc.handlers.resources_rpc [None req-9b73b1ff-ec5a-4547-af10-2f1327e1be64 None None] Pushing event updated for resources: {'Port': ['ID=5b1d331d-958d-4bbc-bf18-fb436634dde8,revision_number=4']} {{(pid=103435) push /opt/stack/neutron/neutron/api/rpc/handlers/resources_rpc.py:237}}
Nov 23 04:14:51.741520 dv-cinder-768458-16-smb neutron-server[103434]: DEBUG neutron.wsgi [-] (103434) accepted ('10.222.0.57', 45284) {{(pid=103434) server /usr/local/lib/python3.8/dist-packages/eventlet/wsgi.py:1004}}
Nov 23 04:14:51.759512 dv-cinder-768458-16-smb neutron-server[103433]: DEBUG neutron.pecan_wsgi.hooks.policy_enforcement [req-f67db4a4-002d-4f0c-89ca-a54041434e86 req-2435ff26-627a-4805-a267-6e4764923aab tempest-DeleteServersTestJSON-2142195778 tempest-DeleteServersTestJSON-2142195778-project] Attributes excluded by policy engine: ['standard_attr_id', 'binding:profile', 'binding:host_id', 'binding:vif_type', 'binding:vif_details'] {{(pid=103433) _exclude_attributes_by_policy /opt/stack/neutron/neutron/pecan_wsgi/hooks/policy_enforcement.py:255}}
Nov 23 04:14:51.761194 dv-cinder-768458-16-smb neutron-server[103433]: INFO neutron.wsgi [req-f67db4a4-002d-4f0c-89ca-a54041434e86 req-2435ff26-627a-4805-a267-6e4764923aab tempest-DeleteServersTestJSON-2142195778 tempest-DeleteServersTestJSON-2142195778-project] 10.222.0.57 "GET /v2.0/ports?device_id=d5da2388-bf77-4c94-8c11-f67df2f90650 HTTP/1.1" status: 200 len: 943 time: 0.1632226
Nov 23 04:14:51.801484 dv-cinder-768458-16-smb neutron-server[103434]: DEBUG neutron_lib.callbacks.manager [None req-bbbdcc55-874a-49dc-a5b3-8b5c93b01454 admin admin] Publish callbacks [] for security_group, before_create {{(pid=103434) _notify_loop /usr/local/lib/python3.8/dist-packages/neutron_lib/callbacks/manager.py:175}}
Nov 23 04:14:51.821145 dv-cinder-768458-16-smb neutron-server[103433]: INFO neutron.wsgi [req-c790f29f-dec7-496d-b420-368d3a81cec1 req-817605b6-9c15-4719-ab6d-a828502ea2cc tempest-ServerRescueNegativeTestJSON-1955216980 tempest-ServerRescueNegativeTestJSON-1955216980-project] 10.222.0.57 "GET /v2.0/ports?device_id=46cec7ee-1e28-4a4a-8a44-a58ade157505 HTTP/1.1" status: 200 len: 210 time: 0.0468304
Nov 23 04:14:51.900144 dv-cinder-768458-16-smb neutron-server[103433]: INFO neutron.wsgi [req-f67db4a4-002d-4f0c-89ca-a54041434e86 req-3205471d-a489-4882-8643-f27402c1e0e2 tempest-DeleteServersTestJSON-2142195778 tempest-DeleteServersTestJSON-2142195778-project] 10.222.0.57 "GET /v2.0/security-groups?id=0a22e3ea-5057-4545-b81d-69119a740015&fields=id&fields=name HTTP/1.1" status: 200 len: 286 time: 0.1270256
Nov 23 04:14:51.971220 dv-cinder-768458-16-smb neutron-server[103434]: DEBUG neutron.pecan_wsgi.hooks.policy_enforcement [req-a6aa25ab-2c1e-4356-80a4-07978ec770d6 req-203a5ec5-313d-4b98-9ecf-6c195e5c80e0 tempest-ServerRescueNegativeTestJSON-1955216980 tempest-ServerRescueNegativeTestJSON-1955216980-project] Attributes excluded by policy engine: ['standard_attr_id', 'vlan_transparent', 'provider:network_type', 'provider:physical_network', 'provider:segmentation_id'] {{(pid=103434) _exclude_attributes_by_policy /opt/stack/neutron/neutron/pecan_wsgi/hooks/policy_enforcement.py:255}}
Nov 23 04:14:51.973031 dv-cinder-768458-16-smb neutron-server[103434]: INFO neutron.wsgi [req-a6aa25ab-2c1e-4356-80a4-07978ec770d6 req-203a5ec5-313d-4b98-9ecf-6c195e5c80e0 tempest-ServerRescueNegativeTestJSON-1955216980 tempest-ServerRescueNegativeTestJSON-1955216980-project] 10.222.0.36 "GET /v2.0/networks?id=f3c833b1-dc0a-44e2-926f-61285b0738ce HTTP/1.1" status: 200 len: 818 time: 0.2919469
Nov 23 04:14:51.984141 dv-cinder-768458-16-smb neutron-server[103435]: DEBUG neutron.plugins.ml2.db [None req-9b73b1ff-ec5a-4547-af10-2f1327e1be64 None None] get_ports_and_sgs() called for port_ids ['5b1d331d-958d-4bbc-bf18-fb436634dde8'] {{(pid=103435) get_ports_and_sgs /opt/stack/neutron/neutron/plugins/ml2/db.py:156}}
Nov 23 04:14:51.996561 dv-cinder-768458-16-smb neutron-server[103434]: DEBUG neutron.api.v2.base [req-a6aa25ab-2c1e-4356-80a4-07978ec770d6 req-103c35da-edff-473f-be8a-8b70ff3cf262 tempest-ServerRescueNegativeTestJSON-1955216980 tempest-ServerRescueNegativeTestJSON-1955216980-project] Request body: {'port': {'device_id': '46cec7ee-1e28-4a4a-8a44-a58ade157505', 'network_id': 'f3c833b1-dc0a-44e2-926f-61285b0738ce', 'admin_state_up': True, 'tenant_id': '90321bd398444af1a52eddccb638545b'}} {{(pid=103434) prepare_request_body /opt/stack/neutron/neutron/api/v2/base.py:729}}
Nov 23 04:14:52.045299 dv-cinder-768458-16-smb neutron-server[103433]: DEBUG neutron.notifiers.nova [req-475e6f2d-3080-4a36-bd4e-0fc5eb00324c req-01f7cc77-f368-43b6-8948-1cec58f64fa2 service neutron] Ignoring state change previous_port_status: DOWN current_port_status: DOWN port_id 38849b7b-d041-4a0d-b703-582d4fc77937 {{(pid=103433) record_port_status_changed /opt/stack/neutron/neutron/notifiers/nova.py:224}}
Nov 23 04:14:52.058871 dv-cinder-768458-16-smb neutron-server[103434]: DEBUG neutron_lib.callbacks.manager [None req-bbbdcc55-874a-49dc-a5b3-8b5c93b01454 admin admin] Publish callbacks [] for security_group, precommit_create {{(pid=103434) _notify_loop /usr/local/lib/python3.8/dist-packages/neutron_lib/callbacks/manager.py:175}}
Nov 23 04:14:52.060262 dv-cinder-768458-16-smb neutron-server[103433]: DEBUG neutron_lib.callbacks.manager [req-475e6f2d-3080-4a36-bd4e-0fc5eb00324c req-01f7cc77-f368-43b6-8948-1cec58f64fa2 service neutron] Publish callbacks [] for port, precommit_update {{(pid=103433) _notify_loop /usr/local/lib/python3.8/dist-packages/neutron_lib/callbacks/manager.py:175}}
Nov 23 04:14:52.078764 dv-cinder-768458-16-smb neutron-server[103433]: DEBUG neutron.db.provisioning_blocks [req-475e6f2d-3080-4a36-bd4e-0fc5eb00324c req-01f7cc77-f368-43b6-8948-1cec58f64fa2 service neutron] Transition to ACTIVE for port object 38849b7b-d041-4a0d-b703-582d4fc77937 will not be triggered until provisioned by entity L2. {{(pid=103433) add_provisioning_component /opt/stack/neutron/neutron/db/provisioning_blocks.py:73}}
Nov 23 04:14:52.169470 dv-cinder-768458-16-smb neutron-server[103434]: DEBUG neutron_lib.callbacks.manager [None req-bbbdcc55-874a-49dc-a5b3-8b5c93b01454 admin admin] Publish callbacks ['neutron.plugins.ml2.ovo_rpc._ObjectChangeHandler.handle_event-673304'] for security_group, after_create {{(pid=103434) _notify_loop /usr/local/lib/python3.8/dist-packages/neutron_lib/callbacks/manager.py:175}}
Nov 23 04:14:52.169746 dv-cinder-768458-16-smb neutron-server[103433]: DEBUG neutron_lib.callbacks.manager [req-475e6f2d-3080-4a36-bd4e-0fc5eb00324c req-01f7cc77-f368-43b6-8948-1cec58f64fa2 service neutron] Publish callbacks ['neutron.plugins.ml2.plugin.SecurityGroupServerNotifierRpcMixin._notify_sg_on_port_change-8387112', 'neutron.plugins.ml2.ovo_rpc._ObjectChangeHandler.handle_event-219306', 'neutron.api.rpc.agentnotifiers.dhcp_rpc_agent_api.DhcpAgentNotifyAPI._native_event_send_dhcp_notification-1020946', 'neutron.db.l3_db.L3RpcNotifierMixin._notify_gateway_port_ip_changed-8733308193594', 'neutron.db.l3_dvrscheduler_db._notify_l3_agent_port_update-8733307646630', 'neutron.db.l3_hascheduler_db._notify_l3_agent_ha_port_update-8733307646648', 'neutron.services.segments.plugin.NovaSegmentNotifier._notify_port_updated-3645178'] for port, after_update {{(pid=103433) _notify_loop /usr/local/lib/python3.8/dist-packages/neutron_lib/callbacks/manager.py:175}}
Nov 23 04:14:52.199855 dv-cinder-768458-16-smb neutron-server[103434]: DEBUG neutron.api.rpc.handlers.resources_rpc [None req-bbbdcc55-874a-49dc-a5b3-8b5c93b01454 admin admin] Pushing event updated for resources: {'SecurityGroup': ['ID=6460ac6c-b671-4c44-8b49-edc0dffb0678,revision_number=1']} {{(pid=103434) push /opt/stack/neutron/neutron/api/rpc/handlers/resources_rpc.py:237}}
Nov 23 04:14:52.221351 dv-cinder-768458-16-smb neutron-server[103434]: INFO neutron.wsgi [None req-bbbdcc55-874a-49dc-a5b3-8b5c93b01454 admin admin] 10.222.0.57 "GET /v2.0/security-groups?tenant_id=87fc704729fd41a188485fe79ca0d8b5&name=default HTTP/1.1" status: 200 len: 2996 time: 0.4760790
Nov 23 04:14:52.221717 dv-cinder-768458-16-smb neutron-server[103434]: DEBUG neutron.wsgi [-] (103434) accepted ('10.222.0.57', 45298) {{(pid=103434) server /usr/local/lib/python3.8/dist-packages/eventlet/wsgi.py:1004}}
Nov 23 04:14:52.290541 dv-cinder-768458-16-smb neutron-server[103434]: DEBUG neutron.pecan_wsgi.hooks.quota_enforcement [req-a6aa25ab-2c1e-4356-80a4-07978ec770d6 req-103c35da-edff-473f-be8a-8b70ff3cf262 tempest-ServerRescueNegativeTestJSON-1955216980 tempest-ServerRescueNegativeTestJSON-1955216980-project] Made reservation on behalf of 90321bd398444af1a52eddccb638545b for: {'port': 1} {{(pid=103434) before /opt/stack/neutron/neutron/pecan_wsgi/hooks/quota_enforcement.py:53}}
Nov 23 04:14:52.294228 dv-cinder-768458-16-smb neutron-server[103434]: DEBUG neutron_lib.callbacks.manager [req-a6aa25ab-2c1e-4356-80a4-07978ec770d6 req-103c35da-edff-473f-be8a-8b70ff3cf262 tempest-ServerRescueNegativeTestJSON-1955216980 tempest-ServerRescueNegativeTestJSON-1955216980-project] Publish callbacks ['neutron.plugins.ml2.plugin.SecurityGroupDbMixin._ensure_default_security_group_handler-8387177'] for port, before_create {{(pid=103434) _notify_loop /usr/local/lib/python3.8/dist-packages/neutron_lib/callbacks/manager.py:175}}
Nov 23 04:14:52.313602 dv-cinder-768458-16-smb neutron-server[103433]: INFO neutron.wsgi [req-9ad52dc8-ca32-4498-8c1e-79017a9eaf65 req-5872497e-83b4-453d-b260-1372dacd9127 tempest-AttachVolumeTestJSON-504351455 tempest-AttachVolumeTestJSON-504351455-project] 10.222.0.57 "GET /v2.0/ports?device_id=22c967f4-04e4-4acd-8ddd-44d7ec5c4c04 HTTP/1.1" status: 200 len: 210 time: 0.0633626
Nov 23 04:14:52.345623 dv-cinder-768458-16-smb neutron-server[103434]: DEBUG neutron_lib.callbacks.manager [None req-64f75af5-8e75-4acd-8a83-a09e9e280849 admin admin] Publish callbacks [] for security_group, before_delete {{(pid=103434) _notify_loop /usr/local/lib/python3.8/dist-packages/neutron_lib/callbacks/manager.py:175}}
Nov 23 04:14:52.435169 dv-cinder-768458-16-smb neutron-server[103433]: DEBUG neutron.api.rpc.handlers.resources_rpc [None req-01f7cc77-f368-43b6-8948-1cec58f64fa2 service neutron] Pushing event updated for resources: {'Port': ['ID=38849b7b-d041-4a0d-b703-582d4fc77937,revision_number=2']} {{(pid=103433) push /opt/stack/neutron/neutron/api/rpc/handlers/resources_rpc.py:237}}
