Nov 21 13:52:09.499097 dv-cinder-768458-12-iscsi devstack@c-api.service[115879]: DEBUG cinder.api.openstack.wsgi [None req-9c7cf2db-f195-4197-82fc-dab9c65a2f14 tempest-GroupsV320Test-364126127 tempest-GroupsV320Test-364126127-project-admin] Empty body provided in request {{(pid=115879) get_body /opt/stack/cinder/cinder/api/openstack/wsgi.py:703}}
Nov 21 13:52:09.500414 dv-cinder-768458-12-iscsi devstack@c-api.service[115879]: DEBUG cinder.api.openstack.wsgi [None req-9c7cf2db-f195-4197-82fc-dab9c65a2f14 tempest-GroupsV320Test-364126127 tempest-GroupsV320Test-364126127-project-admin] Calling method '_delete' {{(pid=115879) _process_stack /opt/stack/cinder/cinder/api/openstack/wsgi.py:856}}
Nov 21 13:52:09.644856 dv-cinder-768458-12-iscsi devstack@c-api.service[115879]: INFO cinder.api.openstack.wsgi [None req-9c7cf2db-f195-4197-82fc-dab9c65a2f14 tempest-GroupsV320Test-364126127 tempest-GroupsV320Test-364126127-project-admin] http://10.222.0.11/volume/v3/dbfaa1ffe5b648e985265c8703c25a8e/types/36104859-4068-43c8-9475-1b0b4983ef2d returned with HTTP 202
Nov 21 13:52:09.645952 dv-cinder-768458-12-iscsi devstack@c-api.service[115879]: [pid: 115879|app: 0|req: 64/128] 10.222.0.11 () {58 vars in 1321 bytes} [Sun Nov 21 13:52:09 2021] DELETE /volume/v3/dbfaa1ffe5b648e985265c8703c25a8e/types/36104859-4068-43c8-9475-1b0b4983ef2d => generated 0 bytes in 156 msecs (HTTP/1.1 202) 6 headers in 233 bytes (1 switches on core 0)
Nov 21 13:52:09.653444 dv-cinder-768458-12-iscsi devstack@c-api.service[115880]: INFO cinder.api.openstack.wsgi [None req-dd9f3c5b-a257-4b94-b454-0bc9b2f94bf5 tempest-GroupsV320Test-364126127 tempest-GroupsV320Test-364126127-project-admin] GET http://10.222.0.11/volume/v3/dbfaa1ffe5b648e985265c8703c25a8e/types/36104859-4068-43c8-9475-1b0b4983ef2d
Nov 21 13:52:09.654363 dv-cinder-768458-12-iscsi devstack@c-api.service[115880]: DEBUG cinder.api.openstack.wsgi [None req-dd9f3c5b-a257-4b94-b454-0bc9b2f94bf5 tempest-GroupsV320Test-364126127 tempest-GroupsV320Test-364126127-project-admin] Empty body provided in request {{(pid=115880) get_body /opt/stack/cinder/cinder/api/openstack/wsgi.py:703}}
Nov 21 13:52:09.654924 dv-cinder-768458-12-iscsi devstack@c-api.service[115880]: DEBUG cinder.api.openstack.wsgi [None req-dd9f3c5b-a257-4b94-b454-0bc9b2f94bf5 tempest-GroupsV320Test-364126127 tempest-GroupsV320Test-364126127-project-admin] Calling method 'show' {{(pid=115880) _process_stack /opt/stack/cinder/cinder/api/openstack/wsgi.py:856}}
Nov 21 13:52:09.660559 dv-cinder-768458-12-iscsi devstack@c-api.service[115880]: INFO cinder.api.openstack.wsgi [None req-dd9f3c5b-a257-4b94-b454-0bc9b2f94bf5 tempest-GroupsV320Test-364126127 tempest-GroupsV320Test-364126127-project-admin] http://10.222.0.11/volume/v3/dbfaa1ffe5b648e985265c8703c25a8e/types/36104859-4068-43c8-9475-1b0b4983ef2d returned with HTTP 404
Nov 21 13:52:09.666073 dv-cinder-768458-12-iscsi devstack@c-api.service[115880]: [pid: 115880|app: 0|req: 65/129] 10.222.0.11 () {58 vars in 1318 bytes} [Sun Nov 21 13:52:09 2021] GET /volume/v3/dbfaa1ffe5b648e985265c8703c25a8e/types/36104859-4068-43c8-9475-1b0b4983ef2d => generated 114 bytes in 15 msecs (HTTP/1.1 404) 7 headers in 292 bytes (1 switches on core 0)
Nov 21 13:52:10.314305 dv-cinder-768458-12-iscsi devstack@c-api.service[115879]: INFO cinder.api.openstack.wsgi [None req-ae06117c-7bd7-414d-b2de-6f71610f325f tempest-GroupSnapshotsTest-1484473881 tempest-GroupSnapshotsTest-1484473881-project] GET http://10.222.0.11/volume/v3/47bf47ca516a426492fdadc2d2ce6851/volumes/1dfbb1c4-0d7b-4936-8997-7e40de557206
Nov 21 13:52:10.314844 dv-cinder-768458-12-iscsi devstack@c-api.service[115879]: DEBUG cinder.api.openstack.wsgi [None req-ae06117c-7bd7-414d-b2de-6f71610f325f tempest-GroupSnapshotsTest-1484473881 tempest-GroupSnapshotsTest-1484473881-project] Empty body provided in request {{(pid=115879) get_body /opt/stack/cinder/cinder/api/openstack/wsgi.py:703}}
Nov 21 13:52:10.316877 dv-cinder-768458-12-iscsi devstack@c-api.service[115879]: DEBUG cinder.api.openstack.wsgi [None req-ae06117c-7bd7-414d-b2de-6f71610f325f tempest-GroupSnapshotsTest-1484473881 tempest-GroupSnapshotsTest-1484473881-project] Calling method 'show' {{(pid=115879) _process_stack /opt/stack/cinder/cinder/api/openstack/wsgi.py:856}}
Nov 21 13:52:10.354766 dv-cinder-768458-12-iscsi devstack@c-api.service[115879]: /usr/local/lib/python3.8/dist-packages/oslo_context/context.py:105: DeprecationWarning: Policy enforcement is depending on the value of is_admin. This key is deprecated. Please update your policy file to use the standard policy values.
Nov 21 13:52:10.354766 dv-cinder-768458-12-iscsi devstack@c-api.service[115879]: warnings.warn('Policy enforcement is depending on the value of '
Nov 21 13:52:10.368992 dv-cinder-768458-12-iscsi devstack@c-api.service[115879]: INFO cinder.volume.api [None req-ae06117c-7bd7-414d-b2de-6f71610f325f tempest-GroupSnapshotsTest-1484473881 tempest-GroupSnapshotsTest-1484473881-project] Volume info retrieved successfully.
Nov 21 13:52:10.372740 dv-cinder-768458-12-iscsi devstack@c-api.service[115879]: WARNING stevedore.named [None req-ae06117c-7bd7-414d-b2de-6f71610f325f tempest-GroupSnapshotsTest-1484473881 tempest-GroupSnapshotsTest-1484473881-project] Could not load cinder.keymgr.conf_key_mgr.ConfKeyManager
Nov 21 13:52:10.374291 dv-cinder-768458-12-iscsi devstack@c-api.service[115879]: WARNING castellan.key_manager [None req-ae06117c-7bd7-414d-b2de-6f71610f325f tempest-GroupSnapshotsTest-1484473881 tempest-GroupSnapshotsTest-1484473881-project] Deprecation Warning : cinder.keymgr.conf_key_mgr.ConfKeyManager is not a stevedore based driver, trying to load it as a class: stevedore.exception.NoMatches: No 'castellan.drivers' driver found, looking for 'cinder.keymgr.conf_key_mgr.ConfKeyManager'
Nov 21 13:52:10.412848 dv-cinder-768458-12-iscsi devstack@c-api.service[115879]: DEBUG oslo_db.sqlalchemy.engines [None req-ae06117c-7bd7-414d-b2de-6f71610f325f tempest-GroupSnapshotsTest-1484473881 tempest-GroupSnapshotsTest-1484473881-project] MySQL server mode set to STRICT_TRANS_TABLES,STRICT_ALL_TABLES,NO_ZERO_IN_DATE,NO_ZERO_DATE,ERROR_FOR_DIVISION_BY_ZERO,TRADITIONAL,NO_ENGINE_SUBSTITUTION {{(pid=115879) _check_effective_sql_mode /usr/local/lib/python3.8/dist-packages/oslo_db/sqlalchemy/engines.py:314}}
Nov 21 13:52:10.432806 dv-cinder-768458-12-iscsi devstack@c-api.service[115879]: /usr/local/lib/python3.8/dist-packages/oslo_context/context.py:105: DeprecationWarning: Policy enforcement is depending on the value of is_admin. This key is deprecated. Please update your policy file to use the standard policy values.
Nov 21 13:52:10.432806 dv-cinder-768458-12-iscsi devstack@c-api.service[115879]: warnings.warn('Policy enforcement is depending on the value of '
Nov 21 13:52:10.495067 dv-cinder-768458-12-iscsi devstack@c-api.service[115879]: INFO cinder.api.openstack.wsgi [None req-ae06117c-7bd7-414d-b2de-6f71610f325f tempest-GroupSnapshotsTest-1484473881 tempest-GroupSnapshotsTest-1484473881-project] http://10.222.0.11/volume/v3/47bf47ca516a426492fdadc2d2ce6851/volumes/1dfbb1c4-0d7b-4936-8997-7e40de557206 returned with HTTP 200
Nov 21 13:52:10.508866 dv-cinder-768458-12-iscsi devstack@c-api.service[115879]: [pid: 115879|app: 0|req: 65/130] 10.222.0.11 () {60 vars in 1365 bytes} [Sun Nov 21 13:52:10 2021] GET /volume/v3/47bf47ca516a426492fdadc2d2ce6851/volumes/1dfbb1c4-0d7b-4936-8997-7e40de557206 => generated 1001 bytes in 198 msecs (HTTP/1.1 200) 7 headers in 287 bytes (1 switches on core 0)
Nov 21 13:52:10.511710 dv-cinder-768458-12-iscsi devstack@c-api.service[115880]: INFO cinder.api.openstack.wsgi [None req-827d6c23-7778-4cb0-99e7-43a1db08a46c tempest-GroupSnapshotsTest-1484473881 tempest-GroupSnapshotsTest-1484473881-project] PUT http://10.222.0.11/volume/v3/47bf47ca516a426492fdadc2d2ce6851/groups/a4697885-9e61-49bb-8866-8f2806763b47
Nov 21 13:52:10.512479 dv-cinder-768458-12-iscsi devstack@c-api.service[115880]: DEBUG cinder.api.openstack.wsgi [None req-827d6c23-7778-4cb0-99e7-43a1db08a46c tempest-GroupSnapshotsTest-1484473881 tempest-GroupSnapshotsTest-1484473881-project] Action: 'update', calling method: version_select, body: {"group": {"remove_volumes": "f54c5d68-a28a-43c7-b66d-64480a526704"}} {{(pid=115880) _process_stack /opt/stack/cinder/cinder/api/openstack/wsgi.py:854}}
Nov 21 13:52:10.544172 dv-cinder-768458-12-iscsi devstack@c-api.service[115880]: DEBUG cinder.api.v3.groups [None req-827d6c23-7778-4cb0-99e7-43a1db08a46c tempest-GroupSnapshotsTest-1484473881 tempest-GroupSnapshotsTest-1484473881-project] Update called for group a4697885-9e61-49bb-8866-8f2806763b47. {{(pid=115880) update /opt/stack/cinder/cinder/api/v3/groups.py:302}}
Nov 21 13:52:10.544486 dv-cinder-768458-12-iscsi devstack@c-api.service[115880]: INFO cinder.api.v3.groups [None req-827d6c23-7778-4cb0-99e7-43a1db08a46c tempest-GroupSnapshotsTest-1484473881 tempest-GroupSnapshotsTest-1484473881-project] Updating group a4697885-9e61-49bb-8866-8f2806763b47 with name None description: None add_volumes: None remove_volumes: f54c5d68-a28a-43c7-b66d-64480a526704.
Nov 21 13:52:10.582716 dv-cinder-768458-12-iscsi devstack@c-api.service[115880]: /usr/local/lib/python3.8/dist-packages/oslo_context/context.py:105: DeprecationWarning: Policy enforcement is depending on the value of is_admin. This key is deprecated. Please update your policy file to use the standard policy values.
Nov 21 13:52:10.582716 dv-cinder-768458-12-iscsi devstack@c-api.service[115880]: warnings.warn('Policy enforcement is depending on the value of '
Nov 21 13:52:10.679431 dv-cinder-768458-12-iscsi devstack@c-api.service[115880]: INFO cinder.api.openstack.wsgi [None req-827d6c23-7778-4cb0-99e7-43a1db08a46c tempest-GroupSnapshotsTest-1484473881 tempest-GroupSnapshotsTest-1484473881-project] http://10.222.0.11/volume/v3/47bf47ca516a426492fdadc2d2ce6851/groups/a4697885-9e61-49bb-8866-8f2806763b47 returned with HTTP 202
Nov 21 13:52:10.683647 dv-cinder-768458-12-iscsi devstack@c-api.service[115880]: [pid: 115880|app: 0|req: 66/131] 10.222.0.11 () {62 vars in 1382 bytes} [Sun Nov 21 13:52:10 2021] PUT /volume/v3/47bf47ca516a426492fdadc2d2ce6851/groups/a4697885-9e61-49bb-8866-8f2806763b47 => generated 0 bytes in 173 msecs (HTTP/1.1 202) 6 headers in 234 bytes (2 switches on core 0)
Nov 21 13:52:10.688345 dv-cinder-768458-12-iscsi devstack@c-api.service[115879]: INFO cinder.api.openstack.wsgi [None req-1cfb8b32-d5d5-4852-b62e-2b94372b80f3 tempest-GroupSnapshotsTest-1484473881 tempest-GroupSnapshotsTest-1484473881-project] GET http://10.222.0.11/volume/v3/47bf47ca516a426492fdadc2d2ce6851/groups/a4697885-9e61-49bb-8866-8f2806763b47
Nov 21 13:52:10.689069 dv-cinder-768458-12-iscsi devstack@c-api.service[115879]: DEBUG cinder.api.openstack.wsgi [None req-1cfb8b32-d5d5-4852-b62e-2b94372b80f3 tempest-GroupSnapshotsTest-1484473881 tempest-GroupSnapshotsTest-1484473881-project] Empty body provided in request {{(pid=115879) get_body /opt/stack/cinder/cinder/api/openstack/wsgi.py:703}}
Nov 21 13:52:10.689381 dv-cinder-768458-12-iscsi devstack@c-api.service[115879]: /usr/local/lib/python3.8/dist-packages/webob/acceptparse.py:1047: DeprecationWarning: The behavior of AcceptValidHeader.best_match is currently being maintained for backward compatibility, but it will be deprecated in the future, as it does not conform to the RFC.
Nov 21 13:52:10.689381 dv-cinder-768458-12-iscsi devstack@c-api.service[115879]: warnings.warn(
Nov 21 13:52:10.689907 dv-cinder-768458-12-iscsi devstack@c-api.service[115879]: DEBUG cinder.api.openstack.wsgi [None req-1cfb8b32-d5d5-4852-b62e-2b94372b80f3 tempest-GroupSnapshotsTest-1484473881 tempest-GroupSnapshotsTest-1484473881-project] Calling method 'version_select' {{(pid=115879) _process_stack /opt/stack/cinder/cinder/api/openstack/wsgi.py:856}}
Nov 21 13:52:10.690417 dv-cinder-768458-12-iscsi devstack@c-api.service[115879]: DEBUG cinder.api.v3.groups [None req-1cfb8b32-d5d5-4852-b62e-2b94372b80f3 tempest-GroupSnapshotsTest-1484473881 tempest-GroupSnapshotsTest-1484473881-project] show called for member a4697885-9e61-49bb-8866-8f2806763b47 {{(pid=115879) show /opt/stack/cinder/cinder/api/v3/groups.py:58}}
Nov 21 13:52:10.704535 dv-cinder-768458-12-iscsi devstack@c-api.service[115879]: /usr/local/lib/python3.8/dist-packages/oslo_context/context.py:105: DeprecationWarning: Policy enforcement is depending on the value of is_admin. This key is deprecated. Please update your policy file to use the standard policy values.
Nov 21 13:52:10.704535 dv-cinder-768458-12-iscsi devstack@c-api.service[115879]: warnings.warn('Policy enforcement is depending on the value of '
Nov 21 13:52:10.743337 dv-cinder-768458-12-iscsi devstack@c-api.service[115879]: INFO cinder.api.openstack.wsgi [None req-1cfb8b32-d5d5-4852-b62e-2b94372b80f3 tempest-GroupSnapshotsTest-1484473881 tempest-GroupSnapshotsTest-1484473881-project] http://10.222.0.11/volume/v3/47bf47ca516a426492fdadc2d2ce6851/groups/a4697885-9e61-49bb-8866-8f2806763b47 returned with HTTP 200
Nov 21 13:52:10.745388 dv-cinder-768458-12-iscsi devstack@c-api.service[115879]: [pid: 115879|app: 0|req: 66/132] 10.222.0.11 () {60 vars in 1362 bytes} [Sun Nov 21 13:52:10 2021] GET /volume/v3/47bf47ca516a426492fdadc2d2ce6851/groups/a4697885-9e61-49bb-8866-8f2806763b47 => generated 391 bytes in 61 msecs (HTTP/1.1 200) 7 headers in 286 bytes (1 switches on core 0)
Nov 21 13:52:11.366398 dv-cinder-768458-12-iscsi devstack@c-api.service[115879]: INFO cinder.api.openstack.wsgi [None req-47dcdb29-efd0-4930-ba84-d5a31dba8800 tempest-VolumeQuotasAdminTestJSON-520133790 tempest-VolumeQuotasAdminTestJSON-520133790-project-admin] GET http://10.222.0.11/volume/v3/dc1005070b1447c6986203e3dbfaca1a/os-quota-sets/028292ddb9c3439585889a113aac9778
Nov 21 13:52:11.366877 dv-cinder-768458-12-iscsi devstack@c-api.service[115879]: DEBUG cinder.api.openstack.wsgi [None req-47dcdb29-efd0-4930-ba84-d5a31dba8800 tempest-VolumeQuotasAdminTestJSON-520133790 tempest-VolumeQuotasAdminTestJSON-520133790-project-admin] Empty body provided in request {{(pid=115879) get_body /opt/stack/cinder/cinder/api/openstack/wsgi.py:703}}
Nov 21 13:52:11.367051 dv-cinder-768458-12-iscsi devstack@c-api.service[115879]: /usr/local/lib/python3.8/dist-packages/webob/acceptparse.py:1047: DeprecationWarning: The behavior of AcceptValidHeader.best_match is currently being maintained for backward compatibility, but it will be deprecated in the future, as it does not conform to the RFC.
Nov 21 13:52:11.367051 dv-cinder-768458-12-iscsi devstack@c-api.service[115879]: warnings.warn(
Nov 21 13:52:11.367379 dv-cinder-768458-12-iscsi devstack@c-api.service[115879]: DEBUG cinder.api.openstack.wsgi [None req-47dcdb29-efd0-4930-ba84-d5a31dba8800 tempest-VolumeQuotasAdminTestJSON-520133790 tempest-VolumeQuotasAdminTestJSON-520133790-project-admin] Calling method 'show' {{(pid=115879) _process_stack /opt/stack/cinder/cinder/api/openstack/wsgi.py:856}}
Nov 21 13:52:11.368108 dv-cinder-768458-12-iscsi devstack@c-api.service[115879]: /usr/local/lib/python3.8/dist-packages/oslo_context/context.py:105: DeprecationWarning: Policy enforcement is depending on the value of is_admin. This key is deprecated. Please update your policy file to use the standard policy values.
Nov 21 13:52:11.368108 dv-cinder-768458-12-iscsi devstack@c-api.service[115879]: warnings.warn('Policy enforcement is depending on the value of '
Nov 21 13:52:11.398836 dv-cinder-768458-12-iscsi devstack@c-api.service[115879]: WARNING cinder.quota [None req-47dcdb29-efd0-4930-ba84-d5a31dba8800 tempest-VolumeQuotasAdminTestJSON-520133790 tempest-VolumeQuotasAdminTestJSON-520133790-project-admin] Deprecated: Default quota for resource: backups is set by the default quota flag: quota_backups, it is now deprecated. Please use the default quota class for default quota.
Nov 21 13:52:11.399665 dv-cinder-768458-12-iscsi devstack@c-api.service[115879]: WARNING cinder.quota [None req-47dcdb29-efd0-4930-ba84-d5a31dba8800 tempest-VolumeQuotasAdminTestJSON-520133790 tempest-VolumeQuotasAdminTestJSON-520133790-project-admin] Deprecated: Default quota for resource: backup_gigabytes is set by the default quota flag: quota_backup_gigabytes, it is now deprecated. Please use the default quota class for default quota.
Nov 21 13:52:11.401897 dv-cinder-768458-12-iscsi devstack@c-api.service[115879]: WARNING cinder.quota [None req-47dcdb29-efd0-4930-ba84-d5a31dba8800 tempest-VolumeQuotasAdminTestJSON-520133790 tempest-VolumeQuotasAdminTestJSON-520133790-project-admin] Deprecated: Default quota for resource: snapshots_tempest-GroupSnapshotsTest-volume-type-1622351254 is set by the default quota flag: quota_snapshots_tempest-GroupSnapshotsTest-volume-type-1622351254, it is now deprecated. Please use the default quota class for default quota.
Nov 21 13:52:11.404529 dv-cinder-768458-12-iscsi devstack@c-api.service[115879]: WARNING cinder.quota [None req-47dcdb29-efd0-4930-ba84-d5a31dba8800 tempest-VolumeQuotasAdminTestJSON-520133790 tempest-VolumeQuotasAdminTestJSON-520133790-project-admin] Deprecated: Default quota for resource: volumes_tempest-GroupSnapshotsTest-volume-type-1499287173 is set by the default quota flag: quota_volumes_tempest-GroupSnapshotsTest-volume-type-1499287173, it is now deprecated. Please use the default quota class for default quota.
Nov 21 13:52:11.407923 dv-cinder-768458-12-iscsi devstack@c-api.service[115879]: WARNING cinder.quota [None req-47dcdb29-efd0-4930-ba84-d5a31dba8800 tempest-VolumeQuotasAdminTestJSON-520133790 tempest-VolumeQuotasAdminTestJSON-520133790-project-admin] Deprecated: Default quota for resource: gigabytes_tempest-GroupSnapshotsTest-volume-type-1499287173 is set by the default quota flag: quota_gigabytes_tempest-GroupSnapshotsTest-volume-type-1499287173, it is now deprecated. Please use the default quota class for default quota.
Nov 21 13:52:11.408802 dv-cinder-768458-12-iscsi devstack@c-api.service[115879]: WARNING cinder.quota [None req-47dcdb29-efd0-4930-ba84-d5a31dba8800 tempest-VolumeQuotasAdminTestJSON-520133790 tempest-VolumeQuotasAdminTestJSON-520133790-project-admin] Deprecated: Default quota for resource: snapshots_tempest-GroupSnapshotsTest-volume-type-1499287173 is set by the default quota flag: quota_snapshots_tempest-GroupSnapshotsTest-volume-type-1499287173, it is now deprecated. Please use the default quota class for default quota.
Nov 21 13:52:11.412194 dv-cinder-768458-12-iscsi devstack@c-api.service[115879]: WARNING cinder.quota [None req-47dcdb29-efd0-4930-ba84-d5a31dba8800 tempest-VolumeQuotasAdminTestJSON-520133790 tempest-VolumeQuotasAdminTestJSON-520133790-project-admin] Deprecated: Default quota for resource: volumes_lvmdriver-1 is set by the default quota flag: quota_volumes_lvmdriver-1, it is now deprecated. Please use the default quota class for default quota.
Nov 21 13:52:11.414159 dv-cinder-768458-12-iscsi devstack@c-api.service[115879]: WARNING cinder.quota [None req-47dcdb29-efd0-4930-ba84-d5a31dba8800 tempest-VolumeQuotasAdminTestJSON-520133790 tempest-VolumeQuotasAdminTestJSON-520133790-project-admin] Deprecated: Default quota for resource: gigabytes_lvmdriver-1 is set by the default quota flag: quota_gigabytes_lvmdriver-1, it is now deprecated. Please use the default quota class for default quota.
Nov 21 13:52:11.414647 dv-cinder-768458-12-iscsi devstack@c-api.service[115880]: INFO cinder.api.openstack.wsgi [None req-e80183e7-5192-407e-854d-25ca1f076b67 tempest-SnapshotsActionsTest-664137449 tempest-SnapshotsActionsTest-664137449-project] POST http://10.222.0.11/volume/v3/83d8b59a94df4f53aef1e17e85725496/volumes
Nov 21 13:52:11.415030 dv-cinder-768458-12-iscsi devstack@c-api.service[115880]: /usr/local/lib/python3.8/dist-packages/webob/acceptparse.py:1047: DeprecationWarning: The behavior of AcceptValidHeader.best_match is currently being maintained for backward compatibility, but it will be deprecated in the future, as it does not conform to the RFC.
Nov 21 13:52:11.415030 dv-cinder-768458-12-iscsi devstack@c-api.service[115880]: warnings.warn(
Nov 21 13:52:11.415385 dv-cinder-768458-12-iscsi devstack@c-api.service[115880]: DEBUG cinder.api.openstack.wsgi [None req-e80183e7-5192-407e-854d-25ca1f076b67 tempest-SnapshotsActionsTest-664137449 tempest-SnapshotsActionsTest-664137449-project] Action: 'create', calling method: create, body: {"volume": {"size": 1, "name": "tempest-SnapshotsActionsTest-Volume-344270546"}} {{(pid=115880) _process_stack /opt/stack/cinder/cinder/api/openstack/wsgi.py:854}}
Nov 21 13:52:11.416379 dv-cinder-768458-12-iscsi devstack@c-api.service[115880]: DEBUG cinder.api.v3.volumes [None req-e80183e7-5192-407e-854d-25ca1f076b67 tempest-SnapshotsActionsTest-664137449 tempest-SnapshotsActionsTest-664137449-project] Create volume request body: {'volume': {'size': 1, 'name': 'tempest-SnapshotsActionsTest-Volume-344270546'}} {{(pid=115880) create /opt/stack/cinder/cinder/api/v3/volumes.py:298}}
Nov 21 13:52:11.416607 dv-cinder-768458-12-iscsi devstack@c-api.service[115879]: WARNING cinder.quota [None req-47dcdb29-efd0-4930-ba84-d5a31dba8800 tempest-VolumeQuotasAdminTestJSON-520133790 tempest-VolumeQuotasAdminTestJSON-520133790-project-admin] Deprecated: Default quota for resource: snapshots_lvmdriver-1 is set by the default quota flag: quota_snapshots_lvmdriver-1, it is now deprecated. Please use the default quota class for default quota.
Nov 21 13:52:11.416719 dv-cinder-768458-12-iscsi devstack@c-api.service[115880]: INFO cinder.api.v3.volumes [None req-e80183e7-5192-407e-854d-25ca1f076b67 tempest-SnapshotsActionsTest-664137449 tempest-SnapshotsActionsTest-664137449-project] Create volume of 1 GB
Nov 21 13:52:11.423770 dv-cinder-768458-12-iscsi devstack@c-api.service[115880]: INFO cinder.volume.api [None req-e80183e7-5192-407e-854d-25ca1f076b67 tempest-SnapshotsActionsTest-664137449 tempest-SnapshotsActionsTest-664137449-project] Availability Zones retrieved successfully.
Nov 21 13:52:11.429700 dv-cinder-768458-12-iscsi devstack@c-api.service[115879]: WARNING cinder.quota [None req-47dcdb29-efd0-4930-ba84-d5a31dba8800 tempest-VolumeQuotasAdminTestJSON-520133790 tempest-VolumeQuotasAdminTestJSON-520133790-project-admin] Deprecated: Default quota for resource: snapshots___DEFAULT__ is set by the default quota flag: quota_snapshots___DEFAULT__, it is now deprecated. Please use the default quota class for default quota.
Nov 21 13:52:11.440138 dv-cinder-768458-12-iscsi devstack@c-api.service[115880]: DEBUG cinder.volume.api [None req-e80183e7-5192-407e-854d-25ca1f076b67 tempest-SnapshotsActionsTest-664137449 tempest-SnapshotsActionsTest-664137449-project] Flow 'volume_create_api' (19b9bf75-3570-4fad-9e5e-dd06ddbf82da) transitioned into state 'RUNNING' from state 'PENDING' {{(pid=115880) _flow_receiver /usr/local/lib/python3.8/dist-packages/taskflow/listeners/logging.py:141}}
Nov 21 13:52:11.443250 dv-cinder-768458-12-iscsi devstack@c-api.service[115880]: DEBUG cinder.volume.api [None req-e80183e7-5192-407e-854d-25ca1f076b67 tempest-SnapshotsActionsTest-664137449 tempest-SnapshotsActionsTest-664137449-project] Task 'cinder.volume.flows.api.create_volume.ExtractVolumeRequestTask;volume:create' (a707ed40-7e0d-4d2d-a8ea-9d7e9cfd04a3) transitioned into state 'RUNNING' from state 'PENDING' {{(pid=115880) _task_receiver /usr/local/lib/python3.8/dist-packages/taskflow/listeners/logging.py:190}}
Nov 21 13:52:11.447066 dv-cinder-768458-12-iscsi devstack@c-api.service[115880]: DEBUG cinder.volume.flows.api.create_volume [None req-e80183e7-5192-407e-854d-25ca1f076b67 tempest-SnapshotsActionsTest-664137449 tempest-SnapshotsActionsTest-664137449-project] Validating volume size '1' using validate_int {{(pid=115880) _extract_size /opt/stack/cinder/cinder/volume/flows/api/create_volume.py:225}}
Nov 21 13:52:11.451057 dv-cinder-768458-12-iscsi devstack@c-api.service[115879]: INFO cinder.api.openstack.wsgi [None req-47dcdb29-efd0-4930-ba84-d5a31dba8800 tempest-VolumeQuotasAdminTestJSON-520133790 tempest-VolumeQuotasAdminTestJSON-520133790-project-admin] http://10.222.0.11/volume/v3/dc1005070b1447c6986203e3dbfaca1a/os-quota-sets/028292ddb9c3439585889a113aac9778 returned with HTTP 200
Nov 21 13:52:11.452098 dv-cinder-768458-12-iscsi devstack@c-api.service[115879]: [pid: 115879|app: 0|req: 67/133] 10.222.0.11 () {58 vars in 1330 bytes} [Sun Nov 21 13:52:11 2021] GET /volume/v3/dc1005070b1447c6986203e3dbfaca1a/os-quota-sets/028292ddb9c3439585889a113aac9778 => generated 759 bytes in 288 msecs (HTTP/1.1 200) 7 headers in 285 bytes (1 switches on core 0)
Nov 21 13:52:11.466823 dv-cinder-768458-12-iscsi devstack@c-api.service[115879]: INFO cinder.api.openstack.wsgi [None req-cc136139-d34a-4278-a050-9cd06d79f6bc tempest-VolumeQuotasAdminTestJSON-520133790 tempest-VolumeQuotasAdminTestJSON-520133790-project-admin] GET http://10.222.0.11/volume/v3/dc1005070b1447c6986203e3dbfaca1a/os-quota-sets/028292ddb9c3439585889a113aac9778/defaults
Nov 21 13:52:11.467377 dv-cinder-768458-12-iscsi devstack@c-api.service[115879]: DEBUG cinder.api.openstack.wsgi [None req-cc136139-d34a-4278-a050-9cd06d79f6bc tempest-VolumeQuotasAdminTestJSON-520133790 tempest-VolumeQuotasAdminTestJSON-520133790-project-admin] Empty body provided in request {{(pid=115879) get_body /opt/stack/cinder/cinder/api/openstack/wsgi.py:703}}
Nov 21 13:52:11.467799 dv-cinder-768458-12-iscsi devstack@c-api.service[115879]: DEBUG cinder.api.openstack.wsgi [None req-cc136139-d34a-4278-a050-9cd06d79f6bc tempest-VolumeQuotasAdminTestJSON-520133790 tempest-VolumeQuotasAdminTestJSON-520133790-project-admin] Calling method 'defaults' {{(pid=115879) _process_stack /opt/stack/cinder/cinder/api/openstack/wsgi.py:856}}
Nov 21 13:52:11.498278 dv-cinder-768458-12-iscsi devstack@c-api.service[115880]: DEBUG cinder.volume.api [None req-e80183e7-5192-407e-854d-25ca1f076b67 tempest-SnapshotsActionsTest-664137449 tempest-SnapshotsActionsTest-664137449-project] Task 'cinder.volume.flows.api.create_volume.ExtractVolumeRequestTask;volume:create' (a707ed40-7e0d-4d2d-a8ea-9d7e9cfd04a3) transitioned into state 'SUCCESS' from state 'RUNNING' with result '{'size': 1, 'snapshot_id': None, 'source_volid': None, 'volume_type': VolumeType(created_at=2021-11-21T13:42:34Z,deleted=False,deleted_at=None,description='Default Volume Type',extra_specs={},id=e5d4fdef-e3bb-4e91-9916-e491b40b875f,is_public=True,name='__DEFAULT__',projects=[],qos_specs=,qos_specs_id=None,updated_at=2021-11-21T13:42:34Z), 'volume_type_id': 'e5d4fdef-e3bb-4e91-9916-e491b40b875f', 'encryption_key_id': None, 'qos_specs': None, 'consistencygroup_id': None, 'cgsnapshot_id': None, 'group_id': None, 'replication_status': 'disabled', 'refresh_az': False, 'backup_id': None, 'multiattach': False, 'availability_zones': ['nova']}' {{(pid=115880) _task_receiver /usr/local/lib/python3.8/dist-packages/taskflow/listeners/logging.py:178}}
Nov 21 13:52:11.504262 dv-cinder-768458-12-iscsi devstack@c-api.service[115880]: DEBUG cinder.volume.api [None req-e80183e7-5192-407e-854d-25ca1f076b67 tempest-SnapshotsActionsTest-664137449 tempest-SnapshotsActionsTest-664137449-project] Task 'cinder.volume.flows.api.create_volume.QuotaReserveTask;volume:create' (3147f9a1-d884-412a-9b44-d1b1258480d4) transitioned into state 'RUNNING' from state 'PENDING' {{(pid=115880) _task_receiver /usr/local/lib/python3.8/dist-packages/taskflow/listeners/logging.py:190}}
Nov 21 13:52:11.509042 dv-cinder-768458-12-iscsi devstack@c-api.service[115879]: INFO cinder.api.openstack.wsgi [None req-cc136139-d34a-4278-a050-9cd06d79f6bc tempest-VolumeQuotasAdminTestJSON-520133790 tempest-VolumeQuotasAdminTestJSON-520133790-project-admin] http://10.222.0.11/volume/v3/dc1005070b1447c6986203e3dbfaca1a/os-quota-sets/028292ddb9c3439585889a113aac9778/defaults returned with HTTP 200
Nov 21 13:52:11.510062 dv-cinder-768458-12-iscsi devstack@c-api.service[115879]: [pid: 115879|app: 0|req: 68/134] 10.222.0.11 () {58 vars in 1357 bytes} [Sun Nov 21 13:52:11 2021] GET /volume/v3/dc1005070b1447c6986203e3dbfaca1a/os-quota-sets/028292ddb9c3439585889a113aac9778/defaults => generated 759 bytes in 49 msecs (HTTP/1.1 200) 7 headers in 285 bytes (1 switches on core 0)
Nov 21 13:52:11.527580 dv-cinder-768458-12-iscsi devstack@c-api.service[115879]: INFO cinder.api.openstack.wsgi [None req-81e72871-03fa-496e-9b37-843053971752 tempest-VolumeQuotasAdminTestJSON-520133790 tempest-VolumeQuotasAdminTestJSON-520133790-project-admin] PUT http://10.222.0.11/volume/v3/dc1005070b1447c6986203e3dbfaca1a/os-quota-sets/028292ddb9c3439585889a113aac9778
Nov 21 13:52:11.529051 dv-cinder-768458-12-iscsi devstack@c-api.service[115879]: DEBUG cinder.api.openstack.wsgi [None req-81e72871-03fa-496e-9b37-843053971752 tempest-VolumeQuotasAdminTestJSON-520133790 tempest-VolumeQuotasAdminTestJSON-520133790-project-admin] Action: 'update', calling method: update, body: {"quota_set": {"volumes": 15}} {{(pid=115879) _process_stack /opt/stack/cinder/cinder/api/openstack/wsgi.py:854}}
Nov 21 13:52:11.621069 dv-cinder-768458-12-iscsi devstack@c-api.service[115880]: DEBUG cinder.quota [None req-e80183e7-5192-407e-854d-25ca1f076b67 tempest-SnapshotsActionsTest-664137449 tempest-SnapshotsActionsTest-664137449-project] Created reservations ['8cd6593f-ef63-4005-9dbe-f04fefa98971', '4108f9db-4786-436c-8b0a-c078057e9814', 'ec9deeb3-35e8-4009-a582-2e987fa32855', 'daf7a007-ec8b-4f1a-9356-3eba14f9cd77'] {{(pid=115880) reserve /opt/stack/cinder/cinder/quota.py:755}}
Nov 21 13:52:11.623409 dv-cinder-768458-12-iscsi devstack@c-api.service[115880]: DEBUG cinder.volume.api [None req-e80183e7-5192-407e-854d-25ca1f076b67 tempest-SnapshotsActionsTest-664137449 tempest-SnapshotsActionsTest-664137449-project] Task 'cinder.volume.flows.api.create_volume.QuotaReserveTask;volume:create' (3147f9a1-d884-412a-9b44-d1b1258480d4) transitioned into state 'SUCCESS' from state 'RUNNING' with result '{'reservations': ['8cd6593f-ef63-4005-9dbe-f04fefa98971', '4108f9db-4786-436c-8b0a-c078057e9814', 'ec9deeb3-35e8-4009-a582-2e987fa32855', 'daf7a007-ec8b-4f1a-9356-3eba14f9cd77']}' {{(pid=115880) _task_receiver /usr/local/lib/python3.8/dist-packages/taskflow/listeners/logging.py:178}}
Nov 21 13:52:11.626805 dv-cinder-768458-12-iscsi devstack@c-api.service[115880]: DEBUG cinder.volume.api [None req-e80183e7-5192-407e-854d-25ca1f076b67 tempest-SnapshotsActionsTest-664137449 tempest-SnapshotsActionsTest-664137449-project] Task 'cinder.volume.flows.api.create_volume.EntryCreateTask;volume:create' (fd29b1d9-5603-409f-b9b4-e9212b7c6983) transitioned into state 'RUNNING' from state 'PENDING' {{(pid=115880) _task_receiver /usr/local/lib/python3.8/dist-packages/taskflow/listeners/logging.py:190}}
Nov 21 13:52:11.655693 dv-cinder-768458-12-iscsi devstack@c-api.service[115879]: INFO cinder.api.openstack.wsgi [None req-81e72871-03fa-496e-9b37-843053971752 tempest-VolumeQuotasAdminTestJSON-520133790 tempest-VolumeQuotasAdminTestJSON-520133790-project-admin] http://10.222.0.11/volume/v3/dc1005070b1447c6986203e3dbfaca1a/os-quota-sets/028292ddb9c3439585889a113aac9778 returned with HTTP 200
Nov 21 13:52:11.663314 dv-cinder-768458-12-iscsi devstack@c-api.service[115879]: [pid: 115879|app: 0|req: 69/135] 10.222.0.11 () {60 vars in 1350 bytes} [Sun Nov 21 13:52:11 2021] PUT /volume/v3/dc1005070b1447c6986203e3dbfaca1a/os-quota-sets/028292ddb9c3439585889a113aac9778 => generated 717 bytes in 145 msecs (HTTP/1.1 200) 7 headers in 285 bytes (1 switches on core 0)
Nov 21 13:52:11.670312 dv-cinder-768458-12-iscsi devstack@c-api.service[115879]: INFO cinder.api.openstack.wsgi [None req-884c0ab5-44bc-4754-92ab-cce5c5f88fe0 tempest-VolumeQuotasAdminTestJSON-520133790 tempest-VolumeQuotasAdminTestJSON-520133790-project-admin] DELETE http://10.222.0.11/volume/v3/dc1005070b1447c6986203e3dbfaca1a/os-quota-sets/028292ddb9c3439585889a113aac9778
Nov 21 13:52:11.672518 dv-cinder-768458-12-iscsi devstack@c-api.service[115879]: DEBUG cinder.api.openstack.wsgi [None req-884c0ab5-44bc-4754-92ab-cce5c5f88fe0 tempest-VolumeQuotasAdminTestJSON-520133790 tempest-VolumeQuotasAdminTestJSON-520133790-project-admin] Empty body provided in request {{(pid=115879) get_body /opt/stack/cinder/cinder/api/openstack/wsgi.py:703}}
Nov 21 13:52:11.673187 dv-cinder-768458-12-iscsi devstack@c-api.service[115879]: DEBUG cinder.api.openstack.wsgi [None req-884c0ab5-44bc-4754-92ab-cce5c5f88fe0 tempest-VolumeQuotasAdminTestJSON-520133790 tempest-VolumeQuotasAdminTestJSON-520133790-project-admin] Calling method 'delete' {{(pid=115879) _process_stack /opt/stack/cinder/cinder/api/openstack/wsgi.py:856}}
Nov 21 13:52:11.679530 dv-cinder-768458-12-iscsi devstack@c-api.service[115880]: DEBUG cinder.volume.api [None req-e80183e7-5192-407e-854d-25ca1f076b67 tempest-SnapshotsActionsTest-664137449 tempest-SnapshotsActionsTest-664137449-project] Task 'cinder.volume.flows.api.create_volume.EntryCreateTask;volume:create' (fd29b1d9-5603-409f-b9b4-e9212b7c6983) transitioned into state 'SUCCESS' from state 'RUNNING' with result '{'volume_id': '2298dffa-94c5-4253-adfb-35c6aa8f00ed', 'volume_properties': VolumeProperties(attach_status='detached',availability_zone='nova',cgsnapshot_id=None,consistencygroup_id=None,display_description=None,display_name='tempest-SnapshotsActionsTest-Volume-344270546',encryption_key_id=None,group_id=None,group_type_id=,metadata={},multiattach=False,project_id='83d8b59a94df4f53aef1e17e85725496',qos_specs=None,replication_status=,reservations=['8cd6593f-ef63-4005-9dbe-f04fefa98971','4108f9db-4786-436c-8b0a-c078057e9814','ec9deeb3-35e8-4009-a582-2e987fa32855','daf7a007-ec8b-4f1a-9356-3eba14f9cd77'],size=1,snapshot_id=None,source_replicaid=,source_volid=None,status='creating',user_id='0f6548c043764012ad3ef9dd3db4b323',volume_type_id=e5d4fdef-e3bb-4e91-9916-e491b40b875f), 'volume': Volume(_name_id=None,admin_metadata=,attach_status='detached',availability_zone='nova',bootable=False,cluster=,cluster_name=None,consistencygroup=,consistencygroup_id=None,created_at=2021-11-21T13:52:11Z,deleted=False,deleted_at=None,display_description=None,display_name='tempest-SnapshotsActionsTest-Volume-344270546',ec2_id=None,encryption_key_id=None,glance_metadata=,group=,group_id=None,host=None,id=2298dffa-94c5-4253-adfb-35c6aa8f00ed,launched_at=None,metadata={},migration_status=None,multiattach=False,previous_status=None,project_id='83d8b59a94df4f53aef1e17e85725496',provider_auth=None,provider_geometry=None,provider_id=None,provider_location=None,replication_driver_data=None,replication_extended_status=None,replication_status=None,scheduled_at=None,service_uuid=None,shared_targets=True,size=1,snapshot_id=None,snapshots=,source_volid=None,status='creating',terminated_at=None,updated_at=None,use_quota=True,user_id='0f6548c043764012ad3ef9dd3db4b323',volume_attachment=VolumeAttachmentList,volume_type=VolumeType(e5d4fdef-e3bb-4e91-9916-e491b40b875f),volume_type_id=e5d4fdef-e3bb-4e91-9916-e491b40b875f)}' {{(pid=115880) _task_receiver /usr/local/lib/python3.8/dist-packages/taskflow/listeners/logging.py:178}}
Nov 21 13:52:11.683434 dv-cinder-768458-12-iscsi devstack@c-api.service[115880]: DEBUG cinder.volume.api [None req-e80183e7-5192-407e-854d-25ca1f076b67 tempest-SnapshotsActionsTest-664137449 tempest-SnapshotsActionsTest-664137449-project] Task 'cinder.volume.flows.api.create_volume.QuotaCommitTask;volume:create' (aa03a892-98c5-4afb-a50f-527cae3a2220) transitioned into state 'RUNNING' from state 'PENDING' {{(pid=115880) _task_receiver /usr/local/lib/python3.8/dist-packages/taskflow/listeners/logging.py:190}}
Nov 21 13:52:11.687982 dv-cinder-768458-12-iscsi devstack@c-api.service[115879]: INFO cinder.api.openstack.wsgi [None req-884c0ab5-44bc-4754-92ab-cce5c5f88fe0 tempest-VolumeQuotasAdminTestJSON-520133790 tempest-VolumeQuotasAdminTestJSON-520133790-project-admin] http://10.222.0.11/volume/v3/dc1005070b1447c6986203e3dbfaca1a/os-quota-sets/028292ddb9c3439585889a113aac9778 returned with HTTP 200
Nov 21 13:52:11.689837 dv-cinder-768458-12-iscsi devstack@c-api.service[115879]: [pid: 115879|app: 0|req: 70/136] 10.222.0.11 () {58 vars in 1333 bytes} [Sun Nov 21 13:52:11 2021] DELETE /volume/v3/dc1005070b1447c6986203e3dbfaca1a/os-quota-sets/028292ddb9c3439585889a113aac9778 => generated 0 bytes in 26 msecs (HTTP/1.1 200) 7 headers in 283 bytes (1 switches on core 0)
Nov 21 13:52:11.704136 dv-cinder-768458-12-iscsi devstack@c-api.service[115879]: INFO cinder.api.openstack.wsgi [None req-3cf0c8d1-5900-4a81-9a3b-a11d724a502f tempest-VolumeQuotasAdminTestJSON-520133790 tempest-VolumeQuotasAdminTestJSON-520133790-project-admin] GET http://10.222.0.11/volume/v3/dc1005070b1447c6986203e3dbfaca1a/os-quota-sets/028292ddb9c3439585889a113aac9778
Nov 21 13:52:11.706492 dv-cinder-768458-12-iscsi devstack@c-api.service[115879]: DEBUG cinder.api.openstack.wsgi [None req-3cf0c8d1-5900-4a81-9a3b-a11d724a502f tempest-VolumeQuotasAdminTestJSON-520133790 tempest-VolumeQuotasAdminTestJSON-520133790-project-admin] Empty body provided in request {{(pid=115879) get_body /opt/stack/cinder/cinder/api/openstack/wsgi.py:703}}
Nov 21 13:52:11.708071 dv-cinder-768458-12-iscsi devstack@c-api.service[115879]: DEBUG cinder.api.openstack.wsgi [None req-3cf0c8d1-5900-4a81-9a3b-a11d724a502f tempest-VolumeQuotasAdminTestJSON-520133790 tempest-VolumeQuotasAdminTestJSON-520133790-project-admin] Calling method 'show' {{(pid=115879) _process_stack /opt/stack/cinder/cinder/api/openstack/wsgi.py:856}}
Nov 21 13:52:11.725143 dv-cinder-768458-12-iscsi devstack@c-api.service[115880]: DEBUG cinder.volume.api [None req-e80183e7-5192-407e-854d-25ca1f076b67 tempest-SnapshotsActionsTest-664137449 tempest-SnapshotsActionsTest-664137449-project] Task 'cinder.volume.flows.api.create_volume.QuotaCommitTask;volume:create' (aa03a892-98c5-4afb-a50f-527cae3a2220) transitioned into state 'SUCCESS' from state 'RUNNING' with result '{'volume_properties': VolumeProperties(attach_status='detached',availability_zone='nova',cgsnapshot_id=None,consistencygroup_id=None,display_description=None,display_name='tempest-SnapshotsActionsTest-Volume-344270546',encryption_key_id=None,group_id=None,group_type_id=,metadata={},multiattach=False,project_id='83d8b59a94df4f53aef1e17e85725496',qos_specs=None,replication_status=,reservations=['8cd6593f-ef63-4005-9dbe-f04fefa98971','4108f9db-4786-436c-8b0a-c078057e9814','ec9deeb3-35e8-4009-a582-2e987fa32855','daf7a007-ec8b-4f1a-9356-3eba14f9cd77'],size=1,snapshot_id=None,source_replicaid=,source_volid=None,status='creating',user_id='0f6548c043764012ad3ef9dd3db4b323',volume_type_id=e5d4fdef-e3bb-4e91-9916-e491b40b875f)}' {{(pid=115880) _task_receiver /usr/local/lib/python3.8/dist-packages/taskflow/listeners/logging.py:178}}
Nov 21 13:52:11.728003 dv-cinder-768458-12-iscsi devstack@c-api.service[115880]: DEBUG cinder.volume.api [None req-e80183e7-5192-407e-854d-25ca1f076b67 tempest-SnapshotsActionsTest-664137449 tempest-SnapshotsActionsTest-664137449-project] Task 'cinder.volume.flows.api.create_volume.VolumeCastTask;volume:create' (515608fa-64b5-4183-9176-db0c0f5660df) transitioned into state 'RUNNING' from state 'PENDING' {{(pid=115880) _task_receiver /usr/local/lib/python3.8/dist-packages/taskflow/listeners/logging.py:190}}
Nov 21 13:52:11.763141 dv-cinder-768458-12-iscsi devstack@c-api.service[115879]: INFO cinder.api.openstack.wsgi [None req-3cf0c8d1-5900-4a81-9a3b-a11d724a502f tempest-VolumeQuotasAdminTestJSON-520133790 tempest-VolumeQuotasAdminTestJSON-520133790-project-admin] http://10.222.0.11/volume/v3/dc1005070b1447c6986203e3dbfaca1a/os-quota-sets/028292ddb9c3439585889a113aac9778 returned with HTTP 200
Nov 21 13:52:11.768231 dv-cinder-768458-12-iscsi devstack@c-api.service[115880]: DEBUG cinder.volume.api [None req-e80183e7-5192-407e-854d-25ca1f076b67 tempest-SnapshotsActionsTest-664137449 tempest-SnapshotsActionsTest-664137449-project] Task 'cinder.volume.flows.api.create_volume.VolumeCastTask;volume:create' (515608fa-64b5-4183-9176-db0c0f5660df) transitioned into state 'SUCCESS' from state 'RUNNING' with result 'None' {{(pid=115880) _task_receiver /usr/local/lib/python3.8/dist-packages/taskflow/listeners/logging.py:178}}
Nov 21 13:52:11.771481 dv-cinder-768458-12-iscsi devstack@c-api.service[115879]: [pid: 115879|app: 0|req: 71/137] 10.222.0.11 () {58 vars in 1330 bytes} [Sun Nov 21 13:52:11 2021] GET /volume/v3/dc1005070b1447c6986203e3dbfaca1a/os-quota-sets/028292ddb9c3439585889a113aac9778 => generated 759 bytes in 76 msecs (HTTP/1.1 200) 7 headers in 285 bytes (1 switches on core 0)
Nov 21 13:52:11.773664 dv-cinder-768458-12-iscsi devstack@c-api.service[115880]: DEBUG cinder.volume.api [None req-e80183e7-5192-407e-854d-25ca1f076b67 tempest-SnapshotsActionsTest-664137449 tempest-SnapshotsActionsTest-664137449-project] Flow 'volume_create_api' (19b9bf75-3570-4fad-9e5e-dd06ddbf82da) transitioned into state 'SUCCESS' from state 'RUNNING' {{(pid=115880) _flow_receiver /usr/local/lib/python3.8/dist-packages/taskflow/listeners/logging.py:141}}
Nov 21 13:52:11.776056 dv-cinder-768458-12-iscsi devstack@c-api.service[115880]: INFO cinder.volume.api [None req-e80183e7-5192-407e-854d-25ca1f076b67 tempest-SnapshotsActionsTest-664137449 tempest-SnapshotsActionsTest-664137449-project] Create volume request issued successfully.
Nov 21 13:52:11.776892 dv-cinder-768458-12-iscsi devstack@c-api.service[115879]: INFO cinder.api.openstack.wsgi [None req-6d7d8228-9c3e-42ea-a1ee-c695c9a99ca9 tempest-GroupSnapshotsTest-1484473881 tempest-GroupSnapshotsTest-1484473881-project] GET http://10.222.0.11/volume/v3/47bf47ca516a426492fdadc2d2ce6851/groups/a4697885-9e61-49bb-8866-8f2806763b47
Nov 21 13:52:11.777485 dv-cinder-768458-12-iscsi devstack@c-api.service[115879]: DEBUG cinder.api.openstack.wsgi [None req-6d7d8228-9c3e-42ea-a1ee-c695c9a99ca9 tempest-GroupSnapshotsTest-1484473881 tempest-GroupSnapshotsTest-1484473881-project] Empty body provided in request {{(pid=115879) get_body /opt/stack/cinder/cinder/api/openstack/wsgi.py:703}}
Nov 21 13:52:11.778599 dv-cinder-768458-12-iscsi devstack@c-api.service[115880]: INFO cinder.api.openstack.wsgi [None req-e80183e7-5192-407e-854d-25ca1f076b67 tempest-SnapshotsActionsTest-664137449 tempest-SnapshotsActionsTest-664137449-project] http://10.222.0.11/volume/v3/83d8b59a94df4f53aef1e17e85725496/volumes returned with HTTP 202
Nov 21 13:52:11.779032 dv-cinder-768458-12-iscsi devstack@c-api.service[115879]: DEBUG cinder.api.openstack.wsgi [None req-6d7d8228-9c3e-42ea-a1ee-c695c9a99ca9 tempest-GroupSnapshotsTest-1484473881 tempest-GroupSnapshotsTest-1484473881-project] Calling method 'version_select' {{(pid=115879) _process_stack /opt/stack/cinder/cinder/api/openstack/wsgi.py:856}}
Nov 21 13:52:11.779397 dv-cinder-768458-12-iscsi devstack@c-api.service[115879]: DEBUG cinder.api.v3.groups [None req-6d7d8228-9c3e-42ea-a1ee-c695c9a99ca9 tempest-GroupSnapshotsTest-1484473881 tempest-GroupSnapshotsTest-1484473881-project] show called for member a4697885-9e61-49bb-8866-8f2806763b47 {{(pid=115879) show /opt/stack/cinder/cinder/api/v3/groups.py:58}}
Nov 21 13:52:11.782006 dv-cinder-768458-12-iscsi devstack@c-api.service[115880]: [pid: 115880|app: 0|req: 67/138] 10.222.0.11 () {60 vars in 1234 bytes} [Sun Nov 21 13:52:11 2021] POST /volume/v3/83d8b59a94df4f53aef1e17e85725496/volumes => generated 819 bytes in 631 msecs (HTTP/1.1 202) 7 headers in 291 bytes (1 switches on core 0)
Nov 21 13:52:11.787237 dv-cinder-768458-12-iscsi devstack@c-api.service[115879]: /usr/local/lib/python3.8/dist-packages/oslo_context/context.py:105: DeprecationWarning: Policy enforcement is depending on the value of is_admin. This key is deprecated. Please update your policy file to use the standard policy values.
Nov 21 13:52:11.787237 dv-cinder-768458-12-iscsi devstack@c-api.service[115879]: warnings.warn('Policy enforcement is depending on the value of '
Nov 21 13:52:11.796323 dv-cinder-768458-12-iscsi devstack@c-api.service[115880]: INFO cinder.api.openstack.wsgi [None req-b9713423-4c5e-41da-8d4c-ea20825afaef tempest-VolumeQuotasAdminTestJSON-520133790 tempest-VolumeQuotasAdminTestJSON-520133790-project-admin] PUT http://10.222.0.11/volume/v3/dc1005070b1447c6986203e3dbfaca1a/os-quota-sets/028292ddb9c3439585889a113aac9778
Nov 21 13:52:11.798070 dv-cinder-768458-12-iscsi devstack@c-api.service[115880]: /usr/local/lib/python3.8/dist-packages/webob/acceptparse.py:1047: DeprecationWarning: The behavior of AcceptValidHeader.best_match is currently being maintained for backward compatibility, but it will be deprecated in the future, as it does not conform to the RFC.
Nov 21 13:52:11.798070 dv-cinder-768458-12-iscsi devstack@c-api.service[115880]: warnings.warn(
Nov 21 13:52:11.799125 dv-cinder-768458-12-iscsi devstack@c-api.service[115880]: DEBUG cinder.api.openstack.wsgi [None req-b9713423-4c5e-41da-8d4c-ea20825afaef tempest-VolumeQuotasAdminTestJSON-520133790 tempest-VolumeQuotasAdminTestJSON-520133790-project-admin] Action: 'update', calling method: update, body: {"quota_set": {"volumes": 10, "per_volume_gigabytes": -1, "snapshots": 10, "gigabytes": 1000, "backups": 10, "backup_gigabytes": 1000}} {{(pid=115880) _process_stack /opt/stack/cinder/cinder/api/openstack/wsgi.py:854}}
Nov 21 13:52:11.815661 dv-cinder-768458-12-iscsi devstack@c-api.service[115879]: INFO cinder.api.openstack.wsgi [None req-6d7d8228-9c3e-42ea-a1ee-c695c9a99ca9 tempest-GroupSnapshotsTest-1484473881 tempest-GroupSnapshotsTest-1484473881-project] http://10.222.0.11/volume/v3/47bf47ca516a426492fdadc2d2ce6851/groups/a4697885-9e61-49bb-8866-8f2806763b47 returned with HTTP 200
Nov 21 13:52:11.842037 dv-cinder-768458-12-iscsi devstack@c-api.service[115879]: [pid: 115879|app: 0|req: 72/139] 10.222.0.11 () {60 vars in 1362 bytes} [Sun Nov 21 13:52:11 2021] GET /volume/v3/47bf47ca516a426492fdadc2d2ce6851/groups/a4697885-9e61-49bb-8866-8f2806763b47 => generated 392 bytes in 70 msecs (HTTP/1.1 200) 7 headers in 286 bytes (1 switches on core 0)
Nov 21 13:52:11.879823 dv-cinder-768458-12-iscsi devstack@c-api.service[115879]: INFO cinder.api.openstack.wsgi [None req-89ac5ab6-c116-4322-ae87-135744d8da40 tempest-SnapshotsActionsTest-664137449 tempest-SnapshotsActionsTest-664137449-project] GET http://10.222.0.11/volume/v3/83d8b59a94df4f53aef1e17e85725496/volumes/2298dffa-94c5-4253-adfb-35c6aa8f00ed
Nov 21 13:52:11.885141 dv-cinder-768458-12-iscsi devstack@c-api.service[115879]: DEBUG cinder.api.openstack.wsgi [None req-89ac5ab6-c116-4322-ae87-135744d8da40 tempest-SnapshotsActionsTest-664137449 tempest-SnapshotsActionsTest-664137449-project] Empty body provided in request {{(pid=115879) get_body /opt/stack/cinder/cinder/api/openstack/wsgi.py:703}}
Nov 21 13:52:11.886670 dv-cinder-768458-12-iscsi devstack@c-api.service[115879]: /usr/local/lib/python3.8/dist-packages/webob/acceptparse.py:1047: DeprecationWarning: The behavior of AcceptValidHeader.best_match is currently being maintained for backward compatibility, but it will be deprecated in the future, as it does not conform to the RFC.
Nov 21 13:52:11.886670 dv-cinder-768458-12-iscsi devstack@c-api.service[115879]: warnings.warn(
Nov 21 13:52:11.887515 dv-cinder-768458-12-iscsi devstack@c-api.service[115879]: DEBUG cinder.api.openstack.wsgi [None req-89ac5ab6-c116-4322-ae87-135744d8da40 tempest-SnapshotsActionsTest-664137449 tempest-SnapshotsActionsTest-664137449-project] Calling method 'show' {{(pid=115879) _process_stack /opt/stack/cinder/cinder/api/openstack/wsgi.py:856}}
Nov 21 13:52:11.930487 dv-cinder-768458-12-iscsi devstack@c-api.service[115880]: /usr/local/lib/python3.8/dist-packages/oslo_context/context.py:105: DeprecationWarning: Policy enforcement is depending on the value of is_admin. This key is deprecated. Please update your policy file to use the standard policy values.
Nov 21 13:52:11.930487 dv-cinder-768458-12-iscsi devstack@c-api.service[115880]: warnings.warn('Policy enforcement is depending on the value of '
Nov 21 13:52:11.943701 dv-cinder-768458-12-iscsi devstack@c-api.service[115879]: /usr/local/lib/python3.8/dist-packages/oslo_context/context.py:105: DeprecationWarning: Policy enforcement is depending on the value of is_admin. This key is deprecated. Please update your policy file to use the standard policy values.
Nov 21 13:52:11.943701 dv-cinder-768458-12-iscsi devstack@c-api.service[115879]: warnings.warn('Policy enforcement is depending on the value of '
Nov 21 13:52:11.962862 dv-cinder-768458-12-iscsi devstack@c-api.service[115879]: INFO cinder.volume.api [None req-89ac5ab6-c116-4322-ae87-135744d8da40 tempest-SnapshotsActionsTest-664137449 tempest-SnapshotsActionsTest-664137449-project] Volume info retrieved successfully.
Nov 21 13:52:11.982343 dv-cinder-768458-12-iscsi devstack@c-api.service[115879]: INFO cinder.api.openstack.wsgi [None req-89ac5ab6-c116-4322-ae87-135744d8da40 tempest-SnapshotsActionsTest-664137449 tempest-SnapshotsActionsTest-664137449-project] http://10.222.0.11/volume/v3/83d8b59a94df4f53aef1e17e85725496/volumes/2298dffa-94c5-4253-adfb-35c6aa8f00ed returned with HTTP 200
Nov 21 13:52:11.985393 dv-cinder-768458-12-iscsi devstack@c-api.service[115879]: [pid: 115879|app: 0|req: 73/140] 10.222.0.11 () {58 vars in 1324 bytes} [Sun Nov 21 13:52:11 2021] GET /volume/v3/83d8b59a94df4f53aef1e17e85725496/volumes/2298dffa-94c5-4253-adfb-35c6aa8f00ed => generated 887 bytes in 124 msecs (HTTP/1.1 200) 7 headers in 285 bytes (1 switches on core 0)
Nov 21 13:52:12.011510 dv-cinder-768458-12-iscsi devstack@c-api.service[115879]: INFO cinder.api.openstack.wsgi [None req-ad6b6043-305e-488d-ae18-472c24630c2e tempest-GroupSnapshotsTest-1484473881 tempest-GroupSnapshotsTest-1484473881-project] PUT http://10.222.0.11/volume/v3/47bf47ca516a426492fdadc2d2ce6851/groups/a4697885-9e61-49bb-8866-8f2806763b47
Nov 21 13:52:12.014965 dv-cinder-768458-12-iscsi devstack@c-api.service[115879]: /usr/local/lib/python3.8/dist-packages/webob/acceptparse.py:1047: DeprecationWarning: The behavior of AcceptValidHeader.best_match is currently being maintained for backward compatibility, but it will be deprecated in the future, as it does not conform to the RFC.
