Sep 27 12:20:46.290137 dv-cinder-768458-11-smb neutron-server[94072]: DEBUG neutron_lib.callbacks.manager [None req-7637f6f2-d01f-481b-b007-b7f52e1eac03 admin admin] Notify callbacks ['neutron.api.rpc.agentnotifiers.dhcp_rpc_agent_api.DhcpAgentNotifyAPI._send_dhcp_notification-527929'] for network, before_response {{(pid=94072) _notify_loop /usr/local/lib/python3.8/dist-packages/neutron_lib/callbacks/manager.py:192}}
Sep 27 12:20:46.323240 dv-cinder-768458-11-smb neutron-server[94072]: INFO neutron.wsgi [None req-7637f6f2-d01f-481b-b007-b7f52e1eac03 admin admin] 10.222.0.18 "POST /v2.0/networks HTTP/1.1" status: 201 len: 882 time: 0.3691194
Sep 27 12:20:46.326375 dv-cinder-768458-11-smb neutron-server[94071]: DEBUG neutron.wsgi [-] (94071) accepted ('10.222.0.18', 46306) {{(pid=94071) server /usr/local/lib/python3.8/dist-packages/eventlet/wsgi.py:982}}
Sep 27 12:20:46.333449 dv-cinder-768458-11-smb neutron-server[94071]: DEBUG neutron.api.v2.base [None req-90877ee7-bdd1-4e6e-b272-f82d688e6183 admin admin] Request body: {'subnet': {'network_id': '961a87f0-0030-458b-8b42-170ceeb770cf', 'cidr': '172.20.0.0/28', 'name': 'tempest-VolumesActionsTest-1665153648-subnet', 'tenant_id': '132a6acf09ee4798a936d0c58a784f2c', 'enable_dhcp': False, 'ip_version': 4}} {{(pid=94071) prepare_request_body /opt/stack/neutron/neutron/api/v2/base.py:730}}
Sep 27 12:20:46.357083 dv-cinder-768458-11-smb neutron-server[94071]: DEBUG neutron.pecan_wsgi.hooks.quota_enforcement [None req-90877ee7-bdd1-4e6e-b272-f82d688e6183 admin admin] Made reservation on behalf of 132a6acf09ee4798a936d0c58a784f2c for: {'subnet': 1} {{(pid=94071) before /opt/stack/neutron/neutron/pecan_wsgi/hooks/quota_enforcement.py:53}}
Sep 27 12:20:46.358981 dv-cinder-768458-11-smb neutron-server[94072]: DEBUG neutron.api.rpc.handlers.resources_rpc [None req-7637f6f2-d01f-481b-b007-b7f52e1eac03 admin admin] Pushing event updated for resources: {'Network': ['ID=961a87f0-0030-458b-8b42-170ceeb770cf,revision_number=1']} {{(pid=94072) push /opt/stack/neutron/neutron/api/rpc/handlers/resources_rpc.py:237}}
Sep 27 12:20:46.359456 dv-cinder-768458-11-smb neutron-server[94071]: DEBUG neutron_lib.callbacks.manager [None req-90877ee7-bdd1-4e6e-b272-f82d688e6183 admin admin] Notify callbacks [] for subnet, before_create {{(pid=94071) _notify_loop /usr/local/lib/python3.8/dist-packages/neutron_lib/callbacks/manager.py:192}}
Sep 27 12:20:46.369982 dv-cinder-768458-11-smb neutron-server[94073]: DEBUG neutron.plugins.ml2.rpc [None req-27fb7df9-d8f9-4cc2-b112-7839f705c9dc None None] Network 961a87f0-0030-458b-8b42-170ceeb770cf details requested by agent ovs-agent-dv-cinder-768458-11-smb with host dv-cinder-768458-11-smb {{(pid=94073) get_network_details /opt/stack/neutron/neutron/plugins/ml2/rpc.py:248}}
Sep 27 12:20:46.552696 dv-cinder-768458-11-smb neutron-server[94071]: DEBUG neutron_lib.callbacks.manager [None req-90877ee7-bdd1-4e6e-b272-f82d688e6183 admin admin] Notify callbacks ['neutron.plugins.ml2.ovo_rpc._ObjectChangeHandler.handle_event-532071', 'neutron.api.rpc.agentnotifiers.dhcp_rpc_agent_api.DhcpAgentNotifyAPI._native_event_send_dhcp_notification-527299'] for subnet, after_create {{(pid=94071) _notify_loop /usr/local/lib/python3.8/dist-packages/neutron_lib/callbacks/manager.py:192}}
Sep 27 12:20:46.619727 dv-cinder-768458-11-smb neutron-server[94071]: DEBUG neutron.api.rpc.handlers.resources_rpc [None req-90877ee7-bdd1-4e6e-b272-f82d688e6183 admin admin] Pushing event updated for resources: {'Subnet': ['ID=6d54aa7c-07c3-48d7-a893-459a952c3cf0,revision_number=0']} {{(pid=94071) push /opt/stack/neutron/neutron/api/rpc/handlers/resources_rpc.py:237}}
Sep 27 12:20:46.630019 dv-cinder-768458-11-smb neutron-server[94071]: DEBUG neutron.plugins.ml2.drivers.mech_agent [None req-90877ee7-bdd1-4e6e-b272-f82d688e6183 admin admin] Checking segment: {'id': '709f5e8c-3794-4141-94d2-4a0454120615', 'network_type': 'vlan', 'physical_network': 'physnet1', 'segmentation_id': 500, 'network_id': '961a87f0-0030-458b-8b42-170ceeb770cf'} for mappings: {'physnet1': 'br-data'} with network types: ['local', 'flat', 'vlan'] {{(pid=94071) check_segment_for_agent /opt/stack/neutron/neutron/plugins/ml2/drivers/mech_agent.py:358}}
Sep 27 12:20:46.630379 dv-cinder-768458-11-smb neutron-server[94071]: DEBUG neutron.scheduler.dhcp_agent_scheduler [None req-90877ee7-bdd1-4e6e-b272-f82d688e6183 admin admin] Network hostable DHCP agents. Network: 961a87f0-0030-458b-8b42-170ceeb770cf, hostable agents: ['c2249e57-ae03-4956-aace-b966cd30d0e3'], hosted agents: [] {{(pid=94071) _get_network_hostable_dhcp_agents /opt/stack/neutron/neutron/scheduler/dhcp_agent_scheduler.py:329}}
Sep 27 12:20:46.647479 dv-cinder-768458-11-smb neutron-server[94071]: DEBUG neutron.scheduler.dhcp_agent_scheduler [None req-90877ee7-bdd1-4e6e-b272-f82d688e6183 admin admin] Network 961a87f0-0030-458b-8b42-170ceeb770cf is scheduled to be hosted by DHCP agent c2249e57-ae03-4956-aace-b966cd30d0e3 with binding_index 1 {{(pid=94071) bind /opt/stack/neutron/neutron/scheduler/dhcp_agent_scheduler.py:227}}
Sep 27 12:20:46.659159 dv-cinder-768458-11-smb neutron-server[94071]: DEBUG neutron.scheduler.base_scheduler [None req-90877ee7-bdd1-4e6e-b272-f82d688e6183 admin admin] Resources bound (agent type, host, resource id): (DHCP agent, dv-cinder-768458-11-smb, 961a87f0-0030-458b-8b42-170ceeb770cf) {{(pid=94071) schedule /opt/stack/neutron/neutron/scheduler/base_scheduler.py:57}}
Sep 27 12:20:46.663187 dv-cinder-768458-11-smb neutron-server[94071]: DEBUG neutron.pecan_wsgi.hooks.policy_enforcement [None req-90877ee7-bdd1-4e6e-b272-f82d688e6183 admin admin] Attributes excluded by policy engine: ['standard_attr_id', 'shared', 'network'] {{(pid=94071) _exclude_attributes_by_policy /opt/stack/neutron/neutron/pecan_wsgi/hooks/policy_enforcement.py:255}}
Sep 27 12:20:46.663794 dv-cinder-768458-11-smb neutron-server[94071]: DEBUG neutron_lib.callbacks.manager [None req-90877ee7-bdd1-4e6e-b272-f82d688e6183 admin admin] Notify callbacks [] for subnet, before_response {{(pid=94071) _notify_loop /usr/local/lib/python3.8/dist-packages/neutron_lib/callbacks/manager.py:192}}
Sep 27 12:20:46.668325 dv-cinder-768458-11-smb neutron-server[94073]: DEBUG neutron.api.rpc.handlers.dhcp_rpc [None req-97d38690-7a0f-444e-ac27-e277b2d6ddda None None] Network 961a87f0-0030-458b-8b42-170ceeb770cf requested from dv-cinder-768458-11-smb {{(pid=94073) get_network_info /opt/stack/neutron/neutron/api/rpc/handlers/dhcp_rpc.py:218}}
Sep 27 12:20:46.678564 dv-cinder-768458-11-smb neutron-server[94071]: INFO neutron.wsgi [None req-90877ee7-bdd1-4e6e-b272-f82d688e6183 admin admin] 10.222.0.18 "POST /v2.0/subnets HTTP/1.1" status: 201 len: 846 time: 0.3504655
Sep 27 12:20:46.802106 dv-cinder-768458-11-smb neutron-server[94073]: DEBUG neutron.api.rpc.handlers.dhcp_rpc [None req-c01c9d39-330e-4d05-bc2c-a0965f45d820 None None] Network 961a87f0-0030-458b-8b42-170ceeb770cf requested from dv-cinder-768458-11-smb {{(pid=94073) get_network_info /opt/stack/neutron/neutron/api/rpc/handlers/dhcp_rpc.py:218}}
Sep 27 12:20:47.202196 dv-cinder-768458-11-smb neutron-server[94071]: DEBUG neutron.wsgi [-] (94071) accepted ('10.222.0.18', 46326) {{(pid=94071) server /usr/local/lib/python3.8/dist-packages/eventlet/wsgi.py:982}}
Sep 27 12:20:47.207375 dv-cinder-768458-11-smb neutron-server[94071]: DEBUG neutron.api.v2.base [None req-25ce8e94-d059-4241-923b-5261be18bb6c admin admin] Request body: {'network': {'name': 'tempest-VolumesActionsTest-624722695-network', 'tenant_id': '7f82cc70f5b94acf95168e8c8acf2f13'}} {{(pid=94071) prepare_request_body /opt/stack/neutron/neutron/api/v2/base.py:730}}
Sep 27 12:20:47.234935 dv-cinder-768458-11-smb neutron-server[94071]: DEBUG neutron.pecan_wsgi.hooks.quota_enforcement [None req-25ce8e94-d059-4241-923b-5261be18bb6c admin admin] Made reservation on behalf of 7f82cc70f5b94acf95168e8c8acf2f13 for: {'network': 1} {{(pid=94071) before /opt/stack/neutron/neutron/pecan_wsgi/hooks/quota_enforcement.py:53}}
Sep 27 12:20:47.237820 dv-cinder-768458-11-smb neutron-server[94071]: DEBUG neutron_lib.callbacks.manager [None req-25ce8e94-d059-4241-923b-5261be18bb6c admin admin] Notify callbacks ['neutron.plugins.ml2.plugin.SecurityGroupDbMixin._ensure_default_security_group_handler-3816765'] for network, before_create {{(pid=94071) _notify_loop /usr/local/lib/python3.8/dist-packages/neutron_lib/callbacks/manager.py:192}}
Sep 27 12:20:47.246652 dv-cinder-768458-11-smb neutron-server[94071]: DEBUG neutron_lib.callbacks.manager [None req-25ce8e94-d059-4241-923b-5261be18bb6c admin admin] Notify callbacks [] for security_group, before_create {{(pid=94071) _notify_loop /usr/local/lib/python3.8/dist-packages/neutron_lib/callbacks/manager.py:192}}
Sep 27 12:20:47.342547 dv-cinder-768458-11-smb neutron-server[94071]: DEBUG neutron_lib.callbacks.manager [None req-25ce8e94-d059-4241-923b-5261be18bb6c admin admin] Notify callbacks [] for security_group, precommit_create {{(pid=94071) _notify_loop /usr/local/lib/python3.8/dist-packages/neutron_lib/callbacks/manager.py:192}}
Sep 27 12:20:47.347030 dv-cinder-768458-11-smb neutron-server[94071]: DEBUG neutron_lib.callbacks.manager [None req-25ce8e94-d059-4241-923b-5261be18bb6c admin admin] Notify callbacks ['neutron.plugins.ml2.ovo_rpc._ObjectChangeHandler.handle_event-528075'] for security_group, after_create {{(pid=94071) _notify_loop /usr/local/lib/python3.8/dist-packages/neutron_lib/callbacks/manager.py:192}}
Sep 27 12:20:47.371421 dv-cinder-768458-11-smb neutron-server[94071]: DEBUG neutron.plugins.ml2.drivers.helpers [None req-25ce8e94-d059-4241-923b-5261be18bb6c admin admin] vlan segment allocate from pool success with {'physical_network': 'physnet1', 'vlan_id': 513} {{(pid=94071) allocate_partially_specified_segment /opt/stack/neutron/neutron/plugins/ml2/drivers/helpers.py:153}}
Sep 27 12:20:47.381136 dv-cinder-768458-11-smb neutron-server[94071]: DEBUG neutron.api.rpc.handlers.resources_rpc [None req-25ce8e94-d059-4241-923b-5261be18bb6c admin admin] Pushing event updated for resources: {'SecurityGroup': ['ID=ecb24b85-e54e-4fec-8564-6d4247b60db1,revision_number=1']} {{(pid=94071) push /opt/stack/neutron/neutron/api/rpc/handlers/resources_rpc.py:237}}
Sep 27 12:20:47.386462 dv-cinder-768458-11-smb neutron-server[94071]: DEBUG neutron_lib.callbacks.manager [None req-25ce8e94-d059-4241-923b-5261be18bb6c admin admin] Notify callbacks ['neutron.plugins.ml2.plugin.Ml2Plugin._handle_segment_change-3846938'] for segment, precommit_create {{(pid=94071) _notify_loop /usr/local/lib/python3.8/dist-packages/neutron_lib/callbacks/manager.py:192}}
Sep 27 12:20:47.386835 dv-cinder-768458-11-smb neutron-server[94071]: INFO neutron.db.segments_db [None req-25ce8e94-d059-4241-923b-5261be18bb6c admin admin] Added segment 4c3b4001-86b0-4e9f-a6cf-aeec04381703 of type vlan for network 83cb6930-14fc-4cd9-a5f7-6630ac057448
Sep 27 12:20:47.430003 dv-cinder-768458-11-smb neutron-server[94071]: DEBUG neutron_lib.callbacks.manager [None req-25ce8e94-d059-4241-923b-5261be18bb6c admin admin] Notify callbacks ['neutron.services.auto_allocate.db._ensure_external_network_default_value_callback-8769066159382'] for network, precommit_create {{(pid=94071) _notify_loop /usr/local/lib/python3.8/dist-packages/neutron_lib/callbacks/manager.py:192}}
Sep 27 12:20:47.457112 dv-cinder-768458-11-smb neutron-server[94071]: DEBUG neutron_lib.callbacks.manager [None req-25ce8e94-d059-4241-923b-5261be18bb6c admin admin] Notify callbacks ['neutron.plugins.ml2.ovo_rpc._ObjectChangeHandler.handle_event-532028', 'neutron.api.rpc.agentnotifiers.dhcp_rpc_agent_api.DhcpAgentNotifyAPI._native_event_send_dhcp_notification-527299'] for network, after_create {{(pid=94071) _notify_loop /usr/local/lib/python3.8/dist-packages/neutron_lib/callbacks/manager.py:192}}
Sep 27 12:20:47.458137 dv-cinder-768458-11-smb neutron-server[94071]: DEBUG neutron.pecan_wsgi.hooks.policy_enforcement [None req-25ce8e94-d059-4241-923b-5261be18bb6c admin admin] Attributes excluded by policy engine: ['standard_attr_id', 'vlan_transparent'] {{(pid=94071) _exclude_attributes_by_policy /opt/stack/neutron/neutron/pecan_wsgi/hooks/policy_enforcement.py:255}}
Sep 27 12:20:47.458711 dv-cinder-768458-11-smb neutron-server[94071]: DEBUG neutron_lib.callbacks.manager [None req-25ce8e94-d059-4241-923b-5261be18bb6c admin admin] Notify callbacks ['neutron.api.rpc.agentnotifiers.dhcp_rpc_agent_api.DhcpAgentNotifyAPI._send_dhcp_notification-527929'] for network, before_response {{(pid=94071) _notify_loop /usr/local/lib/python3.8/dist-packages/neutron_lib/callbacks/manager.py:192}}
Sep 27 12:20:47.493638 dv-cinder-768458-11-smb neutron-server[94071]: INFO neutron.wsgi [None req-25ce8e94-d059-4241-923b-5261be18bb6c admin admin] 10.222.0.18 "POST /v2.0/networks HTTP/1.1" status: 201 len: 881 time: 0.2904940
Sep 27 12:20:47.496518 dv-cinder-768458-11-smb neutron-server[94072]: DEBUG neutron.wsgi [-] (94072) accepted ('10.222.0.18', 46330) {{(pid=94072) server /usr/local/lib/python3.8/dist-packages/eventlet/wsgi.py:982}}
Sep 27 12:20:47.502357 dv-cinder-768458-11-smb neutron-server[94072]: DEBUG neutron.api.v2.base [None req-2fbd88be-fe8a-4287-90a3-98a44cbe8ff9 admin admin] Request body: {'subnet': {'network_id': '83cb6930-14fc-4cd9-a5f7-6630ac057448', 'cidr': '172.20.0.0/28', 'name': 'tempest-VolumesActionsTest-624722695-subnet', 'tenant_id': '7f82cc70f5b94acf95168e8c8acf2f13', 'enable_dhcp': False, 'ip_version': 4}} {{(pid=94072) prepare_request_body /opt/stack/neutron/neutron/api/v2/base.py:730}}
Sep 27 12:20:47.522849 dv-cinder-768458-11-smb neutron-server[94072]: DEBUG neutron.pecan_wsgi.hooks.quota_enforcement [None req-2fbd88be-fe8a-4287-90a3-98a44cbe8ff9 admin admin] Made reservation on behalf of 7f82cc70f5b94acf95168e8c8acf2f13 for: {'subnet': 1} {{(pid=94072) before /opt/stack/neutron/neutron/pecan_wsgi/hooks/quota_enforcement.py:53}}
Sep 27 12:20:47.524726 dv-cinder-768458-11-smb neutron-server[94071]: DEBUG neutron.api.rpc.handlers.resources_rpc [None req-25ce8e94-d059-4241-923b-5261be18bb6c admin admin] Pushing event updated for resources: {'Network': ['ID=83cb6930-14fc-4cd9-a5f7-6630ac057448,revision_number=1']} {{(pid=94071) push /opt/stack/neutron/neutron/api/rpc/handlers/resources_rpc.py:237}}
Sep 27 12:20:47.525391 dv-cinder-768458-11-smb neutron-server[94072]: DEBUG neutron_lib.callbacks.manager [None req-2fbd88be-fe8a-4287-90a3-98a44cbe8ff9 admin admin] Notify callbacks ['neutron.services.segments.plugin.SegmentHostRoutes.host_routes_before_create-29194095'] for subnet, before_create {{(pid=94072) _notify_loop /usr/local/lib/python3.8/dist-packages/neutron_lib/callbacks/manager.py:192}}
Sep 27 12:20:47.538065 dv-cinder-768458-11-smb neutron-server[94073]: DEBUG neutron.plugins.ml2.rpc [None req-27fb7df9-d8f9-4cc2-b112-7839f705c9dc None None] Network 83cb6930-14fc-4cd9-a5f7-6630ac057448 details requested by agent ovs-agent-dv-cinder-768458-11-smb with host dv-cinder-768458-11-smb {{(pid=94073) get_network_details /opt/stack/neutron/neutron/plugins/ml2/rpc.py:248}}
Sep 27 12:20:47.700186 dv-cinder-768458-11-smb neutron-server[94072]: DEBUG neutron_lib.callbacks.manager [None req-2fbd88be-fe8a-4287-90a3-98a44cbe8ff9 admin admin] Notify callbacks ['neutron.plugins.ml2.ovo_rpc._ObjectChangeHandler.handle_event-532071', 'neutron.api.rpc.agentnotifiers.dhcp_rpc_agent_api.DhcpAgentNotifyAPI._native_event_send_dhcp_notification-527299', 'neutron.services.segments.plugin.NovaSegmentNotifier._notify_subnet_created-29059826', 'neutron.services.segments.plugin.SegmentHostRoutes.host_routes_after_create-29194077'] for subnet, after_create {{(pid=94072) _notify_loop /usr/local/lib/python3.8/dist-packages/neutron_lib/callbacks/manager.py:192}}
Sep 27 12:20:47.762613 dv-cinder-768458-11-smb neutron-server[94072]: DEBUG neutron.api.rpc.handlers.resources_rpc [None req-2fbd88be-fe8a-4287-90a3-98a44cbe8ff9 admin admin] Pushing event updated for resources: {'Subnet': ['ID=d31e85b0-d3a6-416e-9b7d-dedce5f7c06a,revision_number=0']} {{(pid=94072) push /opt/stack/neutron/neutron/api/rpc/handlers/resources_rpc.py:237}}
Sep 27 12:20:47.768719 dv-cinder-768458-11-smb neutron-server[94072]: DEBUG neutron.plugins.ml2.drivers.mech_agent [None req-2fbd88be-fe8a-4287-90a3-98a44cbe8ff9 admin admin] Checking segment: {'id': '4c3b4001-86b0-4e9f-a6cf-aeec04381703', 'network_type': 'vlan', 'physical_network': 'physnet1', 'segmentation_id': 513, 'network_id': '83cb6930-14fc-4cd9-a5f7-6630ac057448'} for mappings: {'physnet1': 'br-data'} with network types: ['local', 'flat', 'vlan'] {{(pid=94072) check_segment_for_agent /opt/stack/neutron/neutron/plugins/ml2/drivers/mech_agent.py:358}}
Sep 27 12:20:47.769078 dv-cinder-768458-11-smb neutron-server[94072]: DEBUG neutron.scheduler.dhcp_agent_scheduler [None req-2fbd88be-fe8a-4287-90a3-98a44cbe8ff9 admin admin] Network hostable DHCP agents. Network: 83cb6930-14fc-4cd9-a5f7-6630ac057448, hostable agents: ['c2249e57-ae03-4956-aace-b966cd30d0e3'], hosted agents: [] {{(pid=94072) _get_network_hostable_dhcp_agents /opt/stack/neutron/neutron/scheduler/dhcp_agent_scheduler.py:329}}
Sep 27 12:20:47.786417 dv-cinder-768458-11-smb neutron-server[94072]: DEBUG neutron.scheduler.dhcp_agent_scheduler [None req-2fbd88be-fe8a-4287-90a3-98a44cbe8ff9 admin admin] Network 83cb6930-14fc-4cd9-a5f7-6630ac057448 is scheduled to be hosted by DHCP agent c2249e57-ae03-4956-aace-b966cd30d0e3 with binding_index 1 {{(pid=94072) bind /opt/stack/neutron/neutron/scheduler/dhcp_agent_scheduler.py:227}}
Sep 27 12:20:47.795427 dv-cinder-768458-11-smb neutron-server[94072]: DEBUG neutron.scheduler.base_scheduler [None req-2fbd88be-fe8a-4287-90a3-98a44cbe8ff9 admin admin] Resources bound (agent type, host, resource id): (DHCP agent, dv-cinder-768458-11-smb, 83cb6930-14fc-4cd9-a5f7-6630ac057448) {{(pid=94072) schedule /opt/stack/neutron/neutron/scheduler/base_scheduler.py:57}}
Sep 27 12:20:47.799430 dv-cinder-768458-11-smb neutron-server[94072]: DEBUG neutron.pecan_wsgi.hooks.policy_enforcement [None req-2fbd88be-fe8a-4287-90a3-98a44cbe8ff9 admin admin] Attributes excluded by policy engine: ['standard_attr_id', 'shared', 'segment_id', 'network'] {{(pid=94072) _exclude_attributes_by_policy /opt/stack/neutron/neutron/pecan_wsgi/hooks/policy_enforcement.py:255}}
Sep 27 12:20:47.800009 dv-cinder-768458-11-smb neutron-server[94072]: DEBUG neutron_lib.callbacks.manager [None req-2fbd88be-fe8a-4287-90a3-98a44cbe8ff9 admin admin] Notify callbacks ['neutron.api.rpc.agentnotifiers.dhcp_rpc_agent_api.DhcpAgentNotifyAPI._send_dhcp_notification-527929'] for subnet, before_response {{(pid=94072) _notify_loop /usr/local/lib/python3.8/dist-packages/neutron_lib/callbacks/manager.py:192}}
Sep 27 12:20:47.804515 dv-cinder-768458-11-smb neutron-server[94073]: DEBUG neutron.api.rpc.handlers.dhcp_rpc [None req-867c059b-5625-48f1-9da3-5f268db8e708 None None] Network 83cb6930-14fc-4cd9-a5f7-6630ac057448 requested from dv-cinder-768458-11-smb {{(pid=94073) get_network_info /opt/stack/neutron/neutron/api/rpc/handlers/dhcp_rpc.py:218}}
Sep 27 12:20:47.817985 dv-cinder-768458-11-smb neutron-server[94072]: INFO neutron.wsgi [None req-2fbd88be-fe8a-4287-90a3-98a44cbe8ff9 admin admin] 10.222.0.18 "POST /v2.0/subnets HTTP/1.1" status: 201 len: 845 time: 0.3166275
Sep 27 12:20:47.942310 dv-cinder-768458-11-smb neutron-server[94073]: DEBUG neutron.api.rpc.handlers.dhcp_rpc [None req-9dcc3b6c-04d1-4316-9750-dd4737b2d189 None None] Network 83cb6930-14fc-4cd9-a5f7-6630ac057448 requested from dv-cinder-768458-11-smb {{(pid=94073) get_network_info /opt/stack/neutron/neutron/api/rpc/handlers/dhcp_rpc.py:218}}
Sep 27 12:20:50.870395 dv-cinder-768458-11-smb neutron-server[94073]: DEBUG neutron_lib.callbacks.manager [None req-67dd8561-8683-4738-b18e-9b1238a7e43c None None] Notify callbacks ['neutron.services.segments.db._update_segment_host_mapping_for_agent-8769066667650', 'neutron.plugins.ml2.plugin.Ml2Plugin._retry_binding_revived_agents-3835700'] for agent, after_update {{(pid=94073) _notify_loop /usr/local/lib/python3.8/dist-packages/neutron_lib/callbacks/manager.py:192}}
Sep 27 12:20:53.642839 dv-cinder-768458-11-smb neutron-server[94073]: DEBUG neutron_lib.callbacks.manager [None req-27fb7df9-d8f9-4cc2-b112-7839f705c9dc None None] Notify callbacks ['neutron.services.segments.db._update_segment_host_mapping_for_agent-8769066667650', 'neutron.plugins.ml2.plugin.Ml2Plugin._retry_binding_revived_agents-3835700'] for agent, after_update {{(pid=94073) _notify_loop /usr/local/lib/python3.8/dist-packages/neutron_lib/callbacks/manager.py:192}}
Sep 27 12:20:53.685100 dv-cinder-768458-11-smb neutron-server[94073]: DEBUG neutron_lib.callbacks.manager [None req-aa2ae36b-3150-4846-9879-9cc006e7e0eb None None] Notify callbacks ['neutron.services.segments.db._update_segment_host_mapping_for_agent-8769066667650', 'neutron.plugins.ml2.plugin.Ml2Plugin._retry_binding_revived_agents-3835700'] for agent, after_update {{(pid=94073) _notify_loop /usr/local/lib/python3.8/dist-packages/neutron_lib/callbacks/manager.py:192}}
Sep 27 12:20:54.849973 dv-cinder-768458-11-smb neutron-server[94073]: DEBUG neutron_lib.callbacks.manager [None req-3ec2d695-61ea-4870-ab4b-763056a091a2 None None] Notify callbacks ['neutron.services.segments.db._update_segment_host_mapping_for_agent-8769066667650', 'neutron.plugins.ml2.plugin.Ml2Plugin._retry_binding_revived_agents-3835700'] for agent, after_update {{(pid=94073) _notify_loop /usr/local/lib/python3.8/dist-packages/neutron_lib/callbacks/manager.py:192}}
Sep 27 12:20:55.905462 dv-cinder-768458-11-smb neutron-server[94071]: INFO neutron.wsgi [req-c0146dd7-72ed-4219-ab22-0fc649fff20a req-2ce10c9f-d78b-4d1d-8c14-b9b342147665 tempest-AttachVolumeTestJSON-2082110685 tempest-AttachVolumeTestJSON-2082110685-project] 10.222.0.18 "GET /v2.0/security-groups?name=tempest-securitygroup--2086505352&fields=id&tenant_id=b89c37a98dfe48ecb7efe11d7356e9f2 HTTP/1.1" status: 200 len: 267 time: 0.0895548
Sep 27 12:20:56.187073 dv-cinder-768458-11-smb neutron-server[94071]: DEBUG neutron.pecan_wsgi.hooks.policy_enforcement [req-74bf612a-2061-4d94-aba0-aa87100a44b2 req-1d2ff68b-e112-472d-92d2-b99c8858ecd7 tempest-AttachVolumeNegativeTest-2141881913 tempest-AttachVolumeNegativeTest-2141881913-project] Attributes excluded by policy engine: ['standard_attr_id', 'vlan_transparent', 'provider:network_type', 'provider:physical_network', 'provider:segmentation_id'] {{(pid=94071) _exclude_attributes_by_policy /opt/stack/neutron/neutron/pecan_wsgi/hooks/policy_enforcement.py:255}}
Sep 27 12:20:56.189366 dv-cinder-768458-11-smb neutron-server[94071]: INFO neutron.wsgi [req-74bf612a-2061-4d94-aba0-aa87100a44b2 req-1d2ff68b-e112-472d-92d2-b99c8858ecd7 tempest-AttachVolumeNegativeTest-2141881913 tempest-AttachVolumeNegativeTest-2141881913-project] 10.222.0.18 "GET /v2.0/networks?id=591cbcb2-92eb-4e6f-ba79-dfe4cffc8ebb HTTP/1.1" status: 200 len: 814 time: 0.3871667
Sep 27 12:20:56.236596 dv-cinder-768458-11-smb neutron-server[94071]: INFO neutron.wsgi [req-74bf612a-2061-4d94-aba0-aa87100a44b2 req-0c81564b-4186-4fa1-b334-3cb4b2b195f8 tempest-AttachVolumeNegativeTest-2141881913 tempest-AttachVolumeNegativeTest-2141881913-project] 10.222.0.18 "GET /v2.0/quotas/757c7512f37542d58cde8c05fc16f1b7 HTTP/1.1" status: 200 len: 375 time: 0.0414536
Sep 27 12:20:56.287957 dv-cinder-768458-11-smb neutron-server[94071]: DEBUG neutron.pecan_wsgi.hooks.policy_enforcement [req-c0146dd7-72ed-4219-ab22-0fc649fff20a req-6b0d6593-3118-4306-b92b-ef4c792cda89 tempest-AttachVolumeTestJSON-2082110685 tempest-AttachVolumeTestJSON-2082110685-project] Attributes excluded by policy engine: ['standard_attr_id', 'vlan_transparent', 'provider:network_type', 'provider:physical_network', 'provider:segmentation_id'] {{(pid=94071) _exclude_attributes_by_policy /opt/stack/neutron/neutron/pecan_wsgi/hooks/policy_enforcement.py:255}}
Sep 27 12:20:56.289441 dv-cinder-768458-11-smb neutron-server[94071]: INFO neutron.wsgi [req-c0146dd7-72ed-4219-ab22-0fc649fff20a req-6b0d6593-3118-4306-b92b-ef4c792cda89 tempest-AttachVolumeTestJSON-2082110685 tempest-AttachVolumeTestJSON-2082110685-project] 10.222.0.18 "GET /v2.0/networks?id=b504824b-7448-45db-97b1-ed9b69d3db35 HTTP/1.1" status: 200 len: 810 time: 0.3734431
Sep 27 12:20:56.316026 dv-cinder-768458-11-smb neutron-server[94071]: INFO neutron.wsgi [req-74bf612a-2061-4d94-aba0-aa87100a44b2 req-6c461e3e-0ced-43cb-89be-e484454f681f tempest-AttachVolumeNegativeTest-2141881913 tempest-AttachVolumeNegativeTest-2141881913-project] 10.222.0.18 "GET /v2.0/ports?tenant_id=757c7512f37542d58cde8c05fc16f1b7&fields=id HTTP/1.1" status: 200 len: 302 time: 0.0726273
Sep 27 12:20:56.317467 dv-cinder-768458-11-smb neutron-server[94071]: INFO neutron.wsgi [req-c0146dd7-72ed-4219-ab22-0fc649fff20a req-1c8a966f-1750-43dd-923a-d139a3044052 tempest-AttachVolumeTestJSON-2082110685 tempest-AttachVolumeTestJSON-2082110685-project] 10.222.0.18 "GET /v2.0/quotas/b89c37a98dfe48ecb7efe11d7356e9f2 HTTP/1.1" status: 200 len: 375 time: 0.0218241
Sep 27 12:20:56.327605 dv-cinder-768458-11-smb neutron-server[94074]: DEBUG neutron.db.agents_db [None req-7909efb5-4bd8-4339-84bb-81e9b4d53632 None None] Agent healthcheck: found 6 active agents {{(pid=94074) agent_health_check /opt/stack/neutron/neutron/db/agents_db.py:317}}
Sep 27 12:20:56.439946 dv-cinder-768458-11-smb neutron-server[94071]: INFO neutron.wsgi [req-c0146dd7-72ed-4219-ab22-0fc649fff20a req-ae4cdb2a-1f73-4cc1-9612-2e70f053f2a5 tempest-AttachVolumeTestJSON-2082110685 tempest-AttachVolumeTestJSON-2082110685-project] 10.222.0.18 "GET /v2.0/ports?tenant_id=b89c37a98dfe48ecb7efe11d7356e9f2&fields=id HTTP/1.1" status: 200 len: 348 time: 0.1159589
Sep 27 12:20:56.455251 dv-cinder-768458-11-smb neutron-server[94071]: INFO neutron.wsgi [req-74bf612a-2061-4d94-aba0-aa87100a44b2 req-77ab1afb-e242-4434-a8fc-5a72c1bac792 service neutron] 10.222.0.18 "GET /v2.0/networks/591cbcb2-92eb-4e6f-ba79-dfe4cffc8ebb?fields=segments HTTP/1.1" status: 200 len: 212 time: 0.1295452
Sep 27 12:20:56.621951 dv-cinder-768458-11-smb neutron-server[94071]: INFO neutron.wsgi [req-c0146dd7-72ed-4219-ab22-0fc649fff20a req-f2cc34ef-14b7-49b2-9f98-d73deb428e66 service neutron] 10.222.0.18 "GET /v2.0/networks/b504824b-7448-45db-97b1-ed9b69d3db35?fields=segments HTTP/1.1" status: 200 len: 212 time: 0.1656735
Sep 27 12:20:56.627854 dv-cinder-768458-11-smb neutron-server[94071]: INFO neutron.wsgi [req-74bf612a-2061-4d94-aba0-aa87100a44b2 req-856412ea-1768-4eef-b8ce-44b89ac58803 service neutron] 10.222.0.18 "GET /v2.0/networks/591cbcb2-92eb-4e6f-ba79-dfe4cffc8ebb?fields=provider%3Aphysical_network&fields=provider%3Anetwork_type HTTP/1.1" status: 200 len: 281 time: 0.1636968
Sep 27 12:20:56.729304 dv-cinder-768458-11-smb neutron-server[94071]: INFO neutron.wsgi [req-c0146dd7-72ed-4219-ab22-0fc649fff20a req-6018af6c-e0d9-48ae-9bc2-fb4aee7772e4 service neutron] 10.222.0.18 "GET /v2.0/networks/b504824b-7448-45db-97b1-ed9b69d3db35?fields=provider%3Aphysical_network&fields=provider%3Anetwork_type HTTP/1.1" status: 200 len: 281 time: 0.0940974
Sep 27 12:20:56.846253 dv-cinder-768458-11-smb neutron-server[94071]: DEBUG neutron.pecan_wsgi.hooks.policy_enforcement [req-6e225d07-59d8-4572-b81b-071fa9145d95 req-668c7543-65dd-4b77-b1b9-51ff9cca825a tempest-ServerRescueNegativeTestJSON-1066697370 tempest-ServerRescueNegativeTestJSON-1066697370-project] Attributes excluded by policy engine: ['standard_attr_id', 'binding:profile', 'binding:host_id', 'binding:vif_type', 'binding:vif_details'] {{(pid=94071) _exclude_attributes_by_policy /opt/stack/neutron/neutron/pecan_wsgi/hooks/policy_enforcement.py:255}}
Sep 27 12:20:56.850430 dv-cinder-768458-11-smb neutron-server[94071]: INFO neutron.wsgi [req-6e225d07-59d8-4572-b81b-071fa9145d95 req-668c7543-65dd-4b77-b1b9-51ff9cca825a tempest-ServerRescueNegativeTestJSON-1066697370 tempest-ServerRescueNegativeTestJSON-1066697370-project] 10.222.0.18 "GET /v2.0/ports?device_id=08637341-ab9f-44e7-9cd5-35372439afd4 HTTP/1.1" status: 200 len: 945 time: 0.0574410
Sep 27 12:20:56.901611 dv-cinder-768458-11-smb neutron-server[94071]: INFO neutron.wsgi [req-6e225d07-59d8-4572-b81b-071fa9145d95 req-60234935-7d64-4155-b82e-aaef1dc9e700 tempest-ServerRescueNegativeTestJSON-1066697370 tempest-ServerRescueNegativeTestJSON-1066697370-project] 10.222.0.18 "GET /v2.0/security-groups?id=3fe98bd1-c789-4151-a2c9-05c95d63e0ed&fields=id&fields=name HTTP/1.1" status: 200 len: 286 time: 0.0451412
Sep 27 12:20:57.082207 dv-cinder-768458-11-smb neutron-server[94073]: DEBUG neutron_lib.callbacks.manager [None req-70363e58-bfbe-497b-a66f-00ed92f41ebd None None] Notify callbacks ['neutron.services.segments.db._update_segment_host_mapping_for_agent-8769066667650', 'neutron.plugins.ml2.plugin.Ml2Plugin._retry_binding_revived_agents-3835700'] for agent, after_update {{(pid=94073) _notify_loop /usr/local/lib/python3.8/dist-packages/neutron_lib/callbacks/manager.py:192}}
Sep 27 12:20:57.226543 dv-cinder-768458-11-smb neutron-server[94071]: DEBUG neutron.pecan_wsgi.hooks.policy_enforcement [req-04cf38e5-aafa-4d57-b342-1ae49e27fde6 req-83dd2571-669c-4ad1-a2d7-d17ec89a35de tempest-VolumesActionsTest-1227305696 tempest-VolumesActionsTest-1227305696-project] Attributes excluded by policy engine: ['standard_attr_id', 'vlan_transparent', 'provider:network_type', 'provider:physical_network', 'provider:segmentation_id'] {{(pid=94071) _exclude_attributes_by_policy /opt/stack/neutron/neutron/pecan_wsgi/hooks/policy_enforcement.py:255}}
Sep 27 12:20:57.228937 dv-cinder-768458-11-smb neutron-server[94071]: INFO neutron.wsgi [req-04cf38e5-aafa-4d57-b342-1ae49e27fde6 req-83dd2571-669c-4ad1-a2d7-d17ec89a35de tempest-VolumesActionsTest-1227305696 tempest-VolumesActionsTest-1227305696-project] 10.222.0.18 "GET /v2.0/networks?id=37ff483c-484b-4ba8-ad9a-10da5fdac671 HTTP/1.1" status: 200 len: 808 time: 0.2277803
Sep 27 12:20:57.246124 dv-cinder-768458-11-smb neutron-server[94071]: DEBUG neutron.pecan_wsgi.hooks.policy_enforcement [req-1bf7a175-ac31-4af4-9f15-5521128fa165 req-4e994ad1-e3b2-4b42-ad6e-4f0996c41f22 service neutron] Attributes excluded by policy engine: ['standard_attr_id'] {{(pid=94071) _exclude_attributes_by_policy /opt/stack/neutron/neutron/pecan_wsgi/hooks/policy_enforcement.py:255}}
Sep 27 12:20:57.248106 dv-cinder-768458-11-smb neutron-server[94071]: INFO neutron.wsgi [req-1bf7a175-ac31-4af4-9f15-5521128fa165 req-4e994ad1-e3b2-4b42-ad6e-4f0996c41f22 service neutron] 10.222.0.21 "GET /v2.0/ports?device_id=08637341-ab9f-44e7-9cd5-35372439afd4 HTTP/1.1" status: 200 len: 1098 time: 0.0559258
Sep 27 12:20:57.259760 dv-cinder-768458-11-smb neutron-server[94071]: INFO neutron.wsgi [req-04cf38e5-aafa-4d57-b342-1ae49e27fde6 req-17b4c8c9-1e32-4283-afdb-2b143a9304c2 tempest-VolumesActionsTest-1227305696 tempest-VolumesActionsTest-1227305696-project] 10.222.0.18 "GET /v2.0/quotas/0846bdbafc52454d9e7699c96621ae90 HTTP/1.1" status: 200 len: 375 time: 0.0106819
Sep 27 12:20:57.311974 dv-cinder-768458-11-smb neutron-server[94071]: INFO neutron.wsgi [req-04cf38e5-aafa-4d57-b342-1ae49e27fde6 req-72a3e16d-ac7c-4637-a46d-de39779e032d tempest-VolumesActionsTest-1227305696 tempest-VolumesActionsTest-1227305696-project] 10.222.0.18 "GET /v2.0/ports?tenant_id=0846bdbafc52454d9e7699c96621ae90&fields=id HTTP/1.1" status: 200 len: 210 time: 0.0421762
Sep 27 12:20:57.353232 dv-cinder-768458-11-smb neutron-server[94071]: INFO neutron.wsgi [req-1bf7a175-ac31-4af4-9f15-5521128fa165 req-b1026e1f-14da-4607-8b3b-084fa0a4c0de service neutron] 10.222.0.21 "GET /v2.0/security-groups?id=3fe98bd1-c789-4151-a2c9-05c95d63e0ed&fields=id&fields=name HTTP/1.1" status: 200 len: 286 time: 0.0898573
Sep 27 12:20:57.437720 dv-cinder-768458-11-smb neutron-server[94071]: INFO neutron.wsgi [req-04cf38e5-aafa-4d57-b342-1ae49e27fde6 req-82234db5-ea84-411a-878e-2702655529d2 service neutron] 10.222.0.18 "GET /v2.0/networks/37ff483c-484b-4ba8-ad9a-10da5fdac671?fields=segments HTTP/1.1" status: 200 len: 212 time: 0.1028738
Sep 27 12:20:57.616167 dv-cinder-768458-11-smb neutron-server[94071]: INFO neutron.wsgi [req-04cf38e5-aafa-4d57-b342-1ae49e27fde6 req-be92ccc5-b62e-4cf1-afc2-a90c3352a71c service neutron] 10.222.0.18 "GET /v2.0/networks/37ff483c-484b-4ba8-ad9a-10da5fdac671?fields=provider%3Aphysical_network&fields=provider%3Anetwork_type HTTP/1.1" status: 200 len: 281 time: 0.1708186
Sep 27 12:20:57.632364 dv-cinder-768458-11-smb neutron-server[94071]: DEBUG neutron.pecan_wsgi.hooks.policy_enforcement [req-84f6ec44-abaf-43bb-a460-d0e55201ef81 req-7b2c87ec-e65d-414a-891c-c6fcb4fddda7 tempest-VolumesActionsTest-678965025 tempest-VolumesActionsTest-678965025-project] Attributes excluded by policy engine: ['standard_attr_id', 'vlan_transparent', 'provider:network_type', 'provider:physical_network', 'provider:segmentation_id'] {{(pid=94071) _exclude_attributes_by_policy /opt/stack/neutron/neutron/pecan_wsgi/hooks/policy_enforcement.py:255}}
Sep 27 12:20:57.633951 dv-cinder-768458-11-smb neutron-server[94071]: INFO neutron.wsgi [req-84f6ec44-abaf-43bb-a460-d0e55201ef81 req-7b2c87ec-e65d-414a-891c-c6fcb4fddda7 tempest-VolumesActionsTest-678965025 tempest-VolumesActionsTest-678965025-project] 10.222.0.18 "GET /v2.0/networks?id=961a87f0-0030-458b-8b42-170ceeb770cf HTTP/1.1" status: 200 len: 809 time: 0.1650143
Sep 27 12:20:57.652475 dv-cinder-768458-11-smb neutron-server[94071]: INFO neutron.wsgi [req-84f6ec44-abaf-43bb-a460-d0e55201ef81 req-403605aa-7325-427e-b884-d4468d28c165 tempest-VolumesActionsTest-678965025 tempest-VolumesActionsTest-678965025-project] 10.222.0.18 "GET /v2.0/quotas/132a6acf09ee4798a936d0c58a784f2c HTTP/1.1" status: 200 len: 375 time: 0.0122161
Sep 27 12:20:57.703211 dv-cinder-768458-11-smb neutron-server[94071]: INFO neutron.wsgi [req-84f6ec44-abaf-43bb-a460-d0e55201ef81 req-2580ce49-65a2-4b44-820a-a7fd66df9348 tempest-VolumesActionsTest-678965025 tempest-VolumesActionsTest-678965025-project] 10.222.0.18 "GET /v2.0/ports?tenant_id=132a6acf09ee4798a936d0c58a784f2c&fields=id HTTP/1.1" status: 200 len: 210 time: 0.0410647
Sep 27 12:20:57.814630 dv-cinder-768458-11-smb neutron-server[94071]: INFO neutron.wsgi [req-84f6ec44-abaf-43bb-a460-d0e55201ef81 req-aacc2071-0f51-4fe2-8e06-cde28a605cb3 service neutron] 10.222.0.18 "GET /v2.0/networks/961a87f0-0030-458b-8b42-170ceeb770cf?fields=segments HTTP/1.1" status: 200 len: 212 time: 0.1096461
Sep 27 12:20:57.884976 dv-cinder-768458-11-smb neutron-server[94071]: INFO neutron.wsgi [req-3c304f83-3d48-411a-bd9a-c6d0f6b9389b req-e55915f9-46df-4877-87db-81d4676975dc tempest-AttachVolumeNegativeTest-2141881913 tempest-AttachVolumeNegativeTest-2141881913-project] 10.222.0.18 "GET /v2.0/ports?device_id=7ba369aa-852b-4685-a380-a832cafd8416 HTTP/1.1" status: 200 len: 210 time: 0.0372798
Sep 27 12:20:57.995236 dv-cinder-768458-11-smb neutron-server[94071]: INFO neutron.wsgi [req-84f6ec44-abaf-43bb-a460-d0e55201ef81 req-bd87c5fa-8e58-42d2-a742-f4e06423058c service neutron] 10.222.0.18 "GET /v2.0/networks/961a87f0-0030-458b-8b42-170ceeb770cf?fields=provider%3Aphysical_network&fields=provider%3Anetwork_type HTTP/1.1" status: 200 len: 281 time: 0.1732755
Sep 27 12:20:57.997046 dv-cinder-768458-11-smb neutron-server[94071]: INFO neutron.wsgi [req-b4774a12-d19b-4f08-b7e4-c44405f67881 req-22ce2780-dd1a-4abc-b500-5f6b7c89b106 tempest-AttachVolumeTestJSON-2082110685 tempest-AttachVolumeTestJSON-2082110685-project] 10.222.0.18 "GET /v2.0/ports?device_id=1e127c36-7f68-46b5-b0c1-e0280804c039 HTTP/1.1" status: 200 len: 210 time: 0.0431805
Sep 27 12:20:58.081848 dv-cinder-768458-11-smb neutron-server[94071]: INFO neutron.wsgi [req-f22c16ba-4855-42b9-a034-a8ce5a539ad7 req-4127cb6c-e2d3-4e6c-917f-95d01a08d500 tempest-VolumesActionsTest-1227305696 tempest-VolumesActionsTest-1227305696-project] 10.222.0.18 "GET /v2.0/ports?device_id=fa4d3a22-e063-4e51-a349-b801dcc01c7d HTTP/1.1" status: 200 len: 210 time: 0.0369020
Sep 27 12:20:58.201558 dv-cinder-768458-11-smb neutron-server[94071]: DEBUG neutron.pecan_wsgi.hooks.policy_enforcement [req-e6ddaa81-cf0a-4f66-9995-5268696e69f1 req-f6e5147c-40c0-460b-8469-e10ae19ee52e tempest-ServerRescueNegativeTestJSON-1066697370 tempest-ServerRescueNegativeTestJSON-1066697370-project] Attributes excluded by policy engine: ['standard_attr_id', 'binding:profile', 'binding:host_id', 'binding:vif_type', 'binding:vif_details'] {{(pid=94071) _exclude_attributes_by_policy /opt/stack/neutron/neutron/pecan_wsgi/hooks/policy_enforcement.py:255}}
Sep 27 12:20:58.204937 dv-cinder-768458-11-smb neutron-server[94071]: INFO neutron.wsgi [req-e6ddaa81-cf0a-4f66-9995-5268696e69f1 req-f6e5147c-40c0-460b-8469-e10ae19ee52e tempest-ServerRescueNegativeTestJSON-1066697370 tempest-ServerRescueNegativeTestJSON-1066697370-project] 10.222.0.18 "GET /v2.0/ports?device_id=08637341-ab9f-44e7-9cd5-35372439afd4 HTTP/1.1" status: 200 len: 945 time: 0.0617869
Sep 27 12:20:58.238403 dv-cinder-768458-11-smb neutron-server[94071]: INFO neutron.wsgi [req-8817e6db-c0a8-4c93-b2e9-13d00dd6320e req-1cf1db0f-a312-4474-9ace-df534edc2138 tempest-VolumesActionsTest-678965025 tempest-VolumesActionsTest-678965025-project] 10.222.0.18 "GET /v2.0/ports?device_id=579c4a6b-2fb0-4f0b-b582-fbe3bed57a52 HTTP/1.1" status: 200 len: 210 time: 0.0322051
Sep 27 12:20:58.295082 dv-cinder-768458-11-smb neutron-server[94071]: INFO neutron.wsgi [req-e6ddaa81-cf0a-4f66-9995-5268696e69f1 req-a4645d5c-37af-46e8-a928-a4ed64aea4a6 tempest-ServerRescueNegativeTestJSON-1066697370 tempest-ServerRescueNegativeTestJSON-1066697370-project] 10.222.0.18 "GET /v2.0/security-groups?id=3fe98bd1-c789-4151-a2c9-05c95d63e0ed&fields=id&fields=name HTTP/1.1" status: 200 len: 286 time: 0.0746968
Sep 27 12:20:58.554043 dv-cinder-768458-11-smb neutron-server[94071]: DEBUG neutron.pecan_wsgi.hooks.policy_enforcement [req-74bf612a-2061-4d94-aba0-aa87100a44b2 req-f92c96c9-4c80-4833-a520-a9c5c3d5e6a3 tempest-AttachVolumeNegativeTest-2141881913 tempest-AttachVolumeNegativeTest-2141881913-project] Attributes excluded by policy engine: ['standard_attr_id', 'vlan_transparent', 'provider:network_type', 'provider:physical_network', 'provider:segmentation_id'] {{(pid=94071) _exclude_attributes_by_policy /opt/stack/neutron/neutron/pecan_wsgi/hooks/policy_enforcement.py:255}}
Sep 27 12:20:58.557441 dv-cinder-768458-11-smb neutron-server[94071]: INFO neutron.wsgi [req-74bf612a-2061-4d94-aba0-aa87100a44b2 req-f92c96c9-4c80-4833-a520-a9c5c3d5e6a3 tempest-AttachVolumeNegativeTest-2141881913 tempest-AttachVolumeNegativeTest-2141881913-project] 10.222.0.21 "GET /v2.0/networks?id=591cbcb2-92eb-4e6f-ba79-dfe4cffc8ebb HTTP/1.1" status: 200 len: 814 time: 0.1598971
Sep 27 12:20:58.608861 dv-cinder-768458-11-smb neutron-server[94071]: DEBUG neutron.api.v2.base [req-74bf612a-2061-4d94-aba0-aa87100a44b2 req-48f7b778-23c3-4bd3-8acb-90eed73c2ea4 tempest-AttachVolumeNegativeTest-2141881913 tempest-AttachVolumeNegativeTest-2141881913-project] Request body: {'port': {'device_id': '7ba369aa-852b-4685-a380-a832cafd8416', 'network_id': '591cbcb2-92eb-4e6f-ba79-dfe4cffc8ebb', 'admin_state_up': True, 'tenant_id': '757c7512f37542d58cde8c05fc16f1b7'}} {{(pid=94071) prepare_request_body /opt/stack/neutron/neutron/api/v2/base.py:730}}
Sep 27 12:20:58.749214 dv-cinder-768458-11-smb neutron-server[94071]: DEBUG neutron.pecan_wsgi.hooks.quota_enforcement [req-74bf612a-2061-4d94-aba0-aa87100a44b2 req-48f7b778-23c3-4bd3-8acb-90eed73c2ea4 tempest-AttachVolumeNegativeTest-2141881913 tempest-AttachVolumeNegativeTest-2141881913-project] Made reservation on behalf of 757c7512f37542d58cde8c05fc16f1b7 for: {'port': 1} {{(pid=94071) before /opt/stack/neutron/neutron/pecan_wsgi/hooks/quota_enforcement.py:53}}
Sep 27 12:20:58.752776 dv-cinder-768458-11-smb neutron-server[94071]: DEBUG neutron_lib.callbacks.manager [req-74bf612a-2061-4d94-aba0-aa87100a44b2 req-48f7b778-23c3-4bd3-8acb-90eed73c2ea4 tempest-AttachVolumeNegativeTest-2141881913 tempest-AttachVolumeNegativeTest-2141881913-project] Notify callbacks ['neutron.plugins.ml2.plugin.SecurityGroupDbMixin._ensure_default_security_group_handler-3816765'] for port, before_create {{(pid=94071) _notify_loop /usr/local/lib/python3.8/dist-packages/neutron_lib/callbacks/manager.py:192}}
Sep 27 12:20:58.884009 dv-cinder-768458-11-smb neutron-server[94071]: DEBUG neutron.db.db_base_plugin_common [req-74bf612a-2061-4d94-aba0-aa87100a44b2 req-48f7b778-23c3-4bd3-8acb-90eed73c2ea4 tempest-AttachVolumeNegativeTest-2141881913 tempest-AttachVolumeNegativeTest-2141881913-project] Allocated IP 172.20.0.2 (591cbcb2-92eb-4e6f-ba79-dfe4cffc8ebb/c1c344ec-c589-4c19-bc9b-954d22cce725/dee6f2ee-7a1f-47d0-b42b-2eb764c78f70) {{(pid=94071) _store_ip_allocation /opt/stack/neutron/neutron/db/db_base_plugin_common.py:131}}
Sep 27 12:20:59.028336 dv-cinder-768458-11-smb neutron-server[94071]: INFO neutron.wsgi [req-88d4a7e9-9f99-43df-83dd-3f4077e8487d req-ca38b66a-8f8d-4de1-b1b8-0e3845390d01 tempest-AttachVolumeNegativeTest-2141881913 tempest-AttachVolumeNegativeTest-2141881913-project] 10.222.0.18 "GET /v2.0/ports?device_id=7ba369aa-852b-4685-a380-a832cafd8416 HTTP/1.1" status: 200 len: 210 time: 0.0618410
Sep 27 12:20:59.121825 dv-cinder-768458-11-smb neutron-server[94071]: DEBUG neutron_lib.callbacks.manager [req-74bf612a-2061-4d94-aba0-aa87100a44b2 req-48f7b778-23c3-4bd3-8acb-90eed73c2ea4 tempest-AttachVolumeNegativeTest-2141881913 tempest-AttachVolumeNegativeTest-2141881913-project] Notify callbacks [] for port, precommit_create {{(pid=94071) _notify_loop /usr/local/lib/python3.8/dist-packages/neutron_lib/callbacks/manager.py:192}}
Sep 27 12:20:59.151565 dv-cinder-768458-11-smb neutron-server[94071]: INFO neutron.wsgi [req-949c3b3b-0b96-4617-8246-b95074483590 req-56df0850-96fd-4ba3-b020-32193f4be387 tempest-AttachVolumeTestJSON-2082110685 tempest-AttachVolumeTestJSON-2082110685-project] 10.222.0.18 "GET /v2.0/ports?device_id=1e127c36-7f68-46b5-b0c1-e0280804c039 HTTP/1.1" status: 200 len: 210 time: 0.0434165
Sep 27 12:20:59.248102 dv-cinder-768458-11-smb neutron-server[94071]: INFO neutron.wsgi [req-4672f454-304f-4704-98ce-a6dda7fad068 req-3667e78a-5f8e-4f69-b7f9-64a980e74411 tempest-VolumesActionsTest-1227305696 tempest-VolumesActionsTest-1227305696-project] 10.222.0.18 "GET /v2.0/ports?device_id=fa4d3a22-e063-4e51-a349-b801dcc01c7d HTTP/1.1" status: 200 len: 210 time: 0.0470250
Sep 27 12:20:59.270562 dv-cinder-768458-11-smb neutron-server[94071]: DEBUG neutron_lib.callbacks.manager [req-74bf612a-2061-4d94-aba0-aa87100a44b2 req-48f7b778-23c3-4bd3-8acb-90eed73c2ea4 tempest-AttachVolumeNegativeTest-2141881913 tempest-AttachVolumeNegativeTest-2141881913-project] Notify callbacks ['neutron.plugins.ml2.plugin.SecurityGroupServerNotifierRpcMixin._notify_sg_on_port_change-3816830', 'neutron.plugins.ml2.ovo_rpc._ObjectChangeHandler.handle_event-254827', 'neutron.api.rpc.agentnotifiers.dhcp_rpc_agent_api.DhcpAgentNotifyAPI._native_event_send_dhcp_notification-527299', 'neutron.db.l3_dvrscheduler_db._notify_l3_agent_new_port-8769066152367'] for port, after_create {{(pid=94071) _notify_loop /usr/local/lib/python3.8/dist-packages/neutron_lib/callbacks/manager.py:192}}
Sep 27 12:20:59.284215 dv-cinder-768458-11-smb neutron-server[94073]: DEBUG neutron.plugins.ml2.db [None req-b9e9a482-c277-4796-b7bb-f293d1ac8ff3 None None] get_ports_and_sgs() called for port_ids ['de01a2c6-6b31-4138-8e69-6035e594c4c8', '8279c9d1-d003-4c9f-a09d-6a1491755d86'] {{(pid=94073) get_ports_and_sgs /opt/stack/neutron/neutron/plugins/ml2/db.py:156}}
Sep 27 12:20:59.307646 dv-cinder-768458-11-smb neutron-server[94071]: DEBUG neutron.pecan_wsgi.hooks.policy_enforcement [req-c0146dd7-72ed-4219-ab22-0fc649fff20a req-f570b4d5-39dc-4ddb-978f-ae80b1fd3617 tempest-AttachVolumeTestJSON-2082110685 tempest-AttachVolumeTestJSON-2082110685-project] Attributes excluded by policy engine: ['standard_attr_id', 'vlan_transparent', 'provider:network_type', 'provider:physical_network', 'provider:segmentation_id'] {{(pid=94071) _exclude_attributes_by_policy /opt/stack/neutron/neutron/pecan_wsgi/hooks/policy_enforcement.py:255}}
Sep 27 12:20:59.309123 dv-cinder-768458-11-smb neutron-server[94071]: INFO neutron.wsgi [req-c0146dd7-72ed-4219-ab22-0fc649fff20a req-f570b4d5-39dc-4ddb-978f-ae80b1fd3617 tempest-AttachVolumeTestJSON-2082110685 tempest-AttachVolumeTestJSON-2082110685-project] 10.222.0.21 "GET /v2.0/networks?id=b504824b-7448-45db-97b1-ed9b69d3db35 HTTP/1.1" status: 200 len: 810 time: 0.2676864
Sep 27 12:20:59.344864 dv-cinder-768458-11-smb neutron-server[94071]: DEBUG neutron.scheduler.dhcp_agent_scheduler [req-74bf612a-2061-4d94-aba0-aa87100a44b2 req-48f7b778-23c3-4bd3-8acb-90eed73c2ea4 tempest-AttachVolumeNegativeTest-2141881913 tempest-AttachVolumeNegativeTest-2141881913-project] Network 591cbcb2-92eb-4e6f-ba79-dfe4cffc8ebb is already hosted by enough agents. {{(pid=94071) _get_dhcp_agents_hosting_network /opt/stack/neutron/neutron/scheduler/dhcp_agent_scheduler.py:275}}
Sep 27 12:20:59.363492 dv-cinder-768458-11-smb neutron-server[94071]: DEBUG neutron.scheduler.base_scheduler [req-74bf612a-2061-4d94-aba0-aa87100a44b2 req-48f7b778-23c3-4bd3-8acb-90eed73c2ea4 tempest-AttachVolumeNegativeTest-2141881913 tempest-AttachVolumeNegativeTest-2141881913-project] Resources bound (agent type, host, resource id): {{(pid=94071) schedule /opt/stack/neutron/neutron/scheduler/base_scheduler.py:57}}
Sep 27 12:20:59.378338 dv-cinder-768458-11-smb neutron-server[94071]: DEBUG neutron.db.l3_dvrscheduler_db [req-74bf612a-2061-4d94-aba0-aa87100a44b2 req-48f7b778-23c3-4bd3-8acb-90eed73c2ea4 tempest-AttachVolumeNegativeTest-2141881913 tempest-AttachVolumeNegativeTest-2141881913-project] Received port after_create {{(pid=94071) _notify_l3_agent_new_port /opt/stack/neutron/neutron/db/l3_dvrscheduler_db.py:535}}
Sep 27 12:20:59.383911 dv-cinder-768458-11-smb neutron-server[94071]: DEBUG neutron.pecan_wsgi.hooks.policy_enforcement [req-74bf612a-2061-4d94-aba0-aa87100a44b2 req-48f7b778-23c3-4bd3-8acb-90eed73c2ea4 tempest-AttachVolumeNegativeTest-2141881913 tempest-AttachVolumeNegativeTest-2141881913-project] Attributes excluded by policy engine: ['standard_attr_id', 'binding:profile', 'binding:host_id', 'binding:vif_type', 'binding:vif_details', 'network'] {{(pid=94071) _exclude_attributes_by_policy /opt/stack/neutron/neutron/pecan_wsgi/hooks/policy_enforcement.py:255}}
Sep 27 12:20:59.384529 dv-cinder-768458-11-smb neutron-server[94071]: DEBUG neutron_lib.callbacks.manager [req-74bf612a-2061-4d94-aba0-aa87100a44b2 req-48f7b778-23c3-4bd3-8acb-90eed73c2ea4 tempest-AttachVolumeNegativeTest-2141881913 tempest-AttachVolumeNegativeTest-2141881913-project] Notify callbacks ['neutron.notifiers.nova.Notifier._send_nova_notification-90497'] for port, before_response {{(pid=94071) _notify_loop /usr/local/lib/python3.8/dist-packages/neutron_lib/callbacks/manager.py:192}}
Sep 27 12:20:59.415900 dv-cinder-768458-11-smb neutron-server[94071]: INFO neutron.wsgi [req-1dcc2fa0-bf32-4ff9-88d9-09e9afa5f9ff req-d4dd8796-575a-404e-9638-67b97f432262 tempest-VolumesActionsTest-678965025 tempest-VolumesActionsTest-678965025-project] 10.222.0.18 "GET /v2.0/ports?device_id=579c4a6b-2fb0-4f0b-b582-fbe3bed57a52 HTTP/1.1" status: 200 len: 210 time: 0.0696914
Sep 27 12:20:59.416514 dv-cinder-768458-11-smb neutron-server[94071]: DEBUG neutron.api.rpc.handlers.resources_rpc [None req-48f7b778-23c3-4bd3-8acb-90eed73c2ea4 tempest-AttachVolumeNegativeTest-2141881913 tempest-AttachVolumeNegativeTest-2141881913-project] Pushing event updated for resources: {'Port': ['ID=dee6f2ee-7a1f-47d0-b42b-2eb764c78f70,revision_number=1']} {{(pid=94071) push /opt/stack/neutron/neutron/api/rpc/handlers/resources_rpc.py:237}}
Sep 27 12:20:59.448563 dv-cinder-768458-11-smb neutron-server[94071]: INFO neutron.wsgi [req-c0146dd7-72ed-4219-ab22-0fc649fff20a req-62aeb7fe-cf18-48cd-b8d8-618f690cb0d5 tempest-AttachVolumeTestJSON-2082110685 tempest-AttachVolumeTestJSON-2082110685-project] 10.222.0.21 "GET /v2.0/security-groups?fields=id&fields=name&tenant_id=b89c37a98dfe48ecb7efe11d7356e9f2 HTTP/1.1" status: 200 len: 380 time: 0.1281977
Sep 27 12:20:59.467607 dv-cinder-768458-11-smb neutron-server[94071]: DEBUG neutron.api.v2.base [req-c0146dd7-72ed-4219-ab22-0fc649fff20a req-b601e1c4-c43e-4f42-a8b4-f54e901156ea tempest-AttachVolumeTestJSON-2082110685 tempest-AttachVolumeTestJSON-2082110685-project] Request body: {'port': {'device_id': '1e127c36-7f68-46b5-b0c1-e0280804c039', 'network_id': 'b504824b-7448-45db-97b1-ed9b69d3db35', 'admin_state_up': True, 'tenant_id': 'b89c37a98dfe48ecb7efe11d7356e9f2', 'security_groups': ['898d3f0b-aa28-4060-9802-9c48fc201ef1']}} {{(pid=94071) prepare_request_body /opt/stack/neutron/neutron/api/v2/base.py:730}}
Sep 27 12:20:59.473065 dv-cinder-768458-11-smb neutron-server[94071]: INFO neutron.wsgi [req-74bf612a-2061-4d94-aba0-aa87100a44b2 req-48f7b778-23c3-4bd3-8acb-90eed73c2ea4 tempest-AttachVolumeNegativeTest-2141881913 tempest-AttachVolumeNegativeTest-2141881913-project] 10.222.0.21 "POST /v2.0/ports HTTP/1.1" status: 201 len: 933 time: 0.8700442
Sep 27 12:20:59.506460 dv-cinder-768458-11-smb neutron-server[94071]: DEBUG neutron.api.v2.base [req-74bf612a-2061-4d94-aba0-aa87100a44b2 req-73cc72e9-b8a5-4284-bc57-056c3733a57b service neutron] Request body: {'port': {'device_id': '7ba369aa-852b-4685-a380-a832cafd8416', 'device_owner': 'compute:nova', 'binding:host_id': 'hv-cinder-76845'}} {{(pid=94071) prepare_request_body /opt/stack/neutron/neutron/api/v2/base.py:730}}
Sep 27 12:20:59.535523 dv-cinder-768458-11-smb neutron-server[94071]: DEBUG neutron.pecan_wsgi.hooks.policy_enforcement [req-c654633c-824e-43f9-8d64-50a84895f578 req-cde8954a-1c9d-4eed-9b8a-2af1ee834552 tempest-ServerRescueNegativeTestJSON-1066697370 tempest-ServerRescueNegativeTestJSON-1066697370-project] Attributes excluded by policy engine: ['standard_attr_id', 'binding:profile', 'binding:host_id', 'binding:vif_type', 'binding:vif_details'] {{(pid=94071) _exclude_attributes_by_policy /opt/stack/neutron/neutron/pecan_wsgi/hooks/policy_enforcement.py:255}}
