May 19 11:18:55.212852 dv-cinder-768105-9-smb devstack@c-api.service[98416]: /usr/local/lib/python3.8/dist-packages/webob/acceptparse.py:1047: DeprecationWarning: The behavior of AcceptValidHeader.best_match is currently being maintained for backward compatibility, but it will be deprecated in the future, as it does not conform to the RFC.
May 19 11:18:55.212852 dv-cinder-768105-9-smb devstack@c-api.service[98416]: warnings.warn(
May 19 11:18:55.213800 dv-cinder-768105-9-smb devstack@c-api.service[98416]: DEBUG cinder.api.openstack.wsgi [None req-ac9f100c-4c76-45ee-9374-706699780762 tempest-GroupSnapshotsTest-1335030636 tempest-GroupSnapshotsTest-1335030636-project-admin] Calling method 'version_select' {{(pid=98416) _process_stack /opt/stack/cinder/cinder/api/openstack/wsgi.py:866}}
May 19 11:18:55.233397 dv-cinder-768105-9-smb devstack@c-api.service[98418]: INFO cinder.api.openstack.wsgi [req-0375fef8-ffc7-4940-b819-9c437c0ffdff req-914416fa-416a-4eaf-bd33-57b9006cf70b tempest-AttachVolumeNegativeTest-1593672107 tempest-AttachVolumeNegativeTest-1593672107-project] GET http://10.222.0.107/volume/v3/5aeb6ee050a140afab095d60d5ccc7b5/volumes/bf95443b-ada6-402b-874f-452d318bcabf
May 19 11:18:55.234164 dv-cinder-768105-9-smb devstack@c-api.service[98418]: DEBUG cinder.api.openstack.wsgi [req-0375fef8-ffc7-4940-b819-9c437c0ffdff req-914416fa-416a-4eaf-bd33-57b9006cf70b tempest-AttachVolumeNegativeTest-1593672107 tempest-AttachVolumeNegativeTest-1593672107-project] Empty body provided in request {{(pid=98418) get_body /opt/stack/cinder/cinder/api/openstack/wsgi.py:713}}
May 19 11:18:55.234904 dv-cinder-768105-9-smb devstack@c-api.service[98418]: DEBUG cinder.api.openstack.wsgi [req-0375fef8-ffc7-4940-b819-9c437c0ffdff req-914416fa-416a-4eaf-bd33-57b9006cf70b tempest-AttachVolumeNegativeTest-1593672107 tempest-AttachVolumeNegativeTest-1593672107-project] Calling method 'show' {{(pid=98418) _process_stack /opt/stack/cinder/cinder/api/openstack/wsgi.py:866}}
May 19 11:18:55.259799 dv-cinder-768105-9-smb devstack@c-api.service[98416]: INFO cinder.api.openstack.wsgi [None req-ac9f100c-4c76-45ee-9374-706699780762 tempest-GroupSnapshotsTest-1335030636 tempest-GroupSnapshotsTest-1335030636-project-admin] http://10.222.0.107/volume/v3/b83b996b8bd74eeea69c44a44e102810/group_types/7f885863-1255-478b-a238-bc4bfa76d3c8 returned with HTTP 202
May 19 11:18:55.261216 dv-cinder-768105-9-smb devstack@c-api.service[98416]: [pid: 98416|app: 0|req: 194/393] 10.222.0.107 () {60 vars in 1386 bytes} [Wed May 19 11:18:55 2021] DELETE /volume/v3/b83b996b8bd74eeea69c44a44e102810/group_types/7f885863-1255-478b-a238-bc4bfa76d3c8 => generated 0 bytes in 60 msecs (HTTP/1.1 202) 6 headers in 234 bytes (1 switches on core 0)
May 19 11:18:55.274542 dv-cinder-768105-9-smb devstack@c-api.service[98416]: INFO cinder.api.openstack.wsgi [req-32cae546-1755-4c58-9a23-97cbd08ba6bb req-96083610-6dd0-4bfa-8ae4-4ce54316ca4e tempest-DeleteServersTestJSON-224990919 tempest-DeleteServersTestJSON-224990919-project] PUT http://10.222.0.107/volume/v3/97440a5dbd564bd096492247ef4b9a79/attachments/9659c534-ff79-47bd-976f-050adcb00563
May 19 11:18:55.275944 dv-cinder-768105-9-smb devstack@c-api.service[98416]: DEBUG cinder.api.openstack.wsgi [req-32cae546-1755-4c58-9a23-97cbd08ba6bb req-96083610-6dd0-4bfa-8ae4-4ce54316ca4e tempest-DeleteServersTestJSON-224990919 tempest-DeleteServersTestJSON-224990919-project] Action: 'update', calling method: version_select, body: {"attachment": {"connector": {"platform": "AMD64", "os_type": "win32", "ip": "10.222.0.106", "host": "hv-cinder-76810", "multipath": false, "initiator": "iqn.1991-05.com.microsoft:hv-cinder-76810", "mountpoint": "/dev/sdb"}}} {{(pid=98416) _process_stack /opt/stack/cinder/cinder/api/openstack/wsgi.py:864}}
May 19 11:18:55.333187 dv-cinder-768105-9-smb devstack@c-api.service[98418]: /usr/local/lib/python3.8/dist-packages/oslo_context/context.py:105: DeprecationWarning: Policy enforcement is depending on the value of is_admin. This key is deprecated. Please update your policy file to use the standard policy values.
May 19 11:18:55.333187 dv-cinder-768105-9-smb devstack@c-api.service[98418]: warnings.warn('Policy enforcement is depending on the value of '
May 19 11:18:55.339135 dv-cinder-768105-9-smb devstack@c-api.service[98416]: /usr/local/lib/python3.8/dist-packages/tenacity/__init__.py:333: DeprecationWarning: "retry" function must accept single "retry_state" parameter, please update tooz._retry.retry..
May 19 11:18:55.339135 dv-cinder-768105-9-smb devstack@c-api.service[98416]: return self(f, *args, **kw)
May 19 11:18:55.339911 dv-cinder-768105-9-smb devstack@c-api.service[98416]: DEBUG cinder.coordination [req-32cae546-1755-4c58-9a23-97cbd08ba6bb req-96083610-6dd0-4bfa-8ae4-4ce54316ca4e tempest-DeleteServersTestJSON-224990919 tempest-DeleteServersTestJSON-224990919-project] Lock "b'cinder-attachment_update-d6be1c8b-9ffb-46a0-8ff0-f0b8663cf820-hv-cinder-76810'" acquired by "attachment_update" :: waited 0.013s {{(pid=98416) _synchronized /opt/stack/cinder/cinder/coordination.py:146}}
May 19 11:18:55.343127 dv-cinder-768105-9-smb devstack@c-api.service[98416]: /usr/local/lib/python3.8/dist-packages/oslo_context/context.py:105: DeprecationWarning: Policy enforcement is depending on the value of is_admin. This key is deprecated. Please update your policy file to use the standard policy values.
May 19 11:18:55.343127 dv-cinder-768105-9-smb devstack@c-api.service[98416]: warnings.warn('Policy enforcement is depending on the value of '
May 19 11:18:55.355659 dv-cinder-768105-9-smb devstack@c-api.service[98418]: INFO cinder.volume.api [req-0375fef8-ffc7-4940-b819-9c437c0ffdff req-914416fa-416a-4eaf-bd33-57b9006cf70b tempest-AttachVolumeNegativeTest-1593672107 tempest-AttachVolumeNegativeTest-1593672107-project] Volume info retrieved successfully.
May 19 11:18:55.397063 dv-cinder-768105-9-smb devstack@c-api.service[98418]: /usr/local/lib/python3.8/dist-packages/oslo_context/context.py:105: DeprecationWarning: Policy enforcement is depending on the value of is_admin. This key is deprecated. Please update your policy file to use the standard policy values.
May 19 11:18:55.397063 dv-cinder-768105-9-smb devstack@c-api.service[98418]: warnings.warn('Policy enforcement is depending on the value of '
May 19 11:18:55.408444 dv-cinder-768105-9-smb devstack@c-api.service[98418]: INFO cinder.api.openstack.wsgi [req-0375fef8-ffc7-4940-b819-9c437c0ffdff req-914416fa-416a-4eaf-bd33-57b9006cf70b tempest-AttachVolumeNegativeTest-1593672107 tempest-AttachVolumeNegativeTest-1593672107-project] http://10.222.0.107/volume/v3/5aeb6ee050a140afab095d60d5ccc7b5/volumes/bf95443b-ada6-402b-874f-452d318bcabf returned with HTTP 200
May 19 11:18:55.413828 dv-cinder-768105-9-smb devstack@c-api.service[98418]: [pid: 98418|app: 0|req: 200/394] 10.222.0.106 () {60 vars in 1418 bytes} [Wed May 19 11:18:55 2021] GET /volume/v3/5aeb6ee050a140afab095d60d5ccc7b5/volumes/bf95443b-ada6-402b-874f-452d318bcabf => generated 1016 bytes in 187 msecs (HTTP/1.1 200) 7 headers in 287 bytes (1 switches on core 0)
May 19 11:18:55.421090 dv-cinder-768105-9-smb devstack@c-api.service[98418]: INFO cinder.api.openstack.wsgi [None req-29389018-ee5c-45d1-a745-1aa634cdf71a tempest-GroupSnapshotsTest-1093851518 tempest-GroupSnapshotsTest-1093851518-project] DELETE http://10.222.0.107/volume/v3/04be0e170cc44f0f9038a294d84310e5/volumes/e4b2e297-99bd-4c94-b16a-db5a470c3fff
May 19 11:18:55.422919 dv-cinder-768105-9-smb devstack@c-api.service[98418]: DEBUG cinder.api.openstack.wsgi [None req-29389018-ee5c-45d1-a745-1aa634cdf71a tempest-GroupSnapshotsTest-1093851518 tempest-GroupSnapshotsTest-1093851518-project] Empty body provided in request {{(pid=98418) get_body /opt/stack/cinder/cinder/api/openstack/wsgi.py:713}}
May 19 11:18:55.423143 dv-cinder-768105-9-smb devstack@c-api.service[98418]: /usr/local/lib/python3.8/dist-packages/webob/acceptparse.py:1047: DeprecationWarning: The behavior of AcceptValidHeader.best_match is currently being maintained for backward compatibility, but it will be deprecated in the future, as it does not conform to the RFC.
May 19 11:18:55.423143 dv-cinder-768105-9-smb devstack@c-api.service[98418]: warnings.warn(
May 19 11:18:55.423634 dv-cinder-768105-9-smb devstack@c-api.service[98418]: DEBUG cinder.api.openstack.wsgi [None req-29389018-ee5c-45d1-a745-1aa634cdf71a tempest-GroupSnapshotsTest-1093851518 tempest-GroupSnapshotsTest-1093851518-project] Calling method 'delete' {{(pid=98418) _process_stack /opt/stack/cinder/cinder/api/openstack/wsgi.py:866}}
May 19 11:18:55.424083 dv-cinder-768105-9-smb devstack@c-api.service[98418]: INFO cinder.api.v3.volumes [None req-29389018-ee5c-45d1-a745-1aa634cdf71a tempest-GroupSnapshotsTest-1093851518 tempest-GroupSnapshotsTest-1093851518-project] Delete volume with id: e4b2e297-99bd-4c94-b16a-db5a470c3fff
May 19 11:18:55.499026 dv-cinder-768105-9-smb devstack@c-api.service[98418]: INFO cinder.api.openstack.wsgi [None req-29389018-ee5c-45d1-a745-1aa634cdf71a tempest-GroupSnapshotsTest-1093851518 tempest-GroupSnapshotsTest-1093851518-project] http://10.222.0.107/volume/v3/04be0e170cc44f0f9038a294d84310e5/volumes/e4b2e297-99bd-4c94-b16a-db5a470c3fff returned with HTTP 404
May 19 11:18:55.500998 dv-cinder-768105-9-smb devstack@c-api.service[98418]: [pid: 98418|app: 0|req: 201/395] 10.222.0.107 () {58 vars in 1333 bytes} [Wed May 19 11:18:55 2021] DELETE /volume/v3/04be0e170cc44f0f9038a294d84310e5/volumes/e4b2e297-99bd-4c94-b16a-db5a470c3fff => generated 109 bytes in 87 msecs (HTTP/1.1 404) 7 headers in 292 bytes (1 switches on core 0)
May 19 11:18:55.508997 dv-cinder-768105-9-smb devstack@c-api.service[98418]: INFO cinder.api.openstack.wsgi [req-0375fef8-ffc7-4940-b819-9c437c0ffdff req-a2509fbf-efab-40e1-9773-ab260568f839 tempest-AttachVolumeNegativeTest-1593672107 tempest-AttachVolumeNegativeTest-1593672107-project] PUT http://10.222.0.107/volume/v3/5aeb6ee050a140afab095d60d5ccc7b5/attachments/f7938261-9de8-41f8-aef6-3ebdf086bf4f
May 19 11:18:55.510108 dv-cinder-768105-9-smb devstack@c-api.service[98418]: DEBUG cinder.api.openstack.wsgi [req-0375fef8-ffc7-4940-b819-9c437c0ffdff req-a2509fbf-efab-40e1-9773-ab260568f839 tempest-AttachVolumeNegativeTest-1593672107 tempest-AttachVolumeNegativeTest-1593672107-project] Action: 'update', calling method: version_select, body: {"attachment": {"connector": {"platform": "AMD64", "os_type": "win32", "ip": "10.222.0.106", "host": "hv-cinder-76810", "multipath": false, "initiator": "iqn.1991-05.com.microsoft:hv-cinder-76810", "mountpoint": "/dev/sdb"}}} {{(pid=98418) _process_stack /opt/stack/cinder/cinder/api/openstack/wsgi.py:864}}
May 19 11:18:55.546045 dv-cinder-768105-9-smb devstack@c-api.service[98418]: /usr/local/lib/python3.8/dist-packages/tenacity/__init__.py:333: DeprecationWarning: "retry" function must accept single "retry_state" parameter, please update tooz._retry.retry..
May 19 11:18:55.546045 dv-cinder-768105-9-smb devstack@c-api.service[98418]: return self(f, *args, **kw)
May 19 11:18:55.547040 dv-cinder-768105-9-smb devstack@c-api.service[98418]: DEBUG cinder.coordination [req-0375fef8-ffc7-4940-b819-9c437c0ffdff req-a2509fbf-efab-40e1-9773-ab260568f839 tempest-AttachVolumeNegativeTest-1593672107 tempest-AttachVolumeNegativeTest-1593672107-project] Lock "b'cinder-attachment_update-bf95443b-ada6-402b-874f-452d318bcabf-hv-cinder-76810'" acquired by "attachment_update" :: waited 0.013s {{(pid=98418) _synchronized /opt/stack/cinder/cinder/coordination.py:146}}
May 19 11:18:55.550010 dv-cinder-768105-9-smb devstack@c-api.service[98418]: /usr/local/lib/python3.8/dist-packages/oslo_context/context.py:105: DeprecationWarning: Policy enforcement is depending on the value of is_admin. This key is deprecated. Please update your policy file to use the standard policy values.
May 19 11:18:55.550010 dv-cinder-768105-9-smb devstack@c-api.service[98418]: warnings.warn('Policy enforcement is depending on the value of '
May 19 11:18:55.869988 dv-cinder-768105-9-smb devstack@c-api.service[98416]: DEBUG cinder.coordination [req-32cae546-1755-4c58-9a23-97cbd08ba6bb req-96083610-6dd0-4bfa-8ae4-4ce54316ca4e tempest-DeleteServersTestJSON-224990919 tempest-DeleteServersTestJSON-224990919-project] Lock "b'cinder-attachment_update-d6be1c8b-9ffb-46a0-8ff0-f0b8663cf820-hv-cinder-76810'" released by "attachment_update" :: held 0.528s {{(pid=98416) _synchronized /opt/stack/cinder/cinder/coordination.py:158}}
May 19 11:18:55.872817 dv-cinder-768105-9-smb devstack@c-api.service[98416]: INFO cinder.api.openstack.wsgi [req-32cae546-1755-4c58-9a23-97cbd08ba6bb req-96083610-6dd0-4bfa-8ae4-4ce54316ca4e tempest-DeleteServersTestJSON-224990919 tempest-DeleteServersTestJSON-224990919-project] http://10.222.0.107/volume/v3/97440a5dbd564bd096492247ef4b9a79/attachments/9659c534-ff79-47bd-976f-050adcb00563 returned with HTTP 200
May 19 11:18:55.873702 dv-cinder-768105-9-smb devstack@c-api.service[98416]: [pid: 98416|app: 0|req: 195/396] 10.222.0.106 () {64 vars in 1483 bytes} [Wed May 19 11:18:55 2021] PUT /volume/v3/97440a5dbd564bd096492247ef4b9a79/attachments/9659c534-ff79-47bd-976f-050adcb00563 => generated 652 bytes in 612 msecs (HTTP/1.1 200) 7 headers in 286 bytes (1 switches on core 0)
May 19 11:18:55.879027 dv-cinder-768105-9-smb devstack@c-api.service[98416]: INFO cinder.api.openstack.wsgi [None req-fe5daa3e-0f57-453d-889f-85209f5fc723 tempest-GroupSnapshotsTest-1335030636 tempest-GroupSnapshotsTest-1335030636-project-admin] DELETE http://10.222.0.107/volume/v3/b83b996b8bd74eeea69c44a44e102810/types/b542c252-38f9-408e-b854-0f51564f265a
May 19 11:18:55.879701 dv-cinder-768105-9-smb devstack@c-api.service[98416]: DEBUG cinder.api.openstack.wsgi [None req-fe5daa3e-0f57-453d-889f-85209f5fc723 tempest-GroupSnapshotsTest-1335030636 tempest-GroupSnapshotsTest-1335030636-project-admin] Empty body provided in request {{(pid=98416) get_body /opt/stack/cinder/cinder/api/openstack/wsgi.py:713}}
May 19 11:18:55.880107 dv-cinder-768105-9-smb devstack@c-api.service[98416]: /usr/local/lib/python3.8/dist-packages/webob/acceptparse.py:1047: DeprecationWarning: The behavior of AcceptValidHeader.best_match is currently being maintained for backward compatibility, but it will be deprecated in the future, as it does not conform to the RFC.
May 19 11:18:55.880107 dv-cinder-768105-9-smb devstack@c-api.service[98416]: warnings.warn(
May 19 11:18:55.880704 dv-cinder-768105-9-smb devstack@c-api.service[98416]: DEBUG cinder.api.openstack.wsgi [None req-fe5daa3e-0f57-453d-889f-85209f5fc723 tempest-GroupSnapshotsTest-1335030636 tempest-GroupSnapshotsTest-1335030636-project-admin] Calling method '_delete' {{(pid=98416) _process_stack /opt/stack/cinder/cinder/api/openstack/wsgi.py:866}}
May 19 11:18:55.881350 dv-cinder-768105-9-smb devstack@c-api.service[98416]: /usr/local/lib/python3.8/dist-packages/oslo_context/context.py:105: DeprecationWarning: Policy enforcement is depending on the value of is_admin. This key is deprecated. Please update your policy file to use the standard policy values.
May 19 11:18:55.881350 dv-cinder-768105-9-smb devstack@c-api.service[98416]: warnings.warn('Policy enforcement is depending on the value of '
May 19 11:18:55.966618 dv-cinder-768105-9-smb devstack@c-api.service[98416]: INFO cinder.api.openstack.wsgi [None req-fe5daa3e-0f57-453d-889f-85209f5fc723 tempest-GroupSnapshotsTest-1335030636 tempest-GroupSnapshotsTest-1335030636-project-admin] http://10.222.0.107/volume/v3/b83b996b8bd74eeea69c44a44e102810/types/b542c252-38f9-408e-b854-0f51564f265a returned with HTTP 202
May 19 11:18:55.967928 dv-cinder-768105-9-smb devstack@c-api.service[98416]: [pid: 98416|app: 0|req: 196/397] 10.222.0.107 () {58 vars in 1327 bytes} [Wed May 19 11:18:55 2021] DELETE /volume/v3/b83b996b8bd74eeea69c44a44e102810/types/b542c252-38f9-408e-b854-0f51564f265a => generated 0 bytes in 94 msecs (HTTP/1.1 202) 6 headers in 233 bytes (1 switches on core 0)
May 19 11:18:55.972820 dv-cinder-768105-9-smb devstack@c-api.service[98416]: INFO cinder.api.openstack.wsgi [None req-8a2d7b30-6e94-430f-b566-c81943d6b60e tempest-SnapshotsActionsTest-669526290 tempest-SnapshotsActionsTest-669526290-project] GET http://10.222.0.107/volume/v3/651c4edd1c384837acd2f7a3632d18ae/snapshots/16876069-5825-48f6-83a1-17e2b59588e0
May 19 11:18:55.973769 dv-cinder-768105-9-smb devstack@c-api.service[98416]: DEBUG cinder.api.openstack.wsgi [None req-8a2d7b30-6e94-430f-b566-c81943d6b60e tempest-SnapshotsActionsTest-669526290 tempest-SnapshotsActionsTest-669526290-project] Empty body provided in request {{(pid=98416) get_body /opt/stack/cinder/cinder/api/openstack/wsgi.py:713}}
May 19 11:18:55.974081 dv-cinder-768105-9-smb devstack@c-api.service[98416]: DEBUG cinder.api.openstack.wsgi [None req-8a2d7b30-6e94-430f-b566-c81943d6b60e tempest-SnapshotsActionsTest-669526290 tempest-SnapshotsActionsTest-669526290-project] Calling method 'show' {{(pid=98416) _process_stack /opt/stack/cinder/cinder/api/openstack/wsgi.py:866}}
May 19 11:18:56.002132 dv-cinder-768105-9-smb devstack@c-api.service[98416]: /usr/local/lib/python3.8/dist-packages/oslo_context/context.py:105: DeprecationWarning: Policy enforcement is depending on the value of is_admin. This key is deprecated. Please update your policy file to use the standard policy values.
May 19 11:18:56.002132 dv-cinder-768105-9-smb devstack@c-api.service[98416]: warnings.warn('Policy enforcement is depending on the value of '
May 19 11:18:56.003154 dv-cinder-768105-9-smb devstack@c-api.service[98416]: INFO cinder.volume.api [None req-8a2d7b30-6e94-430f-b566-c81943d6b60e tempest-SnapshotsActionsTest-669526290 tempest-SnapshotsActionsTest-669526290-project] Snapshot retrieved successfully.
May 19 11:18:56.005224 dv-cinder-768105-9-smb devstack@c-api.service[98416]: INFO cinder.api.openstack.wsgi [None req-8a2d7b30-6e94-430f-b566-c81943d6b60e tempest-SnapshotsActionsTest-669526290 tempest-SnapshotsActionsTest-669526290-project] http://10.222.0.107/volume/v3/651c4edd1c384837acd2f7a3632d18ae/snapshots/16876069-5825-48f6-83a1-17e2b59588e0 returned with HTTP 200
May 19 11:18:56.006182 dv-cinder-768105-9-smb devstack@c-api.service[98416]: [pid: 98416|app: 0|req: 197/398] 10.222.0.107 () {58 vars in 1336 bytes} [Wed May 19 11:18:55 2021] GET /volume/v3/651c4edd1c384837acd2f7a3632d18ae/snapshots/16876069-5825-48f6-83a1-17e2b59588e0 => generated 568 bytes in 38 msecs (HTTP/1.1 200) 7 headers in 285 bytes (1 switches on core 0)
May 19 11:18:56.018241 dv-cinder-768105-9-smb devstack@c-api.service[98416]: INFO cinder.api.openstack.wsgi [None req-6ca41256-2185-467d-9101-51509a0eec9c tempest-GroupSnapshotsTest-1335030636 tempest-GroupSnapshotsTest-1335030636-project-admin] GET http://10.222.0.107/volume/v3/b83b996b8bd74eeea69c44a44e102810/types/b542c252-38f9-408e-b854-0f51564f265a
May 19 11:18:56.019048 dv-cinder-768105-9-smb devstack@c-api.service[98416]: DEBUG cinder.api.openstack.wsgi [None req-6ca41256-2185-467d-9101-51509a0eec9c tempest-GroupSnapshotsTest-1335030636 tempest-GroupSnapshotsTest-1335030636-project-admin] Empty body provided in request {{(pid=98416) get_body /opt/stack/cinder/cinder/api/openstack/wsgi.py:713}}
May 19 11:18:56.019229 dv-cinder-768105-9-smb devstack@c-api.service[98416]: /usr/local/lib/python3.8/dist-packages/webob/acceptparse.py:1047: DeprecationWarning: The behavior of AcceptValidHeader.best_match is currently being maintained for backward compatibility, but it will be deprecated in the future, as it does not conform to the RFC.
May 19 11:18:56.019229 dv-cinder-768105-9-smb devstack@c-api.service[98416]: warnings.warn(
May 19 11:18:56.019623 dv-cinder-768105-9-smb devstack@c-api.service[98416]: DEBUG cinder.api.openstack.wsgi [None req-6ca41256-2185-467d-9101-51509a0eec9c tempest-GroupSnapshotsTest-1335030636 tempest-GroupSnapshotsTest-1335030636-project-admin] Calling method 'show' {{(pid=98416) _process_stack /opt/stack/cinder/cinder/api/openstack/wsgi.py:866}}
May 19 11:18:56.032090 dv-cinder-768105-9-smb devstack@c-api.service[98416]: INFO cinder.api.openstack.wsgi [None req-6ca41256-2185-467d-9101-51509a0eec9c tempest-GroupSnapshotsTest-1335030636 tempest-GroupSnapshotsTest-1335030636-project-admin] http://10.222.0.107/volume/v3/b83b996b8bd74eeea69c44a44e102810/types/b542c252-38f9-408e-b854-0f51564f265a returned with HTTP 404
May 19 11:18:56.033662 dv-cinder-768105-9-smb devstack@c-api.service[98416]: [pid: 98416|app: 0|req: 198/399] 10.222.0.107 () {58 vars in 1324 bytes} [Wed May 19 11:18:56 2021] GET /volume/v3/b83b996b8bd74eeea69c44a44e102810/types/b542c252-38f9-408e-b854-0f51564f265a => generated 114 bytes in 27 msecs (HTTP/1.1 404) 7 headers in 292 bytes (1 switches on core 0)
May 19 11:18:56.040624 dv-cinder-768105-9-smb devstack@c-api.service[98416]: INFO cinder.api.openstack.wsgi [None req-ff054e0c-7233-48fd-a40a-11d6457e4351 tempest-SnapshotsActionsTest-1783638946 tempest-SnapshotsActionsTest-1783638946-project-admin] POST http://10.222.0.107/volume/v3/0f31f3b513c24e35829c90a0bf0001d7/snapshots/16876069-5825-48f6-83a1-17e2b59588e0/action
May 19 11:18:56.041429 dv-cinder-768105-9-smb devstack@c-api.service[98416]: DEBUG cinder.api.openstack.wsgi [None req-ff054e0c-7233-48fd-a40a-11d6457e4351 tempest-SnapshotsActionsTest-1783638946 tempest-SnapshotsActionsTest-1783638946-project-admin] Action body: b'{"os-reset_status": {"status": "creating"}}' {{(pid=98416) get_method /opt/stack/cinder/cinder/api/openstack/wsgi.py:981}}
May 19 11:18:56.042018 dv-cinder-768105-9-smb devstack@c-api.service[98416]: DEBUG cinder.api.openstack.wsgi [None req-ff054e0c-7233-48fd-a40a-11d6457e4351 tempest-SnapshotsActionsTest-1783638946 tempest-SnapshotsActionsTest-1783638946-project-admin] Action: 'action', calling method: _reset_status, body: {"os-reset_status": {"status": "creating"}} {{(pid=98416) _process_stack /opt/stack/cinder/cinder/api/openstack/wsgi.py:864}}
May 19 11:18:56.042844 dv-cinder-768105-9-smb devstack@c-api.service[98416]: DEBUG cinder.api.contrib.admin_actions [None req-ff054e0c-7233-48fd-a40a-11d6457e4351 tempest-SnapshotsActionsTest-1783638946 tempest-SnapshotsActionsTest-1783638946-project-admin] Updating snapshot '16876069-5825-48f6-83a1-17e2b59588e0' with '{'status': 'creating'}' {{(pid=98416) _reset_status /opt/stack/cinder/cinder/api/contrib/admin_actions.py:100}}
May 19 11:18:56.074209 dv-cinder-768105-9-smb devstack@c-api.service[98418]: DEBUG cinder.coordination [req-0375fef8-ffc7-4940-b819-9c437c0ffdff req-a2509fbf-efab-40e1-9773-ab260568f839 tempest-AttachVolumeNegativeTest-1593672107 tempest-AttachVolumeNegativeTest-1593672107-project] Lock "b'cinder-attachment_update-bf95443b-ada6-402b-874f-452d318bcabf-hv-cinder-76810'" released by "attachment_update" :: held 0.527s {{(pid=98418) _synchronized /opt/stack/cinder/cinder/coordination.py:158}}
May 19 11:18:56.075144 dv-cinder-768105-9-smb devstack@c-api.service[98418]: INFO cinder.api.openstack.wsgi [req-0375fef8-ffc7-4940-b819-9c437c0ffdff req-a2509fbf-efab-40e1-9773-ab260568f839 tempest-AttachVolumeNegativeTest-1593672107 tempest-AttachVolumeNegativeTest-1593672107-project] http://10.222.0.107/volume/v3/5aeb6ee050a140afab095d60d5ccc7b5/attachments/f7938261-9de8-41f8-aef6-3ebdf086bf4f returned with HTTP 200
May 19 11:18:56.076254 dv-cinder-768105-9-smb devstack@c-api.service[98418]: [pid: 98418|app: 0|req: 202/400] 10.222.0.106 () {64 vars in 1483 bytes} [Wed May 19 11:18:55 2021] PUT /volume/v3/5aeb6ee050a140afab095d60d5ccc7b5/attachments/f7938261-9de8-41f8-aef6-3ebdf086bf4f => generated 652 bytes in 575 msecs (HTTP/1.1 200) 7 headers in 286 bytes (1 switches on core 0)
May 19 11:18:56.080024 dv-cinder-768105-9-smb devstack@c-api.service[98418]: INFO cinder.api.openstack.wsgi [None req-34fb9c54-a518-40b9-8389-c6a2ea0ffb54 tempest-GroupSnapshotsTest-1093851518 tempest-GroupSnapshotsTest-1093851518-project] DELETE http://10.222.0.107/volume/v3/04be0e170cc44f0f9038a294d84310e5/volumes/54f30272-0d73-482a-ad39-b7c29293a1f8
May 19 11:18:56.080736 dv-cinder-768105-9-smb devstack@c-api.service[98418]: DEBUG cinder.api.openstack.wsgi [None req-34fb9c54-a518-40b9-8389-c6a2ea0ffb54 tempest-GroupSnapshotsTest-1093851518 tempest-GroupSnapshotsTest-1093851518-project] Empty body provided in request {{(pid=98418) get_body /opt/stack/cinder/cinder/api/openstack/wsgi.py:713}}
May 19 11:18:56.081088 dv-cinder-768105-9-smb devstack@c-api.service[98418]: /usr/local/lib/python3.8/dist-packages/webob/acceptparse.py:1047: DeprecationWarning: The behavior of AcceptValidHeader.best_match is currently being maintained for backward compatibility, but it will be deprecated in the future, as it does not conform to the RFC.
May 19 11:18:56.081088 dv-cinder-768105-9-smb devstack@c-api.service[98418]: warnings.warn(
May 19 11:18:56.081673 dv-cinder-768105-9-smb devstack@c-api.service[98418]: DEBUG cinder.api.openstack.wsgi [None req-34fb9c54-a518-40b9-8389-c6a2ea0ffb54 tempest-GroupSnapshotsTest-1093851518 tempest-GroupSnapshotsTest-1093851518-project] Calling method 'delete' {{(pid=98418) _process_stack /opt/stack/cinder/cinder/api/openstack/wsgi.py:866}}
May 19 11:18:56.085605 dv-cinder-768105-9-smb devstack@c-api.service[98418]: INFO cinder.api.v3.volumes [None req-34fb9c54-a518-40b9-8389-c6a2ea0ffb54 tempest-GroupSnapshotsTest-1093851518 tempest-GroupSnapshotsTest-1093851518-project] Delete volume with id: 54f30272-0d73-482a-ad39-b7c29293a1f8
May 19 11:18:56.097153 dv-cinder-768105-9-smb devstack@c-api.service[98416]: /usr/local/lib/python3.8/dist-packages/oslo_context/context.py:105: DeprecationWarning: Policy enforcement is depending on the value of is_admin. This key is deprecated. Please update your policy file to use the standard policy values.
May 19 11:18:56.097153 dv-cinder-768105-9-smb devstack@c-api.service[98416]: warnings.warn('Policy enforcement is depending on the value of '
May 19 11:18:56.142558 dv-cinder-768105-9-smb devstack@c-api.service[98418]: INFO cinder.api.openstack.wsgi [None req-34fb9c54-a518-40b9-8389-c6a2ea0ffb54 tempest-GroupSnapshotsTest-1093851518 tempest-GroupSnapshotsTest-1093851518-project] http://10.222.0.107/volume/v3/04be0e170cc44f0f9038a294d84310e5/volumes/54f30272-0d73-482a-ad39-b7c29293a1f8 returned with HTTP 404
May 19 11:18:56.143718 dv-cinder-768105-9-smb devstack@c-api.service[98418]: [pid: 98418|app: 0|req: 203/401] 10.222.0.107 () {58 vars in 1333 bytes} [Wed May 19 11:18:56 2021] DELETE /volume/v3/04be0e170cc44f0f9038a294d84310e5/volumes/54f30272-0d73-482a-ad39-b7c29293a1f8 => generated 109 bytes in 67 msecs (HTTP/1.1 404) 7 headers in 292 bytes (1 switches on core 0)
May 19 11:18:56.152089 dv-cinder-768105-9-smb devstack@c-api.service[98418]: INFO cinder.api.openstack.wsgi [None req-6dc446cb-274d-4998-b671-450b8682c28c tempest-DeleteServersTestJSON-224990919 tempest-DeleteServersTestJSON-224990919-project] GET http://10.222.0.107/volume/v3/97440a5dbd564bd096492247ef4b9a79/volumes/d6be1c8b-9ffb-46a0-8ff0-f0b8663cf820
May 19 11:18:56.153955 dv-cinder-768105-9-smb devstack@c-api.service[98418]: DEBUG cinder.api.openstack.wsgi [None req-6dc446cb-274d-4998-b671-450b8682c28c tempest-DeleteServersTestJSON-224990919 tempest-DeleteServersTestJSON-224990919-project] Empty body provided in request {{(pid=98418) get_body /opt/stack/cinder/cinder/api/openstack/wsgi.py:713}}
May 19 11:18:56.155118 dv-cinder-768105-9-smb devstack@c-api.service[98418]: DEBUG cinder.api.openstack.wsgi [None req-6dc446cb-274d-4998-b671-450b8682c28c tempest-DeleteServersTestJSON-224990919 tempest-DeleteServersTestJSON-224990919-project] Calling method 'show' {{(pid=98418) _process_stack /opt/stack/cinder/cinder/api/openstack/wsgi.py:866}}
May 19 11:18:56.157611 dv-cinder-768105-9-smb devstack@c-api.service[98416]: INFO cinder.api.openstack.wsgi [None req-ff054e0c-7233-48fd-a40a-11d6457e4351 tempest-SnapshotsActionsTest-1783638946 tempest-SnapshotsActionsTest-1783638946-project-admin] http://10.222.0.107/volume/v3/0f31f3b513c24e35829c90a0bf0001d7/snapshots/16876069-5825-48f6-83a1-17e2b59588e0/action returned with HTTP 202
May 19 11:18:56.164526 dv-cinder-768105-9-smb devstack@c-api.service[98416]: [pid: 98416|app: 0|req: 199/402] 10.222.0.107 () {60 vars in 1378 bytes} [Wed May 19 11:18:56 2021] POST /volume/v3/0f31f3b513c24e35829c90a0bf0001d7/snapshots/16876069-5825-48f6-83a1-17e2b59588e0/action => generated 0 bytes in 129 msecs (HTTP/1.1 202) 7 headers in 289 bytes (1 switches on core 0)
May 19 11:18:56.170760 dv-cinder-768105-9-smb devstack@c-api.service[98416]: INFO cinder.api.openstack.wsgi [None req-dc2e4a16-3f65-49c6-b15f-e55d01e6d835 tempest-GroupSnapshotsTest-1093851518 tempest-GroupSnapshotsTest-1093851518-project] DELETE http://10.222.0.107/volume/v3/04be0e170cc44f0f9038a294d84310e5/volumes/75cc4784-16e7-4b8a-a4ef-7efd2b4fdefc
May 19 11:18:56.171325 dv-cinder-768105-9-smb devstack@c-api.service[98416]: DEBUG cinder.api.openstack.wsgi [None req-dc2e4a16-3f65-49c6-b15f-e55d01e6d835 tempest-GroupSnapshotsTest-1093851518 tempest-GroupSnapshotsTest-1093851518-project] Empty body provided in request {{(pid=98416) get_body /opt/stack/cinder/cinder/api/openstack/wsgi.py:713}}
May 19 11:18:56.172769 dv-cinder-768105-9-smb devstack@c-api.service[98416]: /usr/local/lib/python3.8/dist-packages/webob/acceptparse.py:1047: DeprecationWarning: The behavior of AcceptValidHeader.best_match is currently being maintained for backward compatibility, but it will be deprecated in the future, as it does not conform to the RFC.
May 19 11:18:56.172769 dv-cinder-768105-9-smb devstack@c-api.service[98416]: warnings.warn(
May 19 11:18:56.173128 dv-cinder-768105-9-smb devstack@c-api.service[98416]: DEBUG cinder.api.openstack.wsgi [None req-dc2e4a16-3f65-49c6-b15f-e55d01e6d835 tempest-GroupSnapshotsTest-1093851518 tempest-GroupSnapshotsTest-1093851518-project] Calling method 'delete' {{(pid=98416) _process_stack /opt/stack/cinder/cinder/api/openstack/wsgi.py:866}}
May 19 11:18:56.173571 dv-cinder-768105-9-smb devstack@c-api.service[98416]: INFO cinder.api.v3.volumes [None req-dc2e4a16-3f65-49c6-b15f-e55d01e6d835 tempest-GroupSnapshotsTest-1093851518 tempest-GroupSnapshotsTest-1093851518-project] Delete volume with id: 75cc4784-16e7-4b8a-a4ef-7efd2b4fdefc
May 19 11:18:56.234824 dv-cinder-768105-9-smb devstack@c-api.service[98416]: INFO cinder.api.openstack.wsgi [None req-dc2e4a16-3f65-49c6-b15f-e55d01e6d835 tempest-GroupSnapshotsTest-1093851518 tempest-GroupSnapshotsTest-1093851518-project] http://10.222.0.107/volume/v3/04be0e170cc44f0f9038a294d84310e5/volumes/75cc4784-16e7-4b8a-a4ef-7efd2b4fdefc returned with HTTP 404
May 19 11:18:56.238641 dv-cinder-768105-9-smb devstack@c-api.service[98416]: [pid: 98416|app: 0|req: 200/403] 10.222.0.107 () {58 vars in 1333 bytes} [Wed May 19 11:18:56 2021] DELETE /volume/v3/04be0e170cc44f0f9038a294d84310e5/volumes/75cc4784-16e7-4b8a-a4ef-7efd2b4fdefc => generated 109 bytes in 71 msecs (HTTP/1.1 404) 7 headers in 292 bytes (1 switches on core 0)
May 19 11:18:56.243746 dv-cinder-768105-9-smb devstack@c-api.service[98418]: /usr/local/lib/python3.8/dist-packages/oslo_context/context.py:105: DeprecationWarning: Policy enforcement is depending on the value of is_admin. This key is deprecated. Please update your policy file to use the standard policy values.
May 19 11:18:56.243746 dv-cinder-768105-9-smb devstack@c-api.service[98418]: warnings.warn('Policy enforcement is depending on the value of '
May 19 11:18:56.256151 dv-cinder-768105-9-smb devstack@c-api.service[98416]: INFO cinder.api.openstack.wsgi [None req-988bb847-0ee7-4ce2-b13a-e08d41b6837d tempest-SnapshotsActionsTest-669526290 tempest-SnapshotsActionsTest-669526290-project] GET http://10.222.0.107/volume/v3/651c4edd1c384837acd2f7a3632d18ae/snapshots/16876069-5825-48f6-83a1-17e2b59588e0
May 19 11:18:56.256647 dv-cinder-768105-9-smb devstack@c-api.service[98416]: DEBUG cinder.api.openstack.wsgi [None req-988bb847-0ee7-4ce2-b13a-e08d41b6837d tempest-SnapshotsActionsTest-669526290 tempest-SnapshotsActionsTest-669526290-project] Empty body provided in request {{(pid=98416) get_body /opt/stack/cinder/cinder/api/openstack/wsgi.py:713}}
May 19 11:18:56.257088 dv-cinder-768105-9-smb devstack@c-api.service[98416]: DEBUG cinder.api.openstack.wsgi [None req-988bb847-0ee7-4ce2-b13a-e08d41b6837d tempest-SnapshotsActionsTest-669526290 tempest-SnapshotsActionsTest-669526290-project] Calling method 'show' {{(pid=98416) _process_stack /opt/stack/cinder/cinder/api/openstack/wsgi.py:866}}
May 19 11:18:56.257514 dv-cinder-768105-9-smb devstack@c-api.service[98418]: INFO cinder.volume.api [None req-6dc446cb-274d-4998-b671-450b8682c28c tempest-DeleteServersTestJSON-224990919 tempest-DeleteServersTestJSON-224990919-project] Volume info retrieved successfully.
May 19 11:18:56.280206 dv-cinder-768105-9-smb devstack@c-api.service[98418]: /usr/local/lib/python3.8/dist-packages/oslo_context/context.py:105: DeprecationWarning: Policy enforcement is depending on the value of is_admin. This key is deprecated. Please update your policy file to use the standard policy values.
May 19 11:18:56.280206 dv-cinder-768105-9-smb devstack@c-api.service[98418]: warnings.warn('Policy enforcement is depending on the value of '
May 19 11:18:56.289283 dv-cinder-768105-9-smb devstack@c-api.service[98416]: /usr/local/lib/python3.8/dist-packages/oslo_context/context.py:105: DeprecationWarning: Policy enforcement is depending on the value of is_admin. This key is deprecated. Please update your policy file to use the standard policy values.
May 19 11:18:56.289283 dv-cinder-768105-9-smb devstack@c-api.service[98416]: warnings.warn('Policy enforcement is depending on the value of '
May 19 11:18:56.290359 dv-cinder-768105-9-smb devstack@c-api.service[98416]: INFO cinder.volume.api [None req-988bb847-0ee7-4ce2-b13a-e08d41b6837d tempest-SnapshotsActionsTest-669526290 tempest-SnapshotsActionsTest-669526290-project] Snapshot retrieved successfully.
May 19 11:18:56.290873 dv-cinder-768105-9-smb devstack@c-api.service[98418]: INFO cinder.api.openstack.wsgi [None req-6dc446cb-274d-4998-b671-450b8682c28c tempest-DeleteServersTestJSON-224990919 tempest-DeleteServersTestJSON-224990919-project] http://10.222.0.107/volume/v3/97440a5dbd564bd096492247ef4b9a79/volumes/d6be1c8b-9ffb-46a0-8ff0-f0b8663cf820 returned with HTTP 200
May 19 11:18:56.292129 dv-cinder-768105-9-smb devstack@c-api.service[98418]: [pid: 98418|app: 0|req: 204/404] 10.222.0.107 () {58 vars in 1330 bytes} [Wed May 19 11:18:56 2021] GET /volume/v3/97440a5dbd564bd096492247ef4b9a79/volumes/d6be1c8b-9ffb-46a0-8ff0-f0b8663cf820 => generated 916 bytes in 144 msecs (HTTP/1.1 200) 7 headers in 285 bytes (1 switches on core 0)
May 19 11:18:56.292250 dv-cinder-768105-9-smb devstack@c-api.service[98416]: INFO cinder.api.openstack.wsgi [None req-988bb847-0ee7-4ce2-b13a-e08d41b6837d tempest-SnapshotsActionsTest-669526290 tempest-SnapshotsActionsTest-669526290-project] http://10.222.0.107/volume/v3/651c4edd1c384837acd2f7a3632d18ae/snapshots/16876069-5825-48f6-83a1-17e2b59588e0 returned with HTTP 200
May 19 11:18:56.299184 dv-cinder-768105-9-smb devstack@c-api.service[98416]: [pid: 98416|app: 0|req: 201/405] 10.222.0.107 () {58 vars in 1336 bytes} [Wed May 19 11:18:56 2021] GET /volume/v3/651c4edd1c384837acd2f7a3632d18ae/snapshots/16876069-5825-48f6-83a1-17e2b59588e0 => generated 567 bytes in 62 msecs (HTTP/1.1 200) 7 headers in 285 bytes (1 switches on core 0)
May 19 11:18:56.303241 dv-cinder-768105-9-smb devstack@c-api.service[98418]: INFO cinder.api.openstack.wsgi [None req-ba6f2973-abda-46b3-a012-52aefeb76804 tempest-AttachVolumeNegativeTest-1593672107 tempest-AttachVolumeNegativeTest-1593672107-project] GET http://10.222.0.107/volume/v3/5aeb6ee050a140afab095d60d5ccc7b5/volumes/bf95443b-ada6-402b-874f-452d318bcabf
May 19 11:18:56.303733 dv-cinder-768105-9-smb devstack@c-api.service[98418]: DEBUG cinder.api.openstack.wsgi [None req-ba6f2973-abda-46b3-a012-52aefeb76804 tempest-AttachVolumeNegativeTest-1593672107 tempest-AttachVolumeNegativeTest-1593672107-project] Empty body provided in request {{(pid=98418) get_body /opt/stack/cinder/cinder/api/openstack/wsgi.py:713}}
May 19 11:18:56.303908 dv-cinder-768105-9-smb devstack@c-api.service[98418]: /usr/local/lib/python3.8/dist-packages/webob/acceptparse.py:1047: DeprecationWarning: The behavior of AcceptValidHeader.best_match is currently being maintained for backward compatibility, but it will be deprecated in the future, as it does not conform to the RFC.
May 19 11:18:56.303908 dv-cinder-768105-9-smb devstack@c-api.service[98418]: warnings.warn(
May 19 11:18:56.304079 dv-cinder-768105-9-smb devstack@c-api.service[98416]: INFO cinder.api.openstack.wsgi [None req-7908bbdc-6039-4e96-8d2f-1d83bb9b31ff tempest-GroupSnapshotsTest-1335030636 tempest-GroupSnapshotsTest-1335030636-project-admin] DELETE http://10.222.0.107/volume/v3/b83b996b8bd74eeea69c44a44e102810/types/592345aa-4eda-40f9-9a71-93a4e640f5d9
May 19 11:18:56.304292 dv-cinder-768105-9-smb devstack@c-api.service[98418]: DEBUG cinder.api.openstack.wsgi [None req-ba6f2973-abda-46b3-a012-52aefeb76804 tempest-AttachVolumeNegativeTest-1593672107 tempest-AttachVolumeNegativeTest-1593672107-project] Calling method 'show' {{(pid=98418) _process_stack /opt/stack/cinder/cinder/api/openstack/wsgi.py:866}}
May 19 11:18:56.304589 dv-cinder-768105-9-smb devstack@c-api.service[98416]: DEBUG cinder.api.openstack.wsgi [None req-7908bbdc-6039-4e96-8d2f-1d83bb9b31ff tempest-GroupSnapshotsTest-1335030636 tempest-GroupSnapshotsTest-1335030636-project-admin] Empty body provided in request {{(pid=98416) get_body /opt/stack/cinder/cinder/api/openstack/wsgi.py:713}}
May 19 11:18:56.304811 dv-cinder-768105-9-smb devstack@c-api.service[98416]: /usr/local/lib/python3.8/dist-packages/webob/acceptparse.py:1047: DeprecationWarning: The behavior of AcceptValidHeader.best_match is currently being maintained for backward compatibility, but it will be deprecated in the future, as it does not conform to the RFC.
May 19 11:18:56.304811 dv-cinder-768105-9-smb devstack@c-api.service[98416]: warnings.warn(
May 19 11:18:56.305631 dv-cinder-768105-9-smb devstack@c-api.service[98416]: DEBUG cinder.api.openstack.wsgi [None req-7908bbdc-6039-4e96-8d2f-1d83bb9b31ff tempest-GroupSnapshotsTest-1335030636 tempest-GroupSnapshotsTest-1335030636-project-admin] Calling method '_delete' {{(pid=98416) _process_stack /opt/stack/cinder/cinder/api/openstack/wsgi.py:866}}
May 19 11:18:56.367014 dv-cinder-768105-9-smb devstack@c-api.service[98418]: /usr/local/lib/python3.8/dist-packages/oslo_context/context.py:105: DeprecationWarning: Policy enforcement is depending on the value of is_admin. This key is deprecated. Please update your policy file to use the standard policy values.
May 19 11:18:56.367014 dv-cinder-768105-9-smb devstack@c-api.service[98418]: warnings.warn('Policy enforcement is depending on the value of '
May 19 11:18:56.377916 dv-cinder-768105-9-smb devstack@c-api.service[98418]: INFO cinder.volume.api [None req-ba6f2973-abda-46b3-a012-52aefeb76804 tempest-AttachVolumeNegativeTest-1593672107 tempest-AttachVolumeNegativeTest-1593672107-project] Volume info retrieved successfully.
May 19 11:18:56.398912 dv-cinder-768105-9-smb devstack@c-api.service[98418]: /usr/local/lib/python3.8/dist-packages/oslo_context/context.py:105: DeprecationWarning: Policy enforcement is depending on the value of is_admin. This key is deprecated. Please update your policy file to use the standard policy values.
May 19 11:18:56.398912 dv-cinder-768105-9-smb devstack@c-api.service[98418]: warnings.warn('Policy enforcement is depending on the value of '
May 19 11:18:56.412493 dv-cinder-768105-9-smb devstack@c-api.service[98418]: INFO cinder.api.openstack.wsgi [None req-ba6f2973-abda-46b3-a012-52aefeb76804 tempest-AttachVolumeNegativeTest-1593672107 tempest-AttachVolumeNegativeTest-1593672107-project] http://10.222.0.107/volume/v3/5aeb6ee050a140afab095d60d5ccc7b5/volumes/bf95443b-ada6-402b-874f-452d318bcabf returned with HTTP 200
May 19 11:18:56.423449 dv-cinder-768105-9-smb devstack@c-api.service[98418]: [pid: 98418|app: 0|req: 205/406] 10.222.0.107 () {58 vars in 1330 bytes} [Wed May 19 11:18:56 2021] GET /volume/v3/5aeb6ee050a140afab095d60d5ccc7b5/volumes/bf95443b-ada6-402b-874f-452d318bcabf => generated 918 bytes in 131 msecs (HTTP/1.1 200) 7 headers in 285 bytes (1 switches on core 0)
May 19 11:18:56.428944 dv-cinder-768105-9-smb devstack@c-api.service[98418]: INFO cinder.api.openstack.wsgi [None req-c7046e45-35ad-44d7-99f2-e0fd745a99c9 tempest-SnapshotsActionsTest-1783638946 tempest-SnapshotsActionsTest-1783638946-project-admin] POST http://10.222.0.107/volume/v3/0f31f3b513c24e35829c90a0bf0001d7/snapshots/16876069-5825-48f6-83a1-17e2b59588e0/action
May 19 11:18:56.429657 dv-cinder-768105-9-smb devstack@c-api.service[98418]: /usr/local/lib/python3.8/dist-packages/webob/acceptparse.py:1047: DeprecationWarning: The behavior of AcceptValidHeader.best_match is currently being maintained for backward compatibility, but it will be deprecated in the future, as it does not conform to the RFC.
May 19 11:18:56.429657 dv-cinder-768105-9-smb devstack@c-api.service[98418]: warnings.warn(
May 19 11:18:56.430348 dv-cinder-768105-9-smb devstack@c-api.service[98418]: DEBUG cinder.api.openstack.wsgi [None req-c7046e45-35ad-44d7-99f2-e0fd745a99c9 tempest-SnapshotsActionsTest-1783638946 tempest-SnapshotsActionsTest-1783638946-project-admin] Action body: b'{"os-force_delete": {}}' {{(pid=98418) get_method /opt/stack/cinder/cinder/api/openstack/wsgi.py:981}}
May 19 11:18:56.431371 dv-cinder-768105-9-smb devstack@c-api.service[98418]: DEBUG cinder.api.openstack.wsgi [None req-c7046e45-35ad-44d7-99f2-e0fd745a99c9 tempest-SnapshotsActionsTest-1783638946 tempest-SnapshotsActionsTest-1783638946-project-admin] Action: 'action', calling method: _force_delete, body: {"os-force_delete": {}} {{(pid=98418) _process_stack /opt/stack/cinder/cinder/api/openstack/wsgi.py:864}}
May 19 11:18:56.436875 dv-cinder-768105-9-smb devstack@c-api.service[98416]: INFO cinder.api.openstack.wsgi [None req-7908bbdc-6039-4e96-8d2f-1d83bb9b31ff tempest-GroupSnapshotsTest-1335030636 tempest-GroupSnapshotsTest-1335030636-project-admin] http://10.222.0.107/volume/v3/b83b996b8bd74eeea69c44a44e102810/types/592345aa-4eda-40f9-9a71-93a4e640f5d9 returned with HTTP 202
May 19 11:18:56.438402 dv-cinder-768105-9-smb devstack@c-api.service[98416]: [pid: 98416|app: 0|req: 202/407] 10.222.0.107 () {58 vars in 1327 bytes} [Wed May 19 11:18:56 2021] DELETE /volume/v3/b83b996b8bd74eeea69c44a44e102810/types/592345aa-4eda-40f9-9a71-93a4e640f5d9 => generated 0 bytes in 139 msecs (HTTP/1.1 202) 6 headers in 233 bytes (1 switches on core 0)
May 19 11:18:56.447994 dv-cinder-768105-9-smb devstack@c-api.service[98416]: INFO cinder.api.openstack.wsgi [None req-d824248e-8397-4842-8715-22b4f128e4e3 tempest-GroupSnapshotsTest-1335030636 tempest-GroupSnapshotsTest-1335030636-project-admin] GET http://10.222.0.107/volume/v3/b83b996b8bd74eeea69c44a44e102810/types/592345aa-4eda-40f9-9a71-93a4e640f5d9
May 19 11:18:56.448452 dv-cinder-768105-9-smb devstack@c-api.service[98416]: DEBUG cinder.api.openstack.wsgi [None req-d824248e-8397-4842-8715-22b4f128e4e3 tempest-GroupSnapshotsTest-1335030636 tempest-GroupSnapshotsTest-1335030636-project-admin] Empty body provided in request {{(pid=98416) get_body /opt/stack/cinder/cinder/api/openstack/wsgi.py:713}}
May 19 11:18:56.448896 dv-cinder-768105-9-smb devstack@c-api.service[98416]: DEBUG cinder.api.openstack.wsgi [None req-d824248e-8397-4842-8715-22b4f128e4e3 tempest-GroupSnapshotsTest-1335030636 tempest-GroupSnapshotsTest-1335030636-project-admin] Calling method 'show' {{(pid=98416) _process_stack /opt/stack/cinder/cinder/api/openstack/wsgi.py:866}}
May 19 11:18:56.467795 dv-cinder-768105-9-smb devstack@c-api.service[98418]: /usr/local/lib/python3.8/dist-packages/oslo_context/context.py:105: DeprecationWarning: Policy enforcement is depending on the value of is_admin. This key is deprecated. Please update your policy file to use the standard policy values.
May 19 11:18:56.467795 dv-cinder-768105-9-smb devstack@c-api.service[98418]: warnings.warn('Policy enforcement is depending on the value of '
May 19 11:18:56.468903 dv-cinder-768105-9-smb devstack@c-api.service[98418]: INFO cinder.volume.api [None req-c7046e45-35ad-44d7-99f2-e0fd745a99c9 tempest-SnapshotsActionsTest-1783638946 tempest-SnapshotsActionsTest-1783638946-project-admin] Snapshot retrieved successfully.
May 19 11:18:56.476642 dv-cinder-768105-9-smb devstack@c-api.service[98416]: INFO cinder.api.openstack.wsgi [None req-d824248e-8397-4842-8715-22b4f128e4e3 tempest-GroupSnapshotsTest-1335030636 tempest-GroupSnapshotsTest-1335030636-project-admin] http://10.222.0.107/volume/v3/b83b996b8bd74eeea69c44a44e102810/types/592345aa-4eda-40f9-9a71-93a4e640f5d9 returned with HTTP 404
May 19 11:18:56.481652 dv-cinder-768105-9-smb devstack@c-api.service[98416]: [pid: 98416|app: 0|req: 203/408] 10.222.0.107 () {58 vars in 1324 bytes} [Wed May 19 11:18:56 2021] GET /volume/v3/b83b996b8bd74eeea69c44a44e102810/types/592345aa-4eda-40f9-9a71-93a4e640f5d9 => generated 114 bytes in 40 msecs (HTTP/1.1 404) 7 headers in 292 bytes (1 switches on core 0)
May 19 11:18:56.497204 dv-cinder-768105-9-smb devstack@c-api.service[98416]: INFO cinder.api.openstack.wsgi [None req-9a71135f-9045-48e2-9da0-94736be070a2 tempest-GroupSnapshotsTest-1093851518 tempest-GroupSnapshotsTest-1093851518-project] DELETE http://10.222.0.107/volume/v3/04be0e170cc44f0f9038a294d84310e5/volumes/7b8c8c60-c523-4464-b0f3-461bbfd6fb07
May 19 11:18:56.498790 dv-cinder-768105-9-smb devstack@c-api.service[98416]: DEBUG cinder.api.openstack.wsgi [None req-9a71135f-9045-48e2-9da0-94736be070a2 tempest-GroupSnapshotsTest-1093851518 tempest-GroupSnapshotsTest-1093851518-project] Empty body provided in request {{(pid=98416) get_body /opt/stack/cinder/cinder/api/openstack/wsgi.py:713}}
May 19 11:18:56.501136 dv-cinder-768105-9-smb devstack@c-api.service[98416]: DEBUG cinder.api.openstack.wsgi [None req-9a71135f-9045-48e2-9da0-94736be070a2 tempest-GroupSnapshotsTest-1093851518 tempest-GroupSnapshotsTest-1093851518-project] Calling method 'delete' {{(pid=98416) _process_stack /opt/stack/cinder/cinder/api/openstack/wsgi.py:866}}
May 19 11:18:56.501750 dv-cinder-768105-9-smb devstack@c-api.service[98416]: INFO cinder.api.v3.volumes [None req-9a71135f-9045-48e2-9da0-94736be070a2 tempest-GroupSnapshotsTest-1093851518 tempest-GroupSnapshotsTest-1093851518-project] Delete volume with id: 7b8c8c60-c523-4464-b0f3-461bbfd6fb07
May 19 11:18:56.566934 dv-cinder-768105-9-smb devstack@c-api.service[98416]: INFO cinder.api.openstack.wsgi [None req-9a71135f-9045-48e2-9da0-94736be070a2 tempest-GroupSnapshotsTest-1093851518 tempest-GroupSnapshotsTest-1093851518-project] http://10.222.0.107/volume/v3/04be0e170cc44f0f9038a294d84310e5/volumes/7b8c8c60-c523-4464-b0f3-461bbfd6fb07 returned with HTTP 404
May 19 11:18:56.570794 dv-cinder-768105-9-smb devstack@c-api.service[98416]: [pid: 98416|app: 0|req: 204/409] 10.222.0.107 () {58 vars in 1333 bytes} [Wed May 19 11:18:56 2021] DELETE /volume/v3/04be0e170cc44f0f9038a294d84310e5/volumes/7b8c8c60-c523-4464-b0f3-461bbfd6fb07 => generated 109 bytes in 83 msecs (HTTP/1.1 404) 7 headers in 292 bytes (1 switches on core 0)
May 19 11:18:56.577103 dv-cinder-768105-9-smb devstack@c-api.service[98416]: INFO cinder.api.openstack.wsgi [req-32cae546-1755-4c58-9a23-97cbd08ba6bb req-998807c1-9934-4e63-83f2-4d4b07644211 tempest-DeleteServersTestJSON-224990919 tempest-DeleteServersTestJSON-224990919-project] POST http://10.222.0.107/volume/v3/97440a5dbd564bd096492247ef4b9a79/attachments/9659c534-ff79-47bd-976f-050adcb00563/action
May 19 11:18:56.577875 dv-cinder-768105-9-smb devstack@c-api.service[98416]: DEBUG cinder.api.openstack.wsgi [req-32cae546-1755-4c58-9a23-97cbd08ba6bb req-998807c1-9934-4e63-83f2-4d4b07644211 tempest-DeleteServersTestJSON-224990919 tempest-DeleteServersTestJSON-224990919-project] Action body: b'{"os-complete": null}' {{(pid=98416) get_method /opt/stack/cinder/cinder/api/openstack/wsgi.py:981}}
May 19 11:18:56.578210 dv-cinder-768105-9-smb devstack@c-api.service[98416]: DEBUG cinder.api.openstack.wsgi [req-32cae546-1755-4c58-9a23-97cbd08ba6bb req-998807c1-9934-4e63-83f2-4d4b07644211 tempest-DeleteServersTestJSON-224990919 tempest-DeleteServersTestJSON-224990919-project] Action: 'action', calling method: version_select, body: {"os-complete": null} {{(pid=98416) _process_stack /opt/stack/cinder/cinder/api/openstack/wsgi.py:864}}
May 19 11:18:56.590800 dv-cinder-768105-9-smb devstack@c-api.service[98418]: INFO cinder.volume.api [None req-c7046e45-35ad-44d7-99f2-e0fd745a99c9 tempest-SnapshotsActionsTest-1783638946 tempest-SnapshotsActionsTest-1783638946-project-admin] Snapshot delete request issued successfully.
May 19 11:18:56.591280 dv-cinder-768105-9-smb devstack@c-api.service[98418]: INFO cinder.api.openstack.wsgi [None req-c7046e45-35ad-44d7-99f2-e0fd745a99c9 tempest-SnapshotsActionsTest-1783638946 tempest-SnapshotsActionsTest-1783638946-project-admin] http://10.222.0.107/volume/v3/0f31f3b513c24e35829c90a0bf0001d7/snapshots/16876069-5825-48f6-83a1-17e2b59588e0/action returned with HTTP 202
May 19 11:18:56.592375 dv-cinder-768105-9-smb devstack@c-api.service[98418]: [pid: 98418|app: 0|req: 206/410] 10.222.0.107 () {60 vars in 1378 bytes} [Wed May 19 11:18:56 2021] POST /volume/v3/0f31f3b513c24e35829c90a0bf0001d7/snapshots/16876069-5825-48f6-83a1-17e2b59588e0/action => generated 0 bytes in 168 msecs (HTTP/1.1 202) 7 headers in 289 bytes (1 switches on core 0)
May 19 11:18:56.596587 dv-cinder-768105-9-smb devstack@c-api.service[98418]: INFO cinder.api.openstack.wsgi [None req-eadc7b4b-263d-4794-8879-79b3a07ecea7 tempest-GroupSnapshotsTest-1335030636 tempest-GroupSnapshotsTest-1335030636-project-admin] DELETE http://10.222.0.107/volume/v3/b83b996b8bd74eeea69c44a44e102810/types/8b099b2d-4399-4683-8cf3-563049b3919b
