May 19 11:18:30.487418 dv-cinder-768105-9-smb devstack@c-api.service[98418]: DEBUG cinder.api.openstack.wsgi [None req-091f4115-42e4-4f98-a8e5-67dac69957d0 tempest-VolumeQuotasAdminTestJSON-712129955 tempest-VolumeQuotasAdminTestJSON-712129955-project] Calling method 'show' {{(pid=98418) _process_stack /opt/stack/cinder/cinder/api/openstack/wsgi.py:866}}
May 19 11:18:30.511388 dv-cinder-768105-9-smb devstack@c-api.service[98416]: DEBUG cinder.volume.api [None req-91e0abbb-95ea-4efa-b61a-28f1079a2886 tempest-GroupSnapshotsTest-1093851518 tempest-GroupSnapshotsTest-1093851518-project] Task 'cinder.volume.flows.api.create_volume.VolumeCastTask;volume:create' (bf91d8ba-1181-4d57-b195-d3318ab50c9a) transitioned into state 'SUCCESS' from state 'RUNNING' with result 'None' {{(pid=98416) _task_receiver /usr/local/lib/python3.8/dist-packages/taskflow/listeners/logging.py:178}}
May 19 11:18:30.518345 dv-cinder-768105-9-smb devstack@c-api.service[98416]: DEBUG cinder.volume.api [None req-91e0abbb-95ea-4efa-b61a-28f1079a2886 tempest-GroupSnapshotsTest-1093851518 tempest-GroupSnapshotsTest-1093851518-project] Flow 'volume_create_api' (40f342b2-9eb6-4e85-9155-e8e98c7d3f9d) transitioned into state 'SUCCESS' from state 'RUNNING' {{(pid=98416) _flow_receiver /usr/local/lib/python3.8/dist-packages/taskflow/listeners/logging.py:141}}
May 19 11:18:30.522496 dv-cinder-768105-9-smb devstack@c-api.service[98416]: INFO cinder.volume.api [None req-91e0abbb-95ea-4efa-b61a-28f1079a2886 tempest-GroupSnapshotsTest-1093851518 tempest-GroupSnapshotsTest-1093851518-project] Create volume request issued successfully.
May 19 11:18:30.586676 dv-cinder-768105-9-smb devstack@c-api.service[98416]: WARNING stevedore.named [None req-91e0abbb-95ea-4efa-b61a-28f1079a2886 tempest-GroupSnapshotsTest-1093851518 tempest-GroupSnapshotsTest-1093851518-project] Could not load cinder.keymgr.conf_key_mgr.ConfKeyManager
May 19 11:18:30.589422 dv-cinder-768105-9-smb devstack@c-api.service[98416]: WARNING castellan.key_manager [None req-91e0abbb-95ea-4efa-b61a-28f1079a2886 tempest-GroupSnapshotsTest-1093851518 tempest-GroupSnapshotsTest-1093851518-project] Deprecation Warning : cinder.keymgr.conf_key_mgr.ConfKeyManager is not a stevedore based driver, trying to load it as a class: stevedore.exception.NoMatches: No 'castellan.drivers' driver found, looking for 'cinder.keymgr.conf_key_mgr.ConfKeyManager'
May 19 11:18:30.607434 dv-cinder-768105-9-smb devstack@c-api.service[98416]: DEBUG oslo_db.sqlalchemy.engines [None req-91e0abbb-95ea-4efa-b61a-28f1079a2886 tempest-GroupSnapshotsTest-1093851518 tempest-GroupSnapshotsTest-1093851518-project] MySQL server mode set to STRICT_TRANS_TABLES,STRICT_ALL_TABLES,NO_ZERO_IN_DATE,NO_ZERO_DATE,ERROR_FOR_DIVISION_BY_ZERO,TRADITIONAL,NO_ENGINE_SUBSTITUTION {{(pid=98416) _check_effective_sql_mode /usr/local/lib/python3.8/dist-packages/oslo_db/sqlalchemy/engines.py:314}}
May 19 11:18:30.614465 dv-cinder-768105-9-smb devstack@c-api.service[98418]: INFO cinder.api.openstack.wsgi [None req-091f4115-42e4-4f98-a8e5-67dac69957d0 tempest-VolumeQuotasAdminTestJSON-712129955 tempest-VolumeQuotasAdminTestJSON-712129955-project] http://10.222.0.107/volume/v3/8e8c1a9feaa44e4fbaa15ea0a1898ea8/volumes/9f34fb12-4dc6-47bc-83bc-2d389fcf652d returned with HTTP 404
May 19 11:18:30.616088 dv-cinder-768105-9-smb devstack@c-api.service[98418]: [pid: 98418|app: 0|req: 51/112] 10.222.0.107 () {58 vars in 1330 bytes} [Wed May 19 11:18:30 2021] GET /volume/v3/8e8c1a9feaa44e4fbaa15ea0a1898ea8/volumes/9f34fb12-4dc6-47bc-83bc-2d389fcf652d => generated 109 bytes in 142 msecs (HTTP/1.1 404) 7 headers in 292 bytes (1 switches on core 0)
May 19 11:18:30.621764 dv-cinder-768105-9-smb devstack@c-api.service[98416]: /usr/local/lib/python3.8/dist-packages/oslo_context/context.py:105: DeprecationWarning: Policy enforcement is depending on the value of is_admin. This key is deprecated. Please update your policy file to use the standard policy values.
May 19 11:18:30.621764 dv-cinder-768105-9-smb devstack@c-api.service[98416]: warnings.warn('Policy enforcement is depending on the value of '
May 19 11:18:30.630647 dv-cinder-768105-9-smb devstack@c-api.service[98418]: INFO cinder.api.openstack.wsgi [None req-8d6ba7b7-52d0-41a2-b2c5-ae2da3579ddc tempest-VolumeQuotasAdminTestJSON-712129955 tempest-VolumeQuotasAdminTestJSON-712129955-project] POST http://10.222.0.107/volume/v3/8e8c1a9feaa44e4fbaa15ea0a1898ea8/volumes
May 19 11:18:30.636214 dv-cinder-768105-9-smb devstack@c-api.service[98418]: DEBUG cinder.api.openstack.wsgi [None req-8d6ba7b7-52d0-41a2-b2c5-ae2da3579ddc tempest-VolumeQuotasAdminTestJSON-712129955 tempest-VolumeQuotasAdminTestJSON-712129955-project] Action: 'create', calling method: create, body: {"volume": {"size": 1, "name": "tempest-VolumeQuotasAdminTestJSON-Volume-1487646869"}} {{(pid=98418) _process_stack /opt/stack/cinder/cinder/api/openstack/wsgi.py:864}}
May 19 11:18:30.637706 dv-cinder-768105-9-smb devstack@c-api.service[98418]: DEBUG cinder.api.v3.volumes [None req-8d6ba7b7-52d0-41a2-b2c5-ae2da3579ddc tempest-VolumeQuotasAdminTestJSON-712129955 tempest-VolumeQuotasAdminTestJSON-712129955-project] Create volume request body: {'volume': {'size': 1, 'name': 'tempest-VolumeQuotasAdminTestJSON-Volume-1487646869'}} {{(pid=98418) create /opt/stack/cinder/cinder/api/v3/volumes.py:289}}
May 19 11:18:30.638373 dv-cinder-768105-9-smb devstack@c-api.service[98418]: INFO cinder.api.v3.volumes [None req-8d6ba7b7-52d0-41a2-b2c5-ae2da3579ddc tempest-VolumeQuotasAdminTestJSON-712129955 tempest-VolumeQuotasAdminTestJSON-712129955-project] Create volume of 1 GB
May 19 11:18:30.654187 dv-cinder-768105-9-smb devstack@c-api.service[98416]: INFO cinder.api.openstack.wsgi [None req-91e0abbb-95ea-4efa-b61a-28f1079a2886 tempest-GroupSnapshotsTest-1093851518 tempest-GroupSnapshotsTest-1093851518-project] http://10.222.0.107/volume/v3/04be0e170cc44f0f9038a294d84310e5/volumes returned with HTTP 202
May 19 11:18:30.665715 dv-cinder-768105-9-smb devstack@c-api.service[98416]: [pid: 98416|app: 0|req: 62/113] 10.222.0.107 () {62 vars in 1282 bytes} [Wed May 19 11:18:29 2021] POST /volume/v3/04be0e170cc44f0f9038a294d84310e5/volumes => generated 907 bytes in 855 msecs (HTTP/1.1 202) 7 headers in 292 bytes (2 switches on core 0)
May 19 11:18:30.674513 dv-cinder-768105-9-smb devstack@c-api.service[98416]: INFO cinder.api.openstack.wsgi [None req-91c45cf7-f4c0-4da5-8385-f69186036749 tempest-GroupSnapshotsTest-1093851518 tempest-GroupSnapshotsTest-1093851518-project] GET http://10.222.0.107/volume/v3/04be0e170cc44f0f9038a294d84310e5/volumes/54f30272-0d73-482a-ad39-b7c29293a1f8
May 19 11:18:30.675053 dv-cinder-768105-9-smb devstack@c-api.service[98416]: DEBUG cinder.api.openstack.wsgi [None req-91c45cf7-f4c0-4da5-8385-f69186036749 tempest-GroupSnapshotsTest-1093851518 tempest-GroupSnapshotsTest-1093851518-project] Empty body provided in request {{(pid=98416) get_body /opt/stack/cinder/cinder/api/openstack/wsgi.py:713}}
May 19 11:18:30.675240 dv-cinder-768105-9-smb devstack@c-api.service[98416]: /usr/local/lib/python3.8/dist-packages/webob/acceptparse.py:1047: DeprecationWarning: The behavior of AcceptValidHeader.best_match is currently being maintained for backward compatibility, but it will be deprecated in the future, as it does not conform to the RFC.
May 19 11:18:30.675240 dv-cinder-768105-9-smb devstack@c-api.service[98416]: warnings.warn(
May 19 11:18:30.676891 dv-cinder-768105-9-smb devstack@c-api.service[98416]: DEBUG cinder.api.openstack.wsgi [None req-91c45cf7-f4c0-4da5-8385-f69186036749 tempest-GroupSnapshotsTest-1093851518 tempest-GroupSnapshotsTest-1093851518-project] Calling method 'show' {{(pid=98416) _process_stack /opt/stack/cinder/cinder/api/openstack/wsgi.py:866}}
May 19 11:18:30.692057 dv-cinder-768105-9-smb devstack@c-api.service[98418]: INFO cinder.volume.api [None req-8d6ba7b7-52d0-41a2-b2c5-ae2da3579ddc tempest-VolumeQuotasAdminTestJSON-712129955 tempest-VolumeQuotasAdminTestJSON-712129955-project] Availability Zones retrieved successfully.
May 19 11:18:30.726579 dv-cinder-768105-9-smb devstack@c-api.service[98418]: DEBUG cinder.volume.api [None req-8d6ba7b7-52d0-41a2-b2c5-ae2da3579ddc tempest-VolumeQuotasAdminTestJSON-712129955 tempest-VolumeQuotasAdminTestJSON-712129955-project] Flow 'volume_create_api' (196073af-1754-478f-a661-284ab03249d0) transitioned into state 'RUNNING' from state 'PENDING' {{(pid=98418) _flow_receiver /usr/local/lib/python3.8/dist-packages/taskflow/listeners/logging.py:141}}
May 19 11:18:30.732088 dv-cinder-768105-9-smb devstack@c-api.service[98418]: DEBUG cinder.volume.api [None req-8d6ba7b7-52d0-41a2-b2c5-ae2da3579ddc tempest-VolumeQuotasAdminTestJSON-712129955 tempest-VolumeQuotasAdminTestJSON-712129955-project] Task 'cinder.volume.flows.api.create_volume.ExtractVolumeRequestTask;volume:create' (aafbc17d-587a-44b3-9d11-30df7816ea37) transitioned into state 'RUNNING' from state 'PENDING' {{(pid=98418) _task_receiver /usr/local/lib/python3.8/dist-packages/taskflow/listeners/logging.py:190}}
May 19 11:18:30.736628 dv-cinder-768105-9-smb devstack@c-api.service[98418]: DEBUG cinder.volume.flows.api.create_volume [None req-8d6ba7b7-52d0-41a2-b2c5-ae2da3579ddc tempest-VolumeQuotasAdminTestJSON-712129955 tempest-VolumeQuotasAdminTestJSON-712129955-project] Validating volume size '1' using validate_int {{(pid=98418) _extract_size /opt/stack/cinder/cinder/volume/flows/api/create_volume.py:201}}
May 19 11:18:30.739629 dv-cinder-768105-9-smb devstack@c-api.service[98416]: /usr/local/lib/python3.8/dist-packages/oslo_context/context.py:105: DeprecationWarning: Policy enforcement is depending on the value of is_admin. This key is deprecated. Please update your policy file to use the standard policy values.
May 19 11:18:30.739629 dv-cinder-768105-9-smb devstack@c-api.service[98416]: warnings.warn('Policy enforcement is depending on the value of '
May 19 11:18:30.751213 dv-cinder-768105-9-smb devstack@c-api.service[98416]: INFO cinder.volume.api [None req-91c45cf7-f4c0-4da5-8385-f69186036749 tempest-GroupSnapshotsTest-1093851518 tempest-GroupSnapshotsTest-1093851518-project] Volume info retrieved successfully.
May 19 11:18:30.768666 dv-cinder-768105-9-smb devstack@c-api.service[98416]: WARNING stevedore.named [None req-91c45cf7-f4c0-4da5-8385-f69186036749 tempest-GroupSnapshotsTest-1093851518 tempest-GroupSnapshotsTest-1093851518-project] Could not load cinder.keymgr.conf_key_mgr.ConfKeyManager
May 19 11:18:30.769092 dv-cinder-768105-9-smb devstack@c-api.service[98416]: WARNING castellan.key_manager [None req-91c45cf7-f4c0-4da5-8385-f69186036749 tempest-GroupSnapshotsTest-1093851518 tempest-GroupSnapshotsTest-1093851518-project] Deprecation Warning : cinder.keymgr.conf_key_mgr.ConfKeyManager is not a stevedore based driver, trying to load it as a class: stevedore.exception.NoMatches: No 'castellan.drivers' driver found, looking for 'cinder.keymgr.conf_key_mgr.ConfKeyManager'
May 19 11:18:30.776532 dv-cinder-768105-9-smb devstack@c-api.service[98416]: DEBUG oslo_db.sqlalchemy.engines [None req-91c45cf7-f4c0-4da5-8385-f69186036749 tempest-GroupSnapshotsTest-1093851518 tempest-GroupSnapshotsTest-1093851518-project] MySQL server mode set to STRICT_TRANS_TABLES,STRICT_ALL_TABLES,NO_ZERO_IN_DATE,NO_ZERO_DATE,ERROR_FOR_DIVISION_BY_ZERO,TRADITIONAL,NO_ENGINE_SUBSTITUTION {{(pid=98416) _check_effective_sql_mode /usr/local/lib/python3.8/dist-packages/oslo_db/sqlalchemy/engines.py:314}}
May 19 11:18:30.793632 dv-cinder-768105-9-smb devstack@c-api.service[98416]: /usr/local/lib/python3.8/dist-packages/oslo_context/context.py:105: DeprecationWarning: Policy enforcement is depending on the value of is_admin. This key is deprecated. Please update your policy file to use the standard policy values.
May 19 11:18:30.793632 dv-cinder-768105-9-smb devstack@c-api.service[98416]: warnings.warn('Policy enforcement is depending on the value of '
May 19 11:18:30.827059 dv-cinder-768105-9-smb devstack@c-api.service[98416]: INFO cinder.api.openstack.wsgi [None req-91c45cf7-f4c0-4da5-8385-f69186036749 tempest-GroupSnapshotsTest-1093851518 tempest-GroupSnapshotsTest-1093851518-project] http://10.222.0.107/volume/v3/04be0e170cc44f0f9038a294d84310e5/volumes/54f30272-0d73-482a-ad39-b7c29293a1f8 returned with HTTP 200
May 19 11:18:30.833477 dv-cinder-768105-9-smb devstack@c-api.service[98416]: [pid: 98416|app: 0|req: 63/114] 10.222.0.107 () {60 vars in 1371 bytes} [Wed May 19 11:18:30 2021] GET /volume/v3/04be0e170cc44f0f9038a294d84310e5/volumes/54f30272-0d73-482a-ad39-b7c29293a1f8 => generated 975 bytes in 162 msecs (HTTP/1.1 200) 7 headers in 286 bytes (2 switches on core 0)
May 19 11:18:30.842248 dv-cinder-768105-9-smb devstack@c-api.service[98416]: INFO cinder.api.openstack.wsgi [None req-724a43ea-5d2a-48f3-ac2b-cde8f3724e5c tempest-GroupsTest-1901025742 tempest-GroupsTest-1901025742-project] GET http://10.222.0.107/volume/v3/2d8441ce0c44472598760745c1ea2953/groups/3162e82e-813c-4100-ae48-50134f9ad969
May 19 11:18:30.847381 dv-cinder-768105-9-smb devstack@c-api.service[98416]: DEBUG cinder.api.openstack.wsgi [None req-724a43ea-5d2a-48f3-ac2b-cde8f3724e5c tempest-GroupsTest-1901025742 tempest-GroupsTest-1901025742-project] Empty body provided in request {{(pid=98416) get_body /opt/stack/cinder/cinder/api/openstack/wsgi.py:713}}
May 19 11:18:30.850801 dv-cinder-768105-9-smb devstack@c-api.service[98416]: /usr/local/lib/python3.8/dist-packages/webob/acceptparse.py:1047: DeprecationWarning: The behavior of AcceptValidHeader.best_match is currently being maintained for backward compatibility, but it will be deprecated in the future, as it does not conform to the RFC.
May 19 11:18:30.850801 dv-cinder-768105-9-smb devstack@c-api.service[98416]: warnings.warn(
May 19 11:18:30.852952 dv-cinder-768105-9-smb devstack@c-api.service[98416]: DEBUG cinder.api.openstack.wsgi [None req-724a43ea-5d2a-48f3-ac2b-cde8f3724e5c tempest-GroupsTest-1901025742 tempest-GroupsTest-1901025742-project] Calling method 'version_select' {{(pid=98416) _process_stack /opt/stack/cinder/cinder/api/openstack/wsgi.py:866}}
May 19 11:18:30.853461 dv-cinder-768105-9-smb devstack@c-api.service[98416]: DEBUG cinder.api.v3.groups [None req-724a43ea-5d2a-48f3-ac2b-cde8f3724e5c tempest-GroupsTest-1901025742 tempest-GroupsTest-1901025742-project] show called for member 3162e82e-813c-4100-ae48-50134f9ad969 {{(pid=98416) show /opt/stack/cinder/cinder/api/v3/groups.py:58}}
May 19 11:18:30.866080 dv-cinder-768105-9-smb devstack@c-api.service[98416]: INFO cinder.api.openstack.wsgi [None req-724a43ea-5d2a-48f3-ac2b-cde8f3724e5c tempest-GroupsTest-1901025742 tempest-GroupsTest-1901025742-project] http://10.222.0.107/volume/v3/2d8441ce0c44472598760745c1ea2953/groups/3162e82e-813c-4100-ae48-50134f9ad969 returned with HTTP 404
May 19 11:18:30.870579 dv-cinder-768105-9-smb devstack@c-api.service[98416]: [pid: 98416|app: 0|req: 64/115] 10.222.0.107 () {60 vars in 1368 bytes} [Wed May 19 11:18:30 2021] GET /volume/v3/2d8441ce0c44472598760745c1ea2953/groups/3162e82e-813c-4100-ae48-50134f9ad969 => generated 108 bytes in 40 msecs (HTTP/1.1 404) 7 headers in 293 bytes (1 switches on core 0)
May 19 11:18:30.876972 dv-cinder-768105-9-smb devstack@c-api.service[98416]: INFO cinder.api.openstack.wsgi [None req-ef8e591d-5c76-4b6e-8b19-bc22b199a2e6 tempest-GroupsTest-1901025742 tempest-GroupsTest-1901025742-project] GET http://10.222.0.107/volume/v3/2d8441ce0c44472598760745c1ea2953/groups/detail
May 19 11:18:30.878537 dv-cinder-768105-9-smb devstack@c-api.service[98418]: DEBUG cinder.volume.api [None req-8d6ba7b7-52d0-41a2-b2c5-ae2da3579ddc tempest-VolumeQuotasAdminTestJSON-712129955 tempest-VolumeQuotasAdminTestJSON-712129955-project] Task 'cinder.volume.flows.api.create_volume.ExtractVolumeRequestTask;volume:create' (aafbc17d-587a-44b3-9d11-30df7816ea37) transitioned into state 'SUCCESS' from state 'RUNNING' with result '{'size': 1, 'snapshot_id': None, 'source_volid': None, 'volume_type': VolumeType(created_at=2021-05-19T11:08:59Z,deleted=False,deleted_at=None,description='Default Volume Type',extra_specs={},id=7c30b45d-e3b2-4cb7-9e0b-7f50fd91fd7c,is_public=True,name='__DEFAULT__',projects=[],qos_specs=,qos_specs_id=None,updated_at=2021-05-19T11:08:59Z), 'volume_type_id': '7c30b45d-e3b2-4cb7-9e0b-7f50fd91fd7c', 'encryption_key_id': None, 'qos_specs': None, 'consistencygroup_id': None, 'cgsnapshot_id': None, 'group_id': None, 'replication_status': 'disabled', 'refresh_az': False, 'backup_id': None, 'multiattach': False, 'availability_zones': ['nova']}' {{(pid=98418) _task_receiver /usr/local/lib/python3.8/dist-packages/taskflow/listeners/logging.py:178}}
May 19 11:18:30.880190 dv-cinder-768105-9-smb devstack@c-api.service[98416]: DEBUG cinder.api.openstack.wsgi [None req-ef8e591d-5c76-4b6e-8b19-bc22b199a2e6 tempest-GroupsTest-1901025742 tempest-GroupsTest-1901025742-project] Empty body provided in request {{(pid=98416) get_body /opt/stack/cinder/cinder/api/openstack/wsgi.py:713}}
May 19 11:18:30.880662 dv-cinder-768105-9-smb devstack@c-api.service[98416]: DEBUG cinder.api.openstack.wsgi [None req-ef8e591d-5c76-4b6e-8b19-bc22b199a2e6 tempest-GroupsTest-1901025742 tempest-GroupsTest-1901025742-project] Calling method 'version_select' {{(pid=98416) _process_stack /opt/stack/cinder/cinder/api/openstack/wsgi.py:866}}
May 19 11:18:30.884698 dv-cinder-768105-9-smb devstack@c-api.service[98418]: DEBUG cinder.volume.api [None req-8d6ba7b7-52d0-41a2-b2c5-ae2da3579ddc tempest-VolumeQuotasAdminTestJSON-712129955 tempest-VolumeQuotasAdminTestJSON-712129955-project] Task 'cinder.volume.flows.api.create_volume.QuotaReserveTask;volume:create' (7274c8eb-3adf-4234-aa43-53a6661590c1) transitioned into state 'RUNNING' from state 'PENDING' {{(pid=98418) _task_receiver /usr/local/lib/python3.8/dist-packages/taskflow/listeners/logging.py:190}}
May 19 11:18:30.901729 dv-cinder-768105-9-smb devstack@c-api.service[98416]: INFO cinder.api.openstack.wsgi [None req-ef8e591d-5c76-4b6e-8b19-bc22b199a2e6 tempest-GroupsTest-1901025742 tempest-GroupsTest-1901025742-project] http://10.222.0.107/volume/v3/2d8441ce0c44472598760745c1ea2953/groups/detail returned with HTTP 200
May 19 11:18:30.908564 dv-cinder-768105-9-smb devstack@c-api.service[98416]: [pid: 98416|app: 0|req: 65/116] 10.222.0.107 () {60 vars in 1278 bytes} [Wed May 19 11:18:30 2021] GET /volume/v3/2d8441ce0c44472598760745c1ea2953/groups/detail => generated 14 bytes in 31 msecs (HTTP/1.1 200) 7 headers in 285 bytes (1 switches on core 0)
May 19 11:18:30.913027 dv-cinder-768105-9-smb devstack@c-api.service[98416]: INFO cinder.api.openstack.wsgi [None req-8d25179f-a3d5-49cd-a4d6-e1d6eee42b9e tempest-GroupsTest-1901025742 tempest-GroupsTest-1901025742-project] GET http://10.222.0.107/volume/v3/2d8441ce0c44472598760745c1ea2953/volumes/detail
May 19 11:18:30.913562 dv-cinder-768105-9-smb devstack@c-api.service[98416]: DEBUG cinder.api.openstack.wsgi [None req-8d25179f-a3d5-49cd-a4d6-e1d6eee42b9e tempest-GroupsTest-1901025742 tempest-GroupsTest-1901025742-project] Empty body provided in request {{(pid=98416) get_body /opt/stack/cinder/cinder/api/openstack/wsgi.py:713}}
May 19 11:18:30.913991 dv-cinder-768105-9-smb devstack@c-api.service[98416]: DEBUG cinder.api.openstack.wsgi [None req-8d25179f-a3d5-49cd-a4d6-e1d6eee42b9e tempest-GroupsTest-1901025742 tempest-GroupsTest-1901025742-project] Calling method 'detail' {{(pid=98416) _process_stack /opt/stack/cinder/cinder/api/openstack/wsgi.py:866}}
May 19 11:18:30.914539 dv-cinder-768105-9-smb devstack@c-api.service[98416]: DEBUG cinder.api.api_utils [None req-8d25179f-a3d5-49cd-a4d6-e1d6eee42b9e tempest-GroupsTest-1901025742 tempest-GroupsTest-1901025742-project] Removing options '' from query. {{(pid=98416) remove_invalid_filter_options /opt/stack/cinder/cinder/api/api_utils.py:73}}
May 19 11:18:30.917504 dv-cinder-768105-9-smb devstack@c-api.service[98416]: DEBUG cinder.volume.api [None req-8d25179f-a3d5-49cd-a4d6-e1d6eee42b9e tempest-GroupsTest-1901025742 tempest-GroupsTest-1901025742-project] Searching by: MultiDict([('no_migration_targets', True)]). {{(pid=98416) get_all /opt/stack/cinder/cinder/volume/api.py:617}}
May 19 11:18:31.043135 dv-cinder-768105-9-smb devstack@c-api.service[98416]: INFO cinder.volume.api [None req-8d25179f-a3d5-49cd-a4d6-e1d6eee42b9e tempest-GroupsTest-1901025742 tempest-GroupsTest-1901025742-project] Get all volumes completed successfully.
May 19 11:18:31.059931 dv-cinder-768105-9-smb devstack@c-api.service[98416]: INFO cinder.api.openstack.wsgi [None req-8d25179f-a3d5-49cd-a4d6-e1d6eee42b9e tempest-GroupsTest-1901025742 tempest-GroupsTest-1901025742-project] http://10.222.0.107/volume/v3/2d8441ce0c44472598760745c1ea2953/volumes/detail returned with HTTP 200
May 19 11:18:31.059931 dv-cinder-768105-9-smb devstack@c-api.service[98416]: [pid: 98416|app: 0|req: 66/117] 10.222.0.107 () {60 vars in 1281 bytes} [Wed May 19 11:18:30 2021] GET /volume/v3/2d8441ce0c44472598760745c1ea2953/volumes/detail => generated 15 bytes in 141 msecs (HTTP/1.1 200) 7 headers in 285 bytes (1 switches on core 0)
May 19 11:18:31.060771 dv-cinder-768105-9-smb devstack@c-api.service[98418]: DEBUG cinder.quota [None req-8d6ba7b7-52d0-41a2-b2c5-ae2da3579ddc tempest-VolumeQuotasAdminTestJSON-712129955 tempest-VolumeQuotasAdminTestJSON-712129955-project] Created reservations ['56605b6b-dce8-4343-8367-4f27c472ddad', 'f7aab4fe-0446-4f0a-beb0-cb107b43b4ad', '64cc9d62-49ba-40b7-be47-e33d0154124d', '1612f391-36f3-4082-b508-c31b0aced707'] {{(pid=98418) reserve /opt/stack/cinder/cinder/quota.py:755}}
May 19 11:18:31.060771 dv-cinder-768105-9-smb devstack@c-api.service[98418]: DEBUG cinder.volume.api [None req-8d6ba7b7-52d0-41a2-b2c5-ae2da3579ddc tempest-VolumeQuotasAdminTestJSON-712129955 tempest-VolumeQuotasAdminTestJSON-712129955-project] Task 'cinder.volume.flows.api.create_volume.QuotaReserveTask;volume:create' (7274c8eb-3adf-4234-aa43-53a6661590c1) transitioned into state 'SUCCESS' from state 'RUNNING' with result '{'reservations': ['56605b6b-dce8-4343-8367-4f27c472ddad', 'f7aab4fe-0446-4f0a-beb0-cb107b43b4ad', '64cc9d62-49ba-40b7-be47-e33d0154124d', '1612f391-36f3-4082-b508-c31b0aced707']}' {{(pid=98418) _task_receiver /usr/local/lib/python3.8/dist-packages/taskflow/listeners/logging.py:178}}
May 19 11:18:31.060771 dv-cinder-768105-9-smb devstack@c-api.service[98418]: DEBUG cinder.volume.api [None req-8d6ba7b7-52d0-41a2-b2c5-ae2da3579ddc tempest-VolumeQuotasAdminTestJSON-712129955 tempest-VolumeQuotasAdminTestJSON-712129955-project] Task 'cinder.volume.flows.api.create_volume.EntryCreateTask;volume:create' (4b87bdfe-8927-41ee-9582-b05343442900) transitioned into state 'RUNNING' from state 'PENDING' {{(pid=98418) _task_receiver /usr/local/lib/python3.8/dist-packages/taskflow/listeners/logging.py:190}}
May 19 11:18:31.071449 dv-cinder-768105-9-smb devstack@c-api.service[98416]: INFO cinder.api.openstack.wsgi [None req-93570c79-5a78-47c5-94ad-2c7f3a1157ca tempest-GroupsTest-1901025742 tempest-GroupsTest-1901025742-project] POST http://10.222.0.107/volume/v3/2d8441ce0c44472598760745c1ea2953/groups/3162e82e-813c-4100-ae48-50134f9ad969/action
May 19 11:18:31.072187 dv-cinder-768105-9-smb devstack@c-api.service[98416]: DEBUG cinder.api.openstack.wsgi [None req-93570c79-5a78-47c5-94ad-2c7f3a1157ca tempest-GroupsTest-1901025742 tempest-GroupsTest-1901025742-project] Action body: b'{"delete": {"delete-volumes": true}}' {{(pid=98416) get_method /opt/stack/cinder/cinder/api/openstack/wsgi.py:981}}
May 19 11:18:31.080949 dv-cinder-768105-9-smb devstack@c-api.service[98416]: DEBUG cinder.api.openstack.wsgi [None req-93570c79-5a78-47c5-94ad-2c7f3a1157ca tempest-GroupsTest-1901025742 tempest-GroupsTest-1901025742-project] Action: 'action', calling method: delete_group, body: {"delete": {"delete-volumes": true}} {{(pid=98416) _process_stack /opt/stack/cinder/cinder/api/openstack/wsgi.py:864}}
May 19 11:18:31.082006 dv-cinder-768105-9-smb devstack@c-api.service[98416]: DEBUG cinder.api.v3.groups [None req-93570c79-5a78-47c5-94ad-2c7f3a1157ca tempest-GroupsTest-1901025742 tempest-GroupsTest-1901025742-project] delete called for group 3162e82e-813c-4100-ae48-50134f9ad969 {{(pid=98416) _delete /opt/stack/cinder/cinder/api/v3/groups.py:117}}
May 19 11:18:31.082499 dv-cinder-768105-9-smb devstack@c-api.service[98416]: INFO cinder.api.v3.groups [None req-93570c79-5a78-47c5-94ad-2c7f3a1157ca tempest-GroupsTest-1901025742 tempest-GroupsTest-1901025742-project] Delete group with id: 3162e82e-813c-4100-ae48-50134f9ad969
May 19 11:18:31.093575 dv-cinder-768105-9-smb devstack@c-api.service[98416]: INFO cinder.api.openstack.wsgi [None req-93570c79-5a78-47c5-94ad-2c7f3a1157ca tempest-GroupsTest-1901025742 tempest-GroupsTest-1901025742-project] http://10.222.0.107/volume/v3/2d8441ce0c44472598760745c1ea2953/groups/3162e82e-813c-4100-ae48-50134f9ad969/action returned with HTTP 404
May 19 11:18:31.102385 dv-cinder-768105-9-smb devstack@c-api.service[98416]: [pid: 98416|app: 0|req: 67/118] 10.222.0.107 () {62 vars in 1410 bytes} [Wed May 19 11:18:31 2021] POST /volume/v3/2d8441ce0c44472598760745c1ea2953/groups/3162e82e-813c-4100-ae48-50134f9ad969/action => generated 108 bytes in 35 msecs (HTTP/1.1 404) 7 headers in 293 bytes (2 switches on core 0)
May 19 11:18:31.108194 dv-cinder-768105-9-smb devstack@c-api.service[98416]: INFO cinder.api.openstack.wsgi [None req-373eff35-c9be-4a82-ab2e-866d5d28af45 tempest-GroupsTest-1901025742 tempest-GroupsTest-1901025742-project] GET http://10.222.0.107/volume/v3/2d8441ce0c44472598760745c1ea2953/volumes/detail
May 19 11:18:31.108776 dv-cinder-768105-9-smb devstack@c-api.service[98416]: DEBUG cinder.api.openstack.wsgi [None req-373eff35-c9be-4a82-ab2e-866d5d28af45 tempest-GroupsTest-1901025742 tempest-GroupsTest-1901025742-project] Empty body provided in request {{(pid=98416) get_body /opt/stack/cinder/cinder/api/openstack/wsgi.py:713}}
May 19 11:18:31.109289 dv-cinder-768105-9-smb devstack@c-api.service[98416]: DEBUG cinder.api.openstack.wsgi [None req-373eff35-c9be-4a82-ab2e-866d5d28af45 tempest-GroupsTest-1901025742 tempest-GroupsTest-1901025742-project] Calling method 'detail' {{(pid=98416) _process_stack /opt/stack/cinder/cinder/api/openstack/wsgi.py:866}}
May 19 11:18:31.110389 dv-cinder-768105-9-smb devstack@c-api.service[98416]: DEBUG cinder.api.api_utils [None req-373eff35-c9be-4a82-ab2e-866d5d28af45 tempest-GroupsTest-1901025742 tempest-GroupsTest-1901025742-project] Removing options '' from query. {{(pid=98416) remove_invalid_filter_options /opt/stack/cinder/cinder/api/api_utils.py:73}}
May 19 11:18:31.112468 dv-cinder-768105-9-smb devstack@c-api.service[98416]: DEBUG cinder.volume.api [None req-373eff35-c9be-4a82-ab2e-866d5d28af45 tempest-GroupsTest-1901025742 tempest-GroupsTest-1901025742-project] Searching by: MultiDict([('no_migration_targets', True)]). {{(pid=98416) get_all /opt/stack/cinder/cinder/volume/api.py:617}}
May 19 11:18:31.172942 dv-cinder-768105-9-smb devstack@c-api.service[98416]: INFO cinder.volume.api [None req-373eff35-c9be-4a82-ab2e-866d5d28af45 tempest-GroupsTest-1901025742 tempest-GroupsTest-1901025742-project] Get all volumes completed successfully.
May 19 11:18:31.180776 dv-cinder-768105-9-smb devstack@c-api.service[98416]: INFO cinder.api.openstack.wsgi [None req-373eff35-c9be-4a82-ab2e-866d5d28af45 tempest-GroupsTest-1901025742 tempest-GroupsTest-1901025742-project] http://10.222.0.107/volume/v3/2d8441ce0c44472598760745c1ea2953/volumes/detail returned with HTTP 200
May 19 11:18:31.183300 dv-cinder-768105-9-smb devstack@c-api.service[98418]: DEBUG cinder.volume.api [None req-8d6ba7b7-52d0-41a2-b2c5-ae2da3579ddc tempest-VolumeQuotasAdminTestJSON-712129955 tempest-VolumeQuotasAdminTestJSON-712129955-project] Task 'cinder.volume.flows.api.create_volume.EntryCreateTask;volume:create' (4b87bdfe-8927-41ee-9582-b05343442900) transitioned into state 'SUCCESS' from state 'RUNNING' with result '{'volume_id': 'fbb453e5-a2a4-483b-b521-3074e6bddf5e', 'volume_properties': VolumeProperties(attach_status='detached',availability_zone='nova',cgsnapshot_id=None,consistencygroup_id=None,display_description=None,display_name='tempest-VolumeQuotasAdminTestJSON-Volume-1487646869',encryption_key_id=None,group_id=None,group_type_id=,metadata={},multiattach=False,project_id='8e8c1a9feaa44e4fbaa15ea0a1898ea8',qos_specs=None,replication_status=,reservations=['56605b6b-dce8-4343-8367-4f27c472ddad','f7aab4fe-0446-4f0a-beb0-cb107b43b4ad','64cc9d62-49ba-40b7-be47-e33d0154124d','1612f391-36f3-4082-b508-c31b0aced707'],size=1,snapshot_id=None,source_replicaid=,source_volid=None,status='creating',user_id='1c6c71178b744193afca08239edf4dc3',volume_type_id=7c30b45d-e3b2-4cb7-9e0b-7f50fd91fd7c), 'volume': Volume(_name_id=None,admin_metadata=,attach_status='detached',availability_zone='nova',bootable=False,cluster=,cluster_name=None,consistencygroup=,consistencygroup_id=None,created_at=2021-05-19T11:18:31Z,deleted=False,deleted_at=None,display_description=None,display_name='tempest-VolumeQuotasAdminTestJSON-Volume-1487646869',ec2_id=None,encryption_key_id=None,glance_metadata=,group=,group_id=None,host=None,id=fbb453e5-a2a4-483b-b521-3074e6bddf5e,launched_at=None,metadata={},migration_status=None,multiattach=False,previous_status=None,project_id='8e8c1a9feaa44e4fbaa15ea0a1898ea8',provider_auth=None,provider_geometry=None,provider_id=None,provider_location=None,replication_driver_data=None,replication_extended_status=None,replication_status=None,scheduled_at=None,service_uuid=None,shared_targets=True,size=1,snapshot_id=None,snapshots=,source_volid=None,status='creating',terminated_at=None,updated_at=None,user_id='1c6c71178b744193afca08239edf4dc3',volume_attachment=,volume_type=VolumeType(7c30b45d-e3b2-4cb7-9e0b-7f50fd91fd7c),volume_type_id=7c30b45d-e3b2-4cb7-9e0b-7f50fd91fd7c)}' {{(pid=98418) _task_receiver /usr/local/lib/python3.8/dist-packages/taskflow/listeners/logging.py:178}}
May 19 11:18:31.196122 dv-cinder-768105-9-smb devstack@c-api.service[98418]: DEBUG cinder.volume.api [None req-8d6ba7b7-52d0-41a2-b2c5-ae2da3579ddc tempest-VolumeQuotasAdminTestJSON-712129955 tempest-VolumeQuotasAdminTestJSON-712129955-project] Task 'cinder.volume.flows.api.create_volume.QuotaCommitTask;volume:create' (3e5e342e-943e-4f8c-ad6a-fa1e45f28d98) transitioned into state 'RUNNING' from state 'PENDING' {{(pid=98418) _task_receiver /usr/local/lib/python3.8/dist-packages/taskflow/listeners/logging.py:190}}
May 19 11:18:31.201583 dv-cinder-768105-9-smb devstack@c-api.service[98416]: [pid: 98416|app: 0|req: 68/119] 10.222.0.107 () {60 vars in 1281 bytes} [Wed May 19 11:18:31 2021] GET /volume/v3/2d8441ce0c44472598760745c1ea2953/volumes/detail => generated 15 bytes in 94 msecs (HTTP/1.1 200) 7 headers in 285 bytes (1 switches on core 0)
May 19 11:18:31.206469 dv-cinder-768105-9-smb devstack@c-api.service[98416]: INFO cinder.api.openstack.wsgi [None req-f5f42351-85d4-4c05-8d3e-0db0a472f811 tempest-GroupsTest-1901025742 tempest-GroupsTest-1901025742-project] POST http://10.222.0.107/volume/v3/2d8441ce0c44472598760745c1ea2953/groups/a0d14d4e-159c-4b02-a182-a3343e7112c2/action
May 19 11:18:31.207944 dv-cinder-768105-9-smb devstack@c-api.service[98416]: DEBUG cinder.api.openstack.wsgi [None req-f5f42351-85d4-4c05-8d3e-0db0a472f811 tempest-GroupsTest-1901025742 tempest-GroupsTest-1901025742-project] Action body: b'{"delete": {"delete-volumes": true}}' {{(pid=98416) get_method /opt/stack/cinder/cinder/api/openstack/wsgi.py:981}}
May 19 11:18:31.208297 dv-cinder-768105-9-smb devstack@c-api.service[98416]: DEBUG cinder.api.openstack.wsgi [None req-f5f42351-85d4-4c05-8d3e-0db0a472f811 tempest-GroupsTest-1901025742 tempest-GroupsTest-1901025742-project] Action: 'action', calling method: delete_group, body: {"delete": {"delete-volumes": true}} {{(pid=98416) _process_stack /opt/stack/cinder/cinder/api/openstack/wsgi.py:864}}
May 19 11:18:31.209113 dv-cinder-768105-9-smb devstack@c-api.service[98416]: DEBUG cinder.api.v3.groups [None req-f5f42351-85d4-4c05-8d3e-0db0a472f811 tempest-GroupsTest-1901025742 tempest-GroupsTest-1901025742-project] delete called for group a0d14d4e-159c-4b02-a182-a3343e7112c2 {{(pid=98416) _delete /opt/stack/cinder/cinder/api/v3/groups.py:117}}
May 19 11:18:31.209686 dv-cinder-768105-9-smb devstack@c-api.service[98416]: INFO cinder.api.v3.groups [None req-f5f42351-85d4-4c05-8d3e-0db0a472f811 tempest-GroupsTest-1901025742 tempest-GroupsTest-1901025742-project] Delete group with id: a0d14d4e-159c-4b02-a182-a3343e7112c2
May 19 11:18:31.217193 dv-cinder-768105-9-smb devstack@c-api.service[98416]: INFO cinder.api.openstack.wsgi [None req-f5f42351-85d4-4c05-8d3e-0db0a472f811 tempest-GroupsTest-1901025742 tempest-GroupsTest-1901025742-project] http://10.222.0.107/volume/v3/2d8441ce0c44472598760745c1ea2953/groups/a0d14d4e-159c-4b02-a182-a3343e7112c2/action returned with HTTP 404
May 19 11:18:31.222610 dv-cinder-768105-9-smb devstack@c-api.service[98416]: [pid: 98416|app: 0|req: 69/120] 10.222.0.107 () {62 vars in 1410 bytes} [Wed May 19 11:18:31 2021] POST /volume/v3/2d8441ce0c44472598760745c1ea2953/groups/a0d14d4e-159c-4b02-a182-a3343e7112c2/action => generated 108 bytes in 21 msecs (HTTP/1.1 404) 7 headers in 293 bytes (1 switches on core 0)
May 19 11:18:31.227001 dv-cinder-768105-9-smb devstack@c-api.service[98416]: INFO cinder.api.openstack.wsgi [None req-7e220d24-0728-486d-938d-890e0322ada9 tempest-GroupsTest-640499627 tempest-GroupsTest-640499627-project-admin] DELETE http://10.222.0.107/volume/v3/46c97b7e06074f73bb47960e52391fa0/group_types/4a3f6684-b5a4-4d56-a49f-4978ab4c2133
May 19 11:18:31.228301 dv-cinder-768105-9-smb devstack@c-api.service[98416]: DEBUG cinder.api.openstack.wsgi [None req-7e220d24-0728-486d-938d-890e0322ada9 tempest-GroupsTest-640499627 tempest-GroupsTest-640499627-project-admin] Empty body provided in request {{(pid=98416) get_body /opt/stack/cinder/cinder/api/openstack/wsgi.py:713}}
May 19 11:18:31.228853 dv-cinder-768105-9-smb devstack@c-api.service[98416]: DEBUG cinder.api.openstack.wsgi [None req-7e220d24-0728-486d-938d-890e0322ada9 tempest-GroupsTest-640499627 tempest-GroupsTest-640499627-project-admin] Calling method 'version_select' {{(pid=98416) _process_stack /opt/stack/cinder/cinder/api/openstack/wsgi.py:866}}
May 19 11:18:31.255651 dv-cinder-768105-9-smb devstack@c-api.service[98418]: DEBUG cinder.volume.api [None req-8d6ba7b7-52d0-41a2-b2c5-ae2da3579ddc tempest-VolumeQuotasAdminTestJSON-712129955 tempest-VolumeQuotasAdminTestJSON-712129955-project] Task 'cinder.volume.flows.api.create_volume.QuotaCommitTask;volume:create' (3e5e342e-943e-4f8c-ad6a-fa1e45f28d98) transitioned into state 'SUCCESS' from state 'RUNNING' with result '{'volume_properties': VolumeProperties(attach_status='detached',availability_zone='nova',cgsnapshot_id=None,consistencygroup_id=None,display_description=None,display_name='tempest-VolumeQuotasAdminTestJSON-Volume-1487646869',encryption_key_id=None,group_id=None,group_type_id=,metadata={},multiattach=False,project_id='8e8c1a9feaa44e4fbaa15ea0a1898ea8',qos_specs=None,replication_status=,reservations=['56605b6b-dce8-4343-8367-4f27c472ddad','f7aab4fe-0446-4f0a-beb0-cb107b43b4ad','64cc9d62-49ba-40b7-be47-e33d0154124d','1612f391-36f3-4082-b508-c31b0aced707'],size=1,snapshot_id=None,source_replicaid=,source_volid=None,status='creating',user_id='1c6c71178b744193afca08239edf4dc3',volume_type_id=7c30b45d-e3b2-4cb7-9e0b-7f50fd91fd7c)}' {{(pid=98418) _task_receiver /usr/local/lib/python3.8/dist-packages/taskflow/listeners/logging.py:178}}
May 19 11:18:31.260814 dv-cinder-768105-9-smb devstack@c-api.service[98418]: DEBUG cinder.volume.api [None req-8d6ba7b7-52d0-41a2-b2c5-ae2da3579ddc tempest-VolumeQuotasAdminTestJSON-712129955 tempest-VolumeQuotasAdminTestJSON-712129955-project] Task 'cinder.volume.flows.api.create_volume.VolumeCastTask;volume:create' (d02b8152-f45f-4940-bebf-caf251634b25) transitioned into state 'RUNNING' from state 'PENDING' {{(pid=98418) _task_receiver /usr/local/lib/python3.8/dist-packages/taskflow/listeners/logging.py:190}}
May 19 11:18:31.293161 dv-cinder-768105-9-smb devstack@c-api.service[98418]: DEBUG cinder.volume.api [None req-8d6ba7b7-52d0-41a2-b2c5-ae2da3579ddc tempest-VolumeQuotasAdminTestJSON-712129955 tempest-VolumeQuotasAdminTestJSON-712129955-project] Task 'cinder.volume.flows.api.create_volume.VolumeCastTask;volume:create' (d02b8152-f45f-4940-bebf-caf251634b25) transitioned into state 'SUCCESS' from state 'RUNNING' with result 'None' {{(pid=98418) _task_receiver /usr/local/lib/python3.8/dist-packages/taskflow/listeners/logging.py:178}}
May 19 11:18:31.300520 dv-cinder-768105-9-smb devstack@c-api.service[98416]: INFO cinder.api.openstack.wsgi [None req-7e220d24-0728-486d-938d-890e0322ada9 tempest-GroupsTest-640499627 tempest-GroupsTest-640499627-project-admin] http://10.222.0.107/volume/v3/46c97b7e06074f73bb47960e52391fa0/group_types/4a3f6684-b5a4-4d56-a49f-4978ab4c2133 returned with HTTP 202
May 19 11:18:31.306181 dv-cinder-768105-9-smb devstack@c-api.service[98416]: [pid: 98416|app: 0|req: 70/121] 10.222.0.107 () {60 vars in 1386 bytes} [Wed May 19 11:18:31 2021] DELETE /volume/v3/46c97b7e06074f73bb47960e52391fa0/group_types/4a3f6684-b5a4-4d56-a49f-4978ab4c2133 => generated 0 bytes in 78 msecs (HTTP/1.1 202) 6 headers in 234 bytes (1 switches on core 0)
May 19 11:18:31.306360 dv-cinder-768105-9-smb devstack@c-api.service[98418]: DEBUG cinder.volume.api [None req-8d6ba7b7-52d0-41a2-b2c5-ae2da3579ddc tempest-VolumeQuotasAdminTestJSON-712129955 tempest-VolumeQuotasAdminTestJSON-712129955-project] Flow 'volume_create_api' (196073af-1754-478f-a661-284ab03249d0) transitioned into state 'SUCCESS' from state 'RUNNING' {{(pid=98418) _flow_receiver /usr/local/lib/python3.8/dist-packages/taskflow/listeners/logging.py:141}}
May 19 11:18:31.307860 dv-cinder-768105-9-smb devstack@c-api.service[98418]: INFO cinder.volume.api [None req-8d6ba7b7-52d0-41a2-b2c5-ae2da3579ddc tempest-VolumeQuotasAdminTestJSON-712129955 tempest-VolumeQuotasAdminTestJSON-712129955-project] Create volume request issued successfully.
May 19 11:18:31.312419 dv-cinder-768105-9-smb devstack@c-api.service[98416]: INFO cinder.api.openstack.wsgi [None req-7926bf78-248e-4168-8222-236dfdb64252 tempest-GroupsTest-640499627 tempest-GroupsTest-640499627-project-admin] POST http://10.222.0.107/volume/v3/46c97b7e06074f73bb47960e52391fa0/types
May 19 11:18:31.317960 dv-cinder-768105-9-smb devstack@c-api.service[98416]: DEBUG cinder.api.openstack.wsgi [None req-7926bf78-248e-4168-8222-236dfdb64252 tempest-GroupsTest-640499627 tempest-GroupsTest-640499627-project-admin] Action: 'create', calling method: _create, body: {"volume_type": {"name": "tempest-GroupsTest-volume-type-1636511192"}} {{(pid=98416) _process_stack /opt/stack/cinder/cinder/api/openstack/wsgi.py:864}}
May 19 11:18:31.341585 dv-cinder-768105-9-smb devstack@c-api.service[98418]: INFO cinder.api.openstack.wsgi [None req-8d6ba7b7-52d0-41a2-b2c5-ae2da3579ddc tempest-VolumeQuotasAdminTestJSON-712129955 tempest-VolumeQuotasAdminTestJSON-712129955-project] http://10.222.0.107/volume/v3/8e8c1a9feaa44e4fbaa15ea0a1898ea8/volumes returned with HTTP 202
May 19 11:18:31.343558 dv-cinder-768105-9-smb devstack@c-api.service[98418]: [pid: 98418|app: 0|req: 52/122] 10.222.0.107 () {60 vars in 1240 bytes} [Wed May 19 11:18:30 2021] POST /volume/v3/8e8c1a9feaa44e4fbaa15ea0a1898ea8/volumes => generated 827 bytes in 719 msecs (HTTP/1.1 202) 7 headers in 291 bytes (1 switches on core 0)
May 19 11:18:31.357892 dv-cinder-768105-9-smb devstack@c-api.service[98418]: INFO cinder.api.openstack.wsgi [None req-18bf4766-1d7c-4d3b-a3e7-bcb211715dcd tempest-VolumeQuotasAdminTestJSON-712129955 tempest-VolumeQuotasAdminTestJSON-712129955-project] GET http://10.222.0.107/volume/v3/8e8c1a9feaa44e4fbaa15ea0a1898ea8/volumes/fbb453e5-a2a4-483b-b521-3074e6bddf5e
May 19 11:18:31.358817 dv-cinder-768105-9-smb devstack@c-api.service[98418]: DEBUG cinder.api.openstack.wsgi [None req-18bf4766-1d7c-4d3b-a3e7-bcb211715dcd tempest-VolumeQuotasAdminTestJSON-712129955 tempest-VolumeQuotasAdminTestJSON-712129955-project] Empty body provided in request {{(pid=98418) get_body /opt/stack/cinder/cinder/api/openstack/wsgi.py:713}}
May 19 11:18:31.358817 dv-cinder-768105-9-smb devstack@c-api.service[98418]: /usr/local/lib/python3.8/dist-packages/webob/acceptparse.py:1047: DeprecationWarning: The behavior of AcceptValidHeader.best_match is currently being maintained for backward compatibility, but it will be deprecated in the future, as it does not conform to the RFC.
May 19 11:18:31.358817 dv-cinder-768105-9-smb devstack@c-api.service[98418]: warnings.warn(
May 19 11:18:31.359178 dv-cinder-768105-9-smb devstack@c-api.service[98418]: DEBUG cinder.api.openstack.wsgi [None req-18bf4766-1d7c-4d3b-a3e7-bcb211715dcd tempest-VolumeQuotasAdminTestJSON-712129955 tempest-VolumeQuotasAdminTestJSON-712129955-project] Calling method 'show' {{(pid=98418) _process_stack /opt/stack/cinder/cinder/api/openstack/wsgi.py:866}}
May 19 11:18:31.445771 dv-cinder-768105-9-smb devstack@c-api.service[98416]: INFO cinder.api.openstack.wsgi [None req-7926bf78-248e-4168-8222-236dfdb64252 tempest-GroupsTest-640499627 tempest-GroupsTest-640499627-project-admin] http://10.222.0.107/volume/v3/46c97b7e06074f73bb47960e52391fa0/types returned with HTTP 200
May 19 11:18:31.468395 dv-cinder-768105-9-smb devstack@c-api.service[98416]: [pid: 98416|app: 0|req: 71/123] 10.222.0.107 () {60 vars in 1234 bytes} [Wed May 19 11:18:31 2021] POST /volume/v3/46c97b7e06074f73bb47960e52391fa0/types => generated 216 bytes in 160 msecs (HTTP/1.1 200) 7 headers in 285 bytes (1 switches on core 0)
May 19 11:18:31.486199 dv-cinder-768105-9-smb devstack@c-api.service[98416]: INFO cinder.api.openstack.wsgi [None req-ab5dad86-e6d5-4ddc-8eca-e0368dd4d883 tempest-GroupsTest-640499627 tempest-GroupsTest-640499627-project-admin] POST http://10.222.0.107/volume/v3/46c97b7e06074f73bb47960e52391fa0/group_types
May 19 11:18:31.493025 dv-cinder-768105-9-smb devstack@c-api.service[98416]: DEBUG cinder.api.openstack.wsgi [None req-ab5dad86-e6d5-4ddc-8eca-e0368dd4d883 tempest-GroupsTest-640499627 tempest-GroupsTest-640499627-project-admin] Action: 'create', calling method: version_select, body: {"group_type": {"name": "tempest-GroupsTest-group-type-709162737"}} {{(pid=98416) _process_stack /opt/stack/cinder/cinder/api/openstack/wsgi.py:864}}
May 19 11:18:31.534466 dv-cinder-768105-9-smb devstack@c-api.service[98418]: /usr/local/lib/python3.8/dist-packages/oslo_context/context.py:105: DeprecationWarning: Policy enforcement is depending on the value of is_admin. This key is deprecated. Please update your policy file to use the standard policy values.
May 19 11:18:31.534466 dv-cinder-768105-9-smb devstack@c-api.service[98418]: warnings.warn('Policy enforcement is depending on the value of '
May 19 11:18:31.568768 dv-cinder-768105-9-smb devstack@c-api.service[98418]: INFO cinder.volume.api [None req-18bf4766-1d7c-4d3b-a3e7-bcb211715dcd tempest-VolumeQuotasAdminTestJSON-712129955 tempest-VolumeQuotasAdminTestJSON-712129955-project] Volume info retrieved successfully.
May 19 11:18:31.598075 dv-cinder-768105-9-smb devstack@c-api.service[98416]: INFO cinder.api.openstack.wsgi [None req-ab5dad86-e6d5-4ddc-8eca-e0368dd4d883 tempest-GroupsTest-640499627 tempest-GroupsTest-640499627-project-admin] http://10.222.0.107/volume/v3/46c97b7e06074f73bb47960e52391fa0/group_types returned with HTTP 202
May 19 11:18:31.606448 dv-cinder-768105-9-smb devstack@c-api.service[98416]: [pid: 98416|app: 0|req: 72/124] 10.222.0.107 () {62 vars in 1293 bytes} [Wed May 19 11:18:31 2021] POST /volume/v3/46c97b7e06074f73bb47960e52391fa0/group_types => generated 172 bytes in 136 msecs (HTTP/1.1 202) 7 headers in 292 bytes (1 switches on core 0)
May 19 11:18:31.615736 dv-cinder-768105-9-smb devstack@c-api.service[98416]: INFO cinder.api.openstack.wsgi [None req-21bd2598-86a2-4779-b07f-3a4a92ece49b tempest-GroupsTest-1901025742 tempest-GroupsTest-1901025742-project] POST http://10.222.0.107/volume/v3/2d8441ce0c44472598760745c1ea2953/groups
May 19 11:18:31.620460 dv-cinder-768105-9-smb devstack@c-api.service[98416]: DEBUG cinder.api.openstack.wsgi [None req-21bd2598-86a2-4779-b07f-3a4a92ece49b tempest-GroupsTest-1901025742 tempest-GroupsTest-1901025742-project] Action: 'create', calling method: version_select, body: {"group": {"group_type": "f3b0f910-46dd-493c-85a2-23927dadb1be", "volume_types": ["e6308aec-d366-477d-839b-1c43a16f2927"], "name": "tempest-GroupsTest-Group-774108439"}} {{(pid=98416) _process_stack /opt/stack/cinder/cinder/api/openstack/wsgi.py:864}}
May 19 11:18:31.621784 dv-cinder-768105-9-smb devstack@c-api.service[98416]: DEBUG cinder.api.v3.groups [None req-21bd2598-86a2-4779-b07f-3a4a92ece49b tempest-GroupsTest-1901025742 tempest-GroupsTest-1901025742-project] Creating new group {'group': {'group_type': 'f3b0f910-46dd-493c-85a2-23927dadb1be', 'volume_types': ['e6308aec-d366-477d-839b-1c43a16f2927'], 'name': 'tempest-GroupsTest-Group-774108439'}} {{(pid=98416) create /opt/stack/cinder/cinder/api/v3/groups.py:190}}
May 19 11:18:31.644578 dv-cinder-768105-9-smb devstack@c-api.service[98416]: INFO cinder.api.v3.groups [None req-21bd2598-86a2-4779-b07f-3a4a92ece49b tempest-GroupsTest-1901025742 tempest-GroupsTest-1901025742-project] Creating group tempest-GroupsTest-Group-774108439.
May 19 11:18:31.683388 dv-cinder-768105-9-smb devstack@c-api.service[98418]: INFO cinder.api.openstack.wsgi [None req-18bf4766-1d7c-4d3b-a3e7-bcb211715dcd tempest-VolumeQuotasAdminTestJSON-712129955 tempest-VolumeQuotasAdminTestJSON-712129955-project] http://10.222.0.107/volume/v3/8e8c1a9feaa44e4fbaa15ea0a1898ea8/volumes/fbb453e5-a2a4-483b-b521-3074e6bddf5e returned with HTTP 200
May 19 11:18:31.687141 dv-cinder-768105-9-smb devstack@c-api.service[98416]: INFO cinder.volume.api [None req-21bd2598-86a2-4779-b07f-3a4a92ece49b tempest-GroupsTest-1901025742 tempest-GroupsTest-1901025742-project] Availability Zones retrieved successfully.
May 19 11:18:31.689579 dv-cinder-768105-9-smb devstack@c-api.service[98418]: [pid: 98418|app: 0|req: 53/125] 10.222.0.107 () {58 vars in 1330 bytes} [Wed May 19 11:18:31 2021] GET /volume/v3/8e8c1a9feaa44e4fbaa15ea0a1898ea8/volumes/fbb453e5-a2a4-483b-b521-3074e6bddf5e => generated 895 bytes in 331 msecs (HTTP/1.1 200) 7 headers in 285 bytes (2 switches on core 0)
May 19 11:18:31.710266 dv-cinder-768105-9-smb devstack@c-api.service[98416]: DEBUG cinder.quota [None req-21bd2598-86a2-4779-b07f-3a4a92ece49b tempest-GroupsTest-1901025742 tempest-GroupsTest-1901025742-project] Created reservations ['5af08133-2226-415e-ac87-3c07db3111e7'] {{(pid=98416) reserve /opt/stack/cinder/cinder/quota.py:755}}
May 19 11:18:31.843321 dv-cinder-768105-9-smb devstack@c-api.service[98418]: INFO cinder.api.openstack.wsgi [None req-8a2ebcb0-f4fb-4def-a2c3-fb29d8394519 tempest-GroupSnapshotsTest-1093851518 tempest-GroupSnapshotsTest-1093851518-project] GET http://10.222.0.107/volume/v3/04be0e170cc44f0f9038a294d84310e5/volumes/54f30272-0d73-482a-ad39-b7c29293a1f8
May 19 11:18:31.843840 dv-cinder-768105-9-smb devstack@c-api.service[98418]: DEBUG cinder.api.openstack.wsgi [None req-8a2ebcb0-f4fb-4def-a2c3-fb29d8394519 tempest-GroupSnapshotsTest-1093851518 tempest-GroupSnapshotsTest-1093851518-project] Empty body provided in request {{(pid=98418) get_body /opt/stack/cinder/cinder/api/openstack/wsgi.py:713}}
May 19 11:18:31.844014 dv-cinder-768105-9-smb devstack@c-api.service[98418]: /usr/local/lib/python3.8/dist-packages/webob/acceptparse.py:1047: DeprecationWarning: The behavior of AcceptValidHeader.best_match is currently being maintained for backward compatibility, but it will be deprecated in the future, as it does not conform to the RFC.
May 19 11:18:31.844014 dv-cinder-768105-9-smb devstack@c-api.service[98418]: warnings.warn(
May 19 11:18:31.844348 dv-cinder-768105-9-smb devstack@c-api.service[98418]: DEBUG cinder.api.openstack.wsgi [None req-8a2ebcb0-f4fb-4def-a2c3-fb29d8394519 tempest-GroupSnapshotsTest-1093851518 tempest-GroupSnapshotsTest-1093851518-project] Calling method 'show' {{(pid=98418) _process_stack /opt/stack/cinder/cinder/api/openstack/wsgi.py:866}}
May 19 11:18:31.848787 dv-cinder-768105-9-smb devstack@c-api.service[98416]: INFO cinder.api.openstack.wsgi [None req-21bd2598-86a2-4779-b07f-3a4a92ece49b tempest-GroupsTest-1901025742 tempest-GroupsTest-1901025742-project] http://10.222.0.107/volume/v3/2d8441ce0c44472598760745c1ea2953/groups returned with HTTP 202
May 19 11:18:31.856703 dv-cinder-768105-9-smb devstack@c-api.service[98416]: [pid: 98416|app: 0|req: 73/126] 10.222.0.107 () {62 vars in 1279 bytes} [Wed May 19 11:18:31 2021] POST /volume/v3/2d8441ce0c44472598760745c1ea2953/groups => generated 103 bytes in 249 msecs (HTTP/1.1 202) 7 headers in 292 bytes (1 switches on core 0)
May 19 11:18:31.870236 dv-cinder-768105-9-smb devstack@c-api.service[98416]: INFO cinder.api.openstack.wsgi [None req-6dbcb53c-6a7f-40ee-ab9f-17d7a170299a tempest-GroupsTest-1901025742 tempest-GroupsTest-1901025742-project] GET http://10.222.0.107/volume/v3/2d8441ce0c44472598760745c1ea2953/groups/58955481-44d4-4796-bb93-5ad57236599d
May 19 11:18:31.870236 dv-cinder-768105-9-smb devstack@c-api.service[98416]: DEBUG cinder.api.openstack.wsgi [None req-6dbcb53c-6a7f-40ee-ab9f-17d7a170299a tempest-GroupsTest-1901025742 tempest-GroupsTest-1901025742-project] Empty body provided in request {{(pid=98416) get_body /opt/stack/cinder/cinder/api/openstack/wsgi.py:713}}
May 19 11:18:31.870236 dv-cinder-768105-9-smb devstack@c-api.service[98416]: /usr/local/lib/python3.8/dist-packages/webob/acceptparse.py:1047: DeprecationWarning: The behavior of AcceptValidHeader.best_match is currently being maintained for backward compatibility, but it will be deprecated in the future, as it does not conform to the RFC.
May 19 11:18:31.870236 dv-cinder-768105-9-smb devstack@c-api.service[98416]: warnings.warn(
