Jun 29 09:59:11.919760 dv-cinder-768105-16-iscsi neutron-server[103968]: DEBUG neutron.pecan_wsgi.hooks.policy_enforcement [req-de364371-b8d8-4c9a-8d9e-b131f207df73 req-3bb376af-bce0-4363-924c-c333a1c2b5b2 tempest-AttachVolumeNegativeTest-1553076754 tempest-AttachVolumeNegativeTest-1553076754-project] Attributes excluded by policy engine: ['standard_attr_id', 'binding:profile', 'binding:host_id', 'binding:vif_type', 'binding:vif_details'] {{(pid=103968) _exclude_attributes_by_policy /opt/stack/neutron/neutron/pecan_wsgi/hooks/policy_enforcement.py:259}}
Jun 29 09:59:11.921692 dv-cinder-768105-16-iscsi neutron-server[103968]: INFO neutron.wsgi [req-de364371-b8d8-4c9a-8d9e-b131f207df73 req-3bb376af-bce0-4363-924c-c333a1c2b5b2 tempest-AttachVolumeNegativeTest-1553076754 tempest-AttachVolumeNegativeTest-1553076754-project] 10.222.0.52 "GET /v2.0/ports?device_id=1ddf1295-57be-4e50-8403-e2ed8353c18c HTTP/1.1" status: 200 len: 943 time: 0.2817307
Jun 29 09:59:11.961073 dv-cinder-768105-16-iscsi neutron-server[103968]: DEBUG neutron_lib.callbacks.manager [None req-9c5835d5-6062-49a3-b5ef-80d718355965 admin admin] Publish callbacks [] for security_group (c6466b84-b2ca-450f-82f7-6a5e542d61f9), before_delete {{(pid=103968) _notify_loop /usr/local/lib/python3.8/dist-packages/neutron_lib/callbacks/manager.py:176}}
Jun 29 09:59:11.986970 dv-cinder-768105-16-iscsi neutron-server[103968]: DEBUG neutron_lib.callbacks.manager [None req-9c5835d5-6062-49a3-b5ef-80d718355965 admin admin] Publish callbacks [] for security_group (c6466b84-b2ca-450f-82f7-6a5e542d61f9), precommit_delete {{(pid=103968) _notify_loop /usr/local/lib/python3.8/dist-packages/neutron_lib/callbacks/manager.py:176}}
Jun 29 09:59:12.021064 dv-cinder-768105-16-iscsi neutron-server[103970]: DEBUG neutron.plugins.ml2.db [None req-7966a47d-1b2f-4306-8413-2792cd774779 None None] For port 063aad5d-365b-4b91-85a8-eb1ef8386318, host hv-cinder-76810, got binding levels [PortBindingLevel(driver='hyperv',host='hv-cinder-76810',level=0,port_id=063aad5d-365b-4b91-85a8-eb1ef8386318,segment=NetworkSegment(f485abf6-d90b-489c-afdd-be481f32d5e0),segment_id=f485abf6-d90b-489c-afdd-be481f32d5e0)] {{(pid=103970) get_binding_level_objs /opt/stack/neutron/neutron/plugins/ml2/db.py:74}}
Jun 29 09:59:12.035431 dv-cinder-768105-16-iscsi neutron-server[103970]: DEBUG neutron.plugins.ml2.rpc [None req-7966a47d-1b2f-4306-8413-2792cd774779 None None] Returning: {'device': '063aad5d-365b-4b91-85a8-eb1ef8386318', 'network_id': 'e2090313-2d8a-40ac-969f-881a91ce3569', 'port_id': '063aad5d-365b-4b91-85a8-eb1ef8386318', 'mac_address': 'fa:16:3e:45:bc:43', 'admin_state_up': True, 'network_type': 'vlan', 'segmentation_id': 370, 'physical_network': 'physnet1', 'mtu': 1500, 'fixed_ips': [{'subnet_id': '832299cd-2c23-4faf-9fb1-39337d41e072', 'ip_address': '172.20.0.4'}], 'device_owner': 'compute:nova', 'allowed_address_pairs': [], 'port_security_enabled': True, 'qos_policy_id': None, 'qos_network_policy_id': None, 'profile': {}, 'propagate_uplink_status': False} {{(pid=103970) _get_device_details /opt/stack/neutron/neutron/plugins/ml2/rpc.py:184}}
Jun 29 09:59:12.065129 dv-cinder-768105-16-iscsi neutron-server[103969]: INFO neutron.wsgi [req-0ce89bfb-df31-4ef9-8478-df6c3f202e1c req-02c16c4d-0b66-4461-8c34-7e7d95d5211a tempest-DeleteServersTestJSON-1479179498 tempest-DeleteServersTestJSON-1479179498-project] 10.222.0.52 "GET /v2.0/security-groups?id=f0839ba1-a012-4f7d-8659-fff7192ed892&fields=id&fields=name HTTP/1.1" status: 200 len: 286 time: 0.1614068
Jun 29 09:59:12.071339 dv-cinder-768105-16-iscsi neutron-server[103968]: DEBUG dbcounter [-] [103968] Writing DB stats neutron:SELECT=88,neutron:DELETE=2,neutron:INSERT=9,neutron:UPDATE=1 {{(pid=103968) stat_writer /usr/local/lib/python3.8/dist-packages/dbcounter.py:114}}
Jun 29 09:59:12.088963 dv-cinder-768105-16-iscsi neutron-server[103970]: DEBUG neutron.plugins.ml2.plugin [None req-7966a47d-1b2f-4306-8413-2792cd774779 None None] Current status of the port 063aad5d-365b-4b91-85a8-eb1ef8386318 is: DOWN; New status is: BUILD {{(pid=103970) _update_individual_port_db_status /opt/stack/neutron/neutron/plugins/ml2/plugin.py:2292}}
Jun 29 09:59:12.092383 dv-cinder-768105-16-iscsi neutron-server[103970]: DEBUG neutron_lib.callbacks.manager [None req-7966a47d-1b2f-4306-8413-2792cd774779 None None] Publish callbacks ['neutron.plugins.ml2.plugin.SecurityGroupDbMixin._ensure_default_security_group_handler-729076'] for port (063aad5d-365b-4b91-85a8-eb1ef8386318), before_update {{(pid=103970) _notify_loop /usr/local/lib/python3.8/dist-packages/neutron_lib/callbacks/manager.py:176}}
Jun 29 09:59:12.099556 dv-cinder-768105-16-iscsi neutron-server[103969]: INFO neutron.wsgi [req-c68da608-2ce0-4b2d-b844-5b71697d91a4 req-4b2558ff-07cc-4b9c-95bb-de3be0233512 service neutron] 10.222.0.58 "GET /v2.0/networks/e3cd4382-18e9-435d-813a-72491e1c14a5?fields=segments HTTP/1.1" status: 200 len: 212 time: 0.2556255
Jun 29 09:59:12.109286 dv-cinder-768105-16-iscsi neutron-server[103968]: DEBUG neutron.pecan_wsgi.hooks.policy_enforcement [req-ae40d3b1-19f6-4eef-977b-8e0d5ab8adec req-cd1cd794-0e46-4061-b090-8535f8533f6a service neutron] Attributes excluded by policy engine: ['standard_attr_id', 'vlan_transparent'] {{(pid=103968) _exclude_attributes_by_policy /opt/stack/neutron/neutron/pecan_wsgi/hooks/policy_enforcement.py:259}}
Jun 29 09:59:12.110871 dv-cinder-768105-16-iscsi neutron-server[103968]: INFO neutron.wsgi [req-ae40d3b1-19f6-4eef-977b-8e0d5ab8adec req-cd1cd794-0e46-4061-b090-8535f8533f6a service neutron] 10.222.0.58 "GET /v2.0/networks?id=e2090313-2d8a-40ac-969f-881a91ce3569 HTTP/1.1" status: 200 len: 913 time: 0.5282409
Jun 29 09:59:12.123161 dv-cinder-768105-16-iscsi neutron-server[103970]: DEBUG neutron.notifiers.nova [None req-7966a47d-1b2f-4306-8413-2792cd774779 None None] Ignoring state change previous_port_status: DOWN current_port_status: BUILD port_id 063aad5d-365b-4b91-85a8-eb1ef8386318 {{(pid=103970) record_port_status_changed /opt/stack/neutron/neutron/notifiers/nova.py:233}}
Jun 29 09:59:12.151450 dv-cinder-768105-16-iscsi neutron-server[103968]: INFO neutron.wsgi [req-de364371-b8d8-4c9a-8d9e-b131f207df73 req-f283604f-54fb-4822-9141-82182e2027d6 tempest-AttachVolumeNegativeTest-1553076754 tempest-AttachVolumeNegativeTest-1553076754-project] 10.222.0.52 "GET /v2.0/security-groups?id=1c006170-75b4-4a4b-8d65-9573ff15b37a&fields=id&fields=name HTTP/1.1" status: 200 len: 312 time: 0.1915972
Jun 29 09:59:12.153007 dv-cinder-768105-16-iscsi neutron-server[103970]: DEBUG neutron.plugins.ml2.db [None req-7966a47d-1b2f-4306-8413-2792cd774779 None None] For port 063aad5d-365b-4b91-85a8-eb1ef8386318, host hv-cinder-76810, got binding levels [PortBindingLevel(driver='hyperv',host='hv-cinder-76810',level=0,port_id=063aad5d-365b-4b91-85a8-eb1ef8386318,segment=NetworkSegment(f485abf6-d90b-489c-afdd-be481f32d5e0),segment_id=f485abf6-d90b-489c-afdd-be481f32d5e0)] {{(pid=103970) get_binding_level_objs /opt/stack/neutron/neutron/plugins/ml2/db.py:74}}
Jun 29 09:59:12.160393 dv-cinder-768105-16-iscsi neutron-server[103970]: DEBUG neutron_lib.callbacks.manager [None req-7966a47d-1b2f-4306-8413-2792cd774779 None None] Publish callbacks ['neutron.plugins.ml2.plugin.SecurityGroupServerNotifierRpcMixin._notify_sg_on_port_change-729019', 'neutron.plugins.ml2.ovo_rpc._ObjectChangeHandler.handle_event-140622', 'neutron.api.rpc.agentnotifiers.dhcp_rpc_agent_api.DhcpAgentNotifyAPI._native_event_send_dhcp_notification-3928101', 'neutron.db.l3_db.L3RpcNotifierMixin._notify_gateway_port_ip_changed-8789950879690', 'neutron.db.l3_dvrscheduler_db._notify_l3_agent_port_update-8789950319993', 'neutron.db.l3_hascheduler_db._notify_l3_agent_ha_port_update-8789950320011'] for port (063aad5d-365b-4b91-85a8-eb1ef8386318), after_update {{(pid=103970) _notify_loop /usr/local/lib/python3.8/dist-packages/neutron_lib/callbacks/manager.py:176}}
Jun 29 09:59:12.162169 dv-cinder-768105-16-iscsi neutron-server[103970]: DEBUG neutron.plugins.ml2.rpc [None req-7966a47d-1b2f-4306-8413-2792cd774779 None None] Device 26888310-71e8-4aa7-9019-d6e4607dd7af details requested by agent hyperv_hv-cinder-76810 with host hv-cinder-76810 {{(pid=103970) get_device_details /opt/stack/neutron/neutron/plugins/ml2/rpc.py:102}}
Jun 29 09:59:12.162596 dv-cinder-768105-16-iscsi neutron-server[103968]: DEBUG neutron.pecan_wsgi.hooks.policy_enforcement [req-31397fe6-fbd0-4c3a-be1e-2fed261aa2c4 req-6c7a3139-9251-4941-bdd4-b73d25ada770 service neutron] Attributes excluded by policy engine: ['standard_attr_id', 'vlan_transparent'] {{(pid=103968) _exclude_attributes_by_policy /opt/stack/neutron/neutron/pecan_wsgi/hooks/policy_enforcement.py:259}}
Jun 29 09:59:12.164089 dv-cinder-768105-16-iscsi neutron-server[103968]: INFO neutron.wsgi [req-31397fe6-fbd0-4c3a-be1e-2fed261aa2c4 req-6c7a3139-9251-4941-bdd4-b73d25ada770 service neutron] 10.222.0.58 "GET /v2.0/networks?id=94e95166-d965-465b-aef9-2a22cc2e6ee9 HTTP/1.1" status: 200 len: 918 time: 0.3765409
Jun 29 09:59:12.187479 dv-cinder-768105-16-iscsi neutron-server[103968]: DEBUG neutron_lib.callbacks.manager [None req-9c5835d5-6062-49a3-b5ef-80d718355965 admin admin] Publish callbacks ['neutron.plugins.ml2.ovo_rpc._ObjectChangeHandler.handle_event-3893246'] for security_group (c6466b84-b2ca-450f-82f7-6a5e542d61f9), after_delete {{(pid=103968) _notify_loop /usr/local/lib/python3.8/dist-packages/neutron_lib/callbacks/manager.py:176}}
Jun 29 09:59:12.190602 dv-cinder-768105-16-iscsi neutron-server[103968]: DEBUG neutron_lib.callbacks.manager [None req-9c5835d5-6062-49a3-b5ef-80d718355965 admin admin] Publish callbacks [] for security_group (None), before_response {{(pid=103968) _notify_loop /usr/local/lib/python3.8/dist-packages/neutron_lib/callbacks/manager.py:176}}
Jun 29 09:59:12.194775 dv-cinder-768105-16-iscsi neutron-server[103968]: INFO neutron.wsgi [None req-9c5835d5-6062-49a3-b5ef-80d718355965 admin admin] 10.222.0.52 "DELETE /v2.0/security-groups/c6466b84-b2ca-450f-82f7-6a5e542d61f9 HTTP/1.1" status: 204 len: 168 time: 0.5136783
Jun 29 09:59:12.213899 dv-cinder-768105-16-iscsi neutron-server[103968]: DEBUG neutron.api.rpc.handlers.resources_rpc [None req-9c5835d5-6062-49a3-b5ef-80d718355965 admin admin] Pushing event deleted for resources: {'SecurityGroup': ['ID=c6466b84-b2ca-450f-82f7-6a5e542d61f9,revision_number=None']} {{(pid=103968) push /opt/stack/neutron/neutron/api/rpc/handlers/resources_rpc.py:237}}
Jun 29 09:59:12.246668 dv-cinder-768105-16-iscsi neutron-server[103969]: DEBUG neutron.pecan_wsgi.hooks.policy_enforcement [req-07a800df-5da8-4764-9761-54f087d65d1c req-53ae102b-0081-4f80-a7dd-f21df90d5cea tempest-AttachVolumeShelveTestJSON-469607981 tempest-AttachVolumeShelveTestJSON-469607981-project] Attributes excluded by policy engine: ['standard_attr_id', 'binding:profile', 'binding:host_id', 'binding:vif_type', 'binding:vif_details'] {{(pid=103969) _exclude_attributes_by_policy /opt/stack/neutron/neutron/pecan_wsgi/hooks/policy_enforcement.py:259}}
Jun 29 09:59:12.248550 dv-cinder-768105-16-iscsi neutron-server[103969]: INFO neutron.wsgi [req-07a800df-5da8-4764-9761-54f087d65d1c req-53ae102b-0081-4f80-a7dd-f21df90d5cea tempest-AttachVolumeShelveTestJSON-469607981 tempest-AttachVolumeShelveTestJSON-469607981-project] 10.222.0.52 "GET /v2.0/ports?device_id=18247887-76cd-4d14-b694-3aaa572ca574 HTTP/1.1" status: 200 len: 944 time: 0.0979891
Jun 29 09:59:12.343849 dv-cinder-768105-16-iscsi neutron-server[103968]: DEBUG neutron.pecan_wsgi.hooks.policy_enforcement [req-10088f69-cfaf-43ff-80a0-f915ff9dc25a req-65e03756-fef5-455a-8266-c265ecb91219 tempest-ServerRescueNegativeTestJSON-62640990 tempest-ServerRescueNegativeTestJSON-62640990-project] Attributes excluded by policy engine: ['standard_attr_id', 'binding:profile', 'binding:host_id', 'binding:vif_type', 'binding:vif_details'] {{(pid=103968) _exclude_attributes_by_policy /opt/stack/neutron/neutron/pecan_wsgi/hooks/policy_enforcement.py:259}}
Jun 29 09:59:12.344819 dv-cinder-768105-16-iscsi neutron-server[103969]: INFO neutron.wsgi [req-07a800df-5da8-4764-9761-54f087d65d1c req-88a86c78-4abc-4c79-98a1-4454b280ec32 tempest-AttachVolumeShelveTestJSON-469607981 tempest-AttachVolumeShelveTestJSON-469607981-project] 10.222.0.52 "GET /v2.0/security-groups?id=6eac78ac-f633-4ce5-88ce-ec4185da2415&fields=id&fields=name HTTP/1.1" status: 200 len: 312 time: 0.0868483
Jun 29 09:59:12.353372 dv-cinder-768105-16-iscsi neutron-server[103968]: INFO neutron.wsgi [req-10088f69-cfaf-43ff-80a0-f915ff9dc25a req-65e03756-fef5-455a-8266-c265ecb91219 tempest-ServerRescueNegativeTestJSON-62640990 tempest-ServerRescueNegativeTestJSON-62640990-project] 10.222.0.52 "GET /v2.0/ports?device_id=d3babafc-afb4-4eae-b574-eb9f6ed15d49 HTTP/1.1" status: 200 len: 943 time: 0.0816104
Jun 29 09:59:12.355547 dv-cinder-768105-16-iscsi neutron-server[103970]: DEBUG dbcounter [-] [103970] Writing DB stats neutron:SELECT=97,neutron:UPDATE=3 {{(pid=103970) stat_writer /usr/local/lib/python3.8/dist-packages/dbcounter.py:114}}
Jun 29 09:59:12.421133 dv-cinder-768105-16-iscsi neutron-server[103970]: DEBUG neutron.api.rpc.handlers.resources_rpc [None req-7966a47d-1b2f-4306-8413-2792cd774779 None None] Pushing event updated for resources: {'Port': ['ID=063aad5d-365b-4b91-85a8-eb1ef8386318,revision_number=4']} {{(pid=103970) push /opt/stack/neutron/neutron/api/rpc/handlers/resources_rpc.py:237}}
Jun 29 09:59:12.430987 dv-cinder-768105-16-iscsi neutron-server[103970]: DEBUG neutron.plugins.ml2.db [None req-7966a47d-1b2f-4306-8413-2792cd774779 None None] For port 26888310-71e8-4aa7-9019-d6e4607dd7af, host hv-cinder-76810, got binding levels [PortBindingLevel(driver='hyperv',host='hv-cinder-76810',level=0,port_id=26888310-71e8-4aa7-9019-d6e4607dd7af,segment=NetworkSegment(61f56236-5042-40a2-a853-7450e315a611),segment_id=61f56236-5042-40a2-a853-7450e315a611)] {{(pid=103970) get_binding_level_objs /opt/stack/neutron/neutron/plugins/ml2/db.py:74}}
Jun 29 09:59:12.439771 dv-cinder-768105-16-iscsi neutron-server[103968]: INFO neutron.wsgi [req-10088f69-cfaf-43ff-80a0-f915ff9dc25a req-914ebeb8-2438-4a31-8ab7-f0a4e618ac44 tempest-ServerRescueNegativeTestJSON-62640990 tempest-ServerRescueNegativeTestJSON-62640990-project] 10.222.0.52 "GET /v2.0/security-groups?id=a20b7c6a-dc67-4948-a347-8efb057a4c8c&fields=id&fields=name HTTP/1.1" status: 200 len: 286 time: 0.0850487
Jun 29 09:59:12.443997 dv-cinder-768105-16-iscsi neutron-server[103970]: DEBUG neutron.plugins.ml2.rpc [None req-7966a47d-1b2f-4306-8413-2792cd774779 None None] Returning: {'device': '26888310-71e8-4aa7-9019-d6e4607dd7af', 'network_id': '94e95166-d965-465b-aef9-2a22cc2e6ee9', 'port_id': '26888310-71e8-4aa7-9019-d6e4607dd7af', 'mac_address': 'fa:16:3e:28:5e:d8', 'admin_state_up': True, 'network_type': 'vlan', 'segmentation_id': 393, 'physical_network': 'physnet1', 'mtu': 1500, 'fixed_ips': [{'subnet_id': '429a0843-9175-45ae-b21e-12942234a12f', 'ip_address': '172.20.0.14'}], 'device_owner': 'compute:nova', 'allowed_address_pairs': [], 'port_security_enabled': True, 'qos_policy_id': None, 'qos_network_policy_id': None, 'profile': {}, 'propagate_uplink_status': False} {{(pid=103970) _get_device_details /opt/stack/neutron/neutron/plugins/ml2/rpc.py:184}}
Jun 29 09:59:12.484763 dv-cinder-768105-16-iscsi neutron-server[103970]: DEBUG neutron.plugins.ml2.plugin [None req-7966a47d-1b2f-4306-8413-2792cd774779 None None] Current status of the port 26888310-71e8-4aa7-9019-d6e4607dd7af is: DOWN; New status is: BUILD {{(pid=103970) _update_individual_port_db_status /opt/stack/neutron/neutron/plugins/ml2/plugin.py:2292}}
Jun 29 09:59:12.485168 dv-cinder-768105-16-iscsi neutron-server[103970]: DEBUG neutron_lib.callbacks.manager [None req-7966a47d-1b2f-4306-8413-2792cd774779 None None] Publish callbacks ['neutron.plugins.ml2.plugin.SecurityGroupDbMixin._ensure_default_security_group_handler-729076'] for port (26888310-71e8-4aa7-9019-d6e4607dd7af), before_update {{(pid=103970) _notify_loop /usr/local/lib/python3.8/dist-packages/neutron_lib/callbacks/manager.py:176}}
Jun 29 09:59:12.499493 dv-cinder-768105-16-iscsi neutron-server[103970]: DEBUG neutron.notifiers.nova [None req-7966a47d-1b2f-4306-8413-2792cd774779 None None] Ignoring state change previous_port_status: DOWN current_port_status: BUILD port_id 26888310-71e8-4aa7-9019-d6e4607dd7af {{(pid=103970) record_port_status_changed /opt/stack/neutron/neutron/notifiers/nova.py:233}}
Jun 29 09:59:12.520601 dv-cinder-768105-16-iscsi neutron-server[103970]: DEBUG neutron.plugins.ml2.db [None req-7966a47d-1b2f-4306-8413-2792cd774779 None None] For port 26888310-71e8-4aa7-9019-d6e4607dd7af, host hv-cinder-76810, got binding levels [PortBindingLevel(driver='hyperv',host='hv-cinder-76810',level=0,port_id=26888310-71e8-4aa7-9019-d6e4607dd7af,segment=NetworkSegment(61f56236-5042-40a2-a853-7450e315a611),segment_id=61f56236-5042-40a2-a853-7450e315a611)] {{(pid=103970) get_binding_level_objs /opt/stack/neutron/neutron/plugins/ml2/db.py:74}}
Jun 29 09:59:12.526407 dv-cinder-768105-16-iscsi neutron-server[103970]: DEBUG neutron_lib.callbacks.manager [None req-7966a47d-1b2f-4306-8413-2792cd774779 None None] Publish callbacks ['neutron.plugins.ml2.plugin.SecurityGroupServerNotifierRpcMixin._notify_sg_on_port_change-729019', 'neutron.plugins.ml2.ovo_rpc._ObjectChangeHandler.handle_event-140622', 'neutron.api.rpc.agentnotifiers.dhcp_rpc_agent_api.DhcpAgentNotifyAPI._native_event_send_dhcp_notification-3928101', 'neutron.db.l3_db.L3RpcNotifierMixin._notify_gateway_port_ip_changed-8789950879690', 'neutron.db.l3_dvrscheduler_db._notify_l3_agent_port_update-8789950319993', 'neutron.db.l3_hascheduler_db._notify_l3_agent_ha_port_update-8789950320011'] for port (26888310-71e8-4aa7-9019-d6e4607dd7af), after_update {{(pid=103970) _notify_loop /usr/local/lib/python3.8/dist-packages/neutron_lib/callbacks/manager.py:176}}
Jun 29 09:59:12.589969 dv-cinder-768105-16-iscsi neutron-server[103970]: DEBUG neutron.api.rpc.handlers.resources_rpc [None req-7966a47d-1b2f-4306-8413-2792cd774779 None None] Pushing event updated for resources: {'Port': ['ID=26888310-71e8-4aa7-9019-d6e4607dd7af,revision_number=4']} {{(pid=103970) push /opt/stack/neutron/neutron/api/rpc/handlers/resources_rpc.py:237}}
Jun 29 09:59:12.628485 dv-cinder-768105-16-iscsi neutron-server[103968]: INFO neutron.wsgi [req-31397fe6-fbd0-4c3a-be1e-2fed261aa2c4 req-f314d51f-0b9a-4a0c-9d5c-379edfac2c1f service neutron] 10.222.0.58 "GET /v2.0/floatingips?fixed_ip_address=172.20.0.14&port_id=26888310-71e8-4aa7-9019-d6e4607dd7af HTTP/1.1" status: 200 len: 217 time: 0.0833108
Jun 29 09:59:12.708146 dv-cinder-768105-16-iscsi neutron-server[103969]: DEBUG dbcounter [-] [103969] Writing DB stats neutron:SELECT=97,neutron:DELETE=3 {{(pid=103969) stat_writer /usr/local/lib/python3.8/dist-packages/dbcounter.py:114}}
Jun 29 09:59:12.737382 dv-cinder-768105-16-iscsi neutron-server[103969]: DEBUG neutron.pecan_wsgi.hooks.policy_enforcement [req-b17fe5f4-88e8-4d60-bca0-cc17346919a6 req-7daac6da-b537-4a88-a27f-7ec4f392cfce service neutron] Attributes excluded by policy engine: ['standard_attr_id'] {{(pid=103969) _exclude_attributes_by_policy /opt/stack/neutron/neutron/pecan_wsgi/hooks/policy_enforcement.py:259}}
Jun 29 09:59:12.738993 dv-cinder-768105-16-iscsi neutron-server[103969]: INFO neutron.wsgi [req-b17fe5f4-88e8-4d60-bca0-cc17346919a6 req-7daac6da-b537-4a88-a27f-7ec4f392cfce service neutron] 10.222.0.58 "GET /v2.0/ports?tenant_id=c695a228acc84e93baf309bec5e489c4&device_id=d3babafc-afb4-4eae-b574-eb9f6ed15d49 HTTP/1.1" status: 200 len: 1127 time: 0.1362393
Jun 29 09:59:12.744093 dv-cinder-768105-16-iscsi neutron-server[103969]: DEBUG neutron.wsgi [-] (103969) accepted ('10.222.0.52', 43534) {{(pid=103969) server /usr/local/lib/python3.8/dist-packages/eventlet/wsgi.py:1004}}
Jun 29 09:59:12.744361 dv-cinder-768105-16-iscsi neutron-server[103968]: INFO neutron.wsgi [req-ae40d3b1-19f6-4eef-977b-8e0d5ab8adec req-7460ee08-b685-47bf-8ebf-274d7bc4e2fe service neutron] 10.222.0.58 "GET /v2.0/floatingips?fixed_ip_address=172.20.0.4&port_id=063aad5d-365b-4b91-85a8-eb1ef8386318 HTTP/1.1" status: 200 len: 217 time: 0.1307349
Jun 29 09:59:12.789854 dv-cinder-768105-16-iscsi neutron-server[103969]: DEBUG neutron.pecan_wsgi.hooks.policy_enforcement [req-ba7d5451-9810-4833-a468-9f8c289e92dc req-4bb81ac5-1b6c-45ae-9b83-606861eb29e7 service neutron] Attributes excluded by policy engine: ['standard_attr_id', 'shared'] {{(pid=103969) _exclude_attributes_by_policy /opt/stack/neutron/neutron/pecan_wsgi/hooks/policy_enforcement.py:259}}
Jun 29 09:59:12.791500 dv-cinder-768105-16-iscsi neutron-server[103969]: INFO neutron.wsgi [req-ba7d5451-9810-4833-a468-9f8c289e92dc req-4bb81ac5-1b6c-45ae-9b83-606861eb29e7 service neutron] 10.222.0.58 "GET /v2.0/subnets?id=8e16244d-d468-4456-b58b-ab2ba5c15512 HTTP/1.1" status: 200 len: 854 time: 0.2473512
Jun 29 09:59:12.791923 dv-cinder-768105-16-iscsi neutron-server[103968]: DEBUG neutron.pecan_wsgi.hooks.policy_enforcement [req-31397fe6-fbd0-4c3a-be1e-2fed261aa2c4 req-9b852543-5736-430a-9936-d298e1a41f65 service neutron] Attributes excluded by policy engine: ['standard_attr_id', 'shared'] {{(pid=103968) _exclude_attributes_by_policy /opt/stack/neutron/neutron/pecan_wsgi/hooks/policy_enforcement.py:259}}
Jun 29 09:59:12.793715 dv-cinder-768105-16-iscsi neutron-server[103968]: INFO neutron.wsgi [req-31397fe6-fbd0-4c3a-be1e-2fed261aa2c4 req-9b852543-5736-430a-9936-d298e1a41f65 service neutron] 10.222.0.58 "GET /v2.0/subnets?id=429a0843-9175-45ae-b21e-12942234a12f HTTP/1.1" status: 200 len: 856 time: 0.1152964
Jun 29 09:59:12.797839 dv-cinder-768105-16-iscsi neutron-server[103969]: DEBUG neutron_lib.callbacks.manager [None req-2bee6945-1eb9-4cd6-8227-3449e1517cb6 admin admin] Publish callbacks [] for security_group (None), before_create {{(pid=103969) _notify_loop /usr/local/lib/python3.8/dist-packages/neutron_lib/callbacks/manager.py:176}}
Jun 29 09:59:12.825113 dv-cinder-768105-16-iscsi neutron-server[103968]: DEBUG dbcounter [-] [103968] Writing DB stats neutron:INSERT=2,neutron:SELECT=95,neutron:DELETE=3 {{(pid=103968) stat_writer /usr/local/lib/python3.8/dist-packages/dbcounter.py:114}}
Jun 29 09:59:12.855488 dv-cinder-768105-16-iscsi neutron-server[103968]: DEBUG neutron.pecan_wsgi.hooks.policy_enforcement [req-ae40d3b1-19f6-4eef-977b-8e0d5ab8adec req-ad6769b2-be2f-4fac-8efd-bb2f66878937 service neutron] Attributes excluded by policy engine: ['standard_attr_id', 'shared'] {{(pid=103968) _exclude_attributes_by_policy /opt/stack/neutron/neutron/pecan_wsgi/hooks/policy_enforcement.py:259}}
Jun 29 09:59:12.856926 dv-cinder-768105-16-iscsi neutron-server[103968]: INFO neutron.wsgi [req-ae40d3b1-19f6-4eef-977b-8e0d5ab8adec req-ad6769b2-be2f-4fac-8efd-bb2f66878937 service neutron] 10.222.0.58 "GET /v2.0/subnets?id=832299cd-2c23-4faf-9fb1-39337d41e072 HTTP/1.1" status: 200 len: 851 time: 0.1060357
Jun 29 09:59:12.879639 dv-cinder-768105-16-iscsi neutron-server[103970]: DEBUG neutron.plugins.ml2.db [None req-7966a47d-1b2f-4306-8413-2792cd774779 None None] get_ports_and_sgs() called for port_ids ['26888310-71e8-4aa7-9019-d6e4607dd7af'] {{(pid=103970) get_ports_and_sgs /opt/stack/neutron/neutron/plugins/ml2/db.py:156}}
Jun 29 09:59:12.901498 dv-cinder-768105-16-iscsi neutron-server[103969]: INFO neutron.wsgi [req-c68da608-2ce0-4b2d-b844-5b71697d91a4 req-40a3deb5-918b-4fd5-afc7-bfae39df4835 service neutron] 10.222.0.58 "GET /v2.0/networks/e3cd4382-18e9-435d-813a-72491e1c14a5?fields=provider%3Aphysical_network&fields=provider%3Anetwork_type HTTP/1.1" status: 200 len: 281 time: 0.3458652
Jun 29 09:59:12.912954 dv-cinder-768105-16-iscsi neutron-server[103968]: DEBUG neutron.pecan_wsgi.hooks.policy_enforcement [req-31397fe6-fbd0-4c3a-be1e-2fed261aa2c4 req-f974677a-2e29-4154-9e6c-9065bbabc835 service neutron] Attributes excluded by policy engine: ['standard_attr_id'] {{(pid=103968) _exclude_attributes_by_policy /opt/stack/neutron/neutron/pecan_wsgi/hooks/policy_enforcement.py:259}}
Jun 29 09:59:12.915450 dv-cinder-768105-16-iscsi neutron-server[103968]: INFO neutron.wsgi [req-31397fe6-fbd0-4c3a-be1e-2fed261aa2c4 req-f974677a-2e29-4154-9e6c-9065bbabc835 service neutron] 10.222.0.58 "GET /v2.0/ports?network_id=94e95166-d965-465b-aef9-2a22cc2e6ee9&device_owner=network%3Adhcp HTTP/1.1" status: 200 len: 1213 time: 0.1095016
Jun 29 09:59:12.963943 dv-cinder-768105-16-iscsi neutron-server[103969]: DEBUG neutron.pecan_wsgi.hooks.policy_enforcement [req-ba7d5451-9810-4833-a468-9f8c289e92dc req-d3d72d9d-e869-492c-819f-947d96f4e5ca service neutron] Attributes excluded by policy engine: ['standard_attr_id'] {{(pid=103969) _exclude_attributes_by_policy /opt/stack/neutron/neutron/pecan_wsgi/hooks/policy_enforcement.py:259}}
Jun 29 09:59:12.965886 dv-cinder-768105-16-iscsi neutron-server[103969]: INFO neutron.wsgi [req-ba7d5451-9810-4833-a468-9f8c289e92dc req-d3d72d9d-e869-492c-819f-947d96f4e5ca service neutron] 10.222.0.58 "GET /v2.0/ports?network_id=e8656fd5-64f6-4a7e-ad73-3f1c4df65b17&device_owner=network%3Adhcp HTTP/1.1" status: 200 len: 1213 time: 0.1519530
Jun 29 09:59:13.059358 dv-cinder-768105-16-iscsi neutron-server[103968]: INFO neutron.wsgi [req-31397fe6-fbd0-4c3a-be1e-2fed261aa2c4 req-913ed781-e786-4693-990d-1ab08d778a98 service neutron] 10.222.0.58 "GET /v2.0/networks/94e95166-d965-465b-aef9-2a22cc2e6ee9?fields=segments HTTP/1.1" status: 200 len: 212 time: 0.1336741
Jun 29 09:59:13.060719 dv-cinder-768105-16-iscsi neutron-server[103968]: DEBUG neutron.pecan_wsgi.hooks.policy_enforcement [req-ae40d3b1-19f6-4eef-977b-8e0d5ab8adec req-9d999fca-675d-4a9f-afbf-60df953ed6bb service neutron] Attributes excluded by policy engine: ['standard_attr_id'] {{(pid=103968) _exclude_attributes_by_policy /opt/stack/neutron/neutron/pecan_wsgi/hooks/policy_enforcement.py:259}}
Jun 29 09:59:13.062546 dv-cinder-768105-16-iscsi neutron-server[103968]: INFO neutron.wsgi [req-ae40d3b1-19f6-4eef-977b-8e0d5ab8adec req-9d999fca-675d-4a9f-afbf-60df953ed6bb service neutron] 10.222.0.58 "GET /v2.0/ports?network_id=e2090313-2d8a-40ac-969f-881a91ce3569&device_owner=network%3Adhcp HTTP/1.1" status: 200 len: 1213 time: 0.1979420
Jun 29 09:59:13.067219 dv-cinder-768105-16-iscsi neutron-server[103969]: DEBUG neutron.pecan_wsgi.hooks.policy_enforcement [req-b17fe5f4-88e8-4d60-bca0-cc17346919a6 req-3a1c687c-6be4-46fa-8df1-21d448b04cab service neutron] Attributes excluded by policy engine: ['standard_attr_id', 'vlan_transparent'] {{(pid=103969) _exclude_attributes_by_policy /opt/stack/neutron/neutron/pecan_wsgi/hooks/policy_enforcement.py:259}}
Jun 29 09:59:13.072051 dv-cinder-768105-16-iscsi neutron-server[103969]: INFO neutron.wsgi [req-b17fe5f4-88e8-4d60-bca0-cc17346919a6 req-3a1c687c-6be4-46fa-8df1-21d448b04cab service neutron] 10.222.0.58 "GET /v2.0/networks?id=e3cd4382-18e9-435d-813a-72491e1c14a5 HTTP/1.1" status: 200 len: 919 time: 0.3119087
Jun 29 09:59:13.132020 dv-cinder-768105-16-iscsi neutron-server[103969]: DEBUG neutron_lib.callbacks.manager [None req-2bee6945-1eb9-4cd6-8227-3449e1517cb6 admin admin] Publish callbacks [] for security_group (26931dea-0da5-47ff-8531-b0f7e96d3af6), precommit_create {{(pid=103969) _notify_loop /usr/local/lib/python3.8/dist-packages/neutron_lib/callbacks/manager.py:176}}
Jun 29 09:59:13.139747 dv-cinder-768105-16-iscsi neutron-server[103969]: DEBUG neutron_lib.callbacks.manager [None req-2bee6945-1eb9-4cd6-8227-3449e1517cb6 admin admin] Publish callbacks ['neutron.plugins.ml2.ovo_rpc._ObjectChangeHandler.handle_event-3893246'] for security_group (26931dea-0da5-47ff-8531-b0f7e96d3af6), after_create {{(pid=103969) _notify_loop /usr/local/lib/python3.8/dist-packages/neutron_lib/callbacks/manager.py:176}}
Jun 29 09:59:13.160136 dv-cinder-768105-16-iscsi neutron-server[103970]: DEBUG neutron.plugins.ml2.db [None req-7966a47d-1b2f-4306-8413-2792cd774779 None None] get_ports_and_sgs() called for port_ids ['063aad5d-365b-4b91-85a8-eb1ef8386318'] {{(pid=103970) get_ports_and_sgs /opt/stack/neutron/neutron/plugins/ml2/db.py:156}}
Jun 29 09:59:13.227050 dv-cinder-768105-16-iscsi neutron-server[103968]: DEBUG neutron.wsgi [-] (103968) accepted ('10.222.0.52', 43558) {{(pid=103968) server /usr/local/lib/python3.8/dist-packages/eventlet/wsgi.py:1004}}
Jun 29 09:59:13.323430 dv-cinder-768105-16-iscsi neutron-server[103969]: DEBUG neutron.api.rpc.handlers.resources_rpc [None req-2bee6945-1eb9-4cd6-8227-3449e1517cb6 admin admin] Pushing event updated for resources: {'SecurityGroup': ['ID=26931dea-0da5-47ff-8531-b0f7e96d3af6,revision_number=1']} {{(pid=103969) push /opt/stack/neutron/neutron/api/rpc/handlers/resources_rpc.py:237}}
Jun 29 09:59:13.367707 dv-cinder-768105-16-iscsi neutron-server[103969]: INFO neutron.wsgi [None req-2bee6945-1eb9-4cd6-8227-3449e1517cb6 admin admin] 10.222.0.52 "GET /v2.0/security-groups?tenant_id=cf60e0942861430692b0dda6cdb773d6&name=default HTTP/1.1" status: 200 len: 2996 time: 0.6191051
Jun 29 09:59:13.370777 dv-cinder-768105-16-iscsi neutron-server[103968]: DEBUG neutron.wsgi [-] (103968) accepted ('10.222.0.52', 43570) {{(pid=103968) server /usr/local/lib/python3.8/dist-packages/eventlet/wsgi.py:1004}}
Jun 29 09:59:13.412953 dv-cinder-768105-16-iscsi neutron-server[103968]: DEBUG neutron.pecan_wsgi.hooks.policy_enforcement [req-6955c3bd-68cd-4c96-bca8-4b460135c371 req-88d23d18-b868-49a5-9fe2-fdb480cb84c9 tempest-AttachVolumeNegativeTest-1553076754 tempest-AttachVolumeNegativeTest-1553076754-project] Attributes excluded by policy engine: ['standard_attr_id', 'binding:profile', 'binding:host_id', 'binding:vif_type', 'binding:vif_details'] {{(pid=103968) _exclude_attributes_by_policy /opt/stack/neutron/neutron/pecan_wsgi/hooks/policy_enforcement.py:259}}
Jun 29 09:59:13.417116 dv-cinder-768105-16-iscsi neutron-server[103969]: DEBUG neutron.pecan_wsgi.hooks.policy_enforcement [req-e5c1def2-0993-4d63-a204-26df075e33cb req-0d500cf0-11cb-44b7-8f61-ab51d0d600cf tempest-DeleteServersTestJSON-1479179498 tempest-DeleteServersTestJSON-1479179498-project] Attributes excluded by policy engine: ['standard_attr_id', 'binding:profile', 'binding:host_id', 'binding:vif_type', 'binding:vif_details'] {{(pid=103969) _exclude_attributes_by_policy /opt/stack/neutron/neutron/pecan_wsgi/hooks/policy_enforcement.py:259}}
Jun 29 09:59:13.421323 dv-cinder-768105-16-iscsi neutron-server[103968]: INFO neutron.wsgi [req-6955c3bd-68cd-4c96-bca8-4b460135c371 req-88d23d18-b868-49a5-9fe2-fdb480cb84c9 tempest-AttachVolumeNegativeTest-1553076754 tempest-AttachVolumeNegativeTest-1553076754-project] 10.222.0.52 "GET /v2.0/ports?device_id=1ddf1295-57be-4e50-8403-e2ed8353c18c HTTP/1.1" status: 200 len: 943 time: 0.1324115
Jun 29 09:59:13.423211 dv-cinder-768105-16-iscsi neutron-server[103969]: INFO neutron.wsgi [req-e5c1def2-0993-4d63-a204-26df075e33cb req-0d500cf0-11cb-44b7-8f61-ab51d0d600cf tempest-DeleteServersTestJSON-1479179498 tempest-DeleteServersTestJSON-1479179498-project] 10.222.0.52 "GET /v2.0/ports?device_id=bda5f73a-de16-48fa-b51d-1ad23f583de6 HTTP/1.1" status: 200 len: 944 time: 0.2393212
Jun 29 09:59:13.543104 dv-cinder-768105-16-iscsi neutron-server[103969]: INFO neutron.wsgi [req-e5c1def2-0993-4d63-a204-26df075e33cb req-89184e57-c595-4f71-8634-9b1c90b63ac6 tempest-DeleteServersTestJSON-1479179498 tempest-DeleteServersTestJSON-1479179498-project] 10.222.0.52 "GET /v2.0/security-groups?id=f0839ba1-a012-4f7d-8659-fff7192ed892&fields=id&fields=name HTTP/1.1" status: 200 len: 286 time: 0.1147184
Jun 29 09:59:13.553812 dv-cinder-768105-16-iscsi neutron-server[103968]: INFO neutron.wsgi [req-6955c3bd-68cd-4c96-bca8-4b460135c371 req-b086de66-75cb-494b-973d-8915a227395c tempest-AttachVolumeNegativeTest-1553076754 tempest-AttachVolumeNegativeTest-1553076754-project] 10.222.0.52 "GET /v2.0/security-groups?id=1c006170-75b4-4a4b-8d65-9573ff15b37a&fields=id&fields=name HTTP/1.1" status: 200 len: 312 time: 0.1313350
Jun 29 09:59:13.561443 dv-cinder-768105-16-iscsi neutron-server[103968]: DEBUG neutron_lib.callbacks.manager [None req-29e0d253-9ad1-4894-a33d-e4f2370015a3 admin admin] Publish callbacks [] for security_group (26931dea-0da5-47ff-8531-b0f7e96d3af6), before_delete {{(pid=103968) _notify_loop /usr/local/lib/python3.8/dist-packages/neutron_lib/callbacks/manager.py:176}}
Jun 29 09:59:13.597882 dv-cinder-768105-16-iscsi neutron-server[103968]: DEBUG neutron_lib.callbacks.manager [None req-29e0d253-9ad1-4894-a33d-e4f2370015a3 admin admin] Publish callbacks [] for security_group (26931dea-0da5-47ff-8531-b0f7e96d3af6), precommit_delete {{(pid=103968) _notify_loop /usr/local/lib/python3.8/dist-packages/neutron_lib/callbacks/manager.py:176}}
Jun 29 09:59:13.716702 dv-cinder-768105-16-iscsi neutron-server[103968]: DEBUG neutron_lib.callbacks.manager [None req-c882ce9a-9984-4c21-9bcc-6ce81a4769d9 admin admin] Publish callbacks [] for security_group (None), before_create {{(pid=103968) _notify_loop /usr/local/lib/python3.8/dist-packages/neutron_lib/callbacks/manager.py:176}}
Jun 29 09:59:13.775737 dv-cinder-768105-16-iscsi neutron-server[103968]: DEBUG neutron.pecan_wsgi.hooks.policy_enforcement [req-371e493c-ba9b-46d4-8e13-567af96632d5 req-8bc671b0-912a-4b95-b7dc-6fdc80022ac6 tempest-ServerRescueNegativeTestJSON-62640990 tempest-ServerRescueNegativeTestJSON-62640990-project] Attributes excluded by policy engine: ['standard_attr_id', 'binding:profile', 'binding:host_id', 'binding:vif_type', 'binding:vif_details'] {{(pid=103968) _exclude_attributes_by_policy /opt/stack/neutron/neutron/pecan_wsgi/hooks/policy_enforcement.py:259}}
Jun 29 09:59:13.777386 dv-cinder-768105-16-iscsi neutron-server[103968]: INFO neutron.wsgi [req-371e493c-ba9b-46d4-8e13-567af96632d5 req-8bc671b0-912a-4b95-b7dc-6fdc80022ac6 tempest-ServerRescueNegativeTestJSON-62640990 tempest-ServerRescueNegativeTestJSON-62640990-project] 10.222.0.52 "GET /v2.0/ports?device_id=d3babafc-afb4-4eae-b574-eb9f6ed15d49 HTTP/1.1" status: 200 len: 943 time: 0.1249642
Jun 29 09:59:13.777781 dv-cinder-768105-16-iscsi neutron-server[103968]: DEBUG dbcounter [-] [103968] Writing DB stats neutron:SELECT=97,neutron:DELETE=3 {{(pid=103968) stat_writer /usr/local/lib/python3.8/dist-packages/dbcounter.py:114}}
Jun 29 09:59:13.783034 dv-cinder-768105-16-iscsi neutron-server[103968]: DEBUG neutron_lib.callbacks.manager [None req-29e0d253-9ad1-4894-a33d-e4f2370015a3 admin admin] Publish callbacks ['neutron.plugins.ml2.ovo_rpc._ObjectChangeHandler.handle_event-3893246'] for security_group (26931dea-0da5-47ff-8531-b0f7e96d3af6), after_delete {{(pid=103968) _notify_loop /usr/local/lib/python3.8/dist-packages/neutron_lib/callbacks/manager.py:176}}
Jun 29 09:59:13.785900 dv-cinder-768105-16-iscsi neutron-server[103968]: DEBUG neutron_lib.callbacks.manager [None req-29e0d253-9ad1-4894-a33d-e4f2370015a3 admin admin] Publish callbacks [] for security_group (None), before_response {{(pid=103968) _notify_loop /usr/local/lib/python3.8/dist-packages/neutron_lib/callbacks/manager.py:176}}
Jun 29 09:59:13.787149 dv-cinder-768105-16-iscsi neutron-server[103968]: INFO neutron.wsgi [None req-29e0d253-9ad1-4894-a33d-e4f2370015a3 admin admin] 10.222.0.52 "DELETE /v2.0/security-groups/26931dea-0da5-47ff-8531-b0f7e96d3af6 HTTP/1.1" status: 204 len: 168 time: 0.4153612
Jun 29 09:59:13.891114 dv-cinder-768105-16-iscsi neutron-server[103968]: DEBUG neutron.api.rpc.handlers.resources_rpc [None req-29e0d253-9ad1-4894-a33d-e4f2370015a3 admin admin] Pushing event deleted for resources: {'SecurityGroup': ['ID=26931dea-0da5-47ff-8531-b0f7e96d3af6,revision_number=None']} {{(pid=103968) push /opt/stack/neutron/neutron/api/rpc/handlers/resources_rpc.py:237}}
Jun 29 09:59:13.965882 dv-cinder-768105-16-iscsi neutron-server[103969]: INFO neutron.wsgi [req-b17fe5f4-88e8-4d60-bca0-cc17346919a6 req-7c311be2-39df-4b85-bfca-2956a3f0b487 service neutron] 10.222.0.58 "GET /v2.0/floatingips?fixed_ip_address=172.20.0.4&port_id=9a0b7777-bdfd-4168-abd4-ad7018402896 HTTP/1.1" status: 200 len: 217 time: 0.2839870
Jun 29 09:59:13.986318 dv-cinder-768105-16-iscsi neutron-server[103968]: INFO neutron.wsgi [req-31397fe6-fbd0-4c3a-be1e-2fed261aa2c4 req-ee9f52e6-5674-4b9b-bc4f-ee60daca0128 service neutron] 10.222.0.58 "GET /v2.0/networks/94e95166-d965-465b-aef9-2a22cc2e6ee9?fields=provider%3Aphysical_network&fields=provider%3Anetwork_type HTTP/1.1" status: 200 len: 281 time: 0.2978685
Jun 29 09:59:13.994998 dv-cinder-768105-16-iscsi neutron-server[103968]: INFO neutron.wsgi [req-371e493c-ba9b-46d4-8e13-567af96632d5 req-6c2a8f30-0ad7-4b8f-99ad-f9050c5e603b tempest-ServerRescueNegativeTestJSON-62640990 tempest-ServerRescueNegativeTestJSON-62640990-project] 10.222.0.52 "GET /v2.0/security-groups?id=a20b7c6a-dc67-4948-a347-8efb057a4c8c&fields=id&fields=name HTTP/1.1" status: 200 len: 286 time: 0.2048025
Jun 29 09:59:13.998216 dv-cinder-768105-16-iscsi neutron-server[103968]: INFO neutron.wsgi [req-ae40d3b1-19f6-4eef-977b-8e0d5ab8adec req-27225237-11b0-4681-add2-312a19aaa63e service neutron] 10.222.0.58 "GET /v2.0/networks/e2090313-2d8a-40ac-969f-881a91ce3569?fields=segments HTTP/1.1" status: 200 len: 212 time: 0.3022811
Jun 29 09:59:14.036967 dv-cinder-768105-16-iscsi neutron-server[103969]: DEBUG dbcounter [-] [103969] Writing DB stats neutron:SELECT=98,neutron:INSERT=2 {{(pid=103969) stat_writer /usr/local/lib/python3.8/dist-packages/dbcounter.py:114}}
Jun 29 09:59:14.039187 dv-cinder-768105-16-iscsi neutron-server[103969]: DEBUG neutron.pecan_wsgi.hooks.policy_enforcement [req-b17fe5f4-88e8-4d60-bca0-cc17346919a6 req-ccb239fd-b075-49b2-833a-f02b0e2a0b0e service neutron] Attributes excluded by policy engine: ['standard_attr_id', 'shared'] {{(pid=103969) _exclude_attributes_by_policy /opt/stack/neutron/neutron/pecan_wsgi/hooks/policy_enforcement.py:259}}
Jun 29 09:59:14.040817 dv-cinder-768105-16-iscsi neutron-server[103969]: INFO neutron.wsgi [req-b17fe5f4-88e8-4d60-bca0-cc17346919a6 req-ccb239fd-b075-49b2-833a-f02b0e2a0b0e service neutron] 10.222.0.58 "GET /v2.0/subnets?id=a097882c-066a-4774-b6cc-bc5f03177e76 HTTP/1.1" status: 200 len: 857 time: 0.0637136
Jun 29 09:59:14.046718 dv-cinder-768105-16-iscsi neutron-server[103969]: DEBUG neutron.pecan_wsgi.hooks.policy_enforcement [req-4999a9f0-4fc6-47cc-9bce-ec4c27bf1135 req-d4f7e87f-abdd-4b5b-898b-ddb001252242 tempest-AttachVolumeShelveTestJSON-469607981 tempest-AttachVolumeShelveTestJSON-469607981-project] Attributes excluded by policy engine: ['standard_attr_id', 'binding:profile', 'binding:host_id', 'binding:vif_type', 'binding:vif_details'] {{(pid=103969) _exclude_attributes_by_policy /opt/stack/neutron/neutron/pecan_wsgi/hooks/policy_enforcement.py:259}}
Jun 29 09:59:14.054060 dv-cinder-768105-16-iscsi neutron-server[103969]: INFO neutron.wsgi [req-4999a9f0-4fc6-47cc-9bce-ec4c27bf1135 req-d4f7e87f-abdd-4b5b-898b-ddb001252242 tempest-AttachVolumeShelveTestJSON-469607981 tempest-AttachVolumeShelveTestJSON-469607981-project] 10.222.0.52 "GET /v2.0/ports?device_id=18247887-76cd-4d14-b694-3aaa572ca574 HTTP/1.1" status: 200 len: 945 time: 0.3849342
Jun 29 09:59:14.055924 dv-cinder-768105-16-iscsi neutron-server[103970]: DEBUG neutron.plugins.ml2.rpc [None req-7966a47d-1b2f-4306-8413-2792cd774779 None None] Device b0721056-6a1f-408b-a2d5-9b3182abad69 details requested by agent hyperv_hv-cinder-76810 with host hv-cinder-76810 {{(pid=103970) get_device_details /opt/stack/neutron/neutron/plugins/ml2/rpc.py:102}}
Jun 29 09:59:14.063077 dv-cinder-768105-16-iscsi neutron-server[103970]: DEBUG neutron.plugins.ml2.rpc [None req-7966a47d-1b2f-4306-8413-2792cd774779 None None] Device 063aad5d-365b-4b91-85a8-eb1ef8386318 up at agent hyperv_hv-cinder-76810 {{(pid=103970) update_device_up /opt/stack/neutron/neutron/plugins/ml2/rpc.py:296}}
Jun 29 09:59:14.065527 dv-cinder-768105-16-iscsi neutron-server[103968]: DEBUG dbcounter [-] [103968] Writing DB stats neutron:SELECT=89,neutron:DELETE=2,neutron:INSERT=8,neutron:UPDATE=1 {{(pid=103968) stat_writer /usr/local/lib/python3.8/dist-packages/dbcounter.py:114}}
Jun 29 09:59:14.105650 dv-cinder-768105-16-iscsi neutron-server[103968]: DEBUG neutron_lib.callbacks.manager [None req-c882ce9a-9984-4c21-9bcc-6ce81a4769d9 admin admin] Publish callbacks [] for security_group (4e6faa95-bcf5-41bd-9f25-aee2339f06f0), precommit_create {{(pid=103968) _notify_loop /usr/local/lib/python3.8/dist-packages/neutron_lib/callbacks/manager.py:176}}
Jun 29 09:59:14.118798 dv-cinder-768105-16-iscsi neutron-server[103968]: DEBUG neutron_lib.callbacks.manager [None req-c882ce9a-9984-4c21-9bcc-6ce81a4769d9 admin admin] Publish callbacks ['neutron.plugins.ml2.ovo_rpc._ObjectChangeHandler.handle_event-3893246'] for security_group (4e6faa95-bcf5-41bd-9f25-aee2339f06f0), after_create {{(pid=103968) _notify_loop /usr/local/lib/python3.8/dist-packages/neutron_lib/callbacks/manager.py:176}}
Jun 29 09:59:14.139398 dv-cinder-768105-16-iscsi neutron-server[103970]: DEBUG dbcounter [-] [103970] Writing DB stats neutron:SELECT=95,neutron:UPDATE=5 {{(pid=103970) stat_writer /usr/local/lib/python3.8/dist-packages/dbcounter.py:114}}
Jun 29 09:59:14.167573 dv-cinder-768105-16-iscsi neutron-server[103969]: DEBUG neutron.pecan_wsgi.hooks.policy_enforcement [req-b17fe5f4-88e8-4d60-bca0-cc17346919a6 req-d6196bf5-94a3-43fb-b2fe-23a0b5a3d9e3 service neutron] Attributes excluded by policy engine: ['standard_attr_id'] {{(pid=103969) _exclude_attributes_by_policy /opt/stack/neutron/neutron/pecan_wsgi/hooks/policy_enforcement.py:259}}
Jun 29 09:59:14.169318 dv-cinder-768105-16-iscsi neutron-server[103969]: INFO neutron.wsgi [req-b17fe5f4-88e8-4d60-bca0-cc17346919a6 req-d6196bf5-94a3-43fb-b2fe-23a0b5a3d9e3 service neutron] 10.222.0.58 "GET /v2.0/ports?network_id=e3cd4382-18e9-435d-813a-72491e1c14a5&device_owner=network%3Adhcp HTTP/1.1" status: 200 len: 1213 time: 0.1087658
Jun 29 09:59:14.186902 dv-cinder-768105-16-iscsi neutron-server[103968]: INFO neutron.wsgi [None req-c882ce9a-9984-4c21-9bcc-6ce81a4769d9 admin admin] 10.222.0.52 "GET /v2.0/security-groups?tenant_id=506065ed60c141e7ab316b5892b41b77&name=default HTTP/1.1" status: 200 len: 2996 time: 0.9551401
Jun 29 09:59:14.188305 dv-cinder-768105-16-iscsi neutron-server[103968]: DEBUG neutron.api.rpc.handlers.resources_rpc [None req-c882ce9a-9984-4c21-9bcc-6ce81a4769d9 admin admin] Pushing event updated for resources: {'SecurityGroup': ['ID=4e6faa95-bcf5-41bd-9f25-aee2339f06f0,revision_number=1']} {{(pid=103968) push /opt/stack/neutron/neutron/api/rpc/handlers/resources_rpc.py:237}}
Jun 29 09:59:14.193029 dv-cinder-768105-16-iscsi neutron-server[103968]: DEBUG neutron.wsgi [-] (103968) accepted ('10.222.0.52', 43594) {{(pid=103968) server /usr/local/lib/python3.8/dist-packages/eventlet/wsgi.py:1004}}
Jun 29 09:59:14.203775 dv-cinder-768105-16-iscsi neutron-server[103968]: INFO neutron.wsgi [req-ae40d3b1-19f6-4eef-977b-8e0d5ab8adec req-306efe08-5c8e-48a5-93fd-b99d330e75bc service neutron] 10.222.0.58 "GET /v2.0/networks/e2090313-2d8a-40ac-969f-881a91ce3569?fields=provider%3Aphysical_network&fields=provider%3Anetwork_type HTTP/1.1" status: 200 len: 281 time: 0.1994176
Jun 29 09:59:14.225360 dv-cinder-768105-16-iscsi neutron-server[103969]: INFO neutron.wsgi [req-4999a9f0-4fc6-47cc-9bce-ec4c27bf1135 req-0c4a19c4-0af7-40c1-8c10-ee2582543f86 tempest-AttachVolumeShelveTestJSON-469607981 tempest-AttachVolumeShelveTestJSON-469607981-project] 10.222.0.52 "GET /v2.0/security-groups?id=6eac78ac-f633-4ce5-88ce-ec4185da2415&fields=id&fields=name HTTP/1.1" status: 200 len: 312 time: 0.1701756
Jun 29 09:59:14.264696 dv-cinder-768105-16-iscsi neutron-server[103969]: INFO neutron.wsgi [req-ba7d5451-9810-4833-a468-9f8c289e92dc req-898e3b69-a34d-4054-b6c4-780907b63990 service neutron] 10.222.0.58 "GET /v2.0/networks/e8656fd5-64f6-4a7e-ad73-3f1c4df65b17?fields=segments HTTP/1.1" status: 200 len: 212 time: 0.5602684
Jun 29 09:59:14.290171 dv-cinder-768105-16-iscsi neutron-server[103968]: DEBUG neutron_lib.callbacks.manager [None req-1917d4e7-fe3f-43fc-a8bf-d41fd3b8c9a3 admin admin] Publish callbacks [] for security_group (4e6faa95-bcf5-41bd-9f25-aee2339f06f0), before_delete {{(pid=103968) _notify_loop /usr/local/lib/python3.8/dist-packages/neutron_lib/callbacks/manager.py:176}}
Jun 29 09:59:14.336716 dv-cinder-768105-16-iscsi neutron-server[103968]: DEBUG neutron_lib.callbacks.manager [None req-1917d4e7-fe3f-43fc-a8bf-d41fd3b8c9a3 admin admin] Publish callbacks [] for security_group (4e6faa95-bcf5-41bd-9f25-aee2339f06f0), precommit_delete {{(pid=103968) _notify_loop /usr/local/lib/python3.8/dist-packages/neutron_lib/callbacks/manager.py:176}}
Jun 29 09:59:14.426496 dv-cinder-768105-16-iscsi neutron-server[103969]: DEBUG dbcounter [-] [103969] Writing DB stats neutron:SELECT=90,neutron:INSERT=9,neutron:UPDATE=1 {{(pid=103969) stat_writer /usr/local/lib/python3.8/dist-packages/dbcounter.py:114}}
Jun 29 09:59:14.427430 dv-cinder-768105-16-iscsi neutron-server[103968]: DEBUG neutron_lib.callbacks.manager [None req-1917d4e7-fe3f-43fc-a8bf-d41fd3b8c9a3 admin admin] Publish callbacks ['neutron.plugins.ml2.ovo_rpc._ObjectChangeHandler.handle_event-3893246'] for security_group (4e6faa95-bcf5-41bd-9f25-aee2339f06f0), after_delete {{(pid=103968) _notify_loop /usr/local/lib/python3.8/dist-packages/neutron_lib/callbacks/manager.py:176}}
Jun 29 09:59:14.430071 dv-cinder-768105-16-iscsi neutron-server[103970]: DEBUG neutron.db.provisioning_blocks [None req-7966a47d-1b2f-4306-8413-2792cd774779 None None] Provisioning for port 063aad5d-365b-4b91-85a8-eb1ef8386318 completed by entity L2. {{(pid=103970) provisioning_complete /opt/stack/neutron/neutron/db/provisioning_blocks.py:137}}
Jun 29 09:59:14.431564 dv-cinder-768105-16-iscsi neutron-server[103968]: DEBUG neutron_lib.callbacks.manager [None req-1917d4e7-fe3f-43fc-a8bf-d41fd3b8c9a3 admin admin] Publish callbacks [] for security_group (None), before_response {{(pid=103968) _notify_loop /usr/local/lib/python3.8/dist-packages/neutron_lib/callbacks/manager.py:176}}
Jun 29 09:59:14.434208 dv-cinder-768105-16-iscsi neutron-server[103968]: INFO neutron.wsgi [None req-1917d4e7-fe3f-43fc-a8bf-d41fd3b8c9a3 admin admin] 10.222.0.52 "DELETE /v2.0/security-groups/4e6faa95-bcf5-41bd-9f25-aee2339f06f0 HTTP/1.1" status: 204 len: 168 time: 0.2387986
Jun 29 09:59:14.461752 dv-cinder-768105-16-iscsi neutron-server[103969]: INFO neutron.wsgi [req-b17fe5f4-88e8-4d60-bca0-cc17346919a6 req-3cc31ec0-17a4-4867-91fc-bb4b3416e926 service neutron] 10.222.0.58 "GET /v2.0/networks/e3cd4382-18e9-435d-813a-72491e1c14a5?fields=segments HTTP/1.1" status: 200 len: 212 time: 0.2756739
Jun 29 09:59:14.475812 dv-cinder-768105-16-iscsi neutron-server[103968]: DEBUG neutron.api.rpc.handlers.resources_rpc [None req-1917d4e7-fe3f-43fc-a8bf-d41fd3b8c9a3 admin admin] Pushing event deleted for resources: {'SecurityGroup': ['ID=4e6faa95-bcf5-41bd-9f25-aee2339f06f0,revision_number=None']} {{(pid=103968) push /opt/stack/neutron/neutron/api/rpc/handlers/resources_rpc.py:237}}
Jun 29 09:59:14.497249 dv-cinder-768105-16-iscsi neutron-server[103969]: INFO neutron.wsgi [req-ba7d5451-9810-4833-a468-9f8c289e92dc req-1c47c698-dcd5-4dd5-94c8-d19d29c109a1 service neutron] 10.222.0.58 "GET /v2.0/networks/e8656fd5-64f6-4a7e-ad73-3f1c4df65b17?fields=provider%3Aphysical_network&fields=provider%3Anetwork_type HTTP/1.1" status: 200 len: 281 time: 0.1874247
Jun 29 09:59:14.511669 dv-cinder-768105-16-iscsi neutron-server[103970]: DEBUG neutron.db.provisioning_blocks [None req-7966a47d-1b2f-4306-8413-2792cd774779 None None] Provisioning complete for port 063aad5d-365b-4b91-85a8-eb1ef8386318 triggered by entity L2. {{(pid=103970) provisioning_complete /opt/stack/neutron/neutron/db/provisioning_blocks.py:145}}
Jun 29 09:59:14.512404 dv-cinder-768105-16-iscsi neutron-server[103970]: DEBUG neutron_lib.callbacks.manager [None req-7966a47d-1b2f-4306-8413-2792cd774779 None None] Publish callbacks ['neutron.plugins.ml2.plugin.Ml2Plugin._port_provisioned-861455'] for port (063aad5d-365b-4b91-85a8-eb1ef8386318), provisioning_complete {{(pid=103970) _notify_loop /usr/local/lib/python3.8/dist-packages/neutron_lib/callbacks/manager.py:176}}
Jun 29 09:59:14.651102 dv-cinder-768105-16-iscsi neutron-server[103970]: DEBUG dbcounter [-] [103970] Writing DB stats neutron:SELECT=99,neutron:DELETE=1 {{(pid=103970) stat_writer /usr/local/lib/python3.8/dist-packages/dbcounter.py:114}}
Jun 29 09:59:14.671363 dv-cinder-768105-16-iscsi neutron-server[103969]: INFO neutron.wsgi [req-b17fe5f4-88e8-4d60-bca0-cc17346919a6 req-85b760e0-d01d-41f7-8d2b-83e4789f3269 service neutron] 10.222.0.58 "GET /v2.0/networks/e3cd4382-18e9-435d-813a-72491e1c14a5?fields=provider%3Aphysical_network&fields=provider%3Anetwork_type HTTP/1.1" status: 200 len: 281 time: 0.1979902
Jun 29 09:59:14.698639 dv-cinder-768105-16-iscsi neutron-server[103970]: DEBUG neutron.plugins.ml2.db [None req-7966a47d-1b2f-4306-8413-2792cd774779 None None] For port b0721056-6a1f-408b-a2d5-9b3182abad69, host hv-cinder-76810, got binding levels [PortBindingLevel(driver='hyperv',host='hv-cinder-76810',level=0,port_id=b0721056-6a1f-408b-a2d5-9b3182abad69,segment=NetworkSegment(23519053-646d-4793-a92a-489f7259f1e5),segment_id=23519053-646d-4793-a92a-489f7259f1e5)] {{(pid=103970) get_binding_level_objs /opt/stack/neutron/neutron/plugins/ml2/db.py:74}}
