Jun 29 10:37:52.351584 dv-cinder-768105-16-iscsi devstack@placement-api.service[104460]: DEBUG placement.objects.research_context [req-c8b42f9c-e23b-42b6-a33e-508abb9b16d4 req-56498991-7efe-430c-980f-015ff562a5dd service placement] found 1 providers after filtering by previous result {{(pid=104460) get_provider_ids_matching /opt/stack/placement/placement/objects/research_context.py:594}}
Jun 29 10:37:52.362834 dv-cinder-768105-16-iscsi devstack@placement-api.service[104460]: DEBUG placement.objects.allocation_candidate [req-c8b42f9c-e23b-42b6-a33e-508abb9b16d4 req-56498991-7efe-430c-980f-015ff562a5dd service placement] RequestGroup(use_same_provider=False, resources={MEMORY_MB:1024, VCPU:1}, traits=(), aggregates=[]) (suffix '') returned 1 matches {{(pid=104460) _get_by_requests /opt/stack/placement/placement/objects/allocation_candidate.py:156}}
Jun 29 10:37:52.363164 dv-cinder-768105-16-iscsi devstack@placement-api.service[104460]: DEBUG placement.objects.allocation_candidate [req-c8b42f9c-e23b-42b6-a33e-508abb9b16d4 req-56498991-7efe-430c-980f-015ff562a5dd service placement] Merging candidates yields 1 allocation requests and 1 provider summaries {{(pid=104460) _merge_candidates /opt/stack/placement/placement/objects/allocation_candidate.py:809}}
Jun 29 10:37:52.364704 dv-cinder-768105-16-iscsi devstack@placement-api.service[104460]: INFO placement.requestlog [req-c8b42f9c-e23b-42b6-a33e-508abb9b16d4 req-56498991-7efe-430c-980f-015ff562a5dd service placement] 10.222.0.52 "GET /placement/allocation_candidates?limit=1000&resources=MEMORY_MB%3A1024%2CVCPU%3A1&root_required=%21COMPUTE_STATUS_DISABLED" status: 200 len: 753 microversion: 1.36
Jun 29 10:37:52.365107 dv-cinder-768105-16-iscsi devstack@placement-api.service[104460]: [pid: 104460|app: 0|req: 101/200] 10.222.0.52 () {60 vars in 1478 bytes} [Wed Jun 29 10:37:52 2022] GET /placement/allocation_candidates?limit=1000&resources=MEMORY_MB%3A1024%2CVCPU%3A1&root_required=%21COMPUTE_STATUS_DISABLED => generated 753 bytes in 61 msecs (HTTP/1.1 200) 8 headers in 296 bytes (1 switches on core 0)
Jun 29 10:37:52.404131 dv-cinder-768105-16-iscsi devstack@placement-api.service[104461]: DEBUG placement.requestlog [req-c8b42f9c-e23b-42b6-a33e-508abb9b16d4 req-67dfcd72-76b3-476f-804c-dba33195dcad None None] Starting request: 10.222.0.52 "GET /placement/allocations/3d3cd7b5-d0dd-457a-a04f-1695cf5f4972" {{(pid=104461) __call__ /opt/stack/placement/placement/requestlog.py:55}}
Jun 29 10:37:52.416812 dv-cinder-768105-16-iscsi devstack@placement-api.service[104461]: INFO placement.requestlog [req-c8b42f9c-e23b-42b6-a33e-508abb9b16d4 req-67dfcd72-76b3-476f-804c-dba33195dcad service placement] 10.222.0.52 "GET /placement/allocations/3d3cd7b5-d0dd-457a-a04f-1695cf5f4972" status: 200 len: 19 microversion: 1.28
Jun 29 10:37:52.417274 dv-cinder-768105-16-iscsi devstack@placement-api.service[104461]: [pid: 104461|app: 0|req: 100/201] 10.222.0.52 () {60 vars in 1380 bytes} [Wed Jun 29 10:37:52 2022] GET /placement/allocations/3d3cd7b5-d0dd-457a-a04f-1695cf5f4972 => generated 19 bytes in 13 msecs (HTTP/1.1 200) 8 headers in 295 bytes (1 switches on core 0)
Jun 29 10:37:52.423364 dv-cinder-768105-16-iscsi devstack@placement-api.service[104460]: DEBUG placement.requestlog [req-c8b42f9c-e23b-42b6-a33e-508abb9b16d4 req-62fac99d-d76c-41de-9213-5393a2b537f8 None None] Starting request: 10.222.0.52 "PUT /placement/allocations/3d3cd7b5-d0dd-457a-a04f-1695cf5f4972" {{(pid=104460) __call__ /opt/stack/placement/placement/requestlog.py:55}}
Jun 29 10:37:52.484896 dv-cinder-768105-16-iscsi devstack@placement-api.service[104461]: DEBUG placement.requestlog [req-9874cfad-4b62-483d-836a-b1c756746060 req-0bebfedf-82c6-46c0-941d-b061d3ebe011 None None] Starting request: 10.222.0.58 "DELETE /placement/allocations/1120efe8-bc65-4df7-88b6-91c5a05e0df6" {{(pid=104461) __call__ /opt/stack/placement/placement/requestlog.py:55}}
Jun 29 10:37:52.503339 dv-cinder-768105-16-iscsi devstack@placement-api.service[104460]: DEBUG placement.handlers.allocation [req-c8b42f9c-e23b-42b6-a33e-508abb9b16d4 req-62fac99d-d76c-41de-9213-5393a2b537f8 service placement] Successfully wrote allocations [, ] {{(pid=104460) _update_consumers_and_create_allocations /opt/stack/placement/placement/handlers/allocation.py:462}}
Jun 29 10:37:52.508613 dv-cinder-768105-16-iscsi devstack@placement-api.service[104460]: INFO placement.requestlog [req-c8b42f9c-e23b-42b6-a33e-508abb9b16d4 req-62fac99d-d76c-41de-9213-5393a2b537f8 service placement] 10.222.0.52 "PUT /placement/allocations/3d3cd7b5-d0dd-457a-a04f-1695cf5f4972" status: 204 len: 0 microversion: 1.36
Jun 29 10:37:52.509222 dv-cinder-768105-16-iscsi devstack@placement-api.service[104460]: [pid: 104460|app: 0|req: 102/202] 10.222.0.52 () {64 vars in 1433 bytes} [Wed Jun 29 10:37:52 2022] PUT /placement/allocations/3d3cd7b5-d0dd-457a-a04f-1695cf5f4972 => generated 0 bytes in 86 msecs (HTTP/1.1 204) 5 headers in 199 bytes (1 switches on core 0)
Jun 29 10:37:52.523872 dv-cinder-768105-16-iscsi devstack@placement-api.service[104461]: DEBUG placement.handlers.allocation [req-9874cfad-4b62-483d-836a-b1c756746060 req-0bebfedf-82c6-46c0-941d-b061d3ebe011 service placement] Successfully deleted allocations [, , ] {{(pid=104461) delete_allocations /opt/stack/placement/placement/handlers/allocation.py:627}}
Jun 29 10:37:52.525802 dv-cinder-768105-16-iscsi devstack@placement-api.service[104461]: INFO placement.requestlog [req-9874cfad-4b62-483d-836a-b1c756746060 req-0bebfedf-82c6-46c0-941d-b061d3ebe011 service placement] 10.222.0.58 "DELETE /placement/allocations/1120efe8-bc65-4df7-88b6-91c5a05e0df6" status: 204 len: 0 microversion: 1.0
Jun 29 10:37:52.525802 dv-cinder-768105-16-iscsi devstack@placement-api.service[104461]: [pid: 104461|app: 0|req: 101/203] 10.222.0.58 () {60 vars in 1355 bytes} [Wed Jun 29 10:37:52 2022] DELETE /placement/allocations/1120efe8-bc65-4df7-88b6-91c5a05e0df6 => generated 0 bytes in 41 msecs (HTTP/1.1 204) 5 headers in 198 bytes (1 switches on core 0)
Jun 29 10:37:53.195214 dv-cinder-768105-16-iscsi devstack@placement-api.service[104460]: DEBUG placement.requestlog [req-c8b42f9c-e23b-42b6-a33e-508abb9b16d4 req-f4b18e47-7d51-4e01-9f8b-1e8ff30100f7 None None] Starting request: 10.222.0.58 "GET /placement/allocations/3d3cd7b5-d0dd-457a-a04f-1695cf5f4972" {{(pid=104460) __call__ /opt/stack/placement/placement/requestlog.py:55}}
Jun 29 10:37:53.218696 dv-cinder-768105-16-iscsi devstack@placement-api.service[104460]: INFO placement.requestlog [req-c8b42f9c-e23b-42b6-a33e-508abb9b16d4 req-f4b18e47-7d51-4e01-9f8b-1e8ff30100f7 service placement] 10.222.0.58 "GET /placement/allocations/3d3cd7b5-d0dd-457a-a04f-1695cf5f4972" status: 200 len: 245 microversion: 1.28
Jun 29 10:37:53.219747 dv-cinder-768105-16-iscsi devstack@placement-api.service[104460]: [pid: 104460|app: 0|req: 103/204] 10.222.0.58 () {60 vars in 1377 bytes} [Wed Jun 29 10:37:53 2022] GET /placement/allocations/3d3cd7b5-d0dd-457a-a04f-1695cf5f4972 => generated 245 bytes in 25 msecs (HTTP/1.1 200) 8 headers in 296 bytes (1 switches on core 0)
Jun 29 10:37:56.030108 dv-cinder-768105-16-iscsi devstack@placement-api.service[104461]: DEBUG placement.requestlog [req-426c6f62-04ec-4f17-bd8e-3298cf45bf01 req-ae356c72-0df2-479b-857c-836080dfa1b5 None None] Starting request: 10.222.0.58 "GET /placement/resource_providers/dd127e2c-e475-4e71-95db-4a504521790a/allocations" {{(pid=104461) __call__ /opt/stack/placement/placement/requestlog.py:55}}
Jun 29 10:37:56.216073 dv-cinder-768105-16-iscsi devstack@placement-api.service[104461]: INFO placement.requestlog [req-426c6f62-04ec-4f17-bd8e-3298cf45bf01 req-ae356c72-0df2-479b-857c-836080dfa1b5 service placement] 10.222.0.58 "GET /placement/resource_providers/dd127e2c-e475-4e71-95db-4a504521790a/allocations" status: 200 len: 140 microversion: 1.0
Jun 29 10:37:56.216437 dv-cinder-768105-16-iscsi devstack@placement-api.service[104461]: [pid: 104461|app: 0|req: 102/205] 10.222.0.58 () {58 vars in 1390 bytes} [Wed Jun 29 10:37:56 2022] GET /placement/resource_providers/dd127e2c-e475-4e71-95db-4a504521790a/allocations => generated 140 bytes in 187 msecs (HTTP/1.1 200) 6 headers in 224 bytes (1 switches on core 0)
Jun 29 10:37:56.265026 dv-cinder-768105-16-iscsi devstack@placement-api.service[104460]: DEBUG placement.requestlog [req-426c6f62-04ec-4f17-bd8e-3298cf45bf01 req-56b0ba73-2c93-4fd3-9ac2-971fd484c6eb None None] Starting request: 10.222.0.58 "GET /placement/resource_providers?in_tree=dd127e2c-e475-4e71-95db-4a504521790a" {{(pid=104460) __call__ /opt/stack/placement/placement/requestlog.py:55}}
Jun 29 10:37:56.281556 dv-cinder-768105-16-iscsi devstack@placement-api.service[104460]: INFO placement.requestlog [req-426c6f62-04ec-4f17-bd8e-3298cf45bf01 req-56b0ba73-2c93-4fd3-9ac2-971fd484c6eb service placement] 10.222.0.58 "GET /placement/resource_providers?in_tree=dd127e2c-e475-4e71-95db-4a504521790a" status: 200 len: 865 microversion: 1.14
Jun 29 10:37:56.282085 dv-cinder-768105-16-iscsi devstack@placement-api.service[104460]: [pid: 104460|app: 0|req: 104/206] 10.222.0.58 () {60 vars in 1376 bytes} [Wed Jun 29 10:37:56 2022] GET /placement/resource_providers?in_tree=dd127e2c-e475-4e71-95db-4a504521790a => generated 865 bytes in 17 msecs (HTTP/1.1 200) 6 headers in 225 bytes (1 switches on core 0)
Jun 29 10:37:56.289723 dv-cinder-768105-16-iscsi devstack@placement-api.service[104461]: DEBUG placement.requestlog [req-426c6f62-04ec-4f17-bd8e-3298cf45bf01 req-e84bbd57-5e4d-4e24-9125-52606a4ec0b0 None None] Starting request: 10.222.0.58 "GET /placement/resource_providers/dd127e2c-e475-4e71-95db-4a504521790a/inventories" {{(pid=104461) __call__ /opt/stack/placement/placement/requestlog.py:55}}
Jun 29 10:37:56.324285 dv-cinder-768105-16-iscsi devstack@placement-api.service[104461]: INFO placement.requestlog [req-426c6f62-04ec-4f17-bd8e-3298cf45bf01 req-e84bbd57-5e4d-4e24-9125-52606a4ec0b0 service placement] 10.222.0.58 "GET /placement/resource_providers/dd127e2c-e475-4e71-95db-4a504521790a/inventories" status: 200 len: 398 microversion: 1.0
Jun 29 10:37:56.325092 dv-cinder-768105-16-iscsi devstack@placement-api.service[104461]: [pid: 104461|app: 0|req: 103/207] 10.222.0.58 () {58 vars in 1390 bytes} [Wed Jun 29 10:37:56 2022] GET /placement/resource_providers/dd127e2c-e475-4e71-95db-4a504521790a/inventories => generated 398 bytes in 36 msecs (HTTP/1.1 200) 6 headers in 224 bytes (1 switches on core 0)
Jun 29 10:37:56.333863 dv-cinder-768105-16-iscsi devstack@placement-api.service[104460]: DEBUG placement.requestlog [req-426c6f62-04ec-4f17-bd8e-3298cf45bf01 req-b5a93f72-d169-46a7-a3d4-697da47454df None None] Starting request: 10.222.0.58 "GET /placement/resource_providers/dd127e2c-e475-4e71-95db-4a504521790a/aggregates" {{(pid=104460) __call__ /opt/stack/placement/placement/requestlog.py:55}}
Jun 29 10:37:56.350035 dv-cinder-768105-16-iscsi devstack@placement-api.service[104460]: INFO placement.requestlog [req-426c6f62-04ec-4f17-bd8e-3298cf45bf01 req-b5a93f72-d169-46a7-a3d4-697da47454df service placement] 10.222.0.58 "GET /placement/resource_providers/dd127e2c-e475-4e71-95db-4a504521790a/aggregates" status: 200 len: 54 microversion: 1.19
Jun 29 10:37:56.350627 dv-cinder-768105-16-iscsi devstack@placement-api.service[104460]: [pid: 104460|app: 0|req: 105/208] 10.222.0.58 () {60 vars in 1431 bytes} [Wed Jun 29 10:37:56 2022] GET /placement/resource_providers/dd127e2c-e475-4e71-95db-4a504521790a/aggregates => generated 54 bytes in 17 msecs (HTTP/1.1 200) 8 headers in 295 bytes (1 switches on core 0)
Jun 29 10:37:56.357825 dv-cinder-768105-16-iscsi devstack@placement-api.service[104461]: DEBUG placement.requestlog [req-426c6f62-04ec-4f17-bd8e-3298cf45bf01 req-03f6f2e2-8e8a-4e66-9327-635179ce1447 None None] Starting request: 10.222.0.58 "GET /placement/resource_providers/dd127e2c-e475-4e71-95db-4a504521790a/traits" {{(pid=104461) __call__ /opt/stack/placement/placement/requestlog.py:55}}
Jun 29 10:37:56.396039 dv-cinder-768105-16-iscsi devstack@placement-api.service[104461]: INFO placement.requestlog [req-426c6f62-04ec-4f17-bd8e-3298cf45bf01 req-03f6f2e2-8e8a-4e66-9327-635179ce1447 service placement] 10.222.0.58 "GET /placement/resource_providers/dd127e2c-e475-4e71-95db-4a504521790a/traits" status: 200 len: 300 microversion: 1.6
Jun 29 10:37:56.396519 dv-cinder-768105-16-iscsi devstack@placement-api.service[104461]: [pid: 104461|app: 0|req: 104/209] 10.222.0.58 () {60 vars in 1418 bytes} [Wed Jun 29 10:37:56 2022] GET /placement/resource_providers/dd127e2c-e475-4e71-95db-4a504521790a/traits => generated 300 bytes in 39 msecs (HTTP/1.1 200) 6 headers in 224 bytes (2 switches on core 0)
Jun 29 10:37:56.809586 dv-cinder-768105-16-iscsi devstack@placement-api.service[104460]: DEBUG placement.requestlog [None req-08124199-fed2-4b38-a98d-6f98cf810cd1 None None] Starting request: 10.222.0.52 "GET /placement/resource_providers/9c191951-b27c-4005-8f42-a7862bcf78ea/aggregates" {{(pid=104460) __call__ /opt/stack/placement/placement/requestlog.py:55}}
Jun 29 10:37:56.823905 dv-cinder-768105-16-iscsi devstack@placement-api.service[104460]: INFO placement.requestlog [None req-08124199-fed2-4b38-a98d-6f98cf810cd1 service placement] 10.222.0.52 "GET /placement/resource_providers/9c191951-b27c-4005-8f42-a7862bcf78ea/aggregates" status: 404 len: 235 microversion: 1.1
Jun 29 10:37:56.824600 dv-cinder-768105-16-iscsi devstack@placement-api.service[104460]: [pid: 104460|app: 0|req: 106/210] 10.222.0.52 () {58 vars in 1362 bytes} [Wed Jun 29 10:37:56 2022] GET /placement/resource_providers/9c191951-b27c-4005-8f42-a7862bcf78ea/aggregates => generated 235 bytes in 16 msecs (HTTP/1.1 404) 5 headers in 202 bytes (1 switches on core 0)
Jun 29 10:37:56.860964 dv-cinder-768105-16-iscsi devstack@placement-api.service[104461]: DEBUG placement.requestlog [None req-ce7a65b1-5c34-4de4-88e5-5265d12c0c04 None None] Starting request: 10.222.0.52 "DELETE /placement/resource_providers/9c191951-b27c-4005-8f42-a7862bcf78ea" {{(pid=104461) __call__ /opt/stack/placement/placement/requestlog.py:55}}
Jun 29 10:37:56.872186 dv-cinder-768105-16-iscsi devstack@placement-api.service[104461]: DEBUG placement.wsgi_wrapper [None req-ce7a65b1-5c34-4de4-88e5-5265d12c0c04 service placement] Placement API returning an error response: No resource provider with uuid 9c191951-b27c-4005-8f42-a7862bcf78ea found for delete {{(pid=104461) call_func /opt/stack/placement/placement/wsgi_wrapper.py:31}}
Jun 29 10:37:56.873068 dv-cinder-768105-16-iscsi devstack@placement-api.service[104461]: INFO placement.requestlog [None req-ce7a65b1-5c34-4de4-88e5-5265d12c0c04 service placement] 10.222.0.52 "DELETE /placement/resource_providers/9c191951-b27c-4005-8f42-a7862bcf78ea" status: 404 len: 246 microversion: 1.1
Jun 29 10:37:56.873814 dv-cinder-768105-16-iscsi devstack@placement-api.service[104461]: [pid: 104461|app: 0|req: 105/211] 10.222.0.52 () {60 vars in 1351 bytes} [Wed Jun 29 10:37:56 2022] DELETE /placement/resource_providers/9c191951-b27c-4005-8f42-a7862bcf78ea => generated 246 bytes in 13 msecs (HTTP/1.1 404) 6 headers in 231 bytes (1 switches on core 0)
Jun 29 10:38:06.450972 dv-cinder-768105-16-iscsi devstack@placement-api.service[104460]: DEBUG placement.requestlog [req-024d60ef-d66f-44a7-b963-fe0143d69e4b req-48c127fb-3535-49d5-9e0c-1a7d124c1b9c None None] Starting request: 10.222.0.52 "GET /placement/allocation_candidates?limit=1000&resources=DISK_GB%3A1%2CMEMORY_MB%3A1024%2CVCPU%3A1&root_required=%21COMPUTE_STATUS_DISABLED" {{(pid=104460) __call__ /opt/stack/placement/placement/requestlog.py:55}}
Jun 29 10:38:06.531628 dv-cinder-768105-16-iscsi devstack@placement-api.service[104460]: DEBUG placement.objects.research_context [req-024d60ef-d66f-44a7-b963-fe0143d69e4b req-48c127fb-3535-49d5-9e0c-1a7d124c1b9c service placement] getting providers with 1 DISK_GB {{(pid=104460) __init__ /opt/stack/placement/placement/objects/research_context.py:136}}
Jun 29 10:38:06.543918 dv-cinder-768105-16-iscsi devstack@placement-api.service[104460]: DEBUG placement.objects.research_context [req-024d60ef-d66f-44a7-b963-fe0143d69e4b req-48c127fb-3535-49d5-9e0c-1a7d124c1b9c service placement] getting providers with 1024 MEMORY_MB {{(pid=104460) __init__ /opt/stack/placement/placement/objects/research_context.py:136}}
Jun 29 10:38:06.554963 dv-cinder-768105-16-iscsi devstack@placement-api.service[104460]: DEBUG placement.objects.research_context [req-024d60ef-d66f-44a7-b963-fe0143d69e4b req-48c127fb-3535-49d5-9e0c-1a7d124c1b9c service placement] getting providers with 1 VCPU {{(pid=104460) __init__ /opt/stack/placement/placement/objects/research_context.py:136}}
Jun 29 10:38:06.568139 dv-cinder-768105-16-iscsi devstack@placement-api.service[104460]: DEBUG placement.objects.research_context [req-024d60ef-d66f-44a7-b963-fe0143d69e4b req-48c127fb-3535-49d5-9e0c-1a7d124c1b9c service placement] found 1 providers with available 1 DISK_GB {{(pid=104460) get_provider_ids_matching /opt/stack/placement/placement/objects/research_context.py:563}}
Jun 29 10:38:06.568481 dv-cinder-768105-16-iscsi devstack@placement-api.service[104460]: DEBUG placement.objects.research_context [req-024d60ef-d66f-44a7-b963-fe0143d69e4b req-48c127fb-3535-49d5-9e0c-1a7d124c1b9c service placement] found 1 providers with available 1024 MEMORY_MB {{(pid=104460) get_provider_ids_matching /opt/stack/placement/placement/objects/research_context.py:563}}
Jun 29 10:38:06.569260 dv-cinder-768105-16-iscsi devstack@placement-api.service[104460]: DEBUG placement.objects.research_context [req-024d60ef-d66f-44a7-b963-fe0143d69e4b req-48c127fb-3535-49d5-9e0c-1a7d124c1b9c service placement] found 1 providers after filtering by previous result {{(pid=104460) get_provider_ids_matching /opt/stack/placement/placement/objects/research_context.py:594}}
Jun 29 10:38:06.569747 dv-cinder-768105-16-iscsi devstack@placement-api.service[104460]: DEBUG placement.objects.research_context [req-024d60ef-d66f-44a7-b963-fe0143d69e4b req-48c127fb-3535-49d5-9e0c-1a7d124c1b9c service placement] found 1 providers with available 1 VCPU {{(pid=104460) get_provider_ids_matching /opt/stack/placement/placement/objects/research_context.py:563}}
Jun 29 10:38:06.571569 dv-cinder-768105-16-iscsi devstack@placement-api.service[104460]: DEBUG placement.objects.research_context [req-024d60ef-d66f-44a7-b963-fe0143d69e4b req-48c127fb-3535-49d5-9e0c-1a7d124c1b9c service placement] found 1 providers after filtering by previous result {{(pid=104460) get_provider_ids_matching /opt/stack/placement/placement/objects/research_context.py:594}}
Jun 29 10:38:06.607300 dv-cinder-768105-16-iscsi devstack@placement-api.service[104460]: DEBUG placement.objects.allocation_candidate [req-024d60ef-d66f-44a7-b963-fe0143d69e4b req-48c127fb-3535-49d5-9e0c-1a7d124c1b9c service placement] RequestGroup(use_same_provider=False, resources={DISK_GB:1, MEMORY_MB:1024, VCPU:1}, traits=(), aggregates=[]) (suffix '') returned 1 matches {{(pid=104460) _get_by_requests /opt/stack/placement/placement/objects/allocation_candidate.py:156}}
Jun 29 10:38:06.608074 dv-cinder-768105-16-iscsi devstack@placement-api.service[104460]: DEBUG placement.objects.allocation_candidate [req-024d60ef-d66f-44a7-b963-fe0143d69e4b req-48c127fb-3535-49d5-9e0c-1a7d124c1b9c service placement] Merging candidates yields 1 allocation requests and 1 provider summaries {{(pid=104460) _merge_candidates /opt/stack/placement/placement/objects/allocation_candidate.py:809}}
Jun 29 10:38:06.610178 dv-cinder-768105-16-iscsi devstack@placement-api.service[104460]: INFO placement.requestlog [req-024d60ef-d66f-44a7-b963-fe0143d69e4b req-48c127fb-3535-49d5-9e0c-1a7d124c1b9c service placement] 10.222.0.52 "GET /placement/allocation_candidates?limit=1000&resources=DISK_GB%3A1%2CMEMORY_MB%3A1024%2CVCPU%3A1&root_required=%21COMPUTE_STATUS_DISABLED" status: 200 len: 767 microversion: 1.36
Jun 29 10:38:06.610937 dv-cinder-768105-16-iscsi devstack@placement-api.service[104460]: [pid: 104460|app: 0|req: 107/212] 10.222.0.52 () {60 vars in 1506 bytes} [Wed Jun 29 10:38:06 2022] GET /placement/allocation_candidates?limit=1000&resources=DISK_GB%3A1%2CMEMORY_MB%3A1024%2CVCPU%3A1&root_required=%21COMPUTE_STATUS_DISABLED => generated 767 bytes in 161 msecs (HTTP/1.1 200) 8 headers in 296 bytes (1 switches on core 0)
Jun 29 10:38:06.657032 dv-cinder-768105-16-iscsi devstack@placement-api.service[104461]: DEBUG placement.requestlog [req-024d60ef-d66f-44a7-b963-fe0143d69e4b req-79d6ed7c-042b-46a7-ba93-d1f695bacef2 None None] Starting request: 10.222.0.52 "GET /placement/allocations/9a603aa1-5bdb-4d1c-9557-50dade0cd4e8" {{(pid=104461) __call__ /opt/stack/placement/placement/requestlog.py:55}}
Jun 29 10:38:06.673224 dv-cinder-768105-16-iscsi devstack@placement-api.service[104461]: INFO placement.requestlog [req-024d60ef-d66f-44a7-b963-fe0143d69e4b req-79d6ed7c-042b-46a7-ba93-d1f695bacef2 service placement] 10.222.0.52 "GET /placement/allocations/9a603aa1-5bdb-4d1c-9557-50dade0cd4e8" status: 200 len: 19 microversion: 1.28
Jun 29 10:38:06.680202 dv-cinder-768105-16-iscsi devstack@placement-api.service[104461]: [pid: 104461|app: 0|req: 106/213] 10.222.0.52 () {60 vars in 1380 bytes} [Wed Jun 29 10:38:06 2022] GET /placement/allocations/9a603aa1-5bdb-4d1c-9557-50dade0cd4e8 => generated 19 bytes in 23 msecs (HTTP/1.1 200) 8 headers in 295 bytes (1 switches on core 0)
Jun 29 10:38:06.681196 dv-cinder-768105-16-iscsi devstack@placement-api.service[104460]: DEBUG placement.requestlog [req-024d60ef-d66f-44a7-b963-fe0143d69e4b req-585d123a-b8fc-4565-83b5-4954cee33b62 None None] Starting request: 10.222.0.52 "PUT /placement/allocations/9a603aa1-5bdb-4d1c-9557-50dade0cd4e8" {{(pid=104460) __call__ /opt/stack/placement/placement/requestlog.py:55}}
Jun 29 10:38:06.802375 dv-cinder-768105-16-iscsi devstack@placement-api.service[104460]: DEBUG placement.handlers.allocation [req-024d60ef-d66f-44a7-b963-fe0143d69e4b req-585d123a-b8fc-4565-83b5-4954cee33b62 service placement] Successfully wrote allocations [, , ] {{(pid=104460) _update_consumers_and_create_allocations /opt/stack/placement/placement/handlers/allocation.py:462}}
Jun 29 10:38:06.808585 dv-cinder-768105-16-iscsi devstack@placement-api.service[104460]: INFO placement.requestlog [req-024d60ef-d66f-44a7-b963-fe0143d69e4b req-585d123a-b8fc-4565-83b5-4954cee33b62 service placement] 10.222.0.52 "PUT /placement/allocations/9a603aa1-5bdb-4d1c-9557-50dade0cd4e8" status: 204 len: 0 microversion: 1.36
Jun 29 10:38:06.808853 dv-cinder-768105-16-iscsi devstack@placement-api.service[104460]: [pid: 104460|app: 0|req: 108/214] 10.222.0.52 () {64 vars in 1433 bytes} [Wed Jun 29 10:38:06 2022] PUT /placement/allocations/9a603aa1-5bdb-4d1c-9557-50dade0cd4e8 => generated 0 bytes in 128 msecs (HTTP/1.1 204) 5 headers in 199 bytes (2 switches on core 0)
Jun 29 10:38:07.147299 dv-cinder-768105-16-iscsi devstack@placement-api.service[104461]: DEBUG placement.requestlog [req-024d60ef-d66f-44a7-b963-fe0143d69e4b req-07ee98ea-19af-4ed4-a3ac-61b482df848d None None] Starting request: 10.222.0.58 "GET /placement/allocations/9a603aa1-5bdb-4d1c-9557-50dade0cd4e8" {{(pid=104461) __call__ /opt/stack/placement/placement/requestlog.py:55}}
Jun 29 10:38:07.167438 dv-cinder-768105-16-iscsi devstack@placement-api.service[104461]: INFO placement.requestlog [req-024d60ef-d66f-44a7-b963-fe0143d69e4b req-07ee98ea-19af-4ed4-a3ac-61b482df848d service placement] 10.222.0.58 "GET /placement/allocations/9a603aa1-5bdb-4d1c-9557-50dade0cd4e8" status: 200 len: 259 microversion: 1.28
Jun 29 10:38:07.167952 dv-cinder-768105-16-iscsi devstack@placement-api.service[104461]: [pid: 104461|app: 0|req: 107/215] 10.222.0.58 () {60 vars in 1377 bytes} [Wed Jun 29 10:38:07 2022] GET /placement/allocations/9a603aa1-5bdb-4d1c-9557-50dade0cd4e8 => generated 259 bytes in 21 msecs (HTTP/1.1 200) 8 headers in 296 bytes (1 switches on core 0)
Jun 29 10:38:16.800849 dv-cinder-768105-16-iscsi devstack@placement-api.service[104460]: DEBUG dbcounter [-] [104460] Writing DB stats placement:SELECT=71,placement:DELETE=6,placement:INSERT=9,placement:UPDATE=4 {{(pid=104460) stat_writer /usr/local/lib/python3.8/dist-packages/dbcounter.py:114}}
Jun 29 10:38:17.164205 dv-cinder-768105-16-iscsi devstack@placement-api.service[104461]: DEBUG dbcounter [-] [104461] Writing DB stats placement:SELECT=41,placement:DELETE=4 {{(pid=104461) stat_writer /usr/local/lib/python3.8/dist-packages/dbcounter.py:114}}
Jun 29 10:38:58.040469 dv-cinder-768105-16-iscsi devstack@placement-api.service[104460]: DEBUG placement.requestlog [req-896e776d-118d-4bd7-a0e3-2c259841253b req-5241838e-e7b0-4691-a240-08ea24774f5e None None] Starting request: 10.222.0.58 "GET /placement/resource_providers/dd127e2c-e475-4e71-95db-4a504521790a/allocations" {{(pid=104460) __call__ /opt/stack/placement/placement/requestlog.py:55}}
Jun 29 10:38:58.064600 dv-cinder-768105-16-iscsi devstack@placement-api.service[104460]: INFO placement.requestlog [req-896e776d-118d-4bd7-a0e3-2c259841253b req-5241838e-e7b0-4691-a240-08ea24774f5e service placement] 10.222.0.58 "GET /placement/resource_providers/dd127e2c-e475-4e71-95db-4a504521790a/allocations" status: 200 len: 241 microversion: 1.0
Jun 29 10:38:58.064995 dv-cinder-768105-16-iscsi devstack@placement-api.service[104460]: [pid: 104460|app: 0|req: 109/216] 10.222.0.58 () {58 vars in 1390 bytes} [Wed Jun 29 10:38:58 2022] GET /placement/resource_providers/dd127e2c-e475-4e71-95db-4a504521790a/allocations => generated 241 bytes in 25 msecs (HTTP/1.1 200) 6 headers in 224 bytes (1 switches on core 0)
Jun 29 10:39:08.062016 dv-cinder-768105-16-iscsi devstack@placement-api.service[104460]: DEBUG dbcounter [-] [104460] Writing DB stats placement:SELECT=6 {{(pid=104460) stat_writer /usr/local/lib/python3.8/dist-packages/dbcounter.py:114}}
Jun 29 10:39:18.683352 dv-cinder-768105-16-iscsi devstack@placement-api.service[104461]: DEBUG placement.requestlog [req-b9346505-b779-4c2a-ab77-89c634698b01 req-1823c597-8d72-4235-988e-82a1873bf354 None None] Starting request: 10.222.0.58 "DELETE /placement/allocations/3d3cd7b5-d0dd-457a-a04f-1695cf5f4972" {{(pid=104461) __call__ /opt/stack/placement/placement/requestlog.py:55}}
Jun 29 10:39:18.720749 dv-cinder-768105-16-iscsi devstack@placement-api.service[104461]: DEBUG placement.handlers.allocation [req-b9346505-b779-4c2a-ab77-89c634698b01 req-1823c597-8d72-4235-988e-82a1873bf354 service placement] Successfully deleted allocations [, ] {{(pid=104461) delete_allocations /opt/stack/placement/placement/handlers/allocation.py:627}}
Jun 29 10:39:18.721374 dv-cinder-768105-16-iscsi devstack@placement-api.service[104461]: INFO placement.requestlog [req-b9346505-b779-4c2a-ab77-89c634698b01 req-1823c597-8d72-4235-988e-82a1873bf354 service placement] 10.222.0.58 "DELETE /placement/allocations/3d3cd7b5-d0dd-457a-a04f-1695cf5f4972" status: 204 len: 0 microversion: 1.0
Jun 29 10:39:18.721885 dv-cinder-768105-16-iscsi devstack@placement-api.service[104461]: [pid: 104461|app: 0|req: 108/217] 10.222.0.58 () {60 vars in 1355 bytes} [Wed Jun 29 10:39:18 2022] DELETE /placement/allocations/3d3cd7b5-d0dd-457a-a04f-1695cf5f4972 => generated 0 bytes in 39 msecs (HTTP/1.1 204) 5 headers in 198 bytes (1 switches on core 0)
Jun 29 10:39:23.028101 dv-cinder-768105-16-iscsi devstack@placement-api.service[104460]: DEBUG placement.requestlog [None req-8ac1b4df-aa6d-4e65-86c3-7b3cd073297f None None] Starting request: 10.222.0.52 "GET /placement/resource_providers/f42a4f51-6b8c-4985-8349-e6176c9d051e/aggregates" {{(pid=104460) __call__ /opt/stack/placement/placement/requestlog.py:55}}
Jun 29 10:39:23.205219 dv-cinder-768105-16-iscsi devstack@placement-api.service[104460]: INFO placement.requestlog [None req-8ac1b4df-aa6d-4e65-86c3-7b3cd073297f service placement] 10.222.0.52 "GET /placement/resource_providers/f42a4f51-6b8c-4985-8349-e6176c9d051e/aggregates" status: 404 len: 235 microversion: 1.1
Jun 29 10:39:23.205560 dv-cinder-768105-16-iscsi devstack@placement-api.service[104460]: [pid: 104460|app: 0|req: 110/218] 10.222.0.52 () {58 vars in 1362 bytes} [Wed Jun 29 10:39:23 2022] GET /placement/resource_providers/f42a4f51-6b8c-4985-8349-e6176c9d051e/aggregates => generated 235 bytes in 178 msecs (HTTP/1.1 404) 5 headers in 202 bytes (1 switches on core 0)
Jun 29 10:39:23.211677 dv-cinder-768105-16-iscsi devstack@placement-api.service[104461]: DEBUG placement.requestlog [None req-a62f406b-717f-4e43-ad69-b8cf962508c7 None None] Starting request: 10.222.0.52 "DELETE /placement/resource_providers/f42a4f51-6b8c-4985-8349-e6176c9d051e" {{(pid=104461) __call__ /opt/stack/placement/placement/requestlog.py:55}}
Jun 29 10:39:23.222739 dv-cinder-768105-16-iscsi devstack@placement-api.service[104461]: DEBUG placement.wsgi_wrapper [None req-a62f406b-717f-4e43-ad69-b8cf962508c7 service placement] Placement API returning an error response: No resource provider with uuid f42a4f51-6b8c-4985-8349-e6176c9d051e found for delete {{(pid=104461) call_func /opt/stack/placement/placement/wsgi_wrapper.py:31}}
Jun 29 10:39:23.223494 dv-cinder-768105-16-iscsi devstack@placement-api.service[104461]: INFO placement.requestlog [None req-a62f406b-717f-4e43-ad69-b8cf962508c7 service placement] 10.222.0.52 "DELETE /placement/resource_providers/f42a4f51-6b8c-4985-8349-e6176c9d051e" status: 404 len: 246 microversion: 1.1
Jun 29 10:39:23.223850 dv-cinder-768105-16-iscsi devstack@placement-api.service[104461]: [pid: 104461|app: 0|req: 109/219] 10.222.0.52 () {60 vars in 1351 bytes} [Wed Jun 29 10:39:23 2022] DELETE /placement/resource_providers/f42a4f51-6b8c-4985-8349-e6176c9d051e => generated 246 bytes in 12 msecs (HTTP/1.1 404) 6 headers in 231 bytes (1 switches on core 0)
Jun 29 10:39:26.518281 dv-cinder-768105-16-iscsi devstack@placement-api.service[104460]: DEBUG placement.requestlog [None req-f7c1681a-6327-487c-a216-afe7cbdab391 None None] Starting request: 10.222.0.52 "GET /placement/resource_providers/bb4278e4-cb3a-4212-bf9a-cc9b51d9da88/aggregates" {{(pid=104460) __call__ /opt/stack/placement/placement/requestlog.py:55}}
Jun 29 10:39:26.529222 dv-cinder-768105-16-iscsi devstack@placement-api.service[104460]: INFO placement.requestlog [None req-f7c1681a-6327-487c-a216-afe7cbdab391 service placement] 10.222.0.52 "GET /placement/resource_providers/bb4278e4-cb3a-4212-bf9a-cc9b51d9da88/aggregates" status: 404 len: 235 microversion: 1.1
Jun 29 10:39:26.529920 dv-cinder-768105-16-iscsi devstack@placement-api.service[104460]: [pid: 104460|app: 0|req: 111/220] 10.222.0.52 () {58 vars in 1362 bytes} [Wed Jun 29 10:39:26 2022] GET /placement/resource_providers/bb4278e4-cb3a-4212-bf9a-cc9b51d9da88/aggregates => generated 235 bytes in 12 msecs (HTTP/1.1 404) 5 headers in 202 bytes (1 switches on core 0)
Jun 29 10:39:26.566507 dv-cinder-768105-16-iscsi devstack@placement-api.service[104461]: DEBUG placement.requestlog [None req-3d50d3e5-9916-4d81-85fe-f70f2a79cb54 None None] Starting request: 10.222.0.52 "DELETE /placement/resource_providers/bb4278e4-cb3a-4212-bf9a-cc9b51d9da88" {{(pid=104461) __call__ /opt/stack/placement/placement/requestlog.py:55}}
Jun 29 10:39:26.579992 dv-cinder-768105-16-iscsi devstack@placement-api.service[104461]: DEBUG placement.wsgi_wrapper [None req-3d50d3e5-9916-4d81-85fe-f70f2a79cb54 service placement] Placement API returning an error response: No resource provider with uuid bb4278e4-cb3a-4212-bf9a-cc9b51d9da88 found for delete {{(pid=104461) call_func /opt/stack/placement/placement/wsgi_wrapper.py:31}}
Jun 29 10:39:26.581185 dv-cinder-768105-16-iscsi devstack@placement-api.service[104461]: INFO placement.requestlog [None req-3d50d3e5-9916-4d81-85fe-f70f2a79cb54 service placement] 10.222.0.52 "DELETE /placement/resource_providers/bb4278e4-cb3a-4212-bf9a-cc9b51d9da88" status: 404 len: 246 microversion: 1.1
Jun 29 10:39:26.581557 dv-cinder-768105-16-iscsi devstack@placement-api.service[104461]: [pid: 104461|app: 0|req: 110/221] 10.222.0.52 () {60 vars in 1351 bytes} [Wed Jun 29 10:39:26 2022] DELETE /placement/resource_providers/bb4278e4-cb3a-4212-bf9a-cc9b51d9da88 => generated 246 bytes in 15 msecs (HTTP/1.1 404) 6 headers in 231 bytes (1 switches on core 0)
Jun 29 10:39:36.527241 dv-cinder-768105-16-iscsi devstack@placement-api.service[104460]: DEBUG dbcounter [-] [104460] Writing DB stats placement:SELECT=4 {{(pid=104460) stat_writer /usr/local/lib/python3.8/dist-packages/dbcounter.py:114}}
Jun 29 10:39:36.576320 dv-cinder-768105-16-iscsi devstack@placement-api.service[104461]: DEBUG dbcounter [-] [104461] Writing DB stats placement:SELECT=11,placement:DELETE=2 {{(pid=104461) stat_writer /usr/local/lib/python3.8/dist-packages/dbcounter.py:114}}
Jun 29 10:40:00.119386 dv-cinder-768105-16-iscsi devstack@placement-api.service[104460]: DEBUG placement.requestlog [req-d6b0a010-3716-48cd-adb3-ba5a5ed0f7e0 req-c90cc119-ecfa-43f4-bddb-a90f324d1070 None None] Starting request: 10.222.0.58 "GET /placement/resource_providers/dd127e2c-e475-4e71-95db-4a504521790a/allocations" {{(pid=104460) __call__ /opt/stack/placement/placement/requestlog.py:55}}
Jun 29 10:40:00.148947 dv-cinder-768105-16-iscsi devstack@placement-api.service[104460]: INFO placement.requestlog [req-d6b0a010-3716-48cd-adb3-ba5a5ed0f7e0 req-c90cc119-ecfa-43f4-bddb-a90f324d1070 service placement] 10.222.0.58 "GET /placement/resource_providers/dd127e2c-e475-4e71-95db-4a504521790a/allocations" status: 200 len: 154 microversion: 1.0
Jun 29 10:40:00.149442 dv-cinder-768105-16-iscsi devstack@placement-api.service[104460]: [pid: 104460|app: 0|req: 112/222] 10.222.0.58 () {58 vars in 1390 bytes} [Wed Jun 29 10:40:00 2022] GET /placement/resource_providers/dd127e2c-e475-4e71-95db-4a504521790a/allocations => generated 154 bytes in 30 msecs (HTTP/1.1 200) 6 headers in 224 bytes (1 switches on core 0)
Jun 29 10:40:10.145052 dv-cinder-768105-16-iscsi devstack@placement-api.service[104460]: DEBUG dbcounter [-] [104460] Writing DB stats placement:SELECT=6 {{(pid=104460) stat_writer /usr/local/lib/python3.8/dist-packages/dbcounter.py:114}}
Jun 29 10:40:41.262888 dv-cinder-768105-16-iscsi devstack@placement-api.service[104461]: DEBUG placement.requestlog [req-b4cce788-c40f-44dd-ba71-73dd80651caf req-4ca31afc-6681-4db4-8d31-be067d28ef0f None None] Starting request: 10.222.0.58 "DELETE /placement/allocations/9a603aa1-5bdb-4d1c-9557-50dade0cd4e8" {{(pid=104461) __call__ /opt/stack/placement/placement/requestlog.py:55}}
Jun 29 10:40:41.297032 dv-cinder-768105-16-iscsi devstack@placement-api.service[104461]: DEBUG placement.handlers.allocation [req-b4cce788-c40f-44dd-ba71-73dd80651caf req-4ca31afc-6681-4db4-8d31-be067d28ef0f service placement] Successfully deleted allocations [, , ] {{(pid=104461) delete_allocations /opt/stack/placement/placement/handlers/allocation.py:627}}
Jun 29 10:40:41.297527 dv-cinder-768105-16-iscsi devstack@placement-api.service[104461]: INFO placement.requestlog [req-b4cce788-c40f-44dd-ba71-73dd80651caf req-4ca31afc-6681-4db4-8d31-be067d28ef0f service placement] 10.222.0.58 "DELETE /placement/allocations/9a603aa1-5bdb-4d1c-9557-50dade0cd4e8" status: 204 len: 0 microversion: 1.0
Jun 29 10:40:41.297953 dv-cinder-768105-16-iscsi devstack@placement-api.service[104461]: [pid: 104461|app: 0|req: 111/223] 10.222.0.58 () {60 vars in 1355 bytes} [Wed Jun 29 10:40:41 2022] DELETE /placement/allocations/9a603aa1-5bdb-4d1c-9557-50dade0cd4e8 => generated 0 bytes in 36 msecs (HTTP/1.1 204) 5 headers in 198 bytes (1 switches on core 0)
Jun 29 10:40:44.674864 dv-cinder-768105-16-iscsi devstack@placement-api.service[104460]: DEBUG placement.requestlog [req-04e4a192-4642-4650-812c-fe93bf9b4cbd req-9f5a6172-68e1-4342-8fe6-0168034eb105 None None] Starting request: 10.222.0.52 "GET /placement/allocation_candidates?limit=1000&resources=DISK_GB%3A1%2CMEMORY_MB%3A1024%2CVCPU%3A1&root_required=%21COMPUTE_STATUS_DISABLED" {{(pid=104460) __call__ /opt/stack/placement/placement/requestlog.py:55}}
Jun 29 10:40:44.846681 dv-cinder-768105-16-iscsi devstack@placement-api.service[104460]: DEBUG placement.objects.research_context [req-04e4a192-4642-4650-812c-fe93bf9b4cbd req-9f5a6172-68e1-4342-8fe6-0168034eb105 service placement] getting providers with 1 DISK_GB {{(pid=104460) __init__ /opt/stack/placement/placement/objects/research_context.py:136}}
Jun 29 10:40:44.852106 dv-cinder-768105-16-iscsi devstack@placement-api.service[104460]: DEBUG placement.objects.research_context [req-04e4a192-4642-4650-812c-fe93bf9b4cbd req-9f5a6172-68e1-4342-8fe6-0168034eb105 service placement] getting providers with 1024 MEMORY_MB {{(pid=104460) __init__ /opt/stack/placement/placement/objects/research_context.py:136}}
Jun 29 10:40:44.857715 dv-cinder-768105-16-iscsi devstack@placement-api.service[104460]: DEBUG placement.objects.research_context [req-04e4a192-4642-4650-812c-fe93bf9b4cbd req-9f5a6172-68e1-4342-8fe6-0168034eb105 service placement] getting providers with 1 VCPU {{(pid=104460) __init__ /opt/stack/placement/placement/objects/research_context.py:136}}
Jun 29 10:40:44.862931 dv-cinder-768105-16-iscsi devstack@placement-api.service[104460]: DEBUG placement.objects.research_context [req-04e4a192-4642-4650-812c-fe93bf9b4cbd req-9f5a6172-68e1-4342-8fe6-0168034eb105 service placement] found 1 providers with available 1 DISK_GB {{(pid=104460) get_provider_ids_matching /opt/stack/placement/placement/objects/research_context.py:563}}
Jun 29 10:40:44.863202 dv-cinder-768105-16-iscsi devstack@placement-api.service[104460]: DEBUG placement.objects.research_context [req-04e4a192-4642-4650-812c-fe93bf9b4cbd req-9f5a6172-68e1-4342-8fe6-0168034eb105 service placement] found 1 providers with available 1024 MEMORY_MB {{(pid=104460) get_provider_ids_matching /opt/stack/placement/placement/objects/research_context.py:563}}
Jun 29 10:40:44.863468 dv-cinder-768105-16-iscsi devstack@placement-api.service[104460]: DEBUG placement.objects.research_context [req-04e4a192-4642-4650-812c-fe93bf9b4cbd req-9f5a6172-68e1-4342-8fe6-0168034eb105 service placement] found 1 providers after filtering by previous result {{(pid=104460) get_provider_ids_matching /opt/stack/placement/placement/objects/research_context.py:594}}
Jun 29 10:40:44.863714 dv-cinder-768105-16-iscsi devstack@placement-api.service[104460]: DEBUG placement.objects.research_context [req-04e4a192-4642-4650-812c-fe93bf9b4cbd req-9f5a6172-68e1-4342-8fe6-0168034eb105 service placement] found 1 providers with available 1 VCPU {{(pid=104460) get_provider_ids_matching /opt/stack/placement/placement/objects/research_context.py:563}}
Jun 29 10:40:44.863965 dv-cinder-768105-16-iscsi devstack@placement-api.service[104460]: DEBUG placement.objects.research_context [req-04e4a192-4642-4650-812c-fe93bf9b4cbd req-9f5a6172-68e1-4342-8fe6-0168034eb105 service placement] found 1 providers after filtering by previous result {{(pid=104460) get_provider_ids_matching /opt/stack/placement/placement/objects/research_context.py:594}}
Jun 29 10:40:44.874308 dv-cinder-768105-16-iscsi devstack@placement-api.service[104460]: DEBUG placement.objects.allocation_candidate [req-04e4a192-4642-4650-812c-fe93bf9b4cbd req-9f5a6172-68e1-4342-8fe6-0168034eb105 service placement] RequestGroup(use_same_provider=False, resources={DISK_GB:1, MEMORY_MB:1024, VCPU:1}, traits=(), aggregates=[]) (suffix '') returned 1 matches {{(pid=104460) _get_by_requests /opt/stack/placement/placement/objects/allocation_candidate.py:156}}
Jun 29 10:40:44.874674 dv-cinder-768105-16-iscsi devstack@placement-api.service[104460]: DEBUG placement.objects.allocation_candidate [req-04e4a192-4642-4650-812c-fe93bf9b4cbd req-9f5a6172-68e1-4342-8fe6-0168034eb105 service placement] Merging candidates yields 1 allocation requests and 1 provider summaries {{(pid=104460) _merge_candidates /opt/stack/placement/placement/objects/allocation_candidate.py:809}}
Jun 29 10:40:44.876299 dv-cinder-768105-16-iscsi devstack@placement-api.service[104460]: INFO placement.requestlog [req-04e4a192-4642-4650-812c-fe93bf9b4cbd req-9f5a6172-68e1-4342-8fe6-0168034eb105 service placement] 10.222.0.52 "GET /placement/allocation_candidates?limit=1000&resources=DISK_GB%3A1%2CMEMORY_MB%3A1024%2CVCPU%3A1&root_required=%21COMPUTE_STATUS_DISABLED" status: 200 len: 764 microversion: 1.36
Jun 29 10:40:44.876662 dv-cinder-768105-16-iscsi devstack@placement-api.service[104460]: [pid: 104460|app: 0|req: 113/224] 10.222.0.52 () {60 vars in 1506 bytes} [Wed Jun 29 10:40:44 2022] GET /placement/allocation_candidates?limit=1000&resources=DISK_GB%3A1%2CMEMORY_MB%3A1024%2CVCPU%3A1&root_required=%21COMPUTE_STATUS_DISABLED => generated 764 bytes in 202 msecs (HTTP/1.1 200) 8 headers in 296 bytes (1 switches on core 0)
Jun 29 10:40:44.919764 dv-cinder-768105-16-iscsi devstack@placement-api.service[104461]: DEBUG placement.requestlog [req-04e4a192-4642-4650-812c-fe93bf9b4cbd req-20d9deb8-aed2-4b0c-a8ff-10427fdeb629 None None] Starting request: 10.222.0.52 "GET /placement/allocations/35a0731c-558a-4f7a-9067-c025a9980af6" {{(pid=104461) __call__ /opt/stack/placement/placement/requestlog.py:55}}
Jun 29 10:40:44.935595 dv-cinder-768105-16-iscsi devstack@placement-api.service[104461]: INFO placement.requestlog [req-04e4a192-4642-4650-812c-fe93bf9b4cbd req-20d9deb8-aed2-4b0c-a8ff-10427fdeb629 service placement] 10.222.0.52 "GET /placement/allocations/35a0731c-558a-4f7a-9067-c025a9980af6" status: 200 len: 19 microversion: 1.28
Jun 29 10:40:44.936070 dv-cinder-768105-16-iscsi devstack@placement-api.service[104461]: [pid: 104461|app: 0|req: 112/225] 10.222.0.52 () {60 vars in 1380 bytes} [Wed Jun 29 10:40:44 2022] GET /placement/allocations/35a0731c-558a-4f7a-9067-c025a9980af6 => generated 19 bytes in 17 msecs (HTTP/1.1 200) 8 headers in 295 bytes (2 switches on core 0)
Jun 29 10:40:44.942678 dv-cinder-768105-16-iscsi devstack@placement-api.service[104460]: DEBUG placement.requestlog [req-04e4a192-4642-4650-812c-fe93bf9b4cbd req-edb6f7e2-71c3-4264-a901-de5a1749ff3a None None] Starting request: 10.222.0.52 "PUT /placement/allocations/35a0731c-558a-4f7a-9067-c025a9980af6" {{(pid=104460) __call__ /opt/stack/placement/placement/requestlog.py:55}}
Jun 29 10:40:44.997097 dv-cinder-768105-16-iscsi devstack@placement-api.service[104460]: DEBUG placement.handlers.allocation [req-04e4a192-4642-4650-812c-fe93bf9b4cbd req-edb6f7e2-71c3-4264-a901-de5a1749ff3a service placement] Successfully wrote allocations [, , ] {{(pid=104460) _update_consumers_and_create_allocations /opt/stack/placement/placement/handlers/allocation.py:462}}
Jun 29 10:40:45.001733 dv-cinder-768105-16-iscsi devstack@placement-api.service[104460]: INFO placement.requestlog [req-04e4a192-4642-4650-812c-fe93bf9b4cbd req-edb6f7e2-71c3-4264-a901-de5a1749ff3a service placement] 10.222.0.52 "PUT /placement/allocations/35a0731c-558a-4f7a-9067-c025a9980af6" status: 204 len: 0 microversion: 1.36
Jun 29 10:40:45.002318 dv-cinder-768105-16-iscsi devstack@placement-api.service[104460]: [pid: 104460|app: 0|req: 114/226] 10.222.0.52 () {64 vars in 1433 bytes} [Wed Jun 29 10:40:44 2022] PUT /placement/allocations/35a0731c-558a-4f7a-9067-c025a9980af6 => generated 0 bytes in 60 msecs (HTTP/1.1 204) 5 headers in 199 bytes (1 switches on core 0)
Jun 29 10:40:45.292171 dv-cinder-768105-16-iscsi devstack@placement-api.service[104461]: DEBUG placement.requestlog [req-04e4a192-4642-4650-812c-fe93bf9b4cbd req-9c99495d-70bc-4dd9-a34e-7582be7d083e None None] Starting request: 10.222.0.58 "GET /placement/allocations/35a0731c-558a-4f7a-9067-c025a9980af6" {{(pid=104461) __call__ /opt/stack/placement/placement/requestlog.py:55}}
Jun 29 10:40:45.314205 dv-cinder-768105-16-iscsi devstack@placement-api.service[104461]: INFO placement.requestlog [req-04e4a192-4642-4650-812c-fe93bf9b4cbd req-9c99495d-70bc-4dd9-a34e-7582be7d083e service placement] 10.222.0.58 "GET /placement/allocations/35a0731c-558a-4f7a-9067-c025a9980af6" status: 200 len: 259 microversion: 1.28
Jun 29 10:40:45.314916 dv-cinder-768105-16-iscsi devstack@placement-api.service[104461]: [pid: 104461|app: 0|req: 113/227] 10.222.0.58 () {60 vars in 1377 bytes} [Wed Jun 29 10:40:45 2022] GET /placement/allocations/35a0731c-558a-4f7a-9067-c025a9980af6 => generated 259 bytes in 23 msecs (HTTP/1.1 200) 8 headers in 296 bytes (1 switches on core 0)
Jun 29 10:40:54.996296 dv-cinder-768105-16-iscsi devstack@placement-api.service[104460]: DEBUG dbcounter [-] [104460] Writing DB stats placement:SELECT=25,placement:INSERT=4,placement:DELETE=2,placement:UPDATE=2 {{(pid=104460) stat_writer /usr/local/lib/python3.8/dist-packages/dbcounter.py:114}}
Jun 29 10:40:55.310261 dv-cinder-768105-16-iscsi devstack@placement-api.service[104461]: DEBUG dbcounter [-] [104461] Writing DB stats placement:SELECT=13,placement:DELETE=2 {{(pid=104461) stat_writer /usr/local/lib/python3.8/dist-packages/dbcounter.py:114}}
Jun 29 10:41:00.012862 dv-cinder-768105-16-iscsi devstack@placement-api.service[104460]: DEBUG placement.requestlog [req-81a745f0-6692-40f5-b4d4-eabcf11f7512 req-ce3aa31b-0755-4ca1-9ee9-09e90c087d9e None None] Starting request: 10.222.0.58 "GET /placement/resource_providers/dd127e2c-e475-4e71-95db-4a504521790a/allocations" {{(pid=104460) __call__ /opt/stack/placement/placement/requestlog.py:55}}
Jun 29 10:41:00.034832 dv-cinder-768105-16-iscsi devstack@placement-api.service[104460]: INFO placement.requestlog [req-81a745f0-6692-40f5-b4d4-eabcf11f7512 req-ce3aa31b-0755-4ca1-9ee9-09e90c087d9e service placement] 10.222.0.58 "GET /placement/resource_providers/dd127e2c-e475-4e71-95db-4a504521790a/allocations" status: 200 len: 154 microversion: 1.0
Jun 29 10:41:00.035266 dv-cinder-768105-16-iscsi devstack@placement-api.service[104460]: [pid: 104460|app: 0|req: 115/228] 10.222.0.58 () {58 vars in 1390 bytes} [Wed Jun 29 10:41:00 2022] GET /placement/resource_providers/dd127e2c-e475-4e71-95db-4a504521790a/allocations => generated 154 bytes in 23 msecs (HTTP/1.1 200) 6 headers in 224 bytes (1 switches on core 0)
Jun 29 10:41:10.032215 dv-cinder-768105-16-iscsi devstack@placement-api.service[104460]: DEBUG dbcounter [-] [104460] Writing DB stats placement:SELECT=6 {{(pid=104460) stat_writer /usr/local/lib/python3.8/dist-packages/dbcounter.py:114}}
Jun 29 10:41:54.729991 dv-cinder-768105-16-iscsi devstack@placement-api.service[104461]: DEBUG placement.requestlog [req-2d3ea4dc-8d9b-4a33-9c21-76bebd836b58 req-92ae9901-0575-4f0f-8205-581d3bf256f1 None None] Starting request: 10.222.0.58 "DELETE /placement/allocations/35a0731c-558a-4f7a-9067-c025a9980af6" {{(pid=104461) __call__ /opt/stack/placement/placement/requestlog.py:55}}
Jun 29 10:41:54.761867 dv-cinder-768105-16-iscsi devstack@placement-api.service[104461]: DEBUG placement.handlers.allocation [req-2d3ea4dc-8d9b-4a33-9c21-76bebd836b58 req-92ae9901-0575-4f0f-8205-581d3bf256f1 service placement] Successfully deleted allocations [, , ] {{(pid=104461) delete_allocations /opt/stack/placement/placement/handlers/allocation.py:627}}
Jun 29 10:41:54.762462 dv-cinder-768105-16-iscsi devstack@placement-api.service[104461]: INFO placement.requestlog [req-2d3ea4dc-8d9b-4a33-9c21-76bebd836b58 req-92ae9901-0575-4f0f-8205-581d3bf256f1 service placement] 10.222.0.58 "DELETE /placement/allocations/35a0731c-558a-4f7a-9067-c025a9980af6" status: 204 len: 0 microversion: 1.0
Jun 29 10:41:54.764204 dv-cinder-768105-16-iscsi devstack@placement-api.service[104461]: [pid: 104461|app: 0|req: 114/229] 10.222.0.58 () {60 vars in 1355 bytes} [Wed Jun 29 10:41:54 2022] DELETE /placement/allocations/35a0731c-558a-4f7a-9067-c025a9980af6 => generated 0 bytes in 34 msecs (HTTP/1.1 204) 5 headers in 198 bytes (1 switches on core 0)
Jun 29 10:42:01.025629 dv-cinder-768105-16-iscsi devstack@placement-api.service[104460]: DEBUG placement.requestlog [req-62f78b3d-d683-441a-9864-0b9216f3e62b req-89ea536c-0414-448f-9dba-abfffe77b442 None None] Starting request: 10.222.0.58 "GET /placement/resource_providers/dd127e2c-e475-4e71-95db-4a504521790a/allocations" {{(pid=104460) __call__ /opt/stack/placement/placement/requestlog.py:55}}
Jun 29 10:42:01.047297 dv-cinder-768105-16-iscsi devstack@placement-api.service[104460]: INFO placement.requestlog [req-62f78b3d-d683-441a-9864-0b9216f3e62b req-89ea536c-0414-448f-9dba-abfffe77b442 service placement] 10.222.0.58 "GET /placement/resource_providers/dd127e2c-e475-4e71-95db-4a504521790a/allocations" status: 200 len: 55 microversion: 1.0
Jun 29 10:42:01.047797 dv-cinder-768105-16-iscsi devstack@placement-api.service[104460]: [pid: 104460|app: 0|req: 116/230] 10.222.0.58 () {58 vars in 1390 bytes} [Wed Jun 29 10:42:01 2022] GET /placement/resource_providers/dd127e2c-e475-4e71-95db-4a504521790a/allocations => generated 55 bytes in 23 msecs (HTTP/1.1 200) 6 headers in 223 bytes (1 switches on core 0)
Jun 29 10:42:02.708137 dv-cinder-768105-16-iscsi devstack@placement-api.service[104461]: DEBUG placement.requestlog [None req-8d998bff-30ed-4bc0-9db6-448419323417 None None] Starting request: 10.222.0.52 "GET /placement/resource_providers/6ece7a15-7cd6-4463-8b48-339450329df9/aggregates" {{(pid=104461) __call__ /opt/stack/placement/placement/requestlog.py:55}}
Jun 29 10:42:02.721048 dv-cinder-768105-16-iscsi devstack@placement-api.service[104461]: INFO placement.requestlog [None req-8d998bff-30ed-4bc0-9db6-448419323417 service placement] 10.222.0.52 "GET /placement/resource_providers/6ece7a15-7cd6-4463-8b48-339450329df9/aggregates" status: 404 len: 235 microversion: 1.1
Jun 29 10:42:02.721503 dv-cinder-768105-16-iscsi devstack@placement-api.service[104461]: [pid: 104461|app: 0|req: 115/231] 10.222.0.52 () {58 vars in 1362 bytes} [Wed Jun 29 10:42:02 2022] GET /placement/resource_providers/6ece7a15-7cd6-4463-8b48-339450329df9/aggregates => generated 235 bytes in 14 msecs (HTTP/1.1 404) 5 headers in 202 bytes (1 switches on core 0)
Jun 29 10:42:02.729975 dv-cinder-768105-16-iscsi devstack@placement-api.service[104460]: DEBUG placement.requestlog [None req-3cb35ce0-dad1-4d32-886f-ad7aa3dbed05 None None] Starting request: 10.222.0.52 "DELETE /placement/resource_providers/6ece7a15-7cd6-4463-8b48-339450329df9" {{(pid=104460) __call__ /opt/stack/placement/placement/requestlog.py:55}}
