Sep 01 17:17:06.686900 dv-cinder-768105-11-smb neutron-server[94048]: DEBUG neutron.api.v2.base [req-8203df9c-cbfc-4ada-9728-9a5ce0f9bf9e req-1d933fbd-85a7-44e2-a340-93d6491658f0 tempest-ServerRescueNegativeTestJSON-1833875865 tempest-ServerRescueNegativeTestJSON-1833875865-project] Request body: {'port': {'device_id': 'ef46dcf8-d62f-4c02-a7ab-a2f69f42e386', 'network_id': 'be30e8d6-d041-4619-b602-98b6556d6201', 'admin_state_up': True, 'tenant_id': '65457a5567304cba8c0bc46b7fe21577'}} {{(pid=94048) prepare_request_body /opt/stack/neutron/neutron/api/v2/base.py:730}}
Sep 01 17:17:06.748988 dv-cinder-768105-11-smb neutron-server[94047]: DEBUG neutron_lib.callbacks.manager [None req-0938af46-a296-4475-b640-a9a0f18335fd admin admin] Notify callbacks [] for security_group, before_delete {{(pid=94047) _notify_loop /usr/local/lib/python3.8/dist-packages/neutron_lib/callbacks/manager.py:192}}
Sep 01 17:17:06.795210 dv-cinder-768105-11-smb neutron-server[94047]: DEBUG neutron_lib.callbacks.manager [None req-0938af46-a296-4475-b640-a9a0f18335fd admin admin] Notify callbacks [] for security_group, precommit_delete {{(pid=94047) _notify_loop /usr/local/lib/python3.8/dist-packages/neutron_lib/callbacks/manager.py:192}}
Sep 01 17:17:06.889025 dv-cinder-768105-11-smb neutron-server[94047]: DEBUG neutron_lib.callbacks.manager [None req-0938af46-a296-4475-b640-a9a0f18335fd admin admin] Notify callbacks ['neutron.plugins.ml2.ovo_rpc._ObjectChangeHandler.handle_event-1602506'] for security_group, after_delete {{(pid=94047) _notify_loop /usr/local/lib/python3.8/dist-packages/neutron_lib/callbacks/manager.py:192}}
Sep 01 17:17:06.893855 dv-cinder-768105-11-smb neutron-server[94047]: DEBUG neutron_lib.callbacks.manager [None req-0938af46-a296-4475-b640-a9a0f18335fd admin admin] Notify callbacks [] for security_group, before_response {{(pid=94047) _notify_loop /usr/local/lib/python3.8/dist-packages/neutron_lib/callbacks/manager.py:192}}
Sep 01 17:17:06.899280 dv-cinder-768105-11-smb neutron-server[94047]: INFO neutron.wsgi [None req-0938af46-a296-4475-b640-a9a0f18335fd admin admin] 10.222.0.39 "DELETE /v2.0/security-groups/48ae768d-3d8a-412c-abec-bc8ef3799489 HTTP/1.1" status: 204 len: 168 time: 0.2228594
Sep 01 17:17:06.905455 dv-cinder-768105-11-smb neutron-server[94048]: DEBUG neutron_lib.callbacks.manager [None req-29dbc7bf-2dc3-44f2-a840-83698f29dcf6 admin admin] Notify callbacks [] for security_group, precommit_create {{(pid=94048) _notify_loop /usr/local/lib/python3.8/dist-packages/neutron_lib/callbacks/manager.py:192}}
Sep 01 17:17:06.911083 dv-cinder-768105-11-smb neutron-server[94047]: DEBUG neutron.api.rpc.handlers.resources_rpc [None req-0938af46-a296-4475-b640-a9a0f18335fd admin admin] Pushing event deleted for resources: {'SecurityGroup': ['ID=48ae768d-3d8a-412c-abec-bc8ef3799489,revision_number=None']} {{(pid=94047) push /opt/stack/neutron/neutron/api/rpc/handlers/resources_rpc.py:237}}
Sep 01 17:17:06.917081 dv-cinder-768105-11-smb neutron-server[94048]: DEBUG neutron_lib.callbacks.manager [None req-29dbc7bf-2dc3-44f2-a840-83698f29dcf6 admin admin] Notify callbacks ['neutron.plugins.ml2.ovo_rpc._ObjectChangeHandler.handle_event-1602506'] for security_group, after_create {{(pid=94048) _notify_loop /usr/local/lib/python3.8/dist-packages/neutron_lib/callbacks/manager.py:192}}
Sep 01 17:17:07.009048 dv-cinder-768105-11-smb neutron-server[94048]: DEBUG neutron_lib.db.api [req-8203df9c-cbfc-4ada-9728-9a5ce0f9bf9e req-1d933fbd-85a7-44e2-a340-93d6491658f0 tempest-ServerRescueNegativeTestJSON-1833875865 tempest-ServerRescueNegativeTestJSON-1833875865-project] Retry wrapper got retriable exception: (pymysql.err.OperationalError) (1213, 'Deadlock found when trying to get lock; try restarting transaction')
Sep 01 17:17:07.009048 dv-cinder-768105-11-smb neutron-server[94048]: [SQL: DELETE FROM reservations WHERE reservations.project_id = %(project_id_1)s AND reservations.expiration < %(expiration_1)s]
Sep 01 17:17:07.009048 dv-cinder-768105-11-smb neutron-server[94048]: [parameters: {'project_id_1': '65457a5567304cba8c0bc46b7fe21577', 'expiration_1': datetime.datetime(2021, 9, 1, 17, 17, 6, 906710)}]
Sep 01 17:17:07.009048 dv-cinder-768105-11-smb neutron-server[94048]: (Background on this error at: https://sqlalche.me/e/14/e3q8) {{(pid=94048) wrapped /usr/local/lib/python3.8/dist-packages/neutron_lib/db/api.py:183}}
Sep 01 17:17:07.009048 dv-cinder-768105-11-smb neutron-server[94048]: DEBUG oslo_db.api [req-8203df9c-cbfc-4ada-9728-9a5ce0f9bf9e req-1d933fbd-85a7-44e2-a340-93d6491658f0 tempest-ServerRescueNegativeTestJSON-1833875865 tempest-ServerRescueNegativeTestJSON-1833875865-project] Performing DB retry for function neutron.db.quota.driver_nolock.DbQuotaNoLockDriver.make_reservation {{(pid=94048) wrapper /usr/local/lib/python3.8/dist-packages/oslo_db/api.py:155}}
Sep 01 17:17:07.037821 dv-cinder-768105-11-smb neutron-server[94048]: DEBUG neutron.pecan_wsgi.hooks.quota_enforcement [req-547a16b9-ce49-45a7-912f-476022832c01 req-bee1b5e2-81eb-4f99-82c6-07ac5d106364 tempest-ServerRescueNegativeTestJSON-1833875865 tempest-ServerRescueNegativeTestJSON-1833875865-project] Made reservation on behalf of 65457a5567304cba8c0bc46b7fe21577 for: {'port': 1} {{(pid=94048) before /opt/stack/neutron/neutron/pecan_wsgi/hooks/quota_enforcement.py:53}}
Sep 01 17:17:07.042662 dv-cinder-768105-11-smb neutron-server[94048]: DEBUG neutron_lib.callbacks.manager [req-547a16b9-ce49-45a7-912f-476022832c01 req-bee1b5e2-81eb-4f99-82c6-07ac5d106364 tempest-ServerRescueNegativeTestJSON-1833875865 tempest-ServerRescueNegativeTestJSON-1833875865-project] Notify callbacks ['neutron.plugins.ml2.plugin.SecurityGroupDbMixin._ensure_default_security_group_handler-1520762'] for port, before_create {{(pid=94048) _notify_loop /usr/local/lib/python3.8/dist-packages/neutron_lib/callbacks/manager.py:192}}
Sep 01 17:17:07.071574 dv-cinder-768105-11-smb neutron-server[94048]: DEBUG neutron.api.rpc.handlers.resources_rpc [None req-29dbc7bf-2dc3-44f2-a840-83698f29dcf6 admin admin] Pushing event updated for resources: {'SecurityGroup': ['ID=6b997f89-9ab6-4813-b460-86298d85096c,revision_number=1']} {{(pid=94048) push /opt/stack/neutron/neutron/api/rpc/handlers/resources_rpc.py:237}}
Sep 01 17:17:07.098123 dv-cinder-768105-11-smb neutron-server[94048]: INFO neutron.wsgi [None req-29dbc7bf-2dc3-44f2-a840-83698f29dcf6 admin admin] 10.222.0.39 "GET /v2.0/security-groups?tenant_id=c96d1b290a394a5481d7365a490c716c&name=default HTTP/1.1" status: 200 len: 2979 time: 1.0823429
Sep 01 17:17:07.100857 dv-cinder-768105-11-smb neutron-server[94047]: DEBUG neutron.wsgi [-] (94047) accepted ('10.222.0.39', 42626) {{(pid=94047) server /usr/local/lib/python3.8/dist-packages/eventlet/wsgi.py:982}}
Sep 01 17:17:07.101450 dv-cinder-768105-11-smb neutron-server[94048]: INFO neutron.wsgi [req-634c77d4-d965-43a9-868b-681dc572d43b req-9501496c-93dc-4fbc-8fc2-86abaff84333 tempest-AttachVolumeTestJSON-1015529175 tempest-AttachVolumeTestJSON-1015529175-project] 10.222.0.39 "GET /v2.0/ports?device_id=b94050d7-85d1-4119-9680-d72114aedc0b HTTP/1.1" status: 200 len: 210 time: 0.0701675
Sep 01 17:17:07.175466 dv-cinder-768105-11-smb neutron-server[94047]: DEBUG neutron_lib.callbacks.manager [None req-e81be230-d41b-4ad6-8758-dc36744610f5 admin admin] Notify callbacks [] for security_group, before_delete {{(pid=94047) _notify_loop /usr/local/lib/python3.8/dist-packages/neutron_lib/callbacks/manager.py:192}}
Sep 01 17:17:07.199918 dv-cinder-768105-11-smb neutron-server[94047]: DEBUG neutron_lib.callbacks.manager [None req-e81be230-d41b-4ad6-8758-dc36744610f5 admin admin] Notify callbacks [] for security_group, precommit_delete {{(pid=94047) _notify_loop /usr/local/lib/python3.8/dist-packages/neutron_lib/callbacks/manager.py:192}}
Sep 01 17:17:07.262910 dv-cinder-768105-11-smb neutron-server[94047]: DEBUG neutron_lib.callbacks.manager [None req-e81be230-d41b-4ad6-8758-dc36744610f5 admin admin] Notify callbacks ['neutron.plugins.ml2.ovo_rpc._ObjectChangeHandler.handle_event-1602506'] for security_group, after_delete {{(pid=94047) _notify_loop /usr/local/lib/python3.8/dist-packages/neutron_lib/callbacks/manager.py:192}}
Sep 01 17:17:07.265564 dv-cinder-768105-11-smb neutron-server[94047]: DEBUG neutron_lib.callbacks.manager [None req-e81be230-d41b-4ad6-8758-dc36744610f5 admin admin] Notify callbacks [] for security_group, before_response {{(pid=94047) _notify_loop /usr/local/lib/python3.8/dist-packages/neutron_lib/callbacks/manager.py:192}}
Sep 01 17:17:07.269615 dv-cinder-768105-11-smb neutron-server[94047]: INFO neutron.wsgi [None req-e81be230-d41b-4ad6-8758-dc36744610f5 admin admin] 10.222.0.39 "DELETE /v2.0/security-groups/6b997f89-9ab6-4813-b460-86298d85096c HTTP/1.1" status: 204 len: 168 time: 0.1641309
Sep 01 17:17:07.275679 dv-cinder-768105-11-smb neutron-server[94047]: DEBUG neutron.api.rpc.handlers.resources_rpc [None req-e81be230-d41b-4ad6-8758-dc36744610f5 admin admin] Pushing event deleted for resources: {'SecurityGroup': ['ID=6b997f89-9ab6-4813-b460-86298d85096c,revision_number=None']} {{(pid=94047) push /opt/stack/neutron/neutron/api/rpc/handlers/resources_rpc.py:237}}
Sep 01 17:17:07.292965 dv-cinder-768105-11-smb neutron-server[94048]: DEBUG neutron.db.db_base_plugin_common [req-547a16b9-ce49-45a7-912f-476022832c01 req-bee1b5e2-81eb-4f99-82c6-07ac5d106364 tempest-ServerRescueNegativeTestJSON-1833875865 tempest-ServerRescueNegativeTestJSON-1833875865-project] Allocated IP 172.20.0.9 (be30e8d6-d041-4619-b602-98b6556d6201/8bc8f81e-199f-491e-9d7c-e9ace316588f/7c55b3f6-942d-4f0f-9e53-70bcb05260c2) {{(pid=94048) _store_ip_allocation /opt/stack/neutron/neutron/db/db_base_plugin_common.py:131}}
Sep 01 17:17:07.315480 dv-cinder-768105-11-smb neutron-server[94047]: DEBUG neutron.wsgi [-] (94047) accepted ('10.222.0.39', 42636) {{(pid=94047) server /usr/local/lib/python3.8/dist-packages/eventlet/wsgi.py:982}}
Sep 01 17:17:07.324766 dv-cinder-768105-11-smb neutron-server[94047]: DEBUG neutron.api.v2.base [None req-dff40ab3-2f11-42c1-85e6-47441d810f73 admin admin] Request body: {'network': {'name': 'tempest-EncryptedVolumesExtendAttachedTest-7080778-network', 'tenant_id': 'e5264197696b4457b7ed6a51910c7818'}} {{(pid=94047) prepare_request_body /opt/stack/neutron/neutron/api/v2/base.py:730}}
Sep 01 17:17:07.350024 dv-cinder-768105-11-smb neutron-server[94047]: DEBUG neutron.pecan_wsgi.hooks.quota_enforcement [None req-dff40ab3-2f11-42c1-85e6-47441d810f73 admin admin] Made reservation on behalf of e5264197696b4457b7ed6a51910c7818 for: {'network': 1} {{(pid=94047) before /opt/stack/neutron/neutron/pecan_wsgi/hooks/quota_enforcement.py:53}}
Sep 01 17:17:07.352740 dv-cinder-768105-11-smb neutron-server[94047]: DEBUG neutron_lib.callbacks.manager [None req-dff40ab3-2f11-42c1-85e6-47441d810f73 admin admin] Notify callbacks ['neutron.plugins.ml2.plugin.SecurityGroupDbMixin._ensure_default_security_group_handler-1520762'] for network, before_create {{(pid=94047) _notify_loop /usr/local/lib/python3.8/dist-packages/neutron_lib/callbacks/manager.py:192}}
Sep 01 17:17:07.362627 dv-cinder-768105-11-smb neutron-server[94047]: DEBUG neutron_lib.callbacks.manager [None req-dff40ab3-2f11-42c1-85e6-47441d810f73 admin admin] Notify callbacks [] for security_group, before_create {{(pid=94047) _notify_loop /usr/local/lib/python3.8/dist-packages/neutron_lib/callbacks/manager.py:192}}
Sep 01 17:17:07.455731 dv-cinder-768105-11-smb neutron-server[94047]: DEBUG neutron.wsgi [-] (94047) accepted ('10.222.0.38', 62529) {{(pid=94047) server /usr/local/lib/python3.8/dist-packages/eventlet/wsgi.py:982}}
Sep 01 17:17:07.553851 dv-cinder-768105-11-smb neutron-server[94048]: DEBUG neutron_lib.callbacks.manager [req-547a16b9-ce49-45a7-912f-476022832c01 req-bee1b5e2-81eb-4f99-82c6-07ac5d106364 tempest-ServerRescueNegativeTestJSON-1833875865 tempest-ServerRescueNegativeTestJSON-1833875865-project] Notify callbacks [] for port, precommit_create {{(pid=94048) _notify_loop /usr/local/lib/python3.8/dist-packages/neutron_lib/callbacks/manager.py:192}}
Sep 01 17:17:07.580815 dv-cinder-768105-11-smb neutron-server[94047]: INFO neutron.wsgi [req-7fb3b9cd-c5e2-494d-8560-5d3c52f098d9 req-d10184b6-4ee8-43b5-9b0d-79d5f7e87e86 tempest-ServerRescueNegativeTestJSON-1833875865 tempest-ServerRescueNegativeTestJSON-1833875865-project] 10.222.0.39 "GET /v2.0/ports?device_id=ef46dcf8-d62f-4c02-a7ab-a2f69f42e386 HTTP/1.1" status: 200 len: 210 time: 0.0408838
Sep 01 17:17:07.641675 dv-cinder-768105-11-smb neutron-server[94047]: DEBUG neutron.pecan_wsgi.hooks.policy_enforcement [req-f9fa251a-dd4c-4bd8-b0d6-bed18a911924 req-0d87c6a2-c99f-4130-af41-868775e8cc77 tempest-AttachVolumeTestJSON-1015529175 tempest-AttachVolumeTestJSON-1015529175-project] Attributes excluded by policy engine: ['standard_attr_id', 'vlan_transparent', 'provider:network_type', 'provider:physical_network', 'provider:segmentation_id'] {{(pid=94047) _exclude_attributes_by_policy /opt/stack/neutron/neutron/pecan_wsgi/hooks/policy_enforcement.py:255}}
Sep 01 17:17:07.643262 dv-cinder-768105-11-smb neutron-server[94047]: INFO neutron.wsgi [req-f9fa251a-dd4c-4bd8-b0d6-bed18a911924 req-0d87c6a2-c99f-4130-af41-868775e8cc77 tempest-AttachVolumeTestJSON-1015529175 tempest-AttachVolumeTestJSON-1015529175-project] 10.222.0.38 "GET /v2.0/networks?id=92d974c7-bffd-4e31-b075-29664bc36bd5 HTTP/1.1" status: 200 len: 810 time: 0.1865506
Sep 01 17:17:07.714159 dv-cinder-768105-11-smb neutron-server[94047]: DEBUG neutron_lib.callbacks.manager [None req-dff40ab3-2f11-42c1-85e6-47441d810f73 admin admin] Notify callbacks [] for security_group, precommit_create {{(pid=94047) _notify_loop /usr/local/lib/python3.8/dist-packages/neutron_lib/callbacks/manager.py:192}}
Sep 01 17:17:07.716736 dv-cinder-768105-11-smb neutron-server[94048]: DEBUG neutron_lib.callbacks.manager [req-547a16b9-ce49-45a7-912f-476022832c01 req-bee1b5e2-81eb-4f99-82c6-07ac5d106364 tempest-ServerRescueNegativeTestJSON-1833875865 tempest-ServerRescueNegativeTestJSON-1833875865-project] Notify callbacks ['neutron.plugins.ml2.plugin.SecurityGroupServerNotifierRpcMixin._notify_sg_on_port_change-1520701', 'neutron.plugins.ml2.ovo_rpc._ObjectChangeHandler.handle_event-2016552', 'neutron.api.rpc.agentnotifiers.dhcp_rpc_agent_api.DhcpAgentNotifyAPI._native_event_send_dhcp_notification-1621091', 'neutron.db.l3_dvrscheduler_db._notify_l3_agent_new_port-8781390382358'] for port, after_create {{(pid=94048) _notify_loop /usr/local/lib/python3.8/dist-packages/neutron_lib/callbacks/manager.py:192}}
Sep 01 17:17:07.733383 dv-cinder-768105-11-smb neutron-server[94047]: DEBUG neutron_lib.callbacks.manager [None req-dff40ab3-2f11-42c1-85e6-47441d810f73 admin admin] Notify callbacks ['neutron.plugins.ml2.ovo_rpc._ObjectChangeHandler.handle_event-1602506'] for security_group, after_create {{(pid=94047) _notify_loop /usr/local/lib/python3.8/dist-packages/neutron_lib/callbacks/manager.py:192}}
Sep 01 17:17:07.771220 dv-cinder-768105-11-smb neutron-server[94047]: DEBUG neutron.api.rpc.handlers.resources_rpc [None req-dff40ab3-2f11-42c1-85e6-47441d810f73 admin admin] Pushing event updated for resources: {'SecurityGroup': ['ID=3d580220-443a-4562-a654-ac0ab5ef64ef,revision_number=1']} {{(pid=94047) push /opt/stack/neutron/neutron/api/rpc/handlers/resources_rpc.py:237}}
Sep 01 17:17:07.799743 dv-cinder-768105-11-smb neutron-server[94047]: DEBUG neutron.plugins.ml2.drivers.helpers [None req-dff40ab3-2f11-42c1-85e6-47441d810f73 admin admin] vlan segment allocate from pool success with {'physical_network': 'physnet1', 'vlan_id': 892} {{(pid=94047) allocate_partially_specified_segment /opt/stack/neutron/neutron/plugins/ml2/drivers/helpers.py:153}}
Sep 01 17:17:07.812441 dv-cinder-768105-11-smb neutron-server[94047]: INFO neutron.wsgi [req-f9fa251a-dd4c-4bd8-b0d6-bed18a911924 req-b017cc5e-273c-4e0a-af59-095b9b120ea3 tempest-AttachVolumeTestJSON-1015529175 tempest-AttachVolumeTestJSON-1015529175-project] 10.222.0.38 "GET /v2.0/security-groups?fields=id&fields=name&tenant_id=fa15bb1db9c84c9b814558f5fa179379 HTTP/1.1" status: 200 len: 380 time: 0.1374950
Sep 01 17:17:07.823821 dv-cinder-768105-11-smb neutron-server[94047]: DEBUG neutron_lib.callbacks.manager [None req-dff40ab3-2f11-42c1-85e6-47441d810f73 admin admin] Notify callbacks ['neutron.plugins.ml2.plugin.Ml2Plugin._handle_segment_change-1489033'] for segment, precommit_create {{(pid=94047) _notify_loop /usr/local/lib/python3.8/dist-packages/neutron_lib/callbacks/manager.py:192}}
Sep 01 17:17:07.824175 dv-cinder-768105-11-smb neutron-server[94047]: INFO neutron.db.segments_db [None req-dff40ab3-2f11-42c1-85e6-47441d810f73 admin admin] Added segment 82d34f21-0cfe-4386-a419-e20b365d7493 of type vlan for network c864eacf-a39e-4c6e-b4e3-54a3befab448
Sep 01 17:17:07.829491 dv-cinder-768105-11-smb neutron-server[94047]: DEBUG neutron.api.v2.base [req-f9fa251a-dd4c-4bd8-b0d6-bed18a911924 req-14831e88-68f6-4787-9982-9f32d4ae99ee tempest-AttachVolumeTestJSON-1015529175 tempest-AttachVolumeTestJSON-1015529175-project] Request body: {'port': {'device_id': 'b94050d7-85d1-4119-9680-d72114aedc0b', 'network_id': '92d974c7-bffd-4e31-b075-29664bc36bd5', 'admin_state_up': True, 'tenant_id': 'fa15bb1db9c84c9b814558f5fa179379', 'security_groups': ['ca87bb83-1547-41ef-9aba-81a7c512392c']}} {{(pid=94047) prepare_request_body /opt/stack/neutron/neutron/api/v2/base.py:730}}
Sep 01 17:17:07.857179 dv-cinder-768105-11-smb neutron-server[94048]: DEBUG neutron.scheduler.dhcp_agent_scheduler [req-547a16b9-ce49-45a7-912f-476022832c01 req-bee1b5e2-81eb-4f99-82c6-07ac5d106364 tempest-ServerRescueNegativeTestJSON-1833875865 tempest-ServerRescueNegativeTestJSON-1833875865-project] Network be30e8d6-d041-4619-b602-98b6556d6201 is already hosted by enough agents. {{(pid=94048) _get_dhcp_agents_hosting_network /opt/stack/neutron/neutron/scheduler/dhcp_agent_scheduler.py:275}}
Sep 01 17:17:07.881210 dv-cinder-768105-11-smb neutron-server[94048]: DEBUG neutron.scheduler.base_scheduler [req-547a16b9-ce49-45a7-912f-476022832c01 req-bee1b5e2-81eb-4f99-82c6-07ac5d106364 tempest-ServerRescueNegativeTestJSON-1833875865 tempest-ServerRescueNegativeTestJSON-1833875865-project] Resources bound (agent type, host, resource id): {{(pid=94048) schedule /opt/stack/neutron/neutron/scheduler/base_scheduler.py:57}}
Sep 01 17:17:07.887595 dv-cinder-768105-11-smb neutron-server[94048]: DEBUG neutron.pecan_wsgi.hooks.quota_enforcement [req-8203df9c-cbfc-4ada-9728-9a5ce0f9bf9e req-1d933fbd-85a7-44e2-a340-93d6491658f0 tempest-ServerRescueNegativeTestJSON-1833875865 tempest-ServerRescueNegativeTestJSON-1833875865-project] Made reservation on behalf of 65457a5567304cba8c0bc46b7fe21577 for: {'port': 1} {{(pid=94048) before /opt/stack/neutron/neutron/pecan_wsgi/hooks/quota_enforcement.py:53}}
Sep 01 17:17:07.891726 dv-cinder-768105-11-smb neutron-server[94048]: DEBUG neutron_lib.callbacks.manager [req-8203df9c-cbfc-4ada-9728-9a5ce0f9bf9e req-1d933fbd-85a7-44e2-a340-93d6491658f0 tempest-ServerRescueNegativeTestJSON-1833875865 tempest-ServerRescueNegativeTestJSON-1833875865-project] Notify callbacks ['neutron.plugins.ml2.plugin.SecurityGroupDbMixin._ensure_default_security_group_handler-1520762'] for port, before_create {{(pid=94048) _notify_loop /usr/local/lib/python3.8/dist-packages/neutron_lib/callbacks/manager.py:192}}
Sep 01 17:17:07.895323 dv-cinder-768105-11-smb neutron-server[94048]: DEBUG neutron.db.l3_dvrscheduler_db [req-547a16b9-ce49-45a7-912f-476022832c01 req-bee1b5e2-81eb-4f99-82c6-07ac5d106364 tempest-ServerRescueNegativeTestJSON-1833875865 tempest-ServerRescueNegativeTestJSON-1833875865-project] Received port after_create {{(pid=94048) _notify_l3_agent_new_port /opt/stack/neutron/neutron/db/l3_dvrscheduler_db.py:535}}
Sep 01 17:17:07.902482 dv-cinder-768105-11-smb neutron-server[94048]: DEBUG neutron.pecan_wsgi.hooks.policy_enforcement [req-547a16b9-ce49-45a7-912f-476022832c01 req-bee1b5e2-81eb-4f99-82c6-07ac5d106364 tempest-ServerRescueNegativeTestJSON-1833875865 tempest-ServerRescueNegativeTestJSON-1833875865-project] Attributes excluded by policy engine: ['standard_attr_id', 'binding:profile', 'binding:host_id', 'binding:vif_type', 'binding:vif_details', 'network'] {{(pid=94048) _exclude_attributes_by_policy /opt/stack/neutron/neutron/pecan_wsgi/hooks/policy_enforcement.py:255}}
Sep 01 17:17:07.903638 dv-cinder-768105-11-smb neutron-server[94048]: DEBUG neutron_lib.callbacks.manager [req-547a16b9-ce49-45a7-912f-476022832c01 req-bee1b5e2-81eb-4f99-82c6-07ac5d106364 tempest-ServerRescueNegativeTestJSON-1833875865 tempest-ServerRescueNegativeTestJSON-1833875865-project] Notify callbacks ['neutron.notifiers.nova.Notifier._send_nova_notification-32355', 'neutron.api.rpc.agentnotifiers.dhcp_rpc_agent_api.DhcpAgentNotifyAPI._send_dhcp_notification-1621137'] for port, before_response {{(pid=94048) _notify_loop /usr/local/lib/python3.8/dist-packages/neutron_lib/callbacks/manager.py:192}}
Sep 01 17:17:07.931045 dv-cinder-768105-11-smb neutron-server[94048]: DEBUG neutron.api.rpc.handlers.resources_rpc [None req-bee1b5e2-81eb-4f99-82c6-07ac5d106364 tempest-ServerRescueNegativeTestJSON-1833875865 tempest-ServerRescueNegativeTestJSON-1833875865-project] Pushing event updated for resources: {'Port': ['ID=7c55b3f6-942d-4f0f-9e53-70bcb05260c2,revision_number=1']} {{(pid=94048) push /opt/stack/neutron/neutron/api/rpc/handlers/resources_rpc.py:237}}
Sep 01 17:17:07.953485 dv-cinder-768105-11-smb neutron-server[94047]: DEBUG neutron_lib.callbacks.manager [None req-dff40ab3-2f11-42c1-85e6-47441d810f73 admin admin] Notify callbacks ['neutron.services.auto_allocate.db._ensure_external_network_default_value_callback-8781390402663'] for network, precommit_create {{(pid=94047) _notify_loop /usr/local/lib/python3.8/dist-packages/neutron_lib/callbacks/manager.py:192}}
Sep 01 17:17:07.960305 dv-cinder-768105-11-smb neutron-server[94048]: INFO neutron.wsgi [req-547a16b9-ce49-45a7-912f-476022832c01 req-bee1b5e2-81eb-4f99-82c6-07ac5d106364 tempest-ServerRescueNegativeTestJSON-1833875865 tempest-ServerRescueNegativeTestJSON-1833875865-project] 10.222.0.38 "POST /v2.0/ports HTTP/1.1" status: 201 len: 933 time: 1.8958435
Sep 01 17:17:07.981232 dv-cinder-768105-11-smb neutron-server[94048]: DEBUG neutron.pecan_wsgi.hooks.policy_enforcement [req-ecff633d-6040-4a83-bab3-ad208f01fcdd req-33da6372-d903-4c57-a750-e42d6a74455d tempest-DeleteServersTestJSON-684614298 tempest-DeleteServersTestJSON-684614298-project] Attributes excluded by policy engine: ['standard_attr_id', 'binding:profile', 'binding:host_id', 'binding:vif_type', 'binding:vif_details'] {{(pid=94048) _exclude_attributes_by_policy /opt/stack/neutron/neutron/pecan_wsgi/hooks/policy_enforcement.py:255}}
Sep 01 17:17:07.987930 dv-cinder-768105-11-smb neutron-server[94048]: INFO neutron.wsgi [req-ecff633d-6040-4a83-bab3-ad208f01fcdd req-33da6372-d903-4c57-a750-e42d6a74455d tempest-DeleteServersTestJSON-684614298 tempest-DeleteServersTestJSON-684614298-project] 10.222.0.39 "GET /v2.0/ports?device_id=232f9c7e-8a2e-4e14-b85f-ab07a27f4c62 HTTP/1.1" status: 200 len: 943 time: 0.2556520
Sep 01 17:17:07.997299 dv-cinder-768105-11-smb neutron-server[94049]: DEBUG neutron.plugins.ml2.rpc [None req-ec3f3c13-efce-4501-ac18-f63c161bb42e None None] Device 6a0d29b8-0504-4c4a-9a4f-528e53698812 details requested by agent hyperv_hv-cinder-76810 with host hv-cinder-76810 {{(pid=94049) get_device_details /opt/stack/neutron/neutron/plugins/ml2/rpc.py:102}}
Sep 01 17:17:08.048175 dv-cinder-768105-11-smb neutron-server[94047]: DEBUG neutron_lib.callbacks.manager [None req-dff40ab3-2f11-42c1-85e6-47441d810f73 admin admin] Notify callbacks ['neutron.plugins.ml2.ovo_rpc._ObjectChangeHandler.handle_event-1599005', 'neutron.api.rpc.agentnotifiers.dhcp_rpc_agent_api.DhcpAgentNotifyAPI._native_event_send_dhcp_notification-1621091'] for network, after_create {{(pid=94047) _notify_loop /usr/local/lib/python3.8/dist-packages/neutron_lib/callbacks/manager.py:192}}
Sep 01 17:17:08.049145 dv-cinder-768105-11-smb neutron-server[94047]: DEBUG neutron.pecan_wsgi.hooks.policy_enforcement [None req-dff40ab3-2f11-42c1-85e6-47441d810f73 admin admin] Attributes excluded by policy engine: ['standard_attr_id', 'vlan_transparent'] {{(pid=94047) _exclude_attributes_by_policy /opt/stack/neutron/neutron/pecan_wsgi/hooks/policy_enforcement.py:255}}
Sep 01 17:17:08.049738 dv-cinder-768105-11-smb neutron-server[94047]: DEBUG neutron_lib.callbacks.manager [None req-dff40ab3-2f11-42c1-85e6-47441d810f73 admin admin] Notify callbacks ['neutron.api.rpc.agentnotifiers.dhcp_rpc_agent_api.DhcpAgentNotifyAPI._send_dhcp_notification-1621137'] for network, before_response {{(pid=94047) _notify_loop /usr/local/lib/python3.8/dist-packages/neutron_lib/callbacks/manager.py:192}}
Sep 01 17:17:08.126549 dv-cinder-768105-11-smb neutron-server[94047]: DEBUG neutron.pecan_wsgi.hooks.quota_enforcement [req-f9fa251a-dd4c-4bd8-b0d6-bed18a911924 req-14831e88-68f6-4787-9982-9f32d4ae99ee tempest-AttachVolumeTestJSON-1015529175 tempest-AttachVolumeTestJSON-1015529175-project] Made reservation on behalf of fa15bb1db9c84c9b814558f5fa179379 for: {'port': 1} {{(pid=94047) before /opt/stack/neutron/neutron/pecan_wsgi/hooks/quota_enforcement.py:53}}
Sep 01 17:17:08.130583 dv-cinder-768105-11-smb neutron-server[94047]: DEBUG neutron_lib.callbacks.manager [req-f9fa251a-dd4c-4bd8-b0d6-bed18a911924 req-14831e88-68f6-4787-9982-9f32d4ae99ee tempest-AttachVolumeTestJSON-1015529175 tempest-AttachVolumeTestJSON-1015529175-project] Notify callbacks ['neutron.plugins.ml2.plugin.SecurityGroupDbMixin._ensure_default_security_group_handler-1520762'] for port, before_create {{(pid=94047) _notify_loop /usr/local/lib/python3.8/dist-packages/neutron_lib/callbacks/manager.py:192}}
Sep 01 17:17:08.143307 dv-cinder-768105-11-smb neutron-server[94047]: INFO neutron.wsgi [None req-dff40ab3-2f11-42c1-85e6-47441d810f73 admin admin] 10.222.0.39 "POST /v2.0/networks HTTP/1.1" status: 201 len: 895 time: 0.8257532
Sep 01 17:17:08.143956 dv-cinder-768105-11-smb neutron-server[94047]: DEBUG neutron.wsgi [-] (94047) accepted ('10.222.0.39', 42674) {{(pid=94047) server /usr/local/lib/python3.8/dist-packages/eventlet/wsgi.py:982}}
Sep 01 17:17:08.158791 dv-cinder-768105-11-smb neutron-server[94047]: DEBUG neutron.api.v2.base [None req-08e01ba2-9686-4a2d-b382-1f596370b00a admin admin] Request body: {'subnet': {'network_id': 'c864eacf-a39e-4c6e-b4e3-54a3befab448', 'cidr': '172.20.0.0/28', 'name': 'tempest-EncryptedVolumesExtendAttachedTest-7080778-subnet', 'tenant_id': 'e5264197696b4457b7ed6a51910c7818', 'enable_dhcp': False, 'ip_version': 4}} {{(pid=94047) prepare_request_body /opt/stack/neutron/neutron/api/v2/base.py:730}}
Sep 01 17:17:08.164333 dv-cinder-768105-11-smb neutron-server[94047]: DEBUG neutron.api.rpc.handlers.resources_rpc [None req-dff40ab3-2f11-42c1-85e6-47441d810f73 admin admin] Pushing event updated for resources: {'Network': ['ID=c864eacf-a39e-4c6e-b4e3-54a3befab448,revision_number=1']} {{(pid=94047) push /opt/stack/neutron/neutron/api/rpc/handlers/resources_rpc.py:237}}
Sep 01 17:17:08.193615 dv-cinder-768105-11-smb neutron-server[94049]: DEBUG neutron.plugins.ml2.db [None req-ec3f3c13-efce-4501-ac18-f63c161bb42e None None] For port 6a0d29b8-0504-4c4a-9a4f-528e53698812, host hv-cinder-76810, got binding levels [PortBindingLevel(driver='hyperv',host='hv-cinder-76810',level=0,port_id=6a0d29b8-0504-4c4a-9a4f-528e53698812,segment=NetworkSegment(3e5424b3-dc16-4c29-8c17-94c8c748d604),segment_id=3e5424b3-dc16-4c29-8c17-94c8c748d604)] {{(pid=94049) get_binding_level_objs /opt/stack/neutron/neutron/plugins/ml2/db.py:74}}
Sep 01 17:17:08.227719 dv-cinder-768105-11-smb neutron-server[94049]: DEBUG neutron.plugins.ml2.rpc [None req-ec3f3c13-efce-4501-ac18-f63c161bb42e None None] Returning: {'device': '6a0d29b8-0504-4c4a-9a4f-528e53698812', 'network_id': 'efac1b0c-9217-47f0-9151-18e7627a3b4e', 'port_id': '6a0d29b8-0504-4c4a-9a4f-528e53698812', 'mac_address': 'fa:16:3e:e3:ef:6d', 'admin_state_up': True, 'network_type': 'vlan', 'segmentation_id': 888, 'physical_network': 'physnet1', 'mtu': 1500, 'fixed_ips': [{'subnet_id': '0613d6b2-7f95-4200-a80d-4c64138257e0', 'ip_address': '172.20.0.7'}], 'device_owner': 'compute:nova', 'allowed_address_pairs': [], 'port_security_enabled': True, 'qos_policy_id': None, 'network_qos_policy_id': None, 'profile': {}, 'propagate_uplink_status': False} {{(pid=94049) _get_device_details /opt/stack/neutron/neutron/plugins/ml2/rpc.py:184}}
Sep 01 17:17:08.233887 dv-cinder-768105-11-smb neutron-server[94049]: DEBUG neutron.plugins.ml2.rpc [None req-4a4e38c8-22eb-446c-b93d-fab00ff38b11 None None] Network c864eacf-a39e-4c6e-b4e3-54a3befab448 details requested by agent ovs-agent-dv-cinder-768105-11-smb with host dv-cinder-768105-11-smb {{(pid=94049) get_network_details /opt/stack/neutron/neutron/plugins/ml2/rpc.py:248}}
Sep 01 17:17:08.248004 dv-cinder-768105-11-smb neutron-server[94047]: DEBUG neutron.pecan_wsgi.hooks.quota_enforcement [None req-08e01ba2-9686-4a2d-b382-1f596370b00a admin admin] Made reservation on behalf of e5264197696b4457b7ed6a51910c7818 for: {'subnet': 1} {{(pid=94047) before /opt/stack/neutron/neutron/pecan_wsgi/hooks/quota_enforcement.py:53}}
Sep 01 17:17:08.250372 dv-cinder-768105-11-smb neutron-server[94047]: DEBUG neutron_lib.callbacks.manager [None req-08e01ba2-9686-4a2d-b382-1f596370b00a admin admin] Notify callbacks [] for subnet, before_create {{(pid=94047) _notify_loop /usr/local/lib/python3.8/dist-packages/neutron_lib/callbacks/manager.py:192}}
Sep 01 17:17:08.261201 dv-cinder-768105-11-smb neutron-server[94048]: DEBUG neutron.db.db_base_plugin_common [req-8203df9c-cbfc-4ada-9728-9a5ce0f9bf9e req-1d933fbd-85a7-44e2-a340-93d6491658f0 tempest-ServerRescueNegativeTestJSON-1833875865 tempest-ServerRescueNegativeTestJSON-1833875865-project] Allocated IP 172.20.0.13 (be30e8d6-d041-4619-b602-98b6556d6201/8bc8f81e-199f-491e-9d7c-e9ace316588f/dfc8d418-d3f4-48cd-a12c-0669f5960876) {{(pid=94048) _store_ip_allocation /opt/stack/neutron/neutron/db/db_base_plugin_common.py:131}}
Sep 01 17:17:08.332600 dv-cinder-768105-11-smb neutron-server[94049]: DEBUG neutron_lib.callbacks.manager [None req-ec3f3c13-efce-4501-ac18-f63c161bb42e None None] Notify callbacks ['neutron.plugins.ml2.plugin.SecurityGroupDbMixin._ensure_default_security_group_handler-1520762'] for port, before_update {{(pid=94049) _notify_loop /usr/local/lib/python3.8/dist-packages/neutron_lib/callbacks/manager.py:192}}
Sep 01 17:17:08.363167 dv-cinder-768105-11-smb neutron-server[94049]: DEBUG neutron.notifiers.nova [None req-ec3f3c13-efce-4501-ac18-f63c161bb42e None None] Ignoring state change previous_port_status: DOWN current_port_status: BUILD port_id 6a0d29b8-0504-4c4a-9a4f-528e53698812 {{(pid=94049) record_port_status_changed /opt/stack/neutron/neutron/notifiers/nova.py:224}}
Sep 01 17:17:08.403460 dv-cinder-768105-11-smb neutron-server[94049]: DEBUG neutron.plugins.ml2.db [None req-ec3f3c13-efce-4501-ac18-f63c161bb42e None None] For port 6a0d29b8-0504-4c4a-9a4f-528e53698812, host hv-cinder-76810, got binding levels [PortBindingLevel(driver='hyperv',host='hv-cinder-76810',level=0,port_id=6a0d29b8-0504-4c4a-9a4f-528e53698812,segment=NetworkSegment(3e5424b3-dc16-4c29-8c17-94c8c748d604),segment_id=3e5424b3-dc16-4c29-8c17-94c8c748d604)] {{(pid=94049) get_binding_level_objs /opt/stack/neutron/neutron/plugins/ml2/db.py:74}}
Sep 01 17:17:08.409061 dv-cinder-768105-11-smb neutron-server[94049]: DEBUG neutron_lib.callbacks.manager [None req-ec3f3c13-efce-4501-ac18-f63c161bb42e None None] Notify callbacks ['neutron.plugins.ml2.plugin.SecurityGroupServerNotifierRpcMixin._notify_sg_on_port_change-1520701', 'neutron.plugins.ml2.ovo_rpc._ObjectChangeHandler.handle_event-2016552', 'neutron.api.rpc.agentnotifiers.dhcp_rpc_agent_api.DhcpAgentNotifyAPI._native_event_send_dhcp_notification-1621091', 'neutron.db.l3_db.L3RpcNotifierMixin._notify_gateway_port_ip_changed-8781390884051', 'neutron.db.l3_dvrscheduler_db._notify_l3_agent_port_update-8781390382376', 'neutron.db.l3_hascheduler_db._notify_l3_agent_ha_port_update-8781390382394'] for port, after_update {{(pid=94049) _notify_loop /usr/local/lib/python3.8/dist-packages/neutron_lib/callbacks/manager.py:192}}
Sep 01 17:17:08.450096 dv-cinder-768105-11-smb neutron-server[94047]: INFO neutron.wsgi [req-ec554903-204f-4b8e-905c-ddaaef90a34f req-1ea41767-92c5-4493-aed7-ec1b4bc7515c tempest-AttachVolumeTestJSON-1015529175 tempest-AttachVolumeTestJSON-1015529175-project] 10.222.0.39 "GET /v2.0/ports?device_id=b94050d7-85d1-4119-9680-d72114aedc0b HTTP/1.1" status: 200 len: 210 time: 0.2017365
Sep 01 17:17:08.510584 dv-cinder-768105-11-smb neutron-server[94049]: DEBUG neutron.api.rpc.handlers.resources_rpc [None req-ec3f3c13-efce-4501-ac18-f63c161bb42e None None] Pushing event updated for resources: {'Port': ['ID=6a0d29b8-0504-4c4a-9a4f-528e53698812,revision_number=4']} {{(pid=94049) push /opt/stack/neutron/neutron/api/rpc/handlers/resources_rpc.py:237}}
Sep 01 17:17:08.567311 dv-cinder-768105-11-smb neutron-server[94048]: DEBUG neutron.api.v2.base [req-547a16b9-ce49-45a7-912f-476022832c01 req-47a36ee9-f74b-4bdc-bd19-e20fd99f8e12 service neutron] Request body: {'port': {'device_id': '352bd667-16bb-40da-930b-8a800a9b3ddf', 'device_owner': 'compute:nova', 'binding:host_id': 'hv-cinder-76810'}} {{(pid=94048) prepare_request_body /opt/stack/neutron/neutron/api/v2/base.py:730}}
Sep 01 17:17:08.616406 dv-cinder-768105-11-smb neutron-server[94047]: DEBUG neutron.wsgi [-] (94047) accepted ('10.222.0.39', 42694) {{(pid=94047) server /usr/local/lib/python3.8/dist-packages/eventlet/wsgi.py:982}}
Sep 01 17:17:08.653463 dv-cinder-768105-11-smb neutron-server[94049]: DEBUG neutron.plugins.ml2.db [None req-ec3f3c13-efce-4501-ac18-f63c161bb42e None None] get_ports_and_sgs() called for port_ids ['6a0d29b8-0504-4c4a-9a4f-528e53698812'] {{(pid=94049) get_ports_and_sgs /opt/stack/neutron/neutron/plugins/ml2/db.py:156}}
Sep 01 17:17:08.671990 dv-cinder-768105-11-smb neutron-server[94048]: INFO neutron.wsgi [req-ecff633d-6040-4a83-bab3-ad208f01fcdd req-5e51c6f4-4b8e-41a1-a9b2-17ff23335e01 tempest-DeleteServersTestJSON-684614298 tempest-DeleteServersTestJSON-684614298-project] 10.222.0.39 "GET /v2.0/security-groups?id=97fdf841-c749-4634-a52b-ef9036df0475&fields=id&fields=name HTTP/1.1" status: 200 len: 286 time: 0.1202242
Sep 01 17:17:08.751979 dv-cinder-768105-11-smb neutron-server[94048]: DEBUG neutron_lib.callbacks.manager [req-547a16b9-ce49-45a7-912f-476022832c01 req-47a36ee9-f74b-4bdc-bd19-e20fd99f8e12 service neutron] Notify callbacks ['neutron.plugins.ml2.plugin.SecurityGroupDbMixin._ensure_default_security_group_handler-1520762'] for port, before_update {{(pid=94048) _notify_loop /usr/local/lib/python3.8/dist-packages/neutron_lib/callbacks/manager.py:192}}
Sep 01 17:17:08.775671 dv-cinder-768105-11-smb neutron-server[94048]: DEBUG neutron_lib.callbacks.manager [req-8203df9c-cbfc-4ada-9728-9a5ce0f9bf9e req-1d933fbd-85a7-44e2-a340-93d6491658f0 tempest-ServerRescueNegativeTestJSON-1833875865 tempest-ServerRescueNegativeTestJSON-1833875865-project] Notify callbacks [] for port, precommit_create {{(pid=94048) _notify_loop /usr/local/lib/python3.8/dist-packages/neutron_lib/callbacks/manager.py:192}}
Sep 01 17:17:08.982985 dv-cinder-768105-11-smb neutron-server[94048]: DEBUG neutron_lib.callbacks.manager [req-8203df9c-cbfc-4ada-9728-9a5ce0f9bf9e req-1d933fbd-85a7-44e2-a340-93d6491658f0 tempest-ServerRescueNegativeTestJSON-1833875865 tempest-ServerRescueNegativeTestJSON-1833875865-project] Notify callbacks ['neutron.plugins.ml2.plugin.SecurityGroupServerNotifierRpcMixin._notify_sg_on_port_change-1520701', 'neutron.plugins.ml2.ovo_rpc._ObjectChangeHandler.handle_event-2016552', 'neutron.api.rpc.agentnotifiers.dhcp_rpc_agent_api.DhcpAgentNotifyAPI._native_event_send_dhcp_notification-1621091', 'neutron.db.l3_dvrscheduler_db._notify_l3_agent_new_port-8781390382358'] for port, after_create {{(pid=94048) _notify_loop /usr/local/lib/python3.8/dist-packages/neutron_lib/callbacks/manager.py:192}}
Sep 01 17:17:09.056211 dv-cinder-768105-11-smb neutron-server[94048]: DEBUG neutron.api.rpc.handlers.resources_rpc [None req-1d933fbd-85a7-44e2-a340-93d6491658f0 tempest-ServerRescueNegativeTestJSON-1833875865 tempest-ServerRescueNegativeTestJSON-1833875865-project] Pushing event updated for resources: {'Port': ['ID=dfc8d418-d3f4-48cd-a12c-0669f5960876,revision_number=1']} {{(pid=94048) push /opt/stack/neutron/neutron/api/rpc/handlers/resources_rpc.py:237}}
Sep 01 17:17:09.074476 dv-cinder-768105-11-smb neutron-server[94048]: DEBUG neutron.scheduler.dhcp_agent_scheduler [req-8203df9c-cbfc-4ada-9728-9a5ce0f9bf9e req-1d933fbd-85a7-44e2-a340-93d6491658f0 tempest-ServerRescueNegativeTestJSON-1833875865 tempest-ServerRescueNegativeTestJSON-1833875865-project] Network be30e8d6-d041-4619-b602-98b6556d6201 is already hosted by enough agents. {{(pid=94048) _get_dhcp_agents_hosting_network /opt/stack/neutron/neutron/scheduler/dhcp_agent_scheduler.py:275}}
Sep 01 17:17:09.085397 dv-cinder-768105-11-smb neutron-server[94048]: DEBUG neutron.scheduler.base_scheduler [req-8203df9c-cbfc-4ada-9728-9a5ce0f9bf9e req-1d933fbd-85a7-44e2-a340-93d6491658f0 tempest-ServerRescueNegativeTestJSON-1833875865 tempest-ServerRescueNegativeTestJSON-1833875865-project] Resources bound (agent type, host, resource id): {{(pid=94048) schedule /opt/stack/neutron/neutron/scheduler/base_scheduler.py:57}}
Sep 01 17:17:09.094392 dv-cinder-768105-11-smb neutron-server[94047]: DEBUG neutron.db.db_base_plugin_common [req-f9fa251a-dd4c-4bd8-b0d6-bed18a911924 req-14831e88-68f6-4787-9982-9f32d4ae99ee tempest-AttachVolumeTestJSON-1015529175 tempest-AttachVolumeTestJSON-1015529175-project] Allocated IP 172.20.0.11 (92d974c7-bffd-4e31-b075-29664bc36bd5/5e1878e8-9990-4938-b418-b299669cd342/b818027c-774f-43a8-b99f-a110e037c402) {{(pid=94047) _store_ip_allocation /opt/stack/neutron/neutron/db/db_base_plugin_common.py:131}}
Sep 01 17:17:09.112448 dv-cinder-768105-11-smb neutron-server[94047]: DEBUG neutron_lib.callbacks.manager [None req-38a62323-3c28-4383-a6d4-37ecbd579f6d admin admin] Notify callbacks [] for security_group, before_create {{(pid=94047) _notify_loop /usr/local/lib/python3.8/dist-packages/neutron_lib/callbacks/manager.py:192}}
Sep 01 17:17:09.113183 dv-cinder-768105-11-smb neutron-server[94048]: DEBUG neutron.db.l3_dvrscheduler_db [req-8203df9c-cbfc-4ada-9728-9a5ce0f9bf9e req-1d933fbd-85a7-44e2-a340-93d6491658f0 tempest-ServerRescueNegativeTestJSON-1833875865 tempest-ServerRescueNegativeTestJSON-1833875865-project] Received port after_create {{(pid=94048) _notify_l3_agent_new_port /opt/stack/neutron/neutron/db/l3_dvrscheduler_db.py:535}}
Sep 01 17:17:09.119289 dv-cinder-768105-11-smb neutron-server[94048]: DEBUG neutron.pecan_wsgi.hooks.policy_enforcement [req-8203df9c-cbfc-4ada-9728-9a5ce0f9bf9e req-1d933fbd-85a7-44e2-a340-93d6491658f0 tempest-ServerRescueNegativeTestJSON-1833875865 tempest-ServerRescueNegativeTestJSON-1833875865-project] Attributes excluded by policy engine: ['standard_attr_id', 'binding:profile', 'binding:host_id', 'binding:vif_type', 'binding:vif_details', 'network'] {{(pid=94048) _exclude_attributes_by_policy /opt/stack/neutron/neutron/pecan_wsgi/hooks/policy_enforcement.py:255}}
Sep 01 17:17:09.119909 dv-cinder-768105-11-smb neutron-server[94048]: DEBUG neutron_lib.callbacks.manager [req-8203df9c-cbfc-4ada-9728-9a5ce0f9bf9e req-1d933fbd-85a7-44e2-a340-93d6491658f0 tempest-ServerRescueNegativeTestJSON-1833875865 tempest-ServerRescueNegativeTestJSON-1833875865-project] Notify callbacks ['neutron.notifiers.nova.Notifier._send_nova_notification-32355', 'neutron.api.rpc.agentnotifiers.dhcp_rpc_agent_api.DhcpAgentNotifyAPI._send_dhcp_notification-1621137'] for port, before_response {{(pid=94048) _notify_loop /usr/local/lib/python3.8/dist-packages/neutron_lib/callbacks/manager.py:192}}
Sep 01 17:17:09.127064 dv-cinder-768105-11-smb neutron-server[94047]: DEBUG neutron_lib.callbacks.manager [None req-08e01ba2-9686-4a2d-b382-1f596370b00a admin admin] Notify callbacks ['neutron.plugins.ml2.ovo_rpc._ObjectChangeHandler.handle_event-1599158', 'neutron.api.rpc.agentnotifiers.dhcp_rpc_agent_api.DhcpAgentNotifyAPI._native_event_send_dhcp_notification-1621091'] for subnet, after_create {{(pid=94047) _notify_loop /usr/local/lib/python3.8/dist-packages/neutron_lib/callbacks/manager.py:192}}
Sep 01 17:17:09.142914 dv-cinder-768105-11-smb neutron-server[94048]: INFO neutron.wsgi [req-8203df9c-cbfc-4ada-9728-9a5ce0f9bf9e req-1d933fbd-85a7-44e2-a340-93d6491658f0 tempest-ServerRescueNegativeTestJSON-1833875865 tempest-ServerRescueNegativeTestJSON-1833875865-project] 10.222.0.38 "POST /v2.0/ports HTTP/1.1" status: 201 len: 934 time: 2.4619887
Sep 01 17:17:09.161186 dv-cinder-768105-11-smb neutron-server[94048]: DEBUG neutron.api.v2.base [req-8203df9c-cbfc-4ada-9728-9a5ce0f9bf9e req-dd3cf1b1-5072-4a75-bd31-53714636c900 service neutron] Request body: {'port': {'device_id': 'ef46dcf8-d62f-4c02-a7ab-a2f69f42e386', 'device_owner': 'compute:nova', 'binding:host_id': 'hv-cinder-76810'}} {{(pid=94048) prepare_request_body /opt/stack/neutron/neutron/api/v2/base.py:730}}
Sep 01 17:17:09.253937 dv-cinder-768105-11-smb neutron-server[94048]: DEBUG neutron_lib.callbacks.manager [req-8203df9c-cbfc-4ada-9728-9a5ce0f9bf9e req-dd3cf1b1-5072-4a75-bd31-53714636c900 service neutron] Notify callbacks ['neutron.plugins.ml2.plugin.SecurityGroupDbMixin._ensure_default_security_group_handler-1520762'] for port, before_update {{(pid=94048) _notify_loop /usr/local/lib/python3.8/dist-packages/neutron_lib/callbacks/manager.py:192}}
Sep 01 17:17:09.314954 dv-cinder-768105-11-smb neutron-server[94047]: DEBUG neutron.api.rpc.handlers.resources_rpc [None req-08e01ba2-9686-4a2d-b382-1f596370b00a admin admin] Pushing event updated for resources: {'Subnet': ['ID=6492072e-be52-48cb-b87d-96f7132ef08c,revision_number=0']} {{(pid=94047) push /opt/stack/neutron/neutron/api/rpc/handlers/resources_rpc.py:237}}
Sep 01 17:17:09.371770 dv-cinder-768105-11-smb neutron-server[94047]: DEBUG neutron.pecan_wsgi.hooks.policy_enforcement [req-edd7db03-8c0a-495e-a589-a6201bc78d67 req-1ca8e185-96a5-4fd4-b0ab-330e64019ae7 tempest-ServerRescueNegativeTestJSON-1833875865 tempest-ServerRescueNegativeTestJSON-1833875865-project] Attributes excluded by policy engine: ['standard_attr_id', 'binding:profile', 'binding:host_id', 'binding:vif_type', 'binding:vif_details'] {{(pid=94047) _exclude_attributes_by_policy /opt/stack/neutron/neutron/pecan_wsgi/hooks/policy_enforcement.py:255}}
Sep 01 17:17:09.383017 dv-cinder-768105-11-smb neutron-server[94048]: DEBUG neutron.notifiers.nova [req-547a16b9-ce49-45a7-912f-476022832c01 req-47a36ee9-f74b-4bdc-bd19-e20fd99f8e12 service neutron] Ignoring state change previous_port_status: DOWN current_port_status: DOWN port_id 7c55b3f6-942d-4f0f-9e53-70bcb05260c2 {{(pid=94048) record_port_status_changed /opt/stack/neutron/neutron/notifiers/nova.py:224}}
Sep 01 17:17:09.383111 dv-cinder-768105-11-smb neutron-server[94047]: INFO neutron.wsgi [req-edd7db03-8c0a-495e-a589-a6201bc78d67 req-1ca8e185-96a5-4fd4-b0ab-330e64019ae7 tempest-ServerRescueNegativeTestJSON-1833875865 tempest-ServerRescueNegativeTestJSON-1833875865-project] 10.222.0.39 "GET /v2.0/ports?device_id=ef46dcf8-d62f-4c02-a7ab-a2f69f42e386 HTTP/1.1" status: 200 len: 932 time: 0.3073909
Sep 01 17:17:09.424744 dv-cinder-768105-11-smb neutron-server[94047]: DEBUG neutron.plugins.ml2.drivers.mech_agent [None req-08e01ba2-9686-4a2d-b382-1f596370b00a admin admin] Checking segment: {'id': '82d34f21-0cfe-4386-a419-e20b365d7493', 'network_type': 'vlan', 'physical_network': 'physnet1', 'segmentation_id': 892, 'network_id': 'c864eacf-a39e-4c6e-b4e3-54a3befab448'} for mappings: {'physnet1': 'br-data'} with network types: ['local', 'flat', 'vlan'] {{(pid=94047) check_segment_for_agent /opt/stack/neutron/neutron/plugins/ml2/drivers/mech_agent.py:352}}
Sep 01 17:17:09.425091 dv-cinder-768105-11-smb neutron-server[94047]: DEBUG neutron.scheduler.dhcp_agent_scheduler [None req-08e01ba2-9686-4a2d-b382-1f596370b00a admin admin] Network hostable DHCP agents. Network: c864eacf-a39e-4c6e-b4e3-54a3befab448, hostable agents: ['ccf48908-e990-4686-9701-6a768749c0dc'], hosted agents: [] {{(pid=94047) _get_network_hostable_dhcp_agents /opt/stack/neutron/neutron/scheduler/dhcp_agent_scheduler.py:329}}
Sep 01 17:17:09.442206 dv-cinder-768105-11-smb neutron-server[94048]: DEBUG neutron_lib.callbacks.manager [req-547a16b9-ce49-45a7-912f-476022832c01 req-47a36ee9-f74b-4bdc-bd19-e20fd99f8e12 service neutron] Notify callbacks [] for port, precommit_update {{(pid=94048) _notify_loop /usr/local/lib/python3.8/dist-packages/neutron_lib/callbacks/manager.py:192}}
Sep 01 17:17:09.506617 dv-cinder-768105-11-smb neutron-server[94048]: DEBUG neutron.db.provisioning_blocks [req-547a16b9-ce49-45a7-912f-476022832c01 req-47a36ee9-f74b-4bdc-bd19-e20fd99f8e12 service neutron] Transition to ACTIVE for port object 7c55b3f6-942d-4f0f-9e53-70bcb05260c2 will not be triggered until provisioned by entity L2. {{(pid=94048) add_provisioning_component /opt/stack/neutron/neutron/db/provisioning_blocks.py:73}}
Sep 01 17:17:09.514709 dv-cinder-768105-11-smb neutron-server[94048]: DEBUG neutron_lib.callbacks.manager [req-547a16b9-ce49-45a7-912f-476022832c01 req-47a36ee9-f74b-4bdc-bd19-e20fd99f8e12 service neutron] Notify callbacks ['neutron.plugins.ml2.plugin.SecurityGroupServerNotifierRpcMixin._notify_sg_on_port_change-1520701', 'neutron.plugins.ml2.ovo_rpc._ObjectChangeHandler.handle_event-2016552', 'neutron.api.rpc.agentnotifiers.dhcp_rpc_agent_api.DhcpAgentNotifyAPI._native_event_send_dhcp_notification-1621091', 'neutron.db.l3_db.L3RpcNotifierMixin._notify_gateway_port_ip_changed-8781390884051', 'neutron.db.l3_dvrscheduler_db._notify_l3_agent_port_update-8781390382376', 'neutron.db.l3_hascheduler_db._notify_l3_agent_ha_port_update-8781390382394'] for port, after_update {{(pid=94048) _notify_loop /usr/local/lib/python3.8/dist-packages/neutron_lib/callbacks/manager.py:192}}
Sep 01 17:17:09.524865 dv-cinder-768105-11-smb neutron-server[94047]: INFO neutron.wsgi [req-edd7db03-8c0a-495e-a589-a6201bc78d67 req-c46a1bdc-bb26-4a1a-ab3f-59a53abd5631 tempest-ServerRescueNegativeTestJSON-1833875865 tempest-ServerRescueNegativeTestJSON-1833875865-project] 10.222.0.39 "GET /v2.0/security-groups?id=6ef19b59-176b-44d9-99a6-452bbc2301f4&fields=id&fields=name HTTP/1.1" status: 200 len: 286 time: 0.1390691
Sep 01 17:17:09.571782 dv-cinder-768105-11-smb neutron-server[94047]: DEBUG neutron.scheduler.dhcp_agent_scheduler [None req-08e01ba2-9686-4a2d-b382-1f596370b00a admin admin] Network c864eacf-a39e-4c6e-b4e3-54a3befab448 is scheduled to be hosted by DHCP agent ccf48908-e990-4686-9701-6a768749c0dc with binding_index 1 {{(pid=94047) bind /opt/stack/neutron/neutron/scheduler/dhcp_agent_scheduler.py:227}}
Sep 01 17:17:09.599719 dv-cinder-768105-11-smb neutron-server[94047]: DEBUG neutron_lib.callbacks.manager [req-f9fa251a-dd4c-4bd8-b0d6-bed18a911924 req-14831e88-68f6-4787-9982-9f32d4ae99ee tempest-AttachVolumeTestJSON-1015529175 tempest-AttachVolumeTestJSON-1015529175-project] Notify callbacks [] for port, precommit_create {{(pid=94047) _notify_loop /usr/local/lib/python3.8/dist-packages/neutron_lib/callbacks/manager.py:192}}
Sep 01 17:17:09.629532 dv-cinder-768105-11-smb neutron-server[94047]: DEBUG neutron.scheduler.base_scheduler [None req-08e01ba2-9686-4a2d-b382-1f596370b00a admin admin] Resources bound (agent type, host, resource id): (DHCP agent, dv-cinder-768105-11-smb, c864eacf-a39e-4c6e-b4e3-54a3befab448) {{(pid=94047) schedule /opt/stack/neutron/neutron/scheduler/base_scheduler.py:57}}
Sep 01 17:17:09.635223 dv-cinder-768105-11-smb neutron-server[94047]: DEBUG neutron.pecan_wsgi.hooks.policy_enforcement [None req-08e01ba2-9686-4a2d-b382-1f596370b00a admin admin] Attributes excluded by policy engine: ['standard_attr_id', 'shared', 'network'] {{(pid=94047) _exclude_attributes_by_policy /opt/stack/neutron/neutron/pecan_wsgi/hooks/policy_enforcement.py:255}}
Sep 01 17:17:09.635911 dv-cinder-768105-11-smb neutron-server[94047]: DEBUG neutron_lib.callbacks.manager [None req-08e01ba2-9686-4a2d-b382-1f596370b00a admin admin] Notify callbacks ['neutron.api.rpc.agentnotifiers.dhcp_rpc_agent_api.DhcpAgentNotifyAPI._send_dhcp_notification-1621137'] for subnet, before_response {{(pid=94047) _notify_loop /usr/local/lib/python3.8/dist-packages/neutron_lib/callbacks/manager.py:192}}
Sep 01 17:17:09.638538 dv-cinder-768105-11-smb neutron-server[94049]: DEBUG neutron.api.rpc.handlers.dhcp_rpc [None req-85af2590-c5b9-4402-af11-e05adc3905f2 None None] Network c864eacf-a39e-4c6e-b4e3-54a3befab448 requested from dv-cinder-768105-11-smb {{(pid=94049) get_network_info /opt/stack/neutron/neutron/api/rpc/handlers/dhcp_rpc.py:218}}
Sep 01 17:17:09.644988 dv-cinder-768105-11-smb neutron-server[94047]: DEBUG neutron_lib.callbacks.manager [None req-38a62323-3c28-4383-a6d4-37ecbd579f6d admin admin] Notify callbacks [] for security_group, precommit_create {{(pid=94047) _notify_loop /usr/local/lib/python3.8/dist-packages/neutron_lib/callbacks/manager.py:192}}
Sep 01 17:17:09.654878 dv-cinder-768105-11-smb neutron-server[94047]: DEBUG neutron.db.provisioning_blocks [req-f9fa251a-dd4c-4bd8-b0d6-bed18a911924 req-14831e88-68f6-4787-9982-9f32d4ae99ee tempest-AttachVolumeTestJSON-1015529175 tempest-AttachVolumeTestJSON-1015529175-project] Transition to ACTIVE for port object b818027c-774f-43a8-b99f-a110e037c402 will not be triggered until provisioned by entity DHCP. {{(pid=94047) add_provisioning_component /opt/stack/neutron/neutron/db/provisioning_blocks.py:73}}
