Jun 22 16:38:28.830208 dv-cinder-768105-10-smb neutron-server[93717]: DEBUG neutron.plugins.ml2.db [None req-f63e7340-7b40-428a-bbec-784cfc5bf59d None None] For port 55bd302b-be3a-4037-8129-6e671f69c57e, host dv-cinder-768105-10-smb, got binding levels [PortBindingLevel(driver='openvswitch',host='dv-cinder-768105-10-smb',level=0,port_id=55bd302b-be3a-4037-8129-6e671f69c57e,segment=NetworkSegment(4dfe5e5f-6dce-44d9-8584-a2ff00fe56ec),segment_id=4dfe5e5f-6dce-44d9-8584-a2ff00fe56ec)] {{(pid=93717) get_binding_level_objs /opt/stack/neutron/neutron/plugins/ml2/db.py:74}}
Jun 22 16:38:28.844061 dv-cinder-768105-10-smb neutron-server[93717]: DEBUG neutron_lib.callbacks.manager [None req-f63e7340-7b40-428a-bbec-784cfc5bf59d None None] Notify callbacks ['neutron.plugins.ml2.plugin.SecurityGroupServerNotifierRpcMixin.notify_sg_on_port_change-545380', 'neutron.plugins.ml2.ovo_rpc._ObjectChangeHandler.handle_event-27794', 'neutron.api.rpc.agentnotifiers.dhcp_rpc_agent_api.DhcpAgentNotifyAPI._native_event_send_dhcp_notification-1641758', 'neutron.db.l3_db.L3RpcNotifierMixin._notify_gateway_port_ip_changed-8742977750986', 'neutron.db.l3_dvrscheduler_db._notify_l3_agent_port_update-8742977321337', 'neutron.db.l3_hascheduler_db._notify_l3_agent_ha_port_update-8742977321382'] for port, after_update {{(pid=93717) _notify_loop /usr/local/lib/python3.8/dist-packages/neutron_lib/callbacks/manager.py:192}}
Jun 22 16:38:28.846949 dv-cinder-768105-10-smb neutron-server[93717]: DEBUG neutron.plugins.ml2.rpc [None req-f63e7340-7b40-428a-bbec-784cfc5bf59d None None] Device 6b70c6ae-3e30-4d58-b2b9-9698c39eadc7 up at agent ovs-agent-dv-cinder-768105-10-smb {{(pid=93717) update_device_up /opt/stack/neutron/neutron/plugins/ml2/rpc.py:278}}
Jun 22 16:38:28.850677 dv-cinder-768105-10-smb neutron-server[93717]: DEBUG oslo_concurrency.lockutils [-] Lock "event-dispatch" acquired by "neutron.plugins.ml2.ovo_rpc._ObjectChangeHandler.dispatch_events" :: waited 0.000s {{(pid=93717) inner /usr/local/lib/python3.8/dist-packages/oslo_concurrency/lockutils.py:355}}
Jun 22 16:38:28.929674 dv-cinder-768105-10-smb neutron-server[93718]: DEBUG neutron.db.l3_dvr_db [None req-dccc7fcb-d883-4c66-b63f-5bb3147b43f9 None None] Set router 1034729a-8c48-479c-a2fc-d1902fa286cc gateway port host: dv-cinder-768105-10-smb {{(pid=93718) _build_routers_list /opt/stack/neutron/neutron/db/l3_dvr_db.py:838}}
Jun 22 16:38:28.975661 dv-cinder-768105-10-smb neutron-server[93715]: INFO neutron.wsgi [req-5cc0d750-c3bc-46b5-a58d-0c2978cf84da req-2fbd436e-d4c3-44ec-97f9-268047bddf61 tempest-DeleteServersTestJSON-679586320 tempest-DeleteServersTestJSON-679586320-project] 10.222.0.70 "GET /v2.0/ports?device_id=039b3479-b199-4d5a-a0a3-6afd0611e417 HTTP/1.1" status: 200 len: 210 time: 0.1102498
Jun 22 16:38:29.007799 dv-cinder-768105-10-smb neutron-server[93715]: DEBUG neutron.api.v2.base [req-8cb42043-a8a3-4ad4-b40c-417260105a82 req-80622fa8-acc4-44f6-9f8b-4236c213548e service neutron] Request body: {'port': {'device_id': 'c26b3f6e-1931-4e7c-921e-eb0dc2822b06', 'device_owner': 'compute:nova', 'binding:host_id': 'hv-cinder-76810'}} {{(pid=93715) prepare_request_body /opt/stack/neutron/neutron/api/v2/base.py:729}}
Jun 22 16:38:29.219077 dv-cinder-768105-10-smb neutron-server[93715]: DEBUG neutron_lib.callbacks.manager [req-8cb42043-a8a3-4ad4-b40c-417260105a82 req-80622fa8-acc4-44f6-9f8b-4236c213548e service neutron] Notify callbacks ['neutron.plugins.ml2.plugin.SecurityGroupDbMixin._ensure_default_security_group_handler_port-545670'] for port, before_update {{(pid=93715) _notify_loop /usr/local/lib/python3.8/dist-packages/neutron_lib/callbacks/manager.py:192}}
Jun 22 16:38:29.513218 dv-cinder-768105-10-smb neutron-server[93716]: DEBUG neutron_lib.callbacks.manager [req-c9e85e48-70c3-4c8a-a309-df2c6ab50823 req-c37cf95b-55e3-4b99-b138-8782c8164616 tempest-DeleteServersTestJSON-679586320 tempest-DeleteServersTestJSON-679586320-project] Notify callbacks [] for port, precommit_create {{(pid=93716) _notify_loop /usr/local/lib/python3.8/dist-packages/neutron_lib/callbacks/manager.py:192}}
Jun 22 16:38:29.596458 dv-cinder-768105-10-smb neutron-server[93717]: DEBUG neutron.api.rpc.handlers.resources_rpc [None req-f63e7340-7b40-428a-bbec-784cfc5bf59d None None] Pushing event updated for resources: {'Port': ['ID=55bd302b-be3a-4037-8129-6e671f69c57e,revision_number=4']} {{(pid=93717) push /opt/stack/neutron/neutron/api/rpc/handlers/resources_rpc.py:237}}
Jun 22 16:38:29.607328 dv-cinder-768105-10-smb neutron-server[93717]: DEBUG neutron.db.provisioning_blocks [None req-f63e7340-7b40-428a-bbec-784cfc5bf59d None None] Provisioning complete for port 6b70c6ae-3e30-4d58-b2b9-9698c39eadc7 triggered by entity L2. {{(pid=93717) provisioning_complete /opt/stack/neutron/neutron/db/provisioning_blocks.py:139}}
Jun 22 16:38:29.607328 dv-cinder-768105-10-smb neutron-server[93717]: DEBUG neutron_lib.callbacks.manager [None req-f63e7340-7b40-428a-bbec-784cfc5bf59d None None] Notify callbacks ['neutron.plugins.ml2.plugin.Ml2Plugin._port_provisioned-828294'] for port, provisioning_complete {{(pid=93717) _notify_loop /usr/local/lib/python3.8/dist-packages/neutron_lib/callbacks/manager.py:192}}
Jun 22 16:38:29.609080 dv-cinder-768105-10-smb neutron-server[93716]: DEBUG neutron.api.rpc.handlers.resources_rpc [None req-00ecfafb-303d-42c2-b31c-56b59a6b35bd admin admin] Pushing event updated for resources: {'Port': ['ID=eddc9115-b148-4fcb-a163-bf9f739382bd,revision_number=2']} {{(pid=93716) push /opt/stack/neutron/neutron/api/rpc/handlers/resources_rpc.py:237}}
Jun 22 16:38:29.614355 dv-cinder-768105-10-smb neutron-server[93717]: DEBUG oslo_concurrency.lockutils [None req-f63e7340-7b40-428a-bbec-784cfc5bf59d None None] Lock "event-dispatch" released by "neutron.plugins.ml2.ovo_rpc._ObjectChangeHandler.dispatch_events" :: held 0.763s {{(pid=93717) inner /usr/local/lib/python3.8/dist-packages/oslo_concurrency/lockutils.py:367}}
Jun 22 16:38:29.618186 dv-cinder-768105-10-smb neutron-server[93716]: DEBUG oslo_concurrency.lockutils [None req-00ecfafb-303d-42c2-b31c-56b59a6b35bd admin admin] Lock "event-dispatch" released by "neutron.plugins.ml2.ovo_rpc._ObjectChangeHandler.dispatch_events" :: held 0.858s {{(pid=93716) inner /usr/local/lib/python3.8/dist-packages/oslo_concurrency/lockutils.py:367}}
Jun 22 16:38:29.659373 dv-cinder-768105-10-smb neutron-server[93718]: DEBUG neutron.db.l3_hamode_db [None req-dccc7fcb-d883-4c66-b63f-5bb3147b43f9 None None] neutron.services.l3_router.l3_router_plugin.L3RouterPlugin method _process_sync_ha_data called with arguments (, [{'id': '1034729a-8c48-479c-a2fc-d1902fa286cc', 'name': 'tempest-AttachVolumeTestJSON-131762739-router', 'tenant_id': '218dc832a5c0440e9daa7b57d8a6ebf5', 'admin_state_up': True, 'status': 'ACTIVE', 'external_gateway_info': {'network_id': 'd06e2f1a-390b-4c3c-bda4-9f719553dc3b', 'external_fixed_ips': [{'subnet_id': '94d20b51-001a-4abf-b885-0e0c0ae67af7', 'ip_address': '172.28.0.67'}], 'enable_snat': True}, 'gw_port_id': '709e57c5-968d-4f71-a373-dd1bb79616aa', 'description': '', 'availability_zones': ['nova'], 'distributed': False, 'ha': False, 'ha_vr_id': 0, 'availability_zone_hints': [], 'routes': [], 'flavor_id': None, 'tags': [], 'created_at': '2021-06-22T16:38:14Z', 'updated_at': '2021-06-22T16:38:21Z', 'revision_number': 4, 'project_id': '218dc832a5c0440e9daa7b57d8a6ebf5', 'gw_port': {'id': '709e57c5-968d-4f71-a373-dd1bb79616aa', 'name': '', 'network_id': 'd06e2f1a-390b-4c3c-bda4-9f719553dc3b', 'tenant_id': '', 'mac_address': 'fa:16:3e:44:6d:ae', 'admin_state_up': True, 'status': 'ACTIVE', 'device_id': '1034729a-8c48-479c-a2fc-d1902fa286cc', 'device_owner': 'network:router_gateway', 'standard_attr_id': 98, 'fixed_ips': [{'subnet_id': '94d20b51-001a-4abf-b885-0e0c0ae67af7', 'ip_address': '172.28.0.67', 'prefixlen': 24}], 'allowed_address_pairs': [], 'extra_dhcp_opts': [], 'security_groups': [], 'description': '', 'binding:vnic_type': 'normal', 'binding:profile': {}, 'binding:host_id': 'dv-cinder-768105-10-smb', 'binding:vif_type': 'ovs', 'binding:vif_details': {'connectivity': 'l2', 'port_filter': True, 'ovs_hybrid_plug': False, 'datapath_type': 'system', 'bridge_name': 'br-int'}, 'port_security_enabled': False, 'tags': [], 'created_at': '2021-06-22T16:38:15Z', 'updated_at': '2021-06-22T16:38:27Z', 'revision_number': 4, 'project_id': '', 'subnets': [{'id': '94d20b51-001a-4abf-b885-0e0c0ae67af7', 'cidr': '172.28.0.0/24', 'gateway_ip': '172.28.0.1', 'dns_nameservers': [], 'ipv6_ra_mode': None, 'subnetpool_id': None}], 'extra_subnets': [], 'address_scopes': {4: None, 6: None}, 'mtu': 1500}, 'enable_snat': True, 'gw_port_host': 'dv-cinder-768105-10-smb', '_interfaces': [{'id': '666731f7-cba8-4c54-92a4-16f3662adf4f', 'name': '', 'network_id': '610ba6c5-51f9-40ff-b347-fdd5091db030', 'tenant_id': '218dc832a5c0440e9daa7b57d8a6ebf5', 'mac_address': 'fa:16:3e:12:da:f1', 'admin_state_up': True, 'status': 'DOWN', 'device_id': '1034729a-8c48-479c-a2fc-d1902fa286cc', 'device_owner': 'network:router_interface', 'standard_attr_id': 100, 'fixed_ips': [{'subnet_id': '129548a1-d5f7-4ce5-af3e-168458646282', 'ip_address': '172.20.0.1', 'prefixlen': 28}], 'allowed_address_pairs': [], 'extra_dhcp_opts': [], 'security_groups': [], 'description': '', 'binding:vnic_type': 'normal', 'binding:profile': {}, 'binding:host_id': '', 'binding:vif_type': 'unbound', 'binding:vif_details': {}, 'port_security_enabled': False, 'tags': [], 'created_at': '2021-06-22T16:38:20Z', 'updated_at': '2021-06-22T16:38:22Z', 'revision_number': 2, 'project_id': '218dc832a5c0440e9daa7b57d8a6ebf5', 'subnets': [{'id': '129548a1-d5f7-4ce5-af3e-168458646282', 'cidr': '172.20.0.0/28', 'gateway_ip': '172.20.0.1', 'dns_nameservers': [], 'ipv6_ra_mode': None, 'subnetpool_id': None}], 'extra_subnets': [], 'address_scopes': {4: None, 6: None}, 'mtu': 1500}]}], 'dv-cinder-768105-10-smb', False) {} {{(pid=93718) wrapper /usr/local/lib/python3.8/dist-packages/oslo_log/helpers.py:65}}
Jun 22 16:38:29.698734 dv-cinder-768105-10-smb neutron-server[93718]: DEBUG neutron.api.rpc.handlers.l3_rpc [None req-dccc7fcb-d883-4c66-b63f-5bb3147b43f9 None None] Checking router: 1034729a-8c48-479c-a2fc-d1902fa286cc for host: dv-cinder-768105-10-smb {{(pid=93718) _ensure_host_set_on_ports /opt/stack/neutron/neutron/api/rpc/handlers/l3_rpc.py:155}}
Jun 22 16:38:29.699100 dv-cinder-768105-10-smb neutron-server[93718]: DEBUG neutron.api.rpc.handlers.l3_rpc [None req-dccc7fcb-d883-4c66-b63f-5bb3147b43f9 None None] Updating router 1034729a-8c48-479c-a2fc-d1902fa286cc port 666731f7-cba8-4c54-92a4-16f3662adf4f binding host dv-cinder-768105-10-smb {{(pid=93718) _ensure_host_set_on_port /opt/stack/neutron/neutron/api/rpc/handlers/l3_rpc.py:205}}
Jun 22 16:38:29.755560 dv-cinder-768105-10-smb neutron-server[93718]: DEBUG neutron_lib.callbacks.manager [None req-dccc7fcb-d883-4c66-b63f-5bb3147b43f9 None None] Notify callbacks ['neutron.plugins.ml2.plugin.SecurityGroupDbMixin._ensure_default_security_group_handler_port-545670'] for port, before_update {{(pid=93718) _notify_loop /usr/local/lib/python3.8/dist-packages/neutron_lib/callbacks/manager.py:192}}
Jun 22 16:38:29.788708 dv-cinder-768105-10-smb neutron-server[93716]: DEBUG neutron.scheduler.dhcp_agent_scheduler [None req-00ecfafb-303d-42c2-b31c-56b59a6b35bd admin admin] Network 0848b92c-b857-4e6d-9c32-8d3267e3fc54 is already hosted by enough agents. {{(pid=93716) _get_dhcp_agents_hosting_network /opt/stack/neutron/neutron/scheduler/dhcp_agent_scheduler.py:275}}
Jun 22 16:38:29.801574 dv-cinder-768105-10-smb neutron-server[93716]: DEBUG neutron.scheduler.base_scheduler [None req-00ecfafb-303d-42c2-b31c-56b59a6b35bd admin admin] Resources bound (agent type, host, resource id): {{(pid=93716) schedule /opt/stack/neutron/neutron/scheduler/base_scheduler.py:57}}
Jun 22 16:38:29.872042 dv-cinder-768105-10-smb neutron-server[93716]: DEBUG neutron_lib.callbacks.manager [req-c9e85e48-70c3-4c8a-a309-df2c6ab50823 req-c37cf95b-55e3-4b99-b138-8782c8164616 tempest-DeleteServersTestJSON-679586320 tempest-DeleteServersTestJSON-679586320-project] Notify callbacks ['neutron.plugins.ml2.plugin.SecurityGroupServerNotifierRpcMixin._notify_sg_on_port_after_update-545405', 'neutron.plugins.ml2.ovo_rpc._ObjectChangeHandler.handle_payload_event-27803', 'neutron.api.rpc.agentnotifiers.dhcp_rpc_agent_api.DhcpAgentNotifyAPI._native_event_send_dhcp_notification_payload-1641735', 'neutron.db.l3_dvrscheduler_db._notify_l3_agent_new_port-8742977321319'] for port, after_create {{(pid=93716) _notify_loop /usr/local/lib/python3.8/dist-packages/neutron_lib/callbacks/manager.py:192}}
Jun 22 16:38:29.997855 dv-cinder-768105-10-smb neutron-server[93716]: DEBUG oslo_concurrency.lockutils [-] Lock "event-dispatch" acquired by "neutron.plugins.ml2.ovo_rpc._ObjectChangeHandler.dispatch_events" :: waited 0.000s {{(pid=93716) inner /usr/local/lib/python3.8/dist-packages/oslo_concurrency/lockutils.py:355}}
Jun 22 16:38:30.273569 dv-cinder-768105-10-smb neutron-server[93716]: DEBUG neutron.wsgi [-] (93716) accepted ('10.222.0.70', 45738) {{(pid=93716) server /usr/local/lib/python3.8/dist-packages/eventlet/wsgi.py:992}}
Jun 22 16:38:30.340790 dv-cinder-768105-10-smb neutron-server[93715]: INFO neutron.wsgi [req-4aec7f2f-477c-42aa-ad45-de2085349572 req-44759460-0504-44d1-94b7-bef2b2e7c780 tempest-ServerRescueNegativeTestJSON-2127861573 tempest-ServerRescueNegativeTestJSON-2127861573-project] 10.222.0.70 "GET /v2.0/ports?device_id=3c1e3966-2c84-4bc2-9409-a021b5478c79 HTTP/1.1" status: 200 len: 210 time: 0.9047267
Jun 22 16:38:30.385487 dv-cinder-768105-10-smb neutron-server[93716]: DEBUG neutron.api.v2.base [None req-90892ba4-0afd-4845-9854-ac4633c0b256 tempest-AttachVolumeTestJSON-1593225458 tempest-AttachVolumeTestJSON-1593225458-project] Request body: {'security_group': {'name': 'tempest-securitygroup--1533619352', 'description': 'tempest-description--633852312'}} {{(pid=93716) prepare_request_body /opt/stack/neutron/neutron/api/v2/base.py:729}}
Jun 22 16:38:30.450336 dv-cinder-768105-10-smb neutron-server[93717]: DEBUG neutron.db.provisioning_blocks [None req-47ddf867-dbd6-498b-b097-0b2cc38a02be None None] Provisioning complete for port eddc9115-b148-4fcb-a163-bf9f739382bd triggered by entity DHCP. {{(pid=93717) provisioning_complete /opt/stack/neutron/neutron/db/provisioning_blocks.py:139}}
Jun 22 16:38:30.453706 dv-cinder-768105-10-smb neutron-server[93717]: DEBUG neutron_lib.callbacks.manager [None req-47ddf867-dbd6-498b-b097-0b2cc38a02be None None] Notify callbacks ['neutron.plugins.ml2.plugin.Ml2Plugin._port_provisioned-828294'] for port, provisioning_complete {{(pid=93717) _notify_loop /usr/local/lib/python3.8/dist-packages/neutron_lib/callbacks/manager.py:192}}
Jun 22 16:38:30.456486 dv-cinder-768105-10-smb neutron-server[93716]: DEBUG neutron.scheduler.dhcp_agent_scheduler [req-c9e85e48-70c3-4c8a-a309-df2c6ab50823 req-c37cf95b-55e3-4b99-b138-8782c8164616 tempest-DeleteServersTestJSON-679586320 tempest-DeleteServersTestJSON-679586320-project] Network 334ea948-9252-431b-8178-f78e54a9ed13 is already hosted by enough agents. {{(pid=93716) _get_dhcp_agents_hosting_network /opt/stack/neutron/neutron/scheduler/dhcp_agent_scheduler.py:275}}
Jun 22 16:38:30.597552 dv-cinder-768105-10-smb neutron-server[93717]: DEBUG neutron.plugins.ml2.rpc [None req-f63e7340-7b40-428a-bbec-784cfc5bf59d None None] Device 22661bf6-714c-4f45-ac9a-295f87131cca up at agent ovs-agent-dv-cinder-768105-10-smb {{(pid=93717) update_device_up /opt/stack/neutron/neutron/plugins/ml2/rpc.py:278}}
Jun 22 16:38:30.698226 dv-cinder-768105-10-smb neutron-server[93715]: DEBUG neutron.notifiers.nova [req-8cb42043-a8a3-4ad4-b40c-417260105a82 req-80622fa8-acc4-44f6-9f8b-4236c213548e service neutron] Ignoring state change previous_port_status: DOWN current_port_status: DOWN port_id 9e1e2658-2966-4f68-b052-94a88e0b0e35 {{(pid=93715) record_port_status_changed /opt/stack/neutron/neutron/notifiers/nova.py:224}}
Jun 22 16:38:30.762506 dv-cinder-768105-10-smb neutron-server[93715]: DEBUG neutron_lib.callbacks.manager [req-8cb42043-a8a3-4ad4-b40c-417260105a82 req-80622fa8-acc4-44f6-9f8b-4236c213548e service neutron] Notify callbacks [] for port, precommit_update {{(pid=93715) _notify_loop /usr/local/lib/python3.8/dist-packages/neutron_lib/callbacks/manager.py:192}}
Jun 22 16:38:30.763672 dv-cinder-768105-10-smb neutron-server[93716]: DEBUG neutron.scheduler.l3_agent_scheduler [None req-00ecfafb-303d-42c2-b31c-56b59a6b35bd admin admin] Router 72d2996e-d684-4f0e-8bff-8664529db36c has already been hosted by L3 agent 0f2a890b-daa3-4541-8d2b-9cecadf33eb3 {{(pid=93716) _get_candidates /opt/stack/neutron/neutron/scheduler/l3_agent_scheduler.py:127}}
Jun 22 16:38:30.771637 dv-cinder-768105-10-smb neutron-server[93716]: DEBUG neutron.api.rpc.handlers.resources_rpc [None req-c37cf95b-55e3-4b99-b138-8782c8164616 tempest-DeleteServersTestJSON-679586320 tempest-DeleteServersTestJSON-679586320-project] Pushing event updated for resources: {'Port': ['ID=2001afa1-1b3f-4596-b45d-329be7e701b2,revision_number=1']} {{(pid=93716) push /opt/stack/neutron/neutron/api/rpc/handlers/resources_rpc.py:237}}
Jun 22 16:38:30.785454 dv-cinder-768105-10-smb neutron-server[93716]: DEBUG neutron.scheduler.base_scheduler [req-c9e85e48-70c3-4c8a-a309-df2c6ab50823 req-c37cf95b-55e3-4b99-b138-8782c8164616 tempest-DeleteServersTestJSON-679586320 tempest-DeleteServersTestJSON-679586320-project] Resources bound (agent type, host, resource id): {{(pid=93716) schedule /opt/stack/neutron/neutron/scheduler/base_scheduler.py:57}}
Jun 22 16:38:30.809644 dv-cinder-768105-10-smb neutron-server[93716]: DEBUG oslo_concurrency.lockutils [None req-c37cf95b-55e3-4b99-b138-8782c8164616 tempest-DeleteServersTestJSON-679586320 tempest-DeleteServersTestJSON-679586320-project] Lock "event-dispatch" released by "neutron.plugins.ml2.ovo_rpc._ObjectChangeHandler.dispatch_events" :: held 0.812s {{(pid=93716) inner /usr/local/lib/python3.8/dist-packages/oslo_concurrency/lockutils.py:367}}
Jun 22 16:38:30.908319 dv-cinder-768105-10-smb neutron-server[93716]: DEBUG neutron.db.l3_dvrscheduler_db [req-c9e85e48-70c3-4c8a-a309-df2c6ab50823 req-c37cf95b-55e3-4b99-b138-8782c8164616 tempest-DeleteServersTestJSON-679586320 tempest-DeleteServersTestJSON-679586320-project] Received port after_create {{(pid=93716) _notify_l3_agent_new_port /opt/stack/neutron/neutron/db/l3_dvrscheduler_db.py:535}}
Jun 22 16:38:30.918147 dv-cinder-768105-10-smb neutron-server[93716]: DEBUG neutron.pecan_wsgi.hooks.policy_enforcement [req-c9e85e48-70c3-4c8a-a309-df2c6ab50823 req-c37cf95b-55e3-4b99-b138-8782c8164616 tempest-DeleteServersTestJSON-679586320 tempest-DeleteServersTestJSON-679586320-project] Attributes excluded by policy engine: ['standard_attr_id', 'binding:profile', 'binding:host_id', 'binding:vif_type', 'binding:vif_details', 'network'] {{(pid=93716) _exclude_attributes_by_policy /opt/stack/neutron/neutron/pecan_wsgi/hooks/policy_enforcement.py:255}}
Jun 22 16:38:30.919256 dv-cinder-768105-10-smb neutron-server[93716]: DEBUG neutron_lib.callbacks.manager [req-c9e85e48-70c3-4c8a-a309-df2c6ab50823 req-c37cf95b-55e3-4b99-b138-8782c8164616 tempest-DeleteServersTestJSON-679586320 tempest-DeleteServersTestJSON-679586320-project] Notify callbacks ['neutron.notifiers.nova.Notifier._send_nova_notification-117230', 'neutron.api.rpc.agentnotifiers.dhcp_rpc_agent_api.DhcpAgentNotifyAPI._send_dhcp_notification-1641768'] for port, before_response {{(pid=93716) _notify_loop /usr/local/lib/python3.8/dist-packages/neutron_lib/callbacks/manager.py:192}}
Jun 22 16:38:30.922693 dv-cinder-768105-10-smb neutron-server[93717]: DEBUG neutron.plugins.ml2.plugin [None req-47ddf867-dbd6-498b-b097-0b2cc38a02be None None] Port eddc9115-b148-4fcb-a163-bf9f739382bd cannot update to ACTIVE because it is not bound. {{(pid=93717) _port_provisioned /opt/stack/neutron/neutron/plugins/ml2/plugin.py:337}}
Jun 22 16:38:30.946931 dv-cinder-768105-10-smb neutron-server[93717]: DEBUG neutron_lib.callbacks.manager [None req-9d9d5613-95c6-4939-a43c-adb5cfc54cb4 None None] Notify callbacks ['neutron.services.segments.db._update_segment_host_mapping_for_agent-8742977832138', 'neutron.plugins.ml2.plugin.Ml2Plugin._retry_binding_revived_agents-828029'] for agent, after_update {{(pid=93717) _notify_loop /usr/local/lib/python3.8/dist-packages/neutron_lib/callbacks/manager.py:192}}
Jun 22 16:38:30.964736 dv-cinder-768105-10-smb neutron-server[93717]: DEBUG neutron.db.provisioning_blocks [None req-f63e7340-7b40-428a-bbec-784cfc5bf59d None None] Provisioning for port 22661bf6-714c-4f45-ac9a-295f87131cca completed by entity L2. {{(pid=93717) provisioning_complete /opt/stack/neutron/neutron/db/provisioning_blocks.py:133}}
Jun 22 16:38:30.976375 dv-cinder-768105-10-smb neutron-server[93716]: DEBUG neutron_lib.callbacks.manager [None req-90892ba4-0afd-4845-9854-ac4633c0b256 tempest-AttachVolumeTestJSON-1593225458 tempest-AttachVolumeTestJSON-1593225458-project] Notify callbacks [] for security_group, before_create {{(pid=93716) _notify_loop /usr/local/lib/python3.8/dist-packages/neutron_lib/callbacks/manager.py:192}}
Jun 22 16:38:30.984286 dv-cinder-768105-10-smb neutron-server[93717]: DEBUG neutron.db.provisioning_blocks [None req-f63e7340-7b40-428a-bbec-784cfc5bf59d None None] Provisioning complete for port 22661bf6-714c-4f45-ac9a-295f87131cca triggered by entity L2. {{(pid=93717) provisioning_complete /opt/stack/neutron/neutron/db/provisioning_blocks.py:139}}
Jun 22 16:38:30.984716 dv-cinder-768105-10-smb neutron-server[93717]: DEBUG neutron_lib.callbacks.manager [None req-f63e7340-7b40-428a-bbec-784cfc5bf59d None None] Notify callbacks ['neutron.plugins.ml2.plugin.Ml2Plugin._port_provisioned-828294'] for port, provisioning_complete {{(pid=93717) _notify_loop /usr/local/lib/python3.8/dist-packages/neutron_lib/callbacks/manager.py:192}}
Jun 22 16:38:31.002995 dv-cinder-768105-10-smb neutron-server[93716]: INFO neutron.wsgi [req-c9e85e48-70c3-4c8a-a309-df2c6ab50823 req-c37cf95b-55e3-4b99-b138-8782c8164616 tempest-DeleteServersTestJSON-679586320 tempest-DeleteServersTestJSON-679586320-project] 10.222.0.74 "POST /v2.0/ports HTTP/1.1" status: 201 len: 933 time: 6.3581080
Jun 22 16:38:31.080676 dv-cinder-768105-10-smb neutron-server[93715]: DEBUG neutron.db.provisioning_blocks [req-8cb42043-a8a3-4ad4-b40c-417260105a82 req-80622fa8-acc4-44f6-9f8b-4236c213548e service neutron] Transition to ACTIVE for port object 9e1e2658-2966-4f68-b052-94a88e0b0e35 will not be triggered until provisioned by entity L2. {{(pid=93715) add_provisioning_component /opt/stack/neutron/neutron/db/provisioning_blocks.py:73}}
Jun 22 16:38:31.114684 dv-cinder-768105-10-smb neutron-server[93716]: DEBUG neutron.api.rpc.agentnotifiers.l3_rpc_agent_api [None req-00ecfafb-303d-42c2-b31c-56b59a6b35bd admin admin] Notify agent at l3_agent.dv-cinder-768105-10-smb the message routers_updated {{(pid=93716) _agent_notification /opt/stack/neutron/neutron/api/rpc/agentnotifiers/l3_rpc_agent_api.py:65}}
Jun 22 16:38:31.128200 dv-cinder-768105-10-smb neutron-server[93716]: INFO neutron.wsgi [None req-00ecfafb-303d-42c2-b31c-56b59a6b35bd admin admin] 10.222.0.70 "PUT /v2.0/routers/72d2996e-d684-4f0e-8bff-8664529db36c/add_router_interface HTTP/1.1" status: 200 len: 503 time: 9.2347977
Jun 22 16:38:31.131518 dv-cinder-768105-10-smb neutron-server[93717]: DEBUG neutron.api.rpc.handlers.l3_rpc [None req-b214251e-2d89-453c-bc54-4188645ffa10 None None] Sync routers for ids ['72d2996e-d684-4f0e-8bff-8664529db36c'] in dv-cinder-768105-10-smb {{(pid=93717) sync_routers /opt/stack/neutron/neutron/api/rpc/handlers/l3_rpc.py:125}}
Jun 22 16:38:31.133214 dv-cinder-768105-10-smb neutron-server[93715]: DEBUG neutron_lib.callbacks.manager [req-8cb42043-a8a3-4ad4-b40c-417260105a82 req-80622fa8-acc4-44f6-9f8b-4236c213548e service neutron] Notify callbacks ['neutron.plugins.ml2.plugin.SecurityGroupServerNotifierRpcMixin.notify_sg_on_port_change-545380', 'neutron.plugins.ml2.ovo_rpc._ObjectChangeHandler.handle_event-27794', 'neutron.api.rpc.agentnotifiers.dhcp_rpc_agent_api.DhcpAgentNotifyAPI._native_event_send_dhcp_notification-1641758', 'neutron.db.l3_db.L3RpcNotifierMixin._notify_gateway_port_ip_changed-8742977750986', 'neutron.db.l3_dvrscheduler_db._notify_l3_agent_port_update-8742977321337', 'neutron.db.l3_hascheduler_db._notify_l3_agent_ha_port_update-8742977321382'] for port, after_update {{(pid=93715) _notify_loop /usr/local/lib/python3.8/dist-packages/neutron_lib/callbacks/manager.py:192}}
Jun 22 16:38:31.168902 dv-cinder-768105-10-smb neutron-server[93715]: DEBUG oslo_concurrency.lockutils [-] Lock "event-dispatch" acquired by "neutron.plugins.ml2.ovo_rpc._ObjectChangeHandler.dispatch_events" :: waited 0.000s {{(pid=93715) inner /usr/local/lib/python3.8/dist-packages/oslo_concurrency/lockutils.py:355}}
Jun 22 16:38:31.186665 dv-cinder-768105-10-smb neutron-server[93717]: DEBUG neutron.db.l3_dvrscheduler_db [None req-b214251e-2d89-453c-bc54-4188645ffa10 None None] Routers {'72d2996e-d684-4f0e-8bff-8664529db36c'} bound to L3 agent in host dv-cinder-768105-10-smb {{(pid=93717) _get_router_ids_for_agent /opt/stack/neutron/neutron/db/l3_dvrscheduler_db.py:420}}
Jun 22 16:38:31.187392 dv-cinder-768105-10-smb neutron-server[93717]: DEBUG neutron.db.l3_hamode_db [None req-b214251e-2d89-453c-bc54-4188645ffa10 None None] neutron.services.l3_router.l3_router_plugin.L3RouterPlugin method get_ha_sync_data_for_host called with arguments (, 'dv-cinder-768105-10-smb', Agent(admin_state_up=True,agent_type='L3 agent',availability_zone='nova',binary='neutron-l3-agent',configurations={"agent_mode": "legacy", "ex_gw_ports": 4, "extensions": [], "floating_ips": 0, "handle_internal_only_routers": true, "interface_driver": "openvswitch", "interfaces": 2, "log_agent_heartbeats": false, "routers": 4},created_at=2021-06-22T16:30:31Z,description=,heartbeat_timestamp=2021-06-22T16:38:31Z,host='dv-cinder-768105-10-smb',id=0f2a890b-daa3-4541-8d2b-9cecadf33eb3,load=0,resource_versions=,resources_synced=,started_at=2021-06-22T16:30:31Z,topic='l3_agent')) {'router_ids': ['72d2996e-d684-4f0e-8bff-8664529db36c'], 'active': True} {{(pid=93717) wrapper /usr/local/lib/python3.8/dist-packages/oslo_log/helpers.py:65}}
Jun 22 16:38:31.234200 dv-cinder-768105-10-smb neutron-server[93718]: DEBUG neutron_lib.callbacks.manager [None req-dccc7fcb-d883-4c66-b63f-5bb3147b43f9 None None] Notify callbacks [] for port, precommit_update {{(pid=93718) _notify_loop /usr/local/lib/python3.8/dist-packages/neutron_lib/callbacks/manager.py:192}}
Jun 22 16:38:31.253975 dv-cinder-768105-10-smb neutron-server[93716]: DEBUG neutron_lib.callbacks.manager [None req-90892ba4-0afd-4845-9854-ac4633c0b256 tempest-AttachVolumeTestJSON-1593225458 tempest-AttachVolumeTestJSON-1593225458-project] Notify callbacks [] for security_group, precommit_create {{(pid=93716) _notify_loop /usr/local/lib/python3.8/dist-packages/neutron_lib/callbacks/manager.py:192}}
Jun 22 16:38:31.260616 dv-cinder-768105-10-smb neutron-server[93716]: DEBUG neutron_lib.callbacks.manager [None req-90892ba4-0afd-4845-9854-ac4633c0b256 tempest-AttachVolumeTestJSON-1593225458 tempest-AttachVolumeTestJSON-1593225458-project] Notify callbacks ['neutron.plugins.ml2.ovo_rpc._ObjectChangeHandler.handle_event-1745717'] for security_group, after_create {{(pid=93716) _notify_loop /usr/local/lib/python3.8/dist-packages/neutron_lib/callbacks/manager.py:192}}
Jun 22 16:38:31.273731 dv-cinder-768105-10-smb neutron-server[93718]: DEBUG neutron.db.provisioning_blocks [None req-dccc7fcb-d883-4c66-b63f-5bb3147b43f9 None None] Transition to ACTIVE for port object 666731f7-cba8-4c54-92a4-16f3662adf4f will not be triggered until provisioned by entity L2. {{(pid=93718) add_provisioning_component /opt/stack/neutron/neutron/db/provisioning_blocks.py:73}}
Jun 22 16:38:31.292047 dv-cinder-768105-10-smb neutron-server[93718]: DEBUG neutron_lib.callbacks.manager [None req-dccc7fcb-d883-4c66-b63f-5bb3147b43f9 None None] Notify callbacks ['neutron.plugins.ml2.plugin.SecurityGroupServerNotifierRpcMixin.notify_sg_on_port_change-545380', 'neutron.plugins.ml2.ovo_rpc._ObjectChangeHandler.handle_event-27794', 'neutron.api.rpc.agentnotifiers.dhcp_rpc_agent_api.DhcpAgentNotifyAPI._native_event_send_dhcp_notification-1641758', 'neutron.db.l3_db.L3RpcNotifierMixin._notify_gateway_port_ip_changed-8742977750986', 'neutron.db.l3_dvrscheduler_db._notify_l3_agent_port_update-8742977321337', 'neutron.db.l3_hascheduler_db._notify_l3_agent_ha_port_update-8742977321382'] for port, after_update {{(pid=93718) _notify_loop /usr/local/lib/python3.8/dist-packages/neutron_lib/callbacks/manager.py:192}}
Jun 22 16:38:31.298431 dv-cinder-768105-10-smb neutron-server[93716]: DEBUG oslo_concurrency.lockutils [None req-0f61b7f8-63c6-4e98-a7fa-74b9b7c4aecb admin admin] Lock "event-dispatch" acquired by "neutron.plugins.ml2.ovo_rpc._ObjectChangeHandler.dispatch_events" :: waited 0.000s {{(pid=93716) inner /usr/local/lib/python3.8/dist-packages/oslo_concurrency/lockutils.py:355}}
Jun 22 16:38:31.300648 dv-cinder-768105-10-smb neutron-server[93715]: DEBUG neutron.api.rpc.handlers.resources_rpc [None req-80622fa8-acc4-44f6-9f8b-4236c213548e service neutron] Pushing event updated for resources: {'Port': ['ID=9e1e2658-2966-4f68-b052-94a88e0b0e35,revision_number=2']} {{(pid=93715) push /opt/stack/neutron/neutron/api/rpc/handlers/resources_rpc.py:237}}
Jun 22 16:38:31.305557 dv-cinder-768105-10-smb neutron-server[93718]: DEBUG oslo_concurrency.lockutils [-] Lock "event-dispatch" acquired by "neutron.plugins.ml2.ovo_rpc._ObjectChangeHandler.dispatch_events" :: waited 0.000s {{(pid=93718) inner /usr/local/lib/python3.8/dist-packages/oslo_concurrency/lockutils.py:355}}
Jun 22 16:38:31.397436 dv-cinder-768105-10-smb neutron-server[93715]: DEBUG oslo_concurrency.lockutils [None req-80622fa8-acc4-44f6-9f8b-4236c213548e service neutron] Lock "event-dispatch" released by "neutron.plugins.ml2.ovo_rpc._ObjectChangeHandler.dispatch_events" :: held 0.215s {{(pid=93715) inner /usr/local/lib/python3.8/dist-packages/oslo_concurrency/lockutils.py:367}}
Jun 22 16:38:31.425103 dv-cinder-768105-10-smb neutron-server[93716]: DEBUG neutron.api.v2.base [req-c9e85e48-70c3-4c8a-a309-df2c6ab50823 req-595ab0dd-fd13-4f30-9e08-cc83bd1f5b27 service neutron] Request body: {'port': {'device_id': '039b3479-b199-4d5a-a0a3-6afd0611e417', 'device_owner': 'compute:nova', 'binding:host_id': 'hv-cinder-76810'}} {{(pid=93716) prepare_request_body /opt/stack/neutron/neutron/api/v2/base.py:729}}
Jun 22 16:38:31.430395 dv-cinder-768105-10-smb neutron-server[93718]: DEBUG neutron.api.rpc.handlers.resources_rpc [None req-e54816d1-a90f-4880-97ec-9b5a6fbb7c26 None None] Pushing event updated for resources: {'Port': ['ID=666731f7-cba8-4c54-92a4-16f3662adf4f,revision_number=3']} {{(pid=93718) push /opt/stack/neutron/neutron/api/rpc/handlers/resources_rpc.py:237}}
Jun 22 16:38:31.435303 dv-cinder-768105-10-smb neutron-server[93718]: DEBUG oslo_concurrency.lockutils [None req-e54816d1-a90f-4880-97ec-9b5a6fbb7c26 None None] Lock "event-dispatch" released by "neutron.plugins.ml2.ovo_rpc._ObjectChangeHandler.dispatch_events" :: held 0.130s {{(pid=93718) inner /usr/local/lib/python3.8/dist-packages/oslo_concurrency/lockutils.py:367}}
Jun 22 16:38:31.443625 dv-cinder-768105-10-smb neutron-server[93716]: DEBUG neutron.api.rpc.handlers.resources_rpc [None req-90892ba4-0afd-4845-9854-ac4633c0b256 tempest-AttachVolumeTestJSON-1593225458 tempest-AttachVolumeTestJSON-1593225458-project] Pushing event updated for resources: {'SecurityGroup': ['ID=ce0f89cc-f5be-4071-9ed4-2fc868819a95,revision_number=1']} {{(pid=93716) push /opt/stack/neutron/neutron/api/rpc/handlers/resources_rpc.py:237}}
Jun 22 16:38:31.457727 dv-cinder-768105-10-smb neutron-server[93716]: DEBUG oslo_concurrency.lockutils [None req-90892ba4-0afd-4845-9854-ac4633c0b256 tempest-AttachVolumeTestJSON-1593225458 tempest-AttachVolumeTestJSON-1593225458-project] Lock "event-dispatch" released by "neutron.plugins.ml2.ovo_rpc._ObjectChangeHandler.dispatch_events" :: held 0.159s {{(pid=93716) inner /usr/local/lib/python3.8/dist-packages/oslo_concurrency/lockutils.py:367}}
Jun 22 16:38:31.458646 dv-cinder-768105-10-smb neutron-server[93716]: DEBUG neutron_lib.callbacks.manager [None req-90892ba4-0afd-4845-9854-ac4633c0b256 tempest-AttachVolumeTestJSON-1593225458 tempest-AttachVolumeTestJSON-1593225458-project] Notify callbacks [] for security_group, before_response {{(pid=93716) _notify_loop /usr/local/lib/python3.8/dist-packages/neutron_lib/callbacks/manager.py:192}}
Jun 22 16:38:31.459717 dv-cinder-768105-10-smb neutron-server[93716]: INFO neutron.wsgi [None req-90892ba4-0afd-4845-9854-ac4633c0b256 tempest-AttachVolumeTestJSON-1593225458 tempest-AttachVolumeTestJSON-1593225458-project] 10.222.0.70 "POST /v2.0/security-groups HTTP/1.1" status: 201 len: 1779 time: 1.1647434
Jun 22 16:38:31.472202 dv-cinder-768105-10-smb neutron-server[93716]: DEBUG neutron.wsgi [-] (93716) accepted ('10.222.0.70', 45804) {{(pid=93716) server /usr/local/lib/python3.8/dist-packages/eventlet/wsgi.py:992}}
Jun 22 16:38:31.495412 dv-cinder-768105-10-smb neutron-server[93716]: DEBUG neutron.api.v2.base [None req-a61012be-f32a-499b-bcb7-af7c1475dded tempest-AttachVolumeTestJSON-1593225458 tempest-AttachVolumeTestJSON-1593225458-project] Request body: {'security_group_rule': {'security_group_id': 'ce0f89cc-f5be-4071-9ed4-2fc868819a95', 'protocol': 'tcp', 'ethertype': 'IPv4', 'port_range_min': 22, 'port_range_max': 22, 'direction': 'ingress'}} {{(pid=93716) prepare_request_body /opt/stack/neutron/neutron/api/v2/base.py:729}}
Jun 22 16:38:31.557922 dv-cinder-768105-10-smb neutron-server[93718]: DEBUG neutron.plugins.ml2.managers [None req-dccc7fcb-d883-4c66-b63f-5bb3147b43f9 None None] Attempting to bind port 666731f7-cba8-4c54-92a4-16f3662adf4f on host dv-cinder-768105-10-smb for vnic_type normal with profile {{(pid=93718) bind_port /opt/stack/neutron/neutron/plugins/ml2/managers.py:790}}
Jun 22 16:38:31.558808 dv-cinder-768105-10-smb neutron-server[93718]: DEBUG neutron.plugins.ml2.managers [None req-dccc7fcb-d883-4c66-b63f-5bb3147b43f9 None None] Attempting to bind port 666731f7-cba8-4c54-92a4-16f3662adf4f by drivers openvswitch,hyperv on host dv-cinder-768105-10-smb at level 0 using segments [{'id': '2603ca91-7e13-410c-84e2-b4777f14cfc0', 'network_type': 'vlan', 'physical_network': 'physnet1', 'segmentation_id': 821, 'network_id': '610ba6c5-51f9-40ff-b347-fdd5091db030'}] {{(pid=93718) _bind_port_level /opt/stack/neutron/neutron/plugins/ml2/managers.py:815}}
Jun 22 16:38:31.559727 dv-cinder-768105-10-smb neutron-server[93718]: DEBUG neutron.plugins.ml2.drivers.mech_agent [None req-dccc7fcb-d883-4c66-b63f-5bb3147b43f9 None None] Attempting to bind port 666731f7-cba8-4c54-92a4-16f3662adf4f on network 610ba6c5-51f9-40ff-b347-fdd5091db030 {{(pid=93718) bind_port /opt/stack/neutron/neutron/plugins/ml2/drivers/mech_agent.py:86}}
Jun 22 16:38:31.563358 dv-cinder-768105-10-smb neutron-server[93717]: DEBUG neutron_lib.callbacks.manager [None req-f63e7340-7b40-428a-bbec-784cfc5bf59d None None] Notify callbacks ['neutron.services.segments.db._update_segment_host_mapping_for_agent-8742977832138', 'neutron.plugins.ml2.plugin.Ml2Plugin._retry_binding_revived_agents-828029'] for agent, after_update {{(pid=93717) _notify_loop /usr/local/lib/python3.8/dist-packages/neutron_lib/callbacks/manager.py:192}}
Jun 22 16:38:31.570650 dv-cinder-768105-10-smb neutron-server[93718]: DEBUG neutron.plugins.ml2.drivers.mech_agent [None req-dccc7fcb-d883-4c66-b63f-5bb3147b43f9 None None] Checking agent: {'id': '0ddc5d89-59bc-4887-8822-6a08f678d2de', 'agent_type': 'Open vSwitch agent', 'binary': 'neutron-openvswitch-agent', 'topic': 'N/A', 'host': 'dv-cinder-768105-10-smb', 'admin_state_up': True, 'created_at': datetime.datetime(2021, 6, 22, 16, 30, 31), 'started_at': datetime.datetime(2021, 6, 22, 16, 31, 1), 'heartbeat_timestamp': datetime.datetime(2021, 6, 22, 16, 38, 31), 'description': None, 'resources_synced': None, 'availability_zone': None, 'alive': True, 'configurations': {'arp_responder_enabled': False, 'baremetal_smartnic': False, 'bridge_mappings': {'physnet1': 'br-data'}, 'datapath_type': 'system', 'devices': 0, 'enable_distributed_routing': False, 'extensions': [], 'in_distributed_mode': False, 'integration_bridge': 'br-int', 'l2_population': False, 'log_agent_heartbeats': False, 'ovs_capabilities': {'datapath_types': ['netdev', 'system'], 'iface_types': ['erspan', 'geneve', 'gre', 'internal', 'ip6erspan', 'ip6gre', 'lisp', 'patch', 'stt', 'system', 'tap', 'vxlan']}, 'ovs_hybrid_plug': False, 'resource_provider_bandwidths': {}, 'resource_provider_hypervisors': {'br-data': 'dv-cinder-768105-10-smb'}, 'resource_provider_inventory_defaults': {'allocation_ratio': 1.0, 'min_unit': 1, 'step_size': 1, 'reserved': 0}, 'tunnel_types': [], 'tunneling_ip': None, 'vhostuser_socket_dir': '/var/run/openvswitch'}, 'resource_versions': {'AddressGroup': '1.2', 'ConntrackHelper': '1.0', 'Log': '1.0', 'Network': '1.1', 'Port': '1.7', 'PortForwarding': '1.2', 'QosPolicy': '1.8', 'SecurityGroup': '1.4', 'SecurityGroupRule': '1.2', 'SubPort': '1.0', 'Subnet': '1.1', 'Trunk': '1.1'}} {{(pid=93718) bind_port /opt/stack/neutron/neutron/plugins/ml2/drivers/mech_agent.py:105}}
Jun 22 16:38:31.571308 dv-cinder-768105-10-smb neutron-server[93718]: DEBUG neutron.plugins.ml2.drivers.mech_agent [None req-dccc7fcb-d883-4c66-b63f-5bb3147b43f9 None None] Checking segment: {'id': '2603ca91-7e13-410c-84e2-b4777f14cfc0', 'network_type': 'vlan', 'physical_network': 'physnet1', 'segmentation_id': 821, 'network_id': '610ba6c5-51f9-40ff-b347-fdd5091db030'} for mappings: {'physnet1': 'br-data'} with network types: ['local', 'flat', 'vlan'] {{(pid=93718) check_segment_for_agent /opt/stack/neutron/neutron/plugins/ml2/drivers/mech_agent.py:341}}
Jun 22 16:38:31.571900 dv-cinder-768105-10-smb neutron-server[93718]: DEBUG neutron_lib.callbacks.manager [None req-dccc7fcb-d883-4c66-b63f-5bb3147b43f9 None None] Notify callbacks [] for ovs_bridge_name, before_read {{(pid=93718) _notify_loop /usr/local/lib/python3.8/dist-packages/neutron_lib/callbacks/manager.py:192}}
Jun 22 16:38:31.572517 dv-cinder-768105-10-smb neutron-server[93718]: DEBUG neutron.plugins.ml2.drivers.mech_agent [None req-dccc7fcb-d883-4c66-b63f-5bb3147b43f9 None None] Bound using segment: {'id': '2603ca91-7e13-410c-84e2-b4777f14cfc0', 'network_type': 'vlan', 'physical_network': 'physnet1', 'segmentation_id': 821, 'network_id': '610ba6c5-51f9-40ff-b347-fdd5091db030'} {{(pid=93718) bind_port /opt/stack/neutron/neutron/plugins/ml2/drivers/mech_agent.py:115}}
Jun 22 16:38:31.573222 dv-cinder-768105-10-smb neutron-server[93718]: DEBUG neutron.plugins.ml2.managers [None req-dccc7fcb-d883-4c66-b63f-5bb3147b43f9 None None] Bound port: 666731f7-cba8-4c54-92a4-16f3662adf4f, host: dv-cinder-768105-10-smb, vif_type: ovs, vif_details: {"connectivity": "l2", "port_filter": true, "ovs_hybrid_plug": false, "datapath_type": "system", "bridge_name": "br-int"}, binding_levels: [{'bound_driver': 'openvswitch', 'bound_segment': {'id': '2603ca91-7e13-410c-84e2-b4777f14cfc0', 'network_type': 'vlan', 'physical_network': 'physnet1', 'segmentation_id': 821, 'network_id': '610ba6c5-51f9-40ff-b347-fdd5091db030'}}] {{(pid=93718) _bind_port_level /opt/stack/neutron/neutron/plugins/ml2/managers.py:928}}
Jun 22 16:38:31.573808 dv-cinder-768105-10-smb neutron-server[93718]: DEBUG neutron_lib.callbacks.manager [None req-dccc7fcb-d883-4c66-b63f-5bb3147b43f9 None None] Notify callbacks ['neutron.plugins.ml2.plugin.SecurityGroupDbMixin._ensure_default_security_group_handler_port-545670'] for port, before_update {{(pid=93718) _notify_loop /usr/local/lib/python3.8/dist-packages/neutron_lib/callbacks/manager.py:192}}
Jun 22 16:38:31.679279 dv-cinder-768105-10-smb neutron-server[93715]: DEBUG neutron.plugins.ml2.managers [req-8cb42043-a8a3-4ad4-b40c-417260105a82 req-80622fa8-acc4-44f6-9f8b-4236c213548e service neutron] Attempting to bind port 9e1e2658-2966-4f68-b052-94a88e0b0e35 on host hv-cinder-76810 for vnic_type normal with profile {{(pid=93715) bind_port /opt/stack/neutron/neutron/plugins/ml2/managers.py:790}}
Jun 22 16:38:31.680693 dv-cinder-768105-10-smb neutron-server[93715]: DEBUG neutron.plugins.ml2.managers [req-8cb42043-a8a3-4ad4-b40c-417260105a82 req-80622fa8-acc4-44f6-9f8b-4236c213548e service neutron] Attempting to bind port 9e1e2658-2966-4f68-b052-94a88e0b0e35 by drivers openvswitch,hyperv on host hv-cinder-76810 at level 0 using segments [{'id': 'ce73f4fb-bc6c-45d0-bc6d-4745f68064d4', 'network_type': 'vlan', 'physical_network': 'physnet1', 'segmentation_id': 845, 'network_id': '284f56e7-6fec-4d8a-bfa7-1e123bf8e54c'}] {{(pid=93715) _bind_port_level /opt/stack/neutron/neutron/plugins/ml2/managers.py:815}}
Jun 22 16:38:31.681834 dv-cinder-768105-10-smb neutron-server[93715]: DEBUG neutron.plugins.ml2.drivers.mech_agent [req-8cb42043-a8a3-4ad4-b40c-417260105a82 req-80622fa8-acc4-44f6-9f8b-4236c213548e service neutron] Attempting to bind port 9e1e2658-2966-4f68-b052-94a88e0b0e35 on network 284f56e7-6fec-4d8a-bfa7-1e123bf8e54c {{(pid=93715) bind_port /opt/stack/neutron/neutron/plugins/ml2/drivers/mech_agent.py:86}}
Jun 22 16:38:31.708962 dv-cinder-768105-10-smb neutron-server[93715]: DEBUG neutron.pecan_wsgi.hooks.policy_enforcement [req-7f3f3bb2-2cb5-4a7b-93ba-e4b7297b1a4a req-8701c488-6671-4a84-9612-cdba7ca50d0a tempest-AttachVolumeNegativeTest-1318752361 tempest-AttachVolumeNegativeTest-1318752361-project] Attributes excluded by policy engine: ['standard_attr_id', 'binding:profile', 'binding:host_id', 'binding:vif_type', 'binding:vif_details'] {{(pid=93715) _exclude_attributes_by_policy /opt/stack/neutron/neutron/pecan_wsgi/hooks/policy_enforcement.py:255}}
Jun 22 16:38:31.714600 dv-cinder-768105-10-smb neutron-server[93717]: DEBUG neutron_lib.callbacks.manager [None req-f63e7340-7b40-428a-bbec-784cfc5bf59d None None] Notify callbacks ['neutron.plugins.ml2.plugin.SecurityGroupDbMixin._ensure_default_security_group_handler_port-545670'] for port, before_update {{(pid=93717) _notify_loop /usr/local/lib/python3.8/dist-packages/neutron_lib/callbacks/manager.py:192}}
Jun 22 16:38:31.720018 dv-cinder-768105-10-smb neutron-server[93715]: INFO neutron.wsgi [req-7f3f3bb2-2cb5-4a7b-93ba-e4b7297b1a4a req-8701c488-6671-4a84-9612-cdba7ca50d0a tempest-AttachVolumeNegativeTest-1318752361 tempest-AttachVolumeNegativeTest-1318752361-project] 10.222.0.70 "GET /v2.0/ports?device_id=c26b3f6e-1931-4e7c-921e-eb0dc2822b06 HTTP/1.1" status: 200 len: 931 time: 1.0007758
Jun 22 16:38:31.743115 dv-cinder-768105-10-smb neutron-server[93715]: DEBUG neutron.plugins.ml2.drivers.mech_agent [req-8cb42043-a8a3-4ad4-b40c-417260105a82 req-80622fa8-acc4-44f6-9f8b-4236c213548e service neutron] Port 9e1e2658-2966-4f68-b052-94a88e0b0e35 on network 284f56e7-6fec-4d8a-bfa7-1e123bf8e54c not bound, no agent of type Open vSwitch agent registered on host hv-cinder-76810 {{(pid=93715) bind_port /opt/stack/neutron/neutron/plugins/ml2/drivers/mech_agent.py:98}}
Jun 22 16:38:31.747003 dv-cinder-768105-10-smb neutron-server[93715]: DEBUG neutron.plugins.ml2.drivers.mech_agent [req-8cb42043-a8a3-4ad4-b40c-417260105a82 req-80622fa8-acc4-44f6-9f8b-4236c213548e service neutron] Attempting to bind port 9e1e2658-2966-4f68-b052-94a88e0b0e35 on network 284f56e7-6fec-4d8a-bfa7-1e123bf8e54c {{(pid=93715) bind_port /opt/stack/neutron/neutron/plugins/ml2/drivers/mech_agent.py:86}}
Jun 22 16:38:31.790929 dv-cinder-768105-10-smb neutron-server[93718]: DEBUG neutron.plugins.ml2.db [None req-dccc7fcb-d883-4c66-b63f-5bb3147b43f9 None None] For port 666731f7-cba8-4c54-92a4-16f3662adf4f, host dv-cinder-768105-10-smb, cleared binding levels {{(pid=93718) clear_binding_levels /opt/stack/neutron/neutron/plugins/ml2/db.py:87}}
Jun 22 16:38:31.794088 dv-cinder-768105-10-smb neutron-server[93717]: DEBUG neutron_lib.callbacks.manager [None req-f8149448-d113-4174-bf52-f376ae9d15de None None] Notify callbacks ['neutron.services.segments.db._update_segment_host_mapping_for_agent-8742977832138', 'neutron.plugins.ml2.plugin.Ml2Plugin._retry_binding_revived_agents-828029'] for agent, after_update {{(pid=93717) _notify_loop /usr/local/lib/python3.8/dist-packages/neutron_lib/callbacks/manager.py:192}}
Jun 22 16:38:31.794266 dv-cinder-768105-10-smb neutron-server[93715]: DEBUG neutron.plugins.ml2.drivers.mech_agent [req-8cb42043-a8a3-4ad4-b40c-417260105a82 req-80622fa8-acc4-44f6-9f8b-4236c213548e service neutron] Checking agent: {'id': 'e1193e4b-cee5-4619-9c2f-92bdc95d3ea5', 'agent_type': 'HyperV agent', 'binary': 'neutron-hyperv-agent', 'topic': 'N/A', 'host': 'hv-cinder-76810', 'admin_state_up': True, 'created_at': datetime.datetime(2021, 6, 22, 16, 36, 32), 'started_at': datetime.datetime(2021, 6, 22, 16, 36, 32), 'heartbeat_timestamp': datetime.datetime(2021, 6, 22, 16, 38, 32), 'description': None, 'resources_synced': None, 'availability_zone': None, 'alive': True, 'configurations': {'vswitch_mappings': {'physnet1$': 'br-data'}}, 'resource_versions': {}} {{(pid=93715) bind_port /opt/stack/neutron/neutron/plugins/ml2/drivers/mech_agent.py:105}}
Jun 22 16:38:31.794672 dv-cinder-768105-10-smb neutron-server[93715]: DEBUG neutron.plugins.ml2.drivers.mech_agent [req-8cb42043-a8a3-4ad4-b40c-417260105a82 req-80622fa8-acc4-44f6-9f8b-4236c213548e service neutron] Checking segment: {'id': 'ce73f4fb-bc6c-45d0-bc6d-4745f68064d4', 'network_type': 'vlan', 'physical_network': 'physnet1', 'segmentation_id': 845, 'network_id': '284f56e7-6fec-4d8a-bfa7-1e123bf8e54c'} for mappings: {'physnet1$': 'br-data'} with network types: ['local', 'flat', 'vlan'] {{(pid=93715) check_segment_for_agent /opt/stack/neutron/neutron/plugins/ml2/drivers/mech_agent.py:341}}
Jun 22 16:38:31.796710 dv-cinder-768105-10-smb neutron-server[93715]: DEBUG neutron.plugins.ml2.drivers.mech_agent [req-8cb42043-a8a3-4ad4-b40c-417260105a82 req-80622fa8-acc4-44f6-9f8b-4236c213548e service neutron] Bound using segment: {'id': 'ce73f4fb-bc6c-45d0-bc6d-4745f68064d4', 'network_type': 'vlan', 'physical_network': 'physnet1', 'segmentation_id': 845, 'network_id': '284f56e7-6fec-4d8a-bfa7-1e123bf8e54c'} {{(pid=93715) bind_port /opt/stack/neutron/neutron/plugins/ml2/drivers/mech_agent.py:115}}
Jun 22 16:38:31.797194 dv-cinder-768105-10-smb neutron-server[93715]: DEBUG neutron.plugins.ml2.managers [req-8cb42043-a8a3-4ad4-b40c-417260105a82 req-80622fa8-acc4-44f6-9f8b-4236c213548e service neutron] Bound port: 9e1e2658-2966-4f68-b052-94a88e0b0e35, host: hv-cinder-76810, vif_type: hyperv, vif_details: {"connectivity": "legacy", "port_filter": false}, binding_levels: [{'bound_driver': 'hyperv', 'bound_segment': {'id': 'ce73f4fb-bc6c-45d0-bc6d-4745f68064d4', 'network_type': 'vlan', 'physical_network': 'physnet1', 'segmentation_id': 845, 'network_id': '284f56e7-6fec-4d8a-bfa7-1e123bf8e54c'}}] {{(pid=93715) _bind_port_level /opt/stack/neutron/neutron/plugins/ml2/managers.py:928}}
Jun 22 16:38:31.803075 dv-cinder-768105-10-smb neutron-server[93715]: DEBUG neutron_lib.callbacks.manager [req-8cb42043-a8a3-4ad4-b40c-417260105a82 req-80622fa8-acc4-44f6-9f8b-4236c213548e service neutron] Notify callbacks ['neutron.plugins.ml2.plugin.SecurityGroupDbMixin._ensure_default_security_group_handler_port-545670'] for port, before_update {{(pid=93715) _notify_loop /usr/local/lib/python3.8/dist-packages/neutron_lib/callbacks/manager.py:192}}
Jun 22 16:38:31.803479 dv-cinder-768105-10-smb neutron-server[93718]: DEBUG neutron.plugins.ml2.db [None req-dccc7fcb-d883-4c66-b63f-5bb3147b43f9 None None] For port 666731f7-cba8-4c54-92a4-16f3662adf4f, host dv-cinder-768105-10-smb, set binding levels [PortBindingLevel(driver='openvswitch',host='dv-cinder-768105-10-smb',level=0,port_id=666731f7-cba8-4c54-92a4-16f3662adf4f,segment=NetworkSegment(2603ca91-7e13-410c-84e2-b4777f14cfc0),segment_id=2603ca91-7e13-410c-84e2-b4777f14cfc0)] {{(pid=93718) set_binding_levels /opt/stack/neutron/neutron/plugins/ml2/db.py:59}}
Jun 22 16:38:31.813724 dv-cinder-768105-10-smb neutron-server[93718]: DEBUG neutron_lib.callbacks.manager [None req-dccc7fcb-d883-4c66-b63f-5bb3147b43f9 None None] Notify callbacks ['neutron.plugins.ml2.plugin.SecurityGroupServerNotifierRpcMixin.notify_sg_on_port_change-545380', 'neutron.plugins.ml2.ovo_rpc._ObjectChangeHandler.handle_event-27794', 'neutron.api.rpc.agentnotifiers.dhcp_rpc_agent_api.DhcpAgentNotifyAPI._native_event_send_dhcp_notification-1641758', 'neutron.db.l3_db.L3RpcNotifierMixin._notify_gateway_port_ip_changed-8742977750986', 'neutron.db.l3_dvrscheduler_db._notify_l3_agent_port_update-8742977321337', 'neutron.db.l3_hascheduler_db._notify_l3_agent_ha_port_update-8742977321382'] for port, after_update {{(pid=93718) _notify_loop /usr/local/lib/python3.8/dist-packages/neutron_lib/callbacks/manager.py:192}}
Jun 22 16:38:31.816780 dv-cinder-768105-10-smb neutron-server[93718]: DEBUG oslo_concurrency.lockutils [-] Lock "event-dispatch" acquired by "neutron.plugins.ml2.ovo_rpc._ObjectChangeHandler.dispatch_events" :: waited 0.000s {{(pid=93718) inner /usr/local/lib/python3.8/dist-packages/oslo_concurrency/lockutils.py:355}}
Jun 22 16:38:31.842989 dv-cinder-768105-10-smb neutron-server[93715]: DEBUG neutron.pecan_wsgi.hooks.policy_enforcement [req-3c0d9ae4-1640-4051-8fb7-d8b3ff120617 req-68adcaad-55f1-4c9f-bb70-3f8fb2d690ff tempest-DeleteServersTestJSON-679586320 tempest-DeleteServersTestJSON-679586320-project] Attributes excluded by policy engine: ['standard_attr_id', 'binding:profile', 'binding:host_id', 'binding:vif_type', 'binding:vif_details'] {{(pid=93715) _exclude_attributes_by_policy /opt/stack/neutron/neutron/pecan_wsgi/hooks/policy_enforcement.py:255}}
