Jun 22 16:31:33.659814 dv-cinder-768105-10-smb devstack@n-api.service[92292]: DEBUG nova.api.openstack.wsgi [None req-bba4a65e-565c-4ee7-bd89-c9f696176e35 admin admin] Action: 'create', calling method: >, body: {"extra_specs": {"hw_rng:allowed": "True"}} {{(pid=92292) _process_stack /opt/stack/nova/nova/api/openstack/wsgi.py:511}}
Jun 22 16:31:33.661537 dv-cinder-768105-10-smb devstack@n-api.service[92292]: /usr/local/lib/python3.8/dist-packages/oslo_policy/policy.py:1064: UserWarning: Policy os_compute_api:os-flavor-extra-specs:create failed scope check. The token used to make the request was project scoped but the policy requires ['system'] scope. This behavior may change in the future where using the intended scope is required
Jun 22 16:31:33.661537 dv-cinder-768105-10-smb devstack@n-api.service[92292]: warnings.warn(msg)
Jun 22 16:31:33.695994 dv-cinder-768105-10-smb devstack@n-api.service[92292]: INFO nova.api.openstack.requestlog [None req-bba4a65e-565c-4ee7-bd89-c9f696176e35 admin admin] 10.222.0.70 "POST /compute/v2.1/flavors/d1/os-extra_specs" status: 200 len: 43 microversion: 2.61 time: 0.041017
Jun 22 16:31:33.696577 dv-cinder-768105-10-smb devstack@n-api.service[92292]: [pid: 92292|app: 0|req: 4/9] 10.222.0.70 () {64 vars in 1335 bytes} [Tue Jun 22 16:31:33 2021] POST /compute/v2.1/flavors/d1/os-extra_specs => generated 43 bytes in 42 msecs (HTTP/1.1 200) 9 headers in 358 bytes (2 switches on core 0)
Jun 22 16:31:35.844741 dv-cinder-768105-10-smb devstack@n-api.service[92293]: DEBUG nova.api.openstack.wsgi [None req-c8c6e622-dd73-4f2e-8a8c-07f8d8520e00 admin admin] Calling method '>' {{(pid=92293) _process_stack /opt/stack/nova/nova/api/openstack/wsgi.py:513}}
Jun 22 16:31:35.845771 dv-cinder-768105-10-smb devstack@n-api.service[92293]: INFO nova.api.openstack.requestlog [None req-c8c6e622-dd73-4f2e-8a8c-07f8d8520e00 admin admin] 10.222.0.70 "GET /compute/v2.1" status: 200 len: 388 microversion: 2.1 time: 0.002063
Jun 22 16:31:35.846237 dv-cinder-768105-10-smb devstack@n-api.service[92293]: [pid: 92293|app: 0|req: 6/10] 10.222.0.70 () {54 vars in 930 bytes} [Tue Jun 22 16:31:35 2021] GET /compute/v2.1 => generated 388 bytes in 3 msecs (HTTP/1.1 200) 9 headers in 357 bytes (1 switches on core 0)
Jun 22 16:31:35.903353 dv-cinder-768105-10-smb devstack@n-api.service[92292]: DEBUG nova.api.openstack.wsgi [None req-facb27b8-70ab-4b05-8d17-d162c099fed9 admin admin] Action: 'create', calling method: >, body: {"flavor": {"swap": 0, "ram": 1024, "OS-FLV-EXT-DATA:ephemeral": 0, "id": "d2", "disk": 10, "rxtx_factor": 1.0, "vcpus": 1, "os-flavor-access:is_public": true, "name": "ds1G"}} {{(pid=92292) _process_stack /opt/stack/nova/nova/api/openstack/wsgi.py:511}}
Jun 22 16:31:35.923599 dv-cinder-768105-10-smb devstack@n-api.service[92292]: INFO nova.api.openstack.requestlog [None req-facb27b8-70ab-4b05-8d17-d162c099fed9 admin admin] 10.222.0.70 "POST /compute/v2.1/flavors" status: 200 len: 404 microversion: 2.61 time: 0.071608
Jun 22 16:31:35.930588 dv-cinder-768105-10-smb devstack@n-api.service[92292]: [pid: 92292|app: 0|req: 5/11] 10.222.0.70 () {64 vars in 1282 bytes} [Tue Jun 22 16:31:35 2021] POST /compute/v2.1/flavors => generated 404 bytes in 79 msecs (HTTP/1.1 200) 9 headers in 359 bytes (1 switches on core 0)
Jun 22 16:31:35.936202 dv-cinder-768105-10-smb devstack@n-api.service[92293]: DEBUG nova.api.openstack.wsgi [None req-565f7fa1-3782-432d-ae55-b593df6266dc admin admin] Action: 'create', calling method: >, body: {"extra_specs": {"hw_rng:allowed": "True"}} {{(pid=92293) _process_stack /opt/stack/nova/nova/api/openstack/wsgi.py:511}}
Jun 22 16:31:35.958871 dv-cinder-768105-10-smb devstack@n-api.service[92293]: INFO nova.api.openstack.requestlog [None req-565f7fa1-3782-432d-ae55-b593df6266dc admin admin] 10.222.0.70 "POST /compute/v2.1/flavors/d2/os-extra_specs" status: 200 len: 43 microversion: 2.61 time: 0.026701
Jun 22 16:31:35.959435 dv-cinder-768105-10-smb devstack@n-api.service[92293]: [pid: 92293|app: 0|req: 7/12] 10.222.0.70 () {64 vars in 1335 bytes} [Tue Jun 22 16:31:35 2021] POST /compute/v2.1/flavors/d2/os-extra_specs => generated 43 bytes in 28 msecs (HTTP/1.1 200) 9 headers in 358 bytes (1 switches on core 0)
Jun 22 16:31:38.124394 dv-cinder-768105-10-smb devstack@n-api.service[92292]: DEBUG nova.api.openstack.wsgi [None req-facb27b8-70ab-4b05-8d17-d162c099fed9 admin admin] Calling method '>' {{(pid=92292) _process_stack /opt/stack/nova/nova/api/openstack/wsgi.py:513}}
Jun 22 16:31:38.125463 dv-cinder-768105-10-smb devstack@n-api.service[92292]: INFO nova.api.openstack.requestlog [None req-facb27b8-70ab-4b05-8d17-d162c099fed9 admin admin] 10.222.0.70 "GET /compute/v2.1" status: 200 len: 388 microversion: 2.1 time: 0.001508
Jun 22 16:31:38.125868 dv-cinder-768105-10-smb devstack@n-api.service[92292]: [pid: 92292|app: 0|req: 6/13] 10.222.0.70 () {54 vars in 930 bytes} [Tue Jun 22 16:31:38 2021] GET /compute/v2.1 => generated 388 bytes in 2 msecs (HTTP/1.1 200) 9 headers in 357 bytes (1 switches on core 0)
Jun 22 16:31:38.202360 dv-cinder-768105-10-smb devstack@n-api.service[92293]: DEBUG nova.api.openstack.wsgi [None req-6d3f9d9a-1abf-4e03-97db-eb7be1eca348 admin admin] Action: 'create', calling method: >, body: {"flavor": {"swap": 0, "OS-FLV-EXT-DATA:ephemeral": 0, "rxtx_factor": 1.0, "name": "ds2G", "id": "d3", "os-flavor-access:is_public": true, "vcpus": 2, "disk": 10, "ram": 2048}} {{(pid=92293) _process_stack /opt/stack/nova/nova/api/openstack/wsgi.py:511}}
Jun 22 16:31:38.225063 dv-cinder-768105-10-smb devstack@n-api.service[92293]: INFO nova.api.openstack.requestlog [None req-6d3f9d9a-1abf-4e03-97db-eb7be1eca348 admin admin] 10.222.0.70 "POST /compute/v2.1/flavors" status: 200 len: 404 microversion: 2.61 time: 0.091691
Jun 22 16:31:38.225063 dv-cinder-768105-10-smb devstack@n-api.service[92293]: [pid: 92293|app: 0|req: 8/14] 10.222.0.70 () {64 vars in 1282 bytes} [Tue Jun 22 16:31:38 2021] POST /compute/v2.1/flavors => generated 404 bytes in 93 msecs (HTTP/1.1 200) 9 headers in 359 bytes (2 switches on core 0)
Jun 22 16:31:38.237032 dv-cinder-768105-10-smb devstack@n-api.service[92292]: DEBUG nova.api.openstack.wsgi [None req-f94fa36e-0f51-420b-9b56-d27493655210 admin admin] Action: 'create', calling method: >, body: {"extra_specs": {"hw_rng:allowed": "True"}} {{(pid=92292) _process_stack /opt/stack/nova/nova/api/openstack/wsgi.py:511}}
Jun 22 16:31:38.273079 dv-cinder-768105-10-smb devstack@n-api.service[92292]: INFO nova.api.openstack.requestlog [None req-f94fa36e-0f51-420b-9b56-d27493655210 admin admin] 10.222.0.70 "POST /compute/v2.1/flavors/d3/os-extra_specs" status: 200 len: 43 microversion: 2.61 time: 0.040150
Jun 22 16:31:38.274413 dv-cinder-768105-10-smb devstack@n-api.service[92292]: [pid: 92292|app: 0|req: 7/15] 10.222.0.70 () {64 vars in 1335 bytes} [Tue Jun 22 16:31:38 2021] POST /compute/v2.1/flavors/d3/os-extra_specs => generated 43 bytes in 42 msecs (HTTP/1.1 200) 9 headers in 358 bytes (1 switches on core 0)
Jun 22 16:31:40.418227 dv-cinder-768105-10-smb devstack@n-api.service[92293]: DEBUG nova.api.openstack.wsgi [None req-6d3f9d9a-1abf-4e03-97db-eb7be1eca348 admin admin] Calling method '>' {{(pid=92293) _process_stack /opt/stack/nova/nova/api/openstack/wsgi.py:513}}
Jun 22 16:31:40.419229 dv-cinder-768105-10-smb devstack@n-api.service[92293]: INFO nova.api.openstack.requestlog [None req-6d3f9d9a-1abf-4e03-97db-eb7be1eca348 admin admin] 10.222.0.70 "GET /compute/v2.1" status: 200 len: 388 microversion: 2.1 time: 0.001464
Jun 22 16:31:40.419624 dv-cinder-768105-10-smb devstack@n-api.service[92293]: [pid: 92293|app: 0|req: 9/16] 10.222.0.70 () {54 vars in 930 bytes} [Tue Jun 22 16:31:40 2021] GET /compute/v2.1 => generated 388 bytes in 3 msecs (HTTP/1.1 200) 9 headers in 357 bytes (1 switches on core 0)
Jun 22 16:31:40.480562 dv-cinder-768105-10-smb devstack@n-api.service[92292]: DEBUG nova.api.openstack.wsgi [None req-f34f7095-1db0-41cc-8868-9b24f2f1e239 admin admin] Action: 'create', calling method: >, body: {"flavor": {"name": "ds4G", "os-flavor-access:is_public": true, "rxtx_factor": 1.0, "disk": 20, "ram": 4096, "id": "d4", "OS-FLV-EXT-DATA:ephemeral": 0, "swap": 0, "vcpus": 4}} {{(pid=92292) _process_stack /opt/stack/nova/nova/api/openstack/wsgi.py:511}}
Jun 22 16:31:40.499033 dv-cinder-768105-10-smb devstack@n-api.service[92292]: INFO nova.api.openstack.requestlog [None req-f34f7095-1db0-41cc-8868-9b24f2f1e239 admin admin] 10.222.0.70 "POST /compute/v2.1/flavors" status: 200 len: 404 microversion: 2.61 time: 0.067574
Jun 22 16:31:40.499793 dv-cinder-768105-10-smb devstack@n-api.service[92292]: [pid: 92292|app: 0|req: 8/17] 10.222.0.70 () {64 vars in 1282 bytes} [Tue Jun 22 16:31:40 2021] POST /compute/v2.1/flavors => generated 404 bytes in 69 msecs (HTTP/1.1 200) 9 headers in 359 bytes (2 switches on core 0)
Jun 22 16:31:40.511398 dv-cinder-768105-10-smb devstack@n-api.service[92293]: DEBUG nova.api.openstack.wsgi [None req-480b0e34-9c16-44bb-86fb-7b7402f3227b admin admin] Action: 'create', calling method: >, body: {"extra_specs": {"hw_rng:allowed": "True"}} {{(pid=92293) _process_stack /opt/stack/nova/nova/api/openstack/wsgi.py:511}}
Jun 22 16:31:40.536685 dv-cinder-768105-10-smb devstack@n-api.service[92293]: INFO nova.api.openstack.requestlog [None req-480b0e34-9c16-44bb-86fb-7b7402f3227b admin admin] 10.222.0.70 "POST /compute/v2.1/flavors/d4/os-extra_specs" status: 200 len: 43 microversion: 2.61 time: 0.028812
Jun 22 16:31:40.537265 dv-cinder-768105-10-smb devstack@n-api.service[92293]: [pid: 92293|app: 0|req: 10/18] 10.222.0.70 () {64 vars in 1335 bytes} [Tue Jun 22 16:31:40 2021] POST /compute/v2.1/flavors/d4/os-extra_specs => generated 43 bytes in 30 msecs (HTTP/1.1 200) 9 headers in 358 bytes (1 switches on core 0)
Jun 22 16:31:42.703217 dv-cinder-768105-10-smb devstack@n-api.service[92292]: DEBUG nova.api.openstack.wsgi [None req-f34f7095-1db0-41cc-8868-9b24f2f1e239 admin admin] Calling method '>' {{(pid=92292) _process_stack /opt/stack/nova/nova/api/openstack/wsgi.py:513}}
Jun 22 16:31:42.704796 dv-cinder-768105-10-smb devstack@n-api.service[92292]: INFO nova.api.openstack.requestlog [None req-f34f7095-1db0-41cc-8868-9b24f2f1e239 admin admin] 10.222.0.70 "GET /compute/v2.1" status: 200 len: 388 microversion: 2.1 time: 0.002021
Jun 22 16:31:42.705383 dv-cinder-768105-10-smb devstack@n-api.service[92292]: [pid: 92292|app: 0|req: 9/19] 10.222.0.70 () {54 vars in 930 bytes} [Tue Jun 22 16:31:42 2021] GET /compute/v2.1 => generated 388 bytes in 3 msecs (HTTP/1.1 200) 9 headers in 357 bytes (1 switches on core 0)
Jun 22 16:31:42.761389 dv-cinder-768105-10-smb devstack@n-api.service[92293]: DEBUG nova.api.openstack.wsgi [None req-b5f80d2c-5f5f-4391-b39c-12b4fe3e0889 admin admin] Calling method '>' {{(pid=92293) _process_stack /opt/stack/nova/nova/api/openstack/wsgi.py:513}}
Jun 22 16:31:42.786224 dv-cinder-768105-10-smb devstack@n-api.service[92293]: INFO nova.api.openstack.requestlog [None req-b5f80d2c-5f5f-4391-b39c-12b4fe3e0889 admin admin] 10.222.0.70 "GET /compute/v2.1/flavors/detail?is_public=True" status: 200 len: 2106 microversion: 2.61 time: 0.074787
Jun 22 16:31:42.786769 dv-cinder-768105-10-smb devstack@n-api.service[92293]: [pid: 92293|app: 0|req: 11/20] 10.222.0.70 () {60 vars in 1291 bytes} [Tue Jun 22 16:31:42 2021] GET /compute/v2.1/flavors/detail?is_public=True => generated 2106 bytes in 76 msecs (HTTP/1.1 200) 9 headers in 360 bytes (1 switches on core 0)
Jun 22 16:31:44.990086 dv-cinder-768105-10-smb devstack@n-api.service[92292]: DEBUG nova.api.openstack.wsgi [None req-f34f7095-1db0-41cc-8868-9b24f2f1e239 admin admin] Calling method '>' {{(pid=92292) _process_stack /opt/stack/nova/nova/api/openstack/wsgi.py:513}}
Jun 22 16:31:44.991389 dv-cinder-768105-10-smb devstack@n-api.service[92292]: INFO nova.api.openstack.requestlog [None req-f34f7095-1db0-41cc-8868-9b24f2f1e239 admin admin] 10.222.0.70 "GET /compute/v2.1" status: 200 len: 388 microversion: 2.1 time: 0.001930
Jun 22 16:31:44.991941 dv-cinder-768105-10-smb devstack@n-api.service[92292]: [pid: 92292|app: 0|req: 10/21] 10.222.0.70 () {54 vars in 930 bytes} [Tue Jun 22 16:31:44 2021] GET /compute/v2.1 => generated 388 bytes in 3 msecs (HTTP/1.1 200) 9 headers in 357 bytes (1 switches on core 0)
Jun 22 16:31:45.052938 dv-cinder-768105-10-smb devstack@n-api.service[92293]: DEBUG nova.api.openstack.wsgi [None req-74a7e91c-f24c-4006-918d-b161440ee6a2 admin admin] Action: 'create', calling method: >, body: {"flavor": {"name": "m1.tiny", "ram": 512, "OS-FLV-EXT-DATA:ephemeral": 0, "id": "1", "swap": 0, "rxtx_factor": 1.0, "disk": 1, "vcpus": 1, "os-flavor-access:is_public": true}} {{(pid=92293) _process_stack /opt/stack/nova/nova/api/openstack/wsgi.py:511}}
Jun 22 16:31:45.072002 dv-cinder-768105-10-smb devstack@n-api.service[92293]: INFO nova.api.openstack.requestlog [None req-74a7e91c-f24c-4006-918d-b161440ee6a2 admin admin] 10.222.0.70 "POST /compute/v2.1/flavors" status: 200 len: 402 microversion: 2.61 time: 0.073291
Jun 22 16:31:45.072566 dv-cinder-768105-10-smb devstack@n-api.service[92293]: [pid: 92293|app: 0|req: 12/22] 10.222.0.70 () {64 vars in 1282 bytes} [Tue Jun 22 16:31:44 2021] POST /compute/v2.1/flavors => generated 402 bytes in 74 msecs (HTTP/1.1 200) 9 headers in 359 bytes (2 switches on core 0)
Jun 22 16:31:45.087014 dv-cinder-768105-10-smb devstack@n-api.service[92292]: DEBUG nova.api.openstack.wsgi [None req-cdedf4a4-dccd-4077-bf5c-3dac003949ab admin admin] Action: 'create', calling method: >, body: {"extra_specs": {"hw_rng:allowed": "True"}} {{(pid=92292) _process_stack /opt/stack/nova/nova/api/openstack/wsgi.py:511}}
Jun 22 16:31:45.113702 dv-cinder-768105-10-smb devstack@n-api.service[92292]: INFO nova.api.openstack.requestlog [None req-cdedf4a4-dccd-4077-bf5c-3dac003949ab admin admin] 10.222.0.70 "POST /compute/v2.1/flavors/1/os-extra_specs" status: 200 len: 43 microversion: 2.61 time: 0.031134
Jun 22 16:31:45.114448 dv-cinder-768105-10-smb devstack@n-api.service[92292]: [pid: 92292|app: 0|req: 11/23] 10.222.0.70 () {64 vars in 1332 bytes} [Tue Jun 22 16:31:45 2021] POST /compute/v2.1/flavors/1/os-extra_specs => generated 43 bytes in 33 msecs (HTTP/1.1 200) 9 headers in 358 bytes (1 switches on core 0)
Jun 22 16:31:47.332082 dv-cinder-768105-10-smb devstack@n-api.service[92293]: DEBUG nova.api.openstack.wsgi [None req-74a7e91c-f24c-4006-918d-b161440ee6a2 admin admin] Calling method '>' {{(pid=92293) _process_stack /opt/stack/nova/nova/api/openstack/wsgi.py:513}}
Jun 22 16:31:47.333088 dv-cinder-768105-10-smb devstack@n-api.service[92293]: INFO nova.api.openstack.requestlog [None req-74a7e91c-f24c-4006-918d-b161440ee6a2 admin admin] 10.222.0.70 "GET /compute/v2.1" status: 200 len: 388 microversion: 2.1 time: 0.001451
Jun 22 16:31:47.333486 dv-cinder-768105-10-smb devstack@n-api.service[92293]: [pid: 92293|app: 0|req: 13/24] 10.222.0.70 () {54 vars in 930 bytes} [Tue Jun 22 16:31:47 2021] GET /compute/v2.1 => generated 388 bytes in 2 msecs (HTTP/1.1 200) 9 headers in 357 bytes (1 switches on core 0)
Jun 22 16:31:47.397645 dv-cinder-768105-10-smb devstack@n-api.service[92292]: DEBUG nova.api.openstack.wsgi [None req-0f111673-012a-4643-ab7f-ea940f7a81b8 admin admin] Action: 'create', calling method: >, body: {"flavor": {"id": "2", "ram": 2048, "name": "m1.small", "os-flavor-access:is_public": true, "disk": 20, "OS-FLV-EXT-DATA:ephemeral": 0, "rxtx_factor": 1.0, "swap": 0, "vcpus": 1}} {{(pid=92292) _process_stack /opt/stack/nova/nova/api/openstack/wsgi.py:511}}
Jun 22 16:31:47.418734 dv-cinder-768105-10-smb devstack@n-api.service[92292]: INFO nova.api.openstack.requestlog [None req-0f111673-012a-4643-ab7f-ea940f7a81b8 admin admin] 10.222.0.70 "POST /compute/v2.1/flavors" status: 200 len: 405 microversion: 2.61 time: 0.079504
Jun 22 16:31:47.419648 dv-cinder-768105-10-smb devstack@n-api.service[92292]: [pid: 92292|app: 0|req: 12/25] 10.222.0.70 () {64 vars in 1282 bytes} [Tue Jun 22 16:31:47 2021] POST /compute/v2.1/flavors => generated 405 bytes in 81 msecs (HTTP/1.1 200) 9 headers in 359 bytes (2 switches on core 0)
Jun 22 16:31:47.431077 dv-cinder-768105-10-smb devstack@n-api.service[92293]: DEBUG nova.api.openstack.wsgi [None req-8ae990f4-3f19-4bb4-a7c1-1ce8d59efd92 admin admin] Action: 'create', calling method: >, body: {"extra_specs": {"hw_rng:allowed": "True"}} {{(pid=92293) _process_stack /opt/stack/nova/nova/api/openstack/wsgi.py:511}}
Jun 22 16:31:47.455461 dv-cinder-768105-10-smb devstack@n-api.service[92293]: INFO nova.api.openstack.requestlog [None req-8ae990f4-3f19-4bb4-a7c1-1ce8d59efd92 admin admin] 10.222.0.70 "POST /compute/v2.1/flavors/2/os-extra_specs" status: 200 len: 43 microversion: 2.61 time: 0.027877
Jun 22 16:31:47.456306 dv-cinder-768105-10-smb devstack@n-api.service[92293]: [pid: 92293|app: 0|req: 14/26] 10.222.0.70 () {64 vars in 1332 bytes} [Tue Jun 22 16:31:47 2021] POST /compute/v2.1/flavors/2/os-extra_specs => generated 43 bytes in 29 msecs (HTTP/1.1 200) 9 headers in 358 bytes (1 switches on core 0)
Jun 22 16:31:49.654795 dv-cinder-768105-10-smb devstack@n-api.service[92292]: DEBUG nova.api.openstack.wsgi [None req-0f111673-012a-4643-ab7f-ea940f7a81b8 admin admin] Calling method '>' {{(pid=92292) _process_stack /opt/stack/nova/nova/api/openstack/wsgi.py:513}}
Jun 22 16:31:49.655821 dv-cinder-768105-10-smb devstack@n-api.service[92292]: INFO nova.api.openstack.requestlog [None req-0f111673-012a-4643-ab7f-ea940f7a81b8 admin admin] 10.222.0.70 "GET /compute/v2.1" status: 200 len: 388 microversion: 2.1 time: 0.001529
Jun 22 16:31:49.656806 dv-cinder-768105-10-smb devstack@n-api.service[92292]: [pid: 92292|app: 0|req: 13/27] 10.222.0.70 () {54 vars in 930 bytes} [Tue Jun 22 16:31:49 2021] GET /compute/v2.1 => generated 388 bytes in 3 msecs (HTTP/1.1 200) 9 headers in 357 bytes (1 switches on core 0)
Jun 22 16:31:49.712834 dv-cinder-768105-10-smb devstack@n-api.service[92293]: DEBUG nova.api.openstack.wsgi [None req-a0beb27b-9b38-4433-a48b-ec0dc4c0cf18 admin admin] Action: 'create', calling method: >, body: {"flavor": {"ram": 4096, "swap": 0, "os-flavor-access:is_public": true, "name": "m1.medium", "id": "3", "rxtx_factor": 1.0, "OS-FLV-EXT-DATA:ephemeral": 0, "vcpus": 2, "disk": 40}} {{(pid=92293) _process_stack /opt/stack/nova/nova/api/openstack/wsgi.py:511}}
Jun 22 16:31:49.731243 dv-cinder-768105-10-smb devstack@n-api.service[92293]: INFO nova.api.openstack.requestlog [None req-a0beb27b-9b38-4433-a48b-ec0dc4c0cf18 admin admin] 10.222.0.70 "POST /compute/v2.1/flavors" status: 200 len: 406 microversion: 2.61 time: 0.068543
Jun 22 16:31:49.731835 dv-cinder-768105-10-smb devstack@n-api.service[92293]: [pid: 92293|app: 0|req: 15/28] 10.222.0.70 () {64 vars in 1282 bytes} [Tue Jun 22 16:31:49 2021] POST /compute/v2.1/flavors => generated 406 bytes in 70 msecs (HTTP/1.1 200) 9 headers in 359 bytes (2 switches on core 0)
Jun 22 16:31:49.743479 dv-cinder-768105-10-smb devstack@n-api.service[92292]: DEBUG nova.api.openstack.wsgi [None req-52d74809-dd9e-4696-a7e2-4aa3d0f77bde admin admin] Action: 'create', calling method: >, body: {"extra_specs": {"hw_rng:allowed": "True"}} {{(pid=92292) _process_stack /opt/stack/nova/nova/api/openstack/wsgi.py:511}}
Jun 22 16:31:49.766559 dv-cinder-768105-10-smb devstack@n-api.service[92292]: INFO nova.api.openstack.requestlog [None req-52d74809-dd9e-4696-a7e2-4aa3d0f77bde admin admin] 10.222.0.70 "POST /compute/v2.1/flavors/3/os-extra_specs" status: 200 len: 43 microversion: 2.61 time: 0.026759
Jun 22 16:31:49.767131 dv-cinder-768105-10-smb devstack@n-api.service[92292]: [pid: 92292|app: 0|req: 14/29] 10.222.0.70 () {64 vars in 1332 bytes} [Tue Jun 22 16:31:49 2021] POST /compute/v2.1/flavors/3/os-extra_specs => generated 43 bytes in 28 msecs (HTTP/1.1 200) 9 headers in 358 bytes (2 switches on core 0)
Jun 22 16:31:51.951162 dv-cinder-768105-10-smb devstack@n-api.service[92293]: DEBUG nova.api.openstack.wsgi [None req-a0beb27b-9b38-4433-a48b-ec0dc4c0cf18 admin admin] Calling method '>' {{(pid=92293) _process_stack /opt/stack/nova/nova/api/openstack/wsgi.py:513}}
Jun 22 16:31:51.952178 dv-cinder-768105-10-smb devstack@n-api.service[92293]: INFO nova.api.openstack.requestlog [None req-a0beb27b-9b38-4433-a48b-ec0dc4c0cf18 admin admin] 10.222.0.70 "GET /compute/v2.1" status: 200 len: 388 microversion: 2.1 time: 0.001480
Jun 22 16:31:51.952597 dv-cinder-768105-10-smb devstack@n-api.service[92293]: [pid: 92293|app: 0|req: 16/30] 10.222.0.70 () {54 vars in 930 bytes} [Tue Jun 22 16:31:51 2021] GET /compute/v2.1 => generated 388 bytes in 2 msecs (HTTP/1.1 200) 9 headers in 357 bytes (1 switches on core 0)
Jun 22 16:31:52.008358 dv-cinder-768105-10-smb devstack@n-api.service[92292]: DEBUG nova.api.openstack.wsgi [None req-fbab7258-779e-44dc-88ed-235e646ae229 admin admin] Action: 'create', calling method: >, body: {"flavor": {"os-flavor-access:is_public": true, "name": "m1.large", "vcpus": 4, "rxtx_factor": 1.0, "ram": 8192, "OS-FLV-EXT-DATA:ephemeral": 0, "id": "4", "disk": 80, "swap": 0}} {{(pid=92292) _process_stack /opt/stack/nova/nova/api/openstack/wsgi.py:511}}
Jun 22 16:31:52.031897 dv-cinder-768105-10-smb devstack@n-api.service[92292]: INFO nova.api.openstack.requestlog [None req-fbab7258-779e-44dc-88ed-235e646ae229 admin admin] 10.222.0.70 "POST /compute/v2.1/flavors" status: 200 len: 405 microversion: 2.61 time: 0.072630
Jun 22 16:31:52.032468 dv-cinder-768105-10-smb devstack@n-api.service[92292]: [pid: 92292|app: 0|req: 15/31] 10.222.0.70 () {64 vars in 1282 bytes} [Tue Jun 22 16:31:51 2021] POST /compute/v2.1/flavors => generated 405 bytes in 75 msecs (HTTP/1.1 200) 9 headers in 359 bytes (2 switches on core 0)
Jun 22 16:31:52.044061 dv-cinder-768105-10-smb devstack@n-api.service[92293]: DEBUG nova.api.openstack.wsgi [None req-1fbe21a6-9364-4c1b-9e04-e0191778e590 admin admin] Action: 'create', calling method: >, body: {"extra_specs": {"hw_rng:allowed": "True"}} {{(pid=92293) _process_stack /opt/stack/nova/nova/api/openstack/wsgi.py:511}}
Jun 22 16:31:52.066622 dv-cinder-768105-10-smb devstack@n-api.service[92293]: INFO nova.api.openstack.requestlog [None req-1fbe21a6-9364-4c1b-9e04-e0191778e590 admin admin] 10.222.0.70 "POST /compute/v2.1/flavors/4/os-extra_specs" status: 200 len: 43 microversion: 2.61 time: 0.026441
Jun 22 16:31:52.067202 dv-cinder-768105-10-smb devstack@n-api.service[92293]: [pid: 92293|app: 0|req: 17/32] 10.222.0.70 () {64 vars in 1332 bytes} [Tue Jun 22 16:31:52 2021] POST /compute/v2.1/flavors/4/os-extra_specs => generated 43 bytes in 28 msecs (HTTP/1.1 200) 9 headers in 358 bytes (2 switches on core 0)
Jun 22 16:31:54.222770 dv-cinder-768105-10-smb devstack@n-api.service[92292]: DEBUG nova.api.openstack.wsgi [None req-fbab7258-779e-44dc-88ed-235e646ae229 admin admin] Calling method '>' {{(pid=92292) _process_stack /opt/stack/nova/nova/api/openstack/wsgi.py:513}}
Jun 22 16:31:54.223824 dv-cinder-768105-10-smb devstack@n-api.service[92292]: INFO nova.api.openstack.requestlog [None req-fbab7258-779e-44dc-88ed-235e646ae229 admin admin] 10.222.0.70 "GET /compute/v2.1" status: 200 len: 388 microversion: 2.1 time: 0.001510
Jun 22 16:31:54.224254 dv-cinder-768105-10-smb devstack@n-api.service[92292]: [pid: 92292|app: 0|req: 16/33] 10.222.0.70 () {54 vars in 930 bytes} [Tue Jun 22 16:31:54 2021] GET /compute/v2.1 => generated 388 bytes in 2 msecs (HTTP/1.1 200) 9 headers in 357 bytes (1 switches on core 0)
Jun 22 16:31:54.288673 dv-cinder-768105-10-smb devstack@n-api.service[92293]: DEBUG nova.api.openstack.wsgi [None req-966ddba0-07df-4b27-b0d4-e140d7a1880b admin admin] Action: 'create', calling method: >, body: {"flavor": {"name": "m1.xlarge", "os-flavor-access:is_public": true, "disk": 160, "OS-FLV-EXT-DATA:ephemeral": 0, "swap": 0, "ram": 16384, "id": "5", "vcpus": 8, "rxtx_factor": 1.0}} {{(pid=92293) _process_stack /opt/stack/nova/nova/api/openstack/wsgi.py:511}}
Jun 22 16:31:54.308047 dv-cinder-768105-10-smb devstack@n-api.service[92293]: INFO nova.api.openstack.requestlog [None req-966ddba0-07df-4b27-b0d4-e140d7a1880b admin admin] 10.222.0.70 "POST /compute/v2.1/flavors" status: 200 len: 408 microversion: 2.61 time: 0.077596
Jun 22 16:31:54.308601 dv-cinder-768105-10-smb devstack@n-api.service[92293]: [pid: 92293|app: 0|req: 18/34] 10.222.0.70 () {64 vars in 1282 bytes} [Tue Jun 22 16:31:54 2021] POST /compute/v2.1/flavors => generated 408 bytes in 79 msecs (HTTP/1.1 200) 9 headers in 359 bytes (1 switches on core 0)
Jun 22 16:31:54.320249 dv-cinder-768105-10-smb devstack@n-api.service[92292]: DEBUG nova.api.openstack.wsgi [None req-086d51d7-6f3a-41ab-b7bd-17108c516dee admin admin] Action: 'create', calling method: >, body: {"extra_specs": {"hw_rng:allowed": "True"}} {{(pid=92292) _process_stack /opt/stack/nova/nova/api/openstack/wsgi.py:511}}
Jun 22 16:31:54.351765 dv-cinder-768105-10-smb devstack@n-api.service[92292]: INFO nova.api.openstack.requestlog [None req-086d51d7-6f3a-41ab-b7bd-17108c516dee admin admin] 10.222.0.70 "POST /compute/v2.1/flavors/5/os-extra_specs" status: 200 len: 43 microversion: 2.61 time: 0.035215
Jun 22 16:31:54.352603 dv-cinder-768105-10-smb devstack@n-api.service[92292]: [pid: 92292|app: 0|req: 17/35] 10.222.0.70 () {64 vars in 1332 bytes} [Tue Jun 22 16:31:54 2021] POST /compute/v2.1/flavors/5/os-extra_specs => generated 43 bytes in 37 msecs (HTTP/1.1 200) 9 headers in 358 bytes (1 switches on core 0)
Jun 22 16:32:33.443799 dv-cinder-768105-10-smb devstack@n-api.service[92293]: DEBUG nova.api.openstack.wsgi [None req-966ddba0-07df-4b27-b0d4-e140d7a1880b admin admin] Calling method '>' {{(pid=92293) _process_stack /opt/stack/nova/nova/api/openstack/wsgi.py:513}}
Jun 22 16:32:33.444835 dv-cinder-768105-10-smb devstack@n-api.service[92293]: INFO nova.api.openstack.requestlog [None req-966ddba0-07df-4b27-b0d4-e140d7a1880b admin admin] 10.222.0.70 "GET /compute/v2.1" status: 200 len: 388 microversion: 2.1 time: 0.001440
Jun 22 16:32:33.445224 dv-cinder-768105-10-smb devstack@n-api.service[92293]: [pid: 92293|app: 0|req: 19/36] 10.222.0.70 () {54 vars in 930 bytes} [Tue Jun 22 16:32:33 2021] GET /compute/v2.1 => generated 388 bytes in 2 msecs (HTTP/1.1 200) 9 headers in 357 bytes (2 switches on core 0)
Jun 22 16:32:33.498845 dv-cinder-768105-10-smb devstack@n-api.service[92292]: DEBUG nova.api.openstack.wsgi [None req-51ea0c3b-d6ba-4e7a-80af-cb5f63724310 admin admin] Calling method '>' {{(pid=92292) _process_stack /opt/stack/nova/nova/api/openstack/wsgi.py:513}}
Jun 22 16:32:33.515949 dv-cinder-768105-10-smb devstack@n-api.service[92292]: INFO nova.api.openstack.requestlog [None req-51ea0c3b-d6ba-4e7a-80af-cb5f63724310 admin admin] 10.222.0.70 "GET /compute/v2.1/flavors/detail?is_public=True" status: 200 len: 4202 microversion: 2.61 time: 0.065032
Jun 22 16:32:33.516487 dv-cinder-768105-10-smb devstack@n-api.service[92292]: [pid: 92292|app: 0|req: 18/37] 10.222.0.70 () {60 vars in 1291 bytes} [Tue Jun 22 16:32:33 2021] GET /compute/v2.1/flavors/detail?is_public=True => generated 4202 bytes in 66 msecs (HTTP/1.1 200) 9 headers in 360 bytes (1 switches on core 0)
Jun 22 16:32:34.914371 dv-cinder-768105-10-smb devstack@n-api.service[92293]: DEBUG nova.api.openstack.wsgi [None req-966ddba0-07df-4b27-b0d4-e140d7a1880b admin admin] Calling method '>' {{(pid=92293) _process_stack /opt/stack/nova/nova/api/openstack/wsgi.py:513}}
Jun 22 16:32:34.915378 dv-cinder-768105-10-smb devstack@n-api.service[92293]: INFO nova.api.openstack.requestlog [None req-966ddba0-07df-4b27-b0d4-e140d7a1880b admin admin] 10.222.0.70 "GET /compute/v2.1" status: 200 len: 388 microversion: 2.1 time: 0.001451
Jun 22 16:32:34.916031 dv-cinder-768105-10-smb devstack@n-api.service[92293]: [pid: 92293|app: 0|req: 20/38] 10.222.0.70 () {56 vars in 1075 bytes} [Tue Jun 22 16:32:34 2021] GET /compute/v2.1 => generated 388 bytes in 3 msecs (HTTP/1.1 200) 9 headers in 357 bytes (1 switches on core 0)
Jun 22 16:32:35.103955 dv-cinder-768105-10-smb devstack@n-api.service[92292]: DEBUG nova.api.openstack.wsgi [None req-860308d5-9c91-4db4-9abc-16c86123bc57 admin admin] Calling method '>' {{(pid=92292) _process_stack /opt/stack/nova/nova/api/openstack/wsgi.py:513}}
Jun 22 16:32:35.109370 dv-cinder-768105-10-smb devstack@n-api.service[92292]: INFO nova.api.openstack.wsgi [None req-860308d5-9c91-4db4-9abc-16c86123bc57 admin admin] HTTP exception thrown: Flavor 42 could not be found.
Jun 22 16:32:35.110147 dv-cinder-768105-10-smb devstack@n-api.service[92292]: DEBUG nova.api.openstack.wsgi [None req-860308d5-9c91-4db4-9abc-16c86123bc57 admin admin] Returning 404 to user: Flavor 42 could not be found. {{(pid=92292) __call__ /opt/stack/nova/nova/api/openstack/wsgi.py:927}}
Jun 22 16:32:35.110938 dv-cinder-768105-10-smb devstack@n-api.service[92292]: INFO nova.api.openstack.requestlog [None req-860308d5-9c91-4db4-9abc-16c86123bc57 admin admin] 10.222.0.70 "GET /compute/v2.1/flavors/42" status: 404 len: 75 microversion: 2.88 time: 0.055928
Jun 22 16:32:35.111449 dv-cinder-768105-10-smb devstack@n-api.service[92292]: [pid: 92292|app: 0|req: 19/39] 10.222.0.70 () {60 vars in 1191 bytes} [Tue Jun 22 16:32:35 2021] GET /compute/v2.1/flavors/42 => generated 75 bytes in 57 msecs (HTTP/1.1 404) 9 headers in 380 bytes (1 switches on core 0)
Jun 22 16:32:35.120510 dv-cinder-768105-10-smb devstack@n-api.service[92293]: DEBUG nova.api.openstack.wsgi [None req-db38d5e1-01d0-48da-aa3f-b9b58828c5e6 admin admin] Calling method '>' {{(pid=92293) _process_stack /opt/stack/nova/nova/api/openstack/wsgi.py:513}}
Jun 22 16:32:35.142336 dv-cinder-768105-10-smb devstack@n-api.service[92293]: INFO nova.api.openstack.requestlog [None req-db38d5e1-01d0-48da-aa3f-b9b58828c5e6 admin admin] 10.222.0.70 "GET /compute/v2.1/flavors?is_public=None" status: 200 len: 2056 microversion: 2.88 time: 0.025311
Jun 22 16:32:35.142873 dv-cinder-768105-10-smb devstack@n-api.service[92293]: [pid: 92293|app: 0|req: 21/40] 10.222.0.70 () {60 vars in 1211 bytes} [Tue Jun 22 16:32:35 2021] GET /compute/v2.1/flavors?is_public=None => generated 2056 bytes in 26 msecs (HTTP/1.1 200) 9 headers in 360 bytes (1 switches on core 0)
Jun 22 16:32:35.152713 dv-cinder-768105-10-smb devstack@n-api.service[92292]: DEBUG nova.api.openstack.wsgi [None req-a72d36c6-b2f1-4d20-bc76-8115c3e0a39d admin admin] Calling method '>' {{(pid=92292) _process_stack /opt/stack/nova/nova/api/openstack/wsgi.py:513}}
Jun 22 16:32:35.173663 dv-cinder-768105-10-smb devstack@n-api.service[92292]: INFO nova.api.openstack.requestlog [None req-a72d36c6-b2f1-4d20-bc76-8115c3e0a39d admin admin] 10.222.0.70 "GET /compute/v2.1/flavors?is_public=None" status: 200 len: 2056 microversion: 2.88 time: 0.024510
Jun 22 16:32:35.174214 dv-cinder-768105-10-smb devstack@n-api.service[92292]: [pid: 92292|app: 0|req: 20/41] 10.222.0.70 () {60 vars in 1211 bytes} [Tue Jun 22 16:32:35 2021] GET /compute/v2.1/flavors?is_public=None => generated 2056 bytes in 26 msecs (HTTP/1.1 200) 9 headers in 360 bytes (1 switches on core 0)
Jun 22 16:32:35.183155 dv-cinder-768105-10-smb devstack@n-api.service[92293]: DEBUG nova.api.openstack.wsgi [None req-7fc7449e-0678-46ef-bf0c-b6b71f13dc48 admin admin] Calling method '>' {{(pid=92293) _process_stack /opt/stack/nova/nova/api/openstack/wsgi.py:513}}
Jun 22 16:32:35.189117 dv-cinder-768105-10-smb devstack@n-api.service[92293]: INFO nova.api.openstack.wsgi [None req-7fc7449e-0678-46ef-bf0c-b6b71f13dc48 admin admin] HTTP exception thrown: Flavor 42 could not be found.
Jun 22 16:32:35.189684 dv-cinder-768105-10-smb devstack@n-api.service[92293]: DEBUG nova.api.openstack.wsgi [None req-7fc7449e-0678-46ef-bf0c-b6b71f13dc48 admin admin] Returning 404 to user: Flavor 42 could not be found. {{(pid=92293) __call__ /opt/stack/nova/nova/api/openstack/wsgi.py:927}}
Jun 22 16:32:35.190497 dv-cinder-768105-10-smb devstack@n-api.service[92293]: INFO nova.api.openstack.requestlog [None req-7fc7449e-0678-46ef-bf0c-b6b71f13dc48 admin admin] 10.222.0.70 "GET /compute/v2.1/flavors/42" status: 404 len: 75 microversion: 2.88 time: 0.010879
Jun 22 16:32:35.190983 dv-cinder-768105-10-smb devstack@n-api.service[92293]: [pid: 92293|app: 0|req: 22/42] 10.222.0.70 () {60 vars in 1191 bytes} [Tue Jun 22 16:32:35 2021] GET /compute/v2.1/flavors/42 => generated 75 bytes in 12 msecs (HTTP/1.1 404) 9 headers in 380 bytes (1 switches on core 0)
Jun 22 16:32:36.514535 dv-cinder-768105-10-smb devstack@n-api.service[92292]: DEBUG nova.api.openstack.wsgi [None req-a72d36c6-b2f1-4d20-bc76-8115c3e0a39d admin admin] Calling method '>' {{(pid=92292) _process_stack /opt/stack/nova/nova/api/openstack/wsgi.py:513}}
Jun 22 16:32:36.516084 dv-cinder-768105-10-smb devstack@n-api.service[92292]: INFO nova.api.openstack.requestlog [None req-a72d36c6-b2f1-4d20-bc76-8115c3e0a39d admin admin] 10.222.0.70 "GET /compute/v2.1" status: 200 len: 388 microversion: 2.1 time: 0.002050
Jun 22 16:32:36.516473 dv-cinder-768105-10-smb devstack@n-api.service[92292]: [pid: 92292|app: 0|req: 21/43] 10.222.0.70 () {56 vars in 1075 bytes} [Tue Jun 22 16:32:36 2021] GET /compute/v2.1 => generated 388 bytes in 3 msecs (HTTP/1.1 200) 9 headers in 357 bytes (1 switches on core 0)
Jun 22 16:32:36.701817 dv-cinder-768105-10-smb devstack@n-api.service[92293]: DEBUG nova.api.openstack.wsgi [None req-d7a15d80-4f06-4e26-a71d-9f10e74eeb4c admin admin] Calling method '>' {{(pid=92293) _process_stack /opt/stack/nova/nova/api/openstack/wsgi.py:513}}
Jun 22 16:32:36.707468 dv-cinder-768105-10-smb devstack@n-api.service[92293]: INFO nova.api.openstack.wsgi [None req-d7a15d80-4f06-4e26-a71d-9f10e74eeb4c admin admin] HTTP exception thrown: Flavor 84 could not be found.
Jun 22 16:32:36.708042 dv-cinder-768105-10-smb devstack@n-api.service[92293]: DEBUG nova.api.openstack.wsgi [None req-d7a15d80-4f06-4e26-a71d-9f10e74eeb4c admin admin] Returning 404 to user: Flavor 84 could not be found. {{(pid=92293) __call__ /opt/stack/nova/nova/api/openstack/wsgi.py:927}}
Jun 22 16:32:36.708837 dv-cinder-768105-10-smb devstack@n-api.service[92293]: INFO nova.api.openstack.requestlog [None req-d7a15d80-4f06-4e26-a71d-9f10e74eeb4c admin admin] 10.222.0.70 "GET /compute/v2.1/flavors/84" status: 404 len: 75 microversion: 2.88 time: 0.055519
Jun 22 16:32:36.709338 dv-cinder-768105-10-smb devstack@n-api.service[92293]: [pid: 92293|app: 0|req: 23/44] 10.222.0.70 () {60 vars in 1191 bytes} [Tue Jun 22 16:32:36 2021] GET /compute/v2.1/flavors/84 => generated 75 bytes in 57 msecs (HTTP/1.1 404) 9 headers in 380 bytes (1 switches on core 0)
Jun 22 16:32:36.718986 dv-cinder-768105-10-smb devstack@n-api.service[92292]: DEBUG nova.api.openstack.wsgi [None req-3542707d-df5b-475a-849b-a2afc1ac2927 admin admin] Calling method '>' {{(pid=92292) _process_stack /opt/stack/nova/nova/api/openstack/wsgi.py:513}}
Jun 22 16:32:36.732792 dv-cinder-768105-10-smb devstack@n-api.service[92292]: INFO nova.api.openstack.requestlog [None req-3542707d-df5b-475a-849b-a2afc1ac2927 admin admin] 10.222.0.70 "GET /compute/v2.1/flavors?is_public=None" status: 200 len: 2056 microversion: 2.88 time: 0.017626
Jun 22 16:32:36.733275 dv-cinder-768105-10-smb devstack@n-api.service[92292]: [pid: 92292|app: 0|req: 22/45] 10.222.0.70 () {60 vars in 1211 bytes} [Tue Jun 22 16:32:36 2021] GET /compute/v2.1/flavors?is_public=None => generated 2056 bytes in 19 msecs (HTTP/1.1 200) 9 headers in 360 bytes (2 switches on core 0)
Jun 22 16:32:36.743805 dv-cinder-768105-10-smb devstack@n-api.service[92293]: DEBUG nova.api.openstack.wsgi [None req-e6a43428-9120-4aa0-b2a4-2b6850a7a1f5 admin admin] Calling method '>' {{(pid=92293) _process_stack /opt/stack/nova/nova/api/openstack/wsgi.py:513}}
Jun 22 16:32:36.757221 dv-cinder-768105-10-smb devstack@n-api.service[92293]: INFO nova.api.openstack.requestlog [None req-e6a43428-9120-4aa0-b2a4-2b6850a7a1f5 admin admin] 10.222.0.70 "GET /compute/v2.1/flavors?is_public=None" status: 200 len: 2056 microversion: 2.88 time: 0.016971
Jun 22 16:32:36.757762 dv-cinder-768105-10-smb devstack@n-api.service[92293]: [pid: 92293|app: 0|req: 24/46] 10.222.0.70 () {60 vars in 1211 bytes} [Tue Jun 22 16:32:36 2021] GET /compute/v2.1/flavors?is_public=None => generated 2056 bytes in 18 msecs (HTTP/1.1 200) 9 headers in 360 bytes (1 switches on core 0)
Jun 22 16:32:36.767054 dv-cinder-768105-10-smb devstack@n-api.service[92292]: DEBUG nova.api.openstack.wsgi [None req-541cb11b-aa7b-48e5-ab15-13f0605dcc73 admin admin] Calling method '>' {{(pid=92292) _process_stack /opt/stack/nova/nova/api/openstack/wsgi.py:513}}
Jun 22 16:32:36.772298 dv-cinder-768105-10-smb devstack@n-api.service[92292]: INFO nova.api.openstack.wsgi [None req-541cb11b-aa7b-48e5-ab15-13f0605dcc73 admin admin] HTTP exception thrown: Flavor 84 could not be found.
Jun 22 16:32:36.772860 dv-cinder-768105-10-smb devstack@n-api.service[92292]: DEBUG nova.api.openstack.wsgi [None req-541cb11b-aa7b-48e5-ab15-13f0605dcc73 admin admin] Returning 404 to user: Flavor 84 could not be found. {{(pid=92292) __call__ /opt/stack/nova/nova/api/openstack/wsgi.py:927}}
Jun 22 16:32:36.773653 dv-cinder-768105-10-smb devstack@n-api.service[92292]: INFO nova.api.openstack.requestlog [None req-541cb11b-aa7b-48e5-ab15-13f0605dcc73 admin admin] 10.222.0.70 "GET /compute/v2.1/flavors/84" status: 404 len: 75 microversion: 2.88 time: 0.010206
Jun 22 16:32:36.774182 dv-cinder-768105-10-smb devstack@n-api.service[92292]: [pid: 92292|app: 0|req: 23/47] 10.222.0.70 () {60 vars in 1191 bytes} [Tue Jun 22 16:32:36 2021] GET /compute/v2.1/flavors/84 => generated 75 bytes in 11 msecs (HTTP/1.1 404) 9 headers in 380 bytes (2 switches on core 0)
Jun 22 16:32:38.096664 dv-cinder-768105-10-smb devstack@n-api.service[92293]: DEBUG nova.api.openstack.wsgi [None req-e6a43428-9120-4aa0-b2a4-2b6850a7a1f5 admin admin] Calling method '>' {{(pid=92293) _process_stack /opt/stack/nova/nova/api/openstack/wsgi.py:513}}
Jun 22 16:32:38.097660 dv-cinder-768105-10-smb devstack@n-api.service[92293]: INFO nova.api.openstack.requestlog [None req-e6a43428-9120-4aa0-b2a4-2b6850a7a1f5 admin admin] 10.222.0.70 "GET /compute/v2.1" status: 200 len: 388 microversion: 2.1 time: 0.001417
Jun 22 16:32:38.098080 dv-cinder-768105-10-smb devstack@n-api.service[92293]: [pid: 92293|app: 0|req: 25/48] 10.222.0.70 () {56 vars in 1075 bytes} [Tue Jun 22 16:32:38 2021] GET /compute/v2.1 => generated 388 bytes in 2 msecs (HTTP/1.1 200) 9 headers in 357 bytes (1 switches on core 0)
Jun 22 16:32:38.284553 dv-cinder-768105-10-smb devstack@n-api.service[92292]: DEBUG nova.api.openstack.wsgi [None req-2cdaca95-1dc3-477d-8268-76ff3296c162 admin admin] Calling method '>' {{(pid=92292) _process_stack /opt/stack/nova/nova/api/openstack/wsgi.py:513}}
Jun 22 16:32:38.289875 dv-cinder-768105-10-smb devstack@n-api.service[92292]: INFO nova.api.openstack.wsgi [None req-2cdaca95-1dc3-477d-8268-76ff3296c162 admin admin] HTTP exception thrown: Flavor 451 could not be found.
Jun 22 16:32:38.290504 dv-cinder-768105-10-smb devstack@n-api.service[92292]: DEBUG nova.api.openstack.wsgi [None req-2cdaca95-1dc3-477d-8268-76ff3296c162 admin admin] Returning 404 to user: Flavor 451 could not be found. {{(pid=92292) __call__ /opt/stack/nova/nova/api/openstack/wsgi.py:927}}
Jun 22 16:32:38.291564 dv-cinder-768105-10-smb devstack@n-api.service[92292]: INFO nova.api.openstack.requestlog [None req-2cdaca95-1dc3-477d-8268-76ff3296c162 admin admin] 10.222.0.70 "GET /compute/v2.1/flavors/451" status: 404 len: 76 microversion: 2.88 time: 0.057559
Jun 22 16:32:38.292079 dv-cinder-768105-10-smb devstack@n-api.service[92292]: [pid: 92292|app: 0|req: 24/49] 10.222.0.70 () {60 vars in 1194 bytes} [Tue Jun 22 16:32:38 2021] GET /compute/v2.1/flavors/451 => generated 76 bytes in 59 msecs (HTTP/1.1 404) 9 headers in 380 bytes (1 switches on core 0)
Jun 22 16:32:38.301167 dv-cinder-768105-10-smb devstack@n-api.service[92293]: DEBUG nova.api.openstack.wsgi [None req-5a3452cc-7d1a-4af4-a867-8755e66ec258 admin admin] Calling method '>' {{(pid=92293) _process_stack /opt/stack/nova/nova/api/openstack/wsgi.py:513}}
Jun 22 16:32:38.315029 dv-cinder-768105-10-smb devstack@n-api.service[92293]: INFO nova.api.openstack.requestlog [None req-5a3452cc-7d1a-4af4-a867-8755e66ec258 admin admin] 10.222.0.70 "GET /compute/v2.1/flavors?is_public=None" status: 200 len: 2056 microversion: 2.88 time: 0.017304
Jun 22 16:32:38.315483 dv-cinder-768105-10-smb devstack@n-api.service[92293]: [pid: 92293|app: 0|req: 26/50] 10.222.0.70 () {60 vars in 1211 bytes} [Tue Jun 22 16:32:38 2021] GET /compute/v2.1/flavors?is_public=None => generated 2056 bytes in 18 msecs (HTTP/1.1 200) 9 headers in 360 bytes (1 switches on core 0)
Jun 22 16:32:38.324950 dv-cinder-768105-10-smb devstack@n-api.service[92292]: DEBUG nova.api.openstack.wsgi [None req-ad83cd94-2991-4822-936f-7dfde8d31a75 admin admin] Calling method '>' {{(pid=92292) _process_stack /opt/stack/nova/nova/api/openstack/wsgi.py:513}}
Jun 22 16:32:38.338639 dv-cinder-768105-10-smb devstack@n-api.service[92292]: INFO nova.api.openstack.requestlog [None req-ad83cd94-2991-4822-936f-7dfde8d31a75 admin admin] 10.222.0.70 "GET /compute/v2.1/flavors?is_public=None" status: 200 len: 2056 microversion: 2.88 time: 0.017567
Jun 22 16:32:38.339152 dv-cinder-768105-10-smb devstack@n-api.service[92292]: [pid: 92292|app: 0|req: 25/51] 10.222.0.70 () {60 vars in 1211 bytes} [Tue Jun 22 16:32:38 2021] GET /compute/v2.1/flavors?is_public=None => generated 2056 bytes in 19 msecs (HTTP/1.1 200) 9 headers in 360 bytes (1 switches on core 0)
Jun 22 16:32:38.348090 dv-cinder-768105-10-smb devstack@n-api.service[92293]: DEBUG nova.api.openstack.wsgi [None req-bb6504ed-ba4c-4b3e-acdb-ab6258b34a09 admin admin] Calling method '>' {{(pid=92293) _process_stack /opt/stack/nova/nova/api/openstack/wsgi.py:513}}
Jun 22 16:32:38.353158 dv-cinder-768105-10-smb devstack@n-api.service[92293]: INFO nova.api.openstack.wsgi [None req-bb6504ed-ba4c-4b3e-acdb-ab6258b34a09 admin admin] HTTP exception thrown: Flavor 451 could not be found.
Jun 22 16:32:38.353724 dv-cinder-768105-10-smb devstack@n-api.service[92293]: DEBUG nova.api.openstack.wsgi [None req-bb6504ed-ba4c-4b3e-acdb-ab6258b34a09 admin admin] Returning 404 to user: Flavor 451 could not be found. {{(pid=92293) __call__ /opt/stack/nova/nova/api/openstack/wsgi.py:927}}
Jun 22 16:32:38.354554 dv-cinder-768105-10-smb devstack@n-api.service[92293]: INFO nova.api.openstack.requestlog [None req-bb6504ed-ba4c-4b3e-acdb-ab6258b34a09 admin admin] 10.222.0.70 "GET /compute/v2.1/flavors/451" status: 404 len: 76 microversion: 2.88 time: 0.009972
Jun 22 16:32:38.355045 dv-cinder-768105-10-smb devstack@n-api.service[92293]: [pid: 92293|app: 0|req: 27/52] 10.222.0.70 () {60 vars in 1194 bytes} [Tue Jun 22 16:32:38 2021] GET /compute/v2.1/flavors/451 => generated 76 bytes in 11 msecs (HTTP/1.1 404) 9 headers in 380 bytes (1 switches on core 0)
Jun 22 16:32:39.673582 dv-cinder-768105-10-smb devstack@n-api.service[92292]: DEBUG nova.api.openstack.wsgi [None req-ad83cd94-2991-4822-936f-7dfde8d31a75 admin admin] Calling method '>' {{(pid=92292) _process_stack /opt/stack/nova/nova/api/openstack/wsgi.py:513}}
Jun 22 16:32:39.674629 dv-cinder-768105-10-smb devstack@n-api.service[92292]: INFO nova.api.openstack.requestlog [None req-ad83cd94-2991-4822-936f-7dfde8d31a75 admin admin] 10.222.0.70 "GET /compute/v2.1" status: 200 len: 388 microversion: 2.1 time: 0.001470
Jun 22 16:32:39.675117 dv-cinder-768105-10-smb devstack@n-api.service[92292]: [pid: 92292|app: 0|req: 26/53] 10.222.0.70 () {56 vars in 1075 bytes} [Tue Jun 22 16:32:39 2021] GET /compute/v2.1 => generated 388 bytes in 2 msecs (HTTP/1.1 200) 9 headers in 357 bytes (1 switches on core 0)
Jun 22 16:32:39.862502 dv-cinder-768105-10-smb devstack@n-api.service[92293]: DEBUG nova.api.openstack.wsgi [None req-b3b65897-8f56-406b-ace5-3ff4c1038643 admin admin] Action: 'create', calling method: >, body: {"flavor": {"name": "m1.nano", "ram": 256, "vcpus": 1, "disk": 1, "id": "42", "swap": 0, "OS-FLV-EXT-DATA:ephemeral": 0, "rxtx_factor": 1.0, "os-flavor-access:is_public": true}} {{(pid=92293) _process_stack /opt/stack/nova/nova/api/openstack/wsgi.py:511}}
Jun 22 16:32:39.880111 dv-cinder-768105-10-smb devstack@n-api.service[92293]: INFO nova.api.openstack.requestlog [None req-b3b65897-8f56-406b-ace5-3ff4c1038643 admin admin] 10.222.0.70 "POST /compute/v2.1/flavors" status: 200 len: 404 microversion: 2.88 time: 0.066953
Jun 22 16:32:39.880646 dv-cinder-768105-10-smb devstack@n-api.service[92293]: [pid: 92293|app: 0|req: 28/54] 10.222.0.70 () {64 vars in 1236 bytes} [Tue Jun 22 16:32:39 2021] POST /compute/v2.1/flavors => generated 404 bytes in 69 msecs (HTTP/1.1 200) 9 headers in 359 bytes (1 switches on core 0)
Jun 22 16:32:41.220369 dv-cinder-768105-10-smb devstack@n-api.service[92292]: DEBUG nova.api.openstack.wsgi [None req-ad83cd94-2991-4822-936f-7dfde8d31a75 admin admin] Calling method '>' {{(pid=92292) _process_stack /opt/stack/nova/nova/api/openstack/wsgi.py:513}}
Jun 22 16:32:41.221378 dv-cinder-768105-10-smb devstack@n-api.service[92292]: INFO nova.api.openstack.requestlog [None req-ad83cd94-2991-4822-936f-7dfde8d31a75 admin admin] 10.222.0.70 "GET /compute/v2.1" status: 200 len: 388 microversion: 2.1 time: 0.001446
Jun 22 16:32:41.221768 dv-cinder-768105-10-smb devstack@n-api.service[92292]: [pid: 92292|app: 0|req: 27/55] 10.222.0.70 () {56 vars in 1075 bytes} [Tue Jun 22 16:32:41 2021] GET /compute/v2.1 => generated 388 bytes in 2 msecs (HTTP/1.1 200) 9 headers in 357 bytes (1 switches on core 0)
Jun 22 16:32:41.405179 dv-cinder-768105-10-smb devstack@n-api.service[92293]: DEBUG nova.api.openstack.wsgi [None req-df057576-1722-4089-b52d-55d6cfce2d00 admin admin] Action: 'create', calling method: >, body: {"flavor": {"name": "m1.micro", "ram": 256, "vcpus": 1, "disk": 2, "id": "84", "swap": 0, "OS-FLV-EXT-DATA:ephemeral": 0, "rxtx_factor": 1.0, "os-flavor-access:is_public": true}} {{(pid=92293) _process_stack /opt/stack/nova/nova/api/openstack/wsgi.py:511}}
Jun 22 16:32:41.423051 dv-cinder-768105-10-smb devstack@n-api.service[92293]: INFO nova.api.openstack.requestlog [None req-df057576-1722-4089-b52d-55d6cfce2d00 admin admin] 10.222.0.70 "POST /compute/v2.1/flavors" status: 200 len: 405 microversion: 2.88 time: 0.066557
Jun 22 16:32:41.423588 dv-cinder-768105-10-smb devstack@n-api.service[92293]: [pid: 92293|app: 0|req: 29/56] 10.222.0.70 () {64 vars in 1236 bytes} [Tue Jun 22 16:32:41 2021] POST /compute/v2.1/flavors => generated 405 bytes in 68 msecs (HTTP/1.1 200) 9 headers in 359 bytes (1 switches on core 0)
Jun 22 16:32:42.736238 dv-cinder-768105-10-smb devstack@n-api.service[92292]: DEBUG nova.api.openstack.wsgi [None req-ad83cd94-2991-4822-936f-7dfde8d31a75 admin admin] Calling method '>' {{(pid=92292) _process_stack /opt/stack/nova/nova/api/openstack/wsgi.py:513}}
Jun 22 16:32:42.737246 dv-cinder-768105-10-smb devstack@n-api.service[92292]: INFO nova.api.openstack.requestlog [None req-ad83cd94-2991-4822-936f-7dfde8d31a75 admin admin] 10.222.0.70 "GET /compute/v2.1" status: 200 len: 388 microversion: 2.1 time: 0.001422
Jun 22 16:32:42.737638 dv-cinder-768105-10-smb devstack@n-api.service[92292]: [pid: 92292|app: 0|req: 28/57] 10.222.0.70 () {56 vars in 1075 bytes} [Tue Jun 22 16:32:42 2021] GET /compute/v2.1 => generated 388 bytes in 2 msecs (HTTP/1.1 200) 9 headers in 357 bytes (1 switches on core 0)
Jun 22 16:32:42.928701 dv-cinder-768105-10-smb devstack@n-api.service[92293]: DEBUG nova.api.openstack.wsgi [None req-39dac9c6-95f7-4561-9bd8-7e4c5346d7ad admin admin] Action: 'create', calling method: >, body: {"flavor": {"name": "m1.heat", "ram": 512, "vcpus": 1, "disk": 1, "id": "451", "swap": 0, "OS-FLV-EXT-DATA:ephemeral": 0, "rxtx_factor": 1.0, "os-flavor-access:is_public": true}} {{(pid=92293) _process_stack /opt/stack/nova/nova/api/openstack/wsgi.py:511}}
Jun 22 16:32:42.945873 dv-cinder-768105-10-smb devstack@n-api.service[92293]: INFO nova.api.openstack.requestlog [None req-39dac9c6-95f7-4561-9bd8-7e4c5346d7ad admin admin] 10.222.0.70 "POST /compute/v2.1/flavors" status: 200 len: 407 microversion: 2.88 time: 0.066369
Jun 22 16:32:42.946483 dv-cinder-768105-10-smb devstack@n-api.service[92293]: [pid: 92293|app: 0|req: 30/58] 10.222.0.70 () {64 vars in 1236 bytes} [Tue Jun 22 16:32:42 2021] POST /compute/v2.1/flavors => generated 407 bytes in 68 msecs (HTTP/1.1 200) 9 headers in 359 bytes (1 switches on core 0)
Jun 22 16:32:44.273991 dv-cinder-768105-10-smb devstack@n-api.service[92292]: DEBUG nova.api.openstack.wsgi [None req-ad83cd94-2991-4822-936f-7dfde8d31a75 admin admin] Calling method '>' {{(pid=92292) _process_stack /opt/stack/nova/nova/api/openstack/wsgi.py:513}}
Jun 22 16:32:44.275015 dv-cinder-768105-10-smb devstack@n-api.service[92292]: INFO nova.api.openstack.requestlog [None req-ad83cd94-2991-4822-936f-7dfde8d31a75 admin admin] 10.222.0.70 "GET /compute/v2.1" status: 200 len: 388 microversion: 2.1 time: 0.001517
Jun 22 16:32:44.275413 dv-cinder-768105-10-smb devstack@n-api.service[92292]: [pid: 92292|app: 0|req: 29/59] 10.222.0.70 () {56 vars in 1075 bytes} [Tue Jun 22 16:32:44 2021] GET /compute/v2.1 => generated 388 bytes in 2 msecs (HTTP/1.1 200) 9 headers in 357 bytes (1 switches on core 0)
Jun 22 16:32:44.461819 dv-cinder-768105-10-smb devstack@n-api.service[92293]: DEBUG nova.api.openstack.wsgi [None req-4133a88a-bcc0-4a17-bc4a-7aaea18a1102 admin admin] Action: 'create', calling method: >, body: {"flavor": {"name": "m1.heat2", "ram": 1024, "vcpus": 1, "disk": 1, "id": "452", "swap": 0, "OS-FLV-EXT-DATA:ephemeral": 0, "rxtx_factor": 1.0, "os-flavor-access:is_public": true}} {{(pid=92293) _process_stack /opt/stack/nova/nova/api/openstack/wsgi.py:511}}
Jun 22 16:32:44.479479 dv-cinder-768105-10-smb devstack@n-api.service[92293]: INFO nova.api.openstack.requestlog [None req-4133a88a-bcc0-4a17-bc4a-7aaea18a1102 admin admin] 10.222.0.70 "POST /compute/v2.1/flavors" status: 200 len: 409 microversion: 2.88 time: 0.065755
